[INFO] fetching crate sightline-ruff-db 0.1.0...
[INFO] testing sightline-ruff-db-0.1.0 against 1.100.0-beta.1+cargoflags=--release for beta-release-1.100-2
[INFO] extracting crate sightline-ruff-db 0.1.0 into /workspace/builds/worker-1-tc2/source
[INFO] started tweaking crates.io crate sightline-ruff-db 0.1.0
[INFO] finished tweaking crates.io crate sightline-ruff-db 0.1.0
[INFO] tweaked toml for crates.io crate sightline-ruff-db 0.1.0 written to /workspace/builds/worker-1-tc2/source/Cargo.toml
[INFO] validating manifest of crates.io crate sightline-ruff-db 0.1.0 on toolchain 1.100.0-beta.1
[INFO] running `Command { std: CARGO_HOME="/workspace/cargo-home" RUSTUP_HOME="/workspace/rustup-home" "/workspace/cargo-home/bin/cargo" "+1.100.0-beta.1" "metadata" "--manifest-path" "Cargo.toml" "--no-deps", kill_on_drop: false }`
[INFO] crate crates.io crate sightline-ruff-db 0.1.0 already has a lockfile, it will not be regenerated
[INFO] running `Command { std: CARGO_HOME="/workspace/cargo-home" RUSTUP_HOME="/workspace/rustup-home" "/workspace/cargo-home/bin/cargo" "+1.100.0-beta.1" "fetch" "--manifest-path" "Cargo.toml", kill_on_drop: false }`
[INFO] [stderr] warning: `package.homepage` is redundant with `package.repository`
[INFO] [stderr]    --> Cargo.toml:171:12
[INFO] [stderr]     |
[INFO] [stderr] 171 | homepage = "https://github.com/Skyway1111/ty-unnecessary"
[INFO] [stderr]     |            ^^^^^^^^^^^^^^^^^^^^^^^^^^^^^^^^^^^^^^^^^^^^^^
[INFO] [stderr] ...
[INFO] [stderr] 175 | repository = "https://github.com/Skyway1111/ty-unnecessary"
[INFO] [stderr]     |              ----------------------------------------------
[INFO] [stderr]     |
[INFO] [stderr]     = note: `cargo::redundant_homepage` is set to `warn` by default
[INFO] [stderr] help: consider removing `package.homepage`
[INFO] [stderr] warning: `sightline-ruff-db` (manifest) generated 1 warning
[INFO] running `Command { std: "docker" "create" "-v" "/var/lib/crater-agent-workspace/builds/worker-1-tc2/source:/opt/rustwide/workdir:ro,Z" "-v" "/var/lib/crater-agent-workspace/builds/worker-1-tc2/target:/opt/rustwide/target:rw,Z" "-v" "/var/lib/crater-agent-workspace/cargo-home:/opt/rustwide/cargo-home:ro,Z" "-v" "/var/lib/crater-agent-workspace/rustup-home:/opt/rustwide/rustup-home:ro,Z" "-m" "1610612736" "--network" "none" "ghcr.io/rust-lang/crates-build-env/linux@sha256:77db811e55d90add9212f6832c23229e3de5f1c1f9905e8cb07319ea15df73ac" "sleep" "infinity", kill_on_drop: false }`
[INFO] [stdout] 05f846b83ef5966b3fb7ba67ddbe6f91f1ad8a8eb3b4af7a5a35235c0bb5f458
[INFO] running `Command { std: "docker" "start" "05f846b83ef5966b3fb7ba67ddbe6f91f1ad8a8eb3b4af7a5a35235c0bb5f458", kill_on_drop: false }`
[INFO] running `Command { std: "docker" "inspect" "05f846b83ef5966b3fb7ba67ddbe6f91f1ad8a8eb3b4af7a5a35235c0bb5f458", kill_on_drop: false }`
[INFO] running `Command { std: "docker" "exec" "-e" "SOURCE_DIR=/opt/rustwide/workdir" "-e" "CARGO_HOME=/opt/rustwide/cargo-home" "-e" "RUSTUP_HOME=/opt/rustwide/rustup-home" "-e" "CARGO_TARGET_DIR=/opt/rustwide/target" "-w" "/opt/rustwide/workdir" "--user" "0:0" "05f846b83ef5966b3fb7ba67ddbe6f91f1ad8a8eb3b4af7a5a35235c0bb5f458" "/opt/rustwide/cargo-home/bin/cargo" "+1.100.0-beta.1" "metadata" "--no-deps" "--format-version=1", kill_on_drop: false }`
[INFO] running `Command { std: "docker" "inspect" "05f846b83ef5966b3fb7ba67ddbe6f91f1ad8a8eb3b4af7a5a35235c0bb5f458", kill_on_drop: false }`
[INFO] running `Command { std: "docker" "exec" "-e" "SOURCE_DIR=/opt/rustwide/workdir" "-e" "CARGO_HOME=/opt/rustwide/cargo-home" "-e" "RUSTUP_HOME=/opt/rustwide/rustup-home" "-e" "CARGO_TARGET_DIR=/opt/rustwide/target" "-e" "CARGO_INCREMENTAL=0" "-e" "RUST_BACKTRACE=full" "-e" "RUSTFLAGS=--cap-lints=warn" "-e" "RUSTDOCFLAGS=--cap-lints=warn" "-w" "/opt/rustwide/workdir" "--user" "0:0" "05f846b83ef5966b3fb7ba67ddbe6f91f1ad8a8eb3b4af7a5a35235c0bb5f458" "/opt/rustwide/cargo-home/bin/cargo" "+1.100.0-beta.1" "build" "--frozen" "--message-format=json" "--release", kill_on_drop: false }`
[INFO] [stderr] warning: `package.homepage` is redundant with `package.repository`
[INFO] [stderr]    --> Cargo.toml:171:12
[INFO] [stderr]     |
[INFO] [stderr] 171 | homepage = "https://github.com/Skyway1111/ty-unnecessary"
[INFO] [stderr]     |            ^^^^^^^^^^^^^^^^^^^^^^^^^^^^^^^^^^^^^^^^^^^^^^
[INFO] [stderr] ...
[INFO] [stderr] 175 | repository = "https://github.com/Skyway1111/ty-unnecessary"
[INFO] [stderr]     |              ----------------------------------------------
[INFO] [stderr]     |
[INFO] [stderr]     = note: `cargo::redundant_homepage` is set to `warn` by default
[INFO] [stderr] help: consider removing `package.homepage`
[INFO] [stderr] warning: `sightline-ruff-db` (manifest) generated 1 warning
[INFO] [stderr]    Compiling smallvec v1.15.2
[INFO] [stderr]    Compiling zmij v1.0.10
[INFO] [stderr]    Compiling collection_literals v1.0.2
[INFO] [stderr]    Compiling interpolator v0.5.0
[INFO] [stderr]    Compiling thin-vec v0.2.19
[INFO] [stderr]    Compiling zerocopy v0.8.27
[INFO] [stderr]    Compiling siphasher v1.0.1
[INFO] [stderr]    Compiling syn v2.0.119
[INFO] [stderr]    Compiling ordermap v1.2.0
[INFO] [stderr]    Compiling getrandom v0.2.16
[INFO] [stderr]    Compiling serde_derive v1.0.229
[INFO] [stderr]    Compiling unicode-width v0.2.2
[INFO] [stderr]    Compiling psm v0.1.32
[INFO] [stderr]    Compiling thiserror-impl v2.0.19
[INFO] [stderr]    Compiling sightline-ruff-text-size v0.1.0
[INFO] [stderr]    Compiling either v1.15.0
[INFO] [stderr]    Compiling itertools v0.15.0
[INFO] [stderr]    Compiling rand_core v0.6.4
[INFO] [stderr]    Compiling proc-macro-utils v0.10.0
[INFO] [stderr]    Compiling sightline-ruff-source-file v0.1.0
[INFO] [stderr]    Compiling phf_shared v0.11.3
[INFO] [stderr]    Compiling getopts v0.2.24
[INFO] [stderr]    Compiling stacker v0.1.25
[INFO] [stderr]    Compiling rand_core v0.10.0
[INFO] [stderr]    Compiling compact_str v0.10.0
[INFO] [stderr]    Compiling tinyvec v1.10.0
[INFO] [stderr]    Compiling chacha20 v0.10.0
[INFO] [stderr]    Compiling regex-automata v0.4.18
[INFO] [stderr]    Compiling camino v1.2.5
[INFO] [stderr]    Compiling phf v0.11.3
[INFO] [stderr]    Compiling rand v0.10.2
[INFO] [stderr]    Compiling intrusive-collections v0.10.1
[INFO] [stderr]    Compiling serde_json v1.0.151
[INFO] [stderr]    Compiling uuid v1.24.0
[INFO] [stderr]    Compiling drop_bomb v0.1.5
[INFO] [stderr]    Compiling zip v8.6.0
[INFO] [stderr]    Compiling sightline-ruff-annotate-snippets v0.1.0
[INFO] [stderr]    Compiling manyhow-macros v0.11.4
[INFO] [stderr]    Compiling unicode-normalization v0.1.24
[INFO] [stderr]    Compiling dashmap v6.2.1
[INFO] [stderr]    Compiling filetime v0.2.29
[INFO] [stderr]    Compiling arc-swap v1.9.2
[INFO] [stderr]    Compiling matchit v0.9.2
[INFO] [stderr]    Compiling similar v3.1.2
[INFO] [stderr]    Compiling pathdiff v0.2.3
[INFO] [stderr]    Compiling path-slash v0.2.1
[INFO] [stderr]    Compiling thiserror v2.0.19
[INFO] [stderr]    Compiling supports-hyperlinks v3.2.0
[INFO] [stderr]    Compiling bstr v1.13.0
[INFO] [stderr]    Compiling dunce v1.0.5
[INFO] [stderr]    Compiling ppv-lite86 v0.2.21
[INFO] [stderr]    Compiling sightline-ruff-python-trivia v0.1.0
[INFO] [stderr]    Compiling rand_chacha v0.3.1
[INFO] [stderr]    Compiling sightline-ruff-macros v0.1.0
[INFO] [stderr]    Compiling rand v0.8.5
[INFO] [stderr]    Compiling serde v1.0.229
[INFO] [stderr]    Compiling phf_generator v0.11.3
[INFO] [stderr]    Compiling phf_codegen v0.11.3
[INFO] [stderr]    Compiling unicode_names2_generator v1.3.0
[INFO] [stderr]    Compiling unicode_names2 v1.3.0
[INFO] [stderr]    Compiling sightline-ty-static v0.1.0
[INFO] [stderr]    Compiling manyhow v0.11.4
[INFO] [stderr]    Compiling quote-use-macros v0.8.4
[INFO] [stderr]    Compiling derive-where v1.6.0
[INFO] [stderr]    Compiling is-macro v0.3.7
[INFO] [stderr]    Compiling tracing-attributes v0.1.31
[INFO] [stderr]    Compiling quote-use v0.8.4
[INFO] [stderr]    Compiling attribute-derive-macro v0.10.3
[INFO] [stderr]    Compiling tracing v0.1.44
[INFO] [stderr]    Compiling salsa v0.28.2
[INFO] [stderr]    Compiling attribute-derive v0.10.3
[INFO] [stderr]    Compiling get-size-derive2 v0.10.3
[INFO] [stderr]    Compiling get-size2 v0.10.3
[INFO] [stderr]    Compiling char_str v0.0.2
[INFO] [stderr]    Compiling sightline-ruff-memory-usage v0.1.0
[INFO] [stderr]    Compiling sightline-ruff-diagnostics v0.1.0
[INFO] [stderr]    Compiling sightline-ruff-notebook v0.1.0
[INFO] [stderr]    Compiling sightline-ruff-python-ast v0.1.0
[INFO] [stderr]    Compiling sightline-ruff-python-parser v0.1.0
[INFO] [stderr]    Compiling sightline-ruff-db v0.1.0 (/opt/rustwide/workdir)
[INFO] [stderr] warning: unused dependency `pathdiff`
[INFO] [stderr]   --> Cargo.toml:40:15
[INFO] [stderr]    |
[INFO] [stderr] 40 | [dependencies.pathdiff]
[INFO] [stderr]    |               ^^^^^^^^^
[INFO] [stderr]    |
[INFO] [stderr]    = note: `cargo::unused_dependencies` is set to `warn` by default
[INFO] [stderr] help: consider removing the dependency on `pathdiff`
[INFO] [stderr] warning: `sightline-ruff-db` (manifest) generated 1 warning
[INFO] [stderr]     Finished `release` profile [optimized] target(s) in 1m 10s
[INFO] [stderr] warning: the following packages contain code that will be rejected by a future version of Rust: attribute-derive-macro v0.10.3
[INFO] [stderr] note: to see what the problems were, use the option `--future-incompat-report`, or run `cargo report future-incompatibilities --id 8`
[INFO] running `Command { std: "docker" "inspect" "05f846b83ef5966b3fb7ba67ddbe6f91f1ad8a8eb3b4af7a5a35235c0bb5f458", kill_on_drop: false }`
[INFO] running `Command { std: "docker" "exec" "-e" "SOURCE_DIR=/opt/rustwide/workdir" "-e" "CARGO_HOME=/opt/rustwide/cargo-home" "-e" "RUSTUP_HOME=/opt/rustwide/rustup-home" "-e" "CARGO_TARGET_DIR=/opt/rustwide/target" "-e" "CARGO_INCREMENTAL=0" "-e" "RUST_BACKTRACE=full" "-e" "RUSTFLAGS=--cap-lints=warn" "-e" "RUSTDOCFLAGS=--cap-lints=warn" "-w" "/opt/rustwide/workdir" "--user" "0:0" "05f846b83ef5966b3fb7ba67ddbe6f91f1ad8a8eb3b4af7a5a35235c0bb5f458" "/opt/rustwide/cargo-home/bin/cargo" "+1.100.0-beta.1" "test" "--frozen" "--no-run" "--message-format=json" "--release", kill_on_drop: false }`
[INFO] [stderr] warning: `package.homepage` is redundant with `package.repository`
[INFO] [stderr]    --> Cargo.toml:171:12
[INFO] [stderr]     |
[INFO] [stderr] 171 | homepage = "https://github.com/Skyway1111/ty-unnecessary"
[INFO] [stderr]     |            ^^^^^^^^^^^^^^^^^^^^^^^^^^^^^^^^^^^^^^^^^^^^^^
[INFO] [stderr] ...
[INFO] [stderr] 175 | repository = "https://github.com/Skyway1111/ty-unnecessary"
[INFO] [stderr]     |              ----------------------------------------------
[INFO] [stderr]     |
[INFO] [stderr]     = note: `cargo::redundant_homepage` is set to `warn` by default
[INFO] [stderr] help: consider removing `package.homepage`
[INFO] [stderr] warning: `sightline-ruff-db` (manifest) generated 1 warning
[INFO] [stderr]    Compiling regex-syntax v0.8.11
[INFO] [stderr]    Compiling getrandom v0.4.2
[INFO] [stderr]    Compiling sightline-ruff-python-ast v0.1.0
[INFO] [stderr]    Compiling vte v0.14.1
[INFO] [stderr]    Compiling console v0.16.4
[INFO] [stderr]    Compiling strip-ansi-escapes v0.2.1
[INFO] [stderr]    Compiling tempfile v3.27.0
[INFO] [stderr]    Compiling regex-automata v0.4.18
[INFO] [stderr]    Compiling bstr v1.13.0
[INFO] [stderr]    Compiling regex v1.13.1
[INFO] [stderr]    Compiling insta v1.48.0
[INFO] [stderr]    Compiling sightline-ruff-python-parser v0.1.0
[INFO] [stderr]    Compiling sightline-ruff-db v0.1.0 (/opt/rustwide/workdir)
[INFO] [stderr] warning: unused dependency `pathdiff`
[INFO] [stderr]   --> Cargo.toml:40:15
[INFO] [stderr]    |
[INFO] [stderr] 40 | [dependencies.pathdiff]
[INFO] [stderr]    |               ^^^^^^^^^
[INFO] [stderr]    |
[INFO] [stderr]    = note: `cargo::unused_dependencies` is set to `warn` by default
[INFO] [stderr] help: consider removing the dependency on `pathdiff`
[INFO] [stderr] warning: `sightline-ruff-db` (manifest) generated 1 warning
[INFO] [stderr]     Finished `release` profile [optimized] target(s) in 1m 00s
[INFO] [stderr] warning: the following packages contain code that will be rejected by a future version of Rust: attribute-derive-macro v0.10.3
[INFO] [stderr] note: to see what the problems were, use the option `--future-incompat-report`, or run `cargo report future-incompatibilities --id 8`
[INFO] running `Command { std: "docker" "inspect" "05f846b83ef5966b3fb7ba67ddbe6f91f1ad8a8eb3b4af7a5a35235c0bb5f458", kill_on_drop: false }`
[INFO] running `Command { std: "docker" "exec" "-e" "SOURCE_DIR=/opt/rustwide/workdir" "-e" "CARGO_HOME=/opt/rustwide/cargo-home" "-e" "RUSTUP_HOME=/opt/rustwide/rustup-home" "-e" "CARGO_TARGET_DIR=/opt/rustwide/target" "-e" "CARGO_INCREMENTAL=0" "-e" "RUST_BACKTRACE=full" "-e" "RUSTFLAGS=--cap-lints=warn" "-e" "RUSTDOCFLAGS=--cap-lints=warn" "-w" "/opt/rustwide/workdir" "--user" "0:0" "05f846b83ef5966b3fb7ba67ddbe6f91f1ad8a8eb3b4af7a5a35235c0bb5f458" "/opt/rustwide/cargo-home/bin/cargo" "+1.100.0-beta.1" "test" "--frozen" "--release", kill_on_drop: false }`
[INFO] [stderr] warning: `package.homepage` is redundant with `package.repository`
[INFO] [stderr]    --> Cargo.toml:171:12
[INFO] [stderr]     |
[INFO] [stderr] 171 | homepage = "https://github.com/Skyway1111/ty-unnecessary"
[INFO] [stderr]     |            ^^^^^^^^^^^^^^^^^^^^^^^^^^^^^^^^^^^^^^^^^^^^^^
[INFO] [stderr] ...
[INFO] [stderr] 175 | repository = "https://github.com/Skyway1111/ty-unnecessary"
[INFO] [stderr]     |              ----------------------------------------------
[INFO] [stderr]     |
[INFO] [stderr]     = note: `cargo::redundant_homepage` is set to `warn` by default
[INFO] [stderr] help: consider removing `package.homepage`
[INFO] [stderr] warning: `sightline-ruff-db` (manifest) generated 1 warning
[INFO] [stderr] warning: unused dependency `pathdiff`
[INFO] [stderr]   --> Cargo.toml:40:15
[INFO] [stderr]    |
[INFO] [stderr] 40 | [dependencies.pathdiff]
[INFO] [stderr]    |               ^^^^^^^^^
[INFO] [stderr]    |
[INFO] [stderr]    = note: `cargo::unused_dependencies` is set to `warn` by default
[INFO] [stderr] help: consider removing the dependency on `pathdiff`
[INFO] [stderr] warning: `sightline-ruff-db` (manifest) generated 1 warning
[INFO] [stderr]     Finished `release` profile [optimized] target(s) in 0.20s
[INFO] [stderr] warning: the following packages contain code that will be rejected by a future version of Rust: attribute-derive-macro v0.10.3
[INFO] [stderr] note: to see what the problems were, use the option `--future-incompat-report`, or run `cargo report future-incompatibilities --id 8`
[INFO] [stderr]      Running unittests src/lib.rs (/opt/rustwide/target/release/build/sightline-ruff-db/441454fd411cc0de/out/ruff_db-441454fd411cc0de)
[INFO] [stdout] 
[INFO] [stdout] running 129 tests
[INFO] [stdout] test diagnostic::render::concise::tests::show_fixes ... ok
[INFO] [stdout] test diagnostic::render::concise::tests::syntax_errors ... ok
[INFO] [stdout] test diagnostic::render::concise::tests::show_fixes_syntax_errors ... ok
[INFO] [stdout] test diagnostic::render::full::tests::multiple_unprintable_characters ... ok
[INFO] [stdout] test diagnostic::render::concise::tests::show_fixes_preview ... ok
[INFO] [stdout] test diagnostic::render::full::tests::nearby_fix_edits_share_diff_frame ... ok
[INFO] [stdout] test diagnostic::render::full::tests::notebook_output ... ok
[INFO] [stdout] test diagnostic::render::full::tests::normalize_carriage_return ... ok
[INFO] [stdout] test diagnostic::render::full::tests::bom_with_default_range ... ok
[INFO] [stdout] test diagnostic::render::full::tests::notebook_output_multiple_annotations ... ok
[INFO] [stdout] test diagnostic::render::concise::tests::missing_file ... ok
[INFO] [stdout] test diagnostic::render::concise::tests::notebook_output ... ok
[INFO] [stdout] test diagnostic::render::full::tests::empty_span_after_line_terminator ... ok
[INFO] [stdout] test diagnostic::render::full::tests::end_of_file ... ok
[INFO] [stdout] test diagnostic::render::full::tests::file_level ... ok
[INFO] [stdout] test diagnostic::render::full::tests::hide_severity_output ... ok
[INFO] [stdout] test diagnostic::render::full::tests::hide_severity_syntax_errors ... ok
[INFO] [stdout] test diagnostic::render::full::tests::syntax_errors ... ok
[INFO] [stdout] test diagnostic::render::full::tests::longer_line_number_end_of_context ... ok
[INFO] [stdout] test diagnostic::render::concise::tests::output ... ok
[INFO] [stdout] test diagnostic::render::full::tests::tab_replacement ... ok
[INFO] [stdout] test diagnostic::render::full::tests::output ... ok
[INFO] [stdout] test diagnostic::render::full::tests::strip_bom ... ok
[INFO] [stdout] test diagnostic::render::full::tests::unprintable_characters ... ok
[INFO] [stdout] test diagnostic::render::pylint::tests::missing_file ... ok
[INFO] [stdout] test diagnostic::render::github::tests::missing_file ... ok
[INFO] [stdout] test diagnostic::render::tests::annotation_message ... ok
[INFO] [stdout] test diagnostic::render::tests::annotation_multi_line ... ok
[INFO] [stdout] test diagnostic::render::tests::annotation_many_files_primary_always_comes_first ... ok
[INFO] [stdout] test diagnostic::render::tests::multiple_annotations_trimmed_context ... ok
[INFO] [stdout] test diagnostic::render::tests::basic ... ok
[INFO] [stdout] test diagnostic::render::tests::annotation_overlapping_multi_line ... ok
[INFO] [stdout] test diagnostic::render::tests::multiple_annotations_adjacent_context ... ok
[INFO] [stdout] test diagnostic::render::tests::multiple_files_basic ... ok
[INFO] [stdout] test diagnostic::render::tests::annotation_one_file_primary_always_comes_first ... ok
[INFO] [stdout] test diagnostic::render::tests::no_range ... ok
[INFO] [stdout] test diagnostic::render::tests::config_context ... ok
[INFO] [stdout] test diagnostic::render::tests::diagnostics_with_equal_locations_sort_by_concise_message ... ok
[INFO] [stdout] test diagnostic::render::tests::multiple_annotations_non_overlapping ... ok
[INFO] [stdout] test diagnostic::render::tests::non_ascii ... ok
[INFO] [stdout] test diagnostic::render::tests::sub_diag_many_warning_with_annotation_order ... ok
[INFO] [stdout] test diagnostic::render::tests::sub_diag_note_only_message ... ok
[INFO] [stdout] test diagnostic::render::tests::sub_diag_many_notes ... ok
[INFO] [stdout] test diagnostic::render::tests::sub_diag_repeats_snippet ... ok
[INFO] [stdout] test diagnostic::render::tests::sub_diag_warning_with_annotation ... ok
[INFO] [stdout] test diagnostic::render::tests::trimmed_context ... ok
[INFO] [stdout] test files::directory::tests::listing_is_sorted ... ok
[INFO] [stdout] test files::directory::tests::empty_and_unavailable_listing ... ok
[INFO] [stdout] test file_revision::tests::revision_from_file_time ... ok
[INFO] [stdout] test files::tests::freeze_applies_to_new_file_overrides - should panic ... ok
[INFO] [stdout] test files::tests::stubbed_vendored_file ... ok
[INFO] [stdout] test files::tests::freeze_does_not_change_existing_files ... ok
[INFO] [stdout] test files::tests::stubbed_vendored_file_non_existing ... ok
[INFO] [stdout] test panic::tests::no_backtrace_for_salsa_cancelled ... ignored, super::catch_unwind installs a custom panic handler, which could effect test isolation
[INFO] [stdout] test files::tests::system_non_existing_file ... ok
[INFO] [stdout] test parsed::indexed::tests::indexed_nodes_relative_tail_bounds - should panic ... ok
[INFO] [stdout] test parsed::indexed::tests::indexed_nodes_round_trip ... ok
[INFO] [stdout] test parsed::tests::python_ipynb_file ... ok
[INFO] [stdout] test files::tests::system_normalize_paths ... ok
[INFO] [stdout] test parsed::indexed::tests::indexed_nodes_chunk_boundary - should panic ... ok
[INFO] [stdout] test parsed::tests::vendored_file ... ok
[INFO] [stdout] test parsed::tests::virtual_ipynb_file ... ok
[INFO] [stdout] test parsed::tests::virtual_python_file ... ok
[INFO] [stdout] test source::tests::line_index_for_source ... ok
[INFO] [stdout] test files::tests::system_existing_file ... ok
[INFO] [stdout] test parsed::indexed::tests::indexed_nodes_wide_tail_bounds - should panic ... ok
[INFO] [stdout] test source::tests::notebook ... ok
[INFO] [stdout] test parsed::tests::python_file ... ok
[INFO] [stdout] test source::tests::re_runs_query_when_file_revision_changes ... ok
[INFO] [stdout] test system::memory_fs::tests::create_dir_all ... ok
[INFO] [stdout] test system::memory_fs::tests::create_dir_all_fails_if_a_component_is_a_file ... ok
[INFO] [stdout] test system::memory_fs::tests::exists ... ok
[INFO] [stdout] test system::memory_fs::tests::path_normalization ... ok
[INFO] [stdout] test system::memory_fs::tests::permissions ... ok
[INFO] [stdout] test system::memory_fs::tests::read ... ok
[INFO] [stdout] test parsed::tests::same_file_at_different_python_versions ... ok
[INFO] [stdout] test system::memory_fs::tests::read_directory_on_file ... ok
[INFO] [stdout] test system::memory_fs::tests::read_fails_if_path_doesnt_exist ... ok
[INFO] [stdout] test system::memory_fs::tests::read_directory_nonexistent ... ok
[INFO] [stdout] test system::memory_fs::tests::read_fails_if_path_is_a_directory ... ok
[INFO] [stdout] test system::memory_fs::tests::read_fails_if_virtual_path_doesnt_exit ... ok
[INFO] [stdout] test system::memory_fs::tests::is_file ... ok
[INFO] [stdout] test system::memory_fs::tests::exists_directories ... ok
[INFO] [stdout] test system::memory_fs::tests::read_directory ... ok
[INFO] [stdout] test system::memory_fs::tests::remove_non_empty_directory ... ok
[INFO] [stdout] test source::tests::text_is_cached_if_revision_is_unchanged ... ok
[INFO] [stdout] test system::memory_fs::tests::remove_non_existing_directory ... ok
[INFO] [stdout] test system::memory_fs::tests::remove_directory_with_files_that_start_with_the_same_string ... ok
[INFO] [stdout] test system::memory_fs::tests::remove_file ... ok
[INFO] [stdout] test system::memory_fs::tests::remove_directory ... ok
[INFO] [stdout] test system::memory_fs::tests::remove_directory_that_is_a_file ... ok
[INFO] [stdout] test system::memory_fs::tests::remove_file_that_is_a_directory ... ok
[INFO] [stdout] test system::memory_fs::tests::remove_non_existing_file ... ok
[INFO] [stdout] test system::memory_fs::tests::remove_virtual_file ... ok
[INFO] [stdout] test system::memory_fs::tests::walk_directory_hidden ... ok
[INFO] [stdout] test system::memory_fs::tests::walk_directory ... ok
[INFO] [stdout] test system::memory_fs::tests::walk_directory_file ... ok
[INFO] [stdout] test system::memory_fs::tests::write_file_all_fails_if_a_component_is_a_file ... ok
[INFO] [stdout] test vendored::tests::asyncio_dir_odd_components ... ok
[INFO] [stdout] test system::memory_fs::tests::write_file_fails_if_a_parent_directory_is_missing ... ok
[INFO] [stdout] test system::memory_fs::tests::write_file_fails_if_path_points_to_a_directory ... ok
[INFO] [stdout] test vendored::tests::asyncio_dir_trailing_slash ... ok
[INFO] [stdout] test vendored::tests::asyncio_file_other_path ... ok
[INFO] [stdout] test vendored::tests::asyncio_dir_no_trailing_slash ... ok
[INFO] [stdout] test vendored::tests::asyncio_file_contents ... ok
[INFO] [stdout] test vendored::tests::functools_file_contents ... ok
[INFO] [stdout] test vendored::tests::nonexistent_path_with_extension ... ok
[INFO] [stdout] test vendored::tests::nonexistent_path_with_fancy_components ... ok
[INFO] [stdout] test vendored::tests::nonexistent_path_with_trailing_slash ... ok
[INFO] [stdout] test system::memory_fs::tests::touch_new_file_updates_parent_directory ... ok
[INFO] [stdout] test system::memory_fs::tests::touch ... ok
[INFO] [stdout] test vendored::tests::filesystem_debug_implementation_alternate ... ok
[INFO] [stdout] test vendored::tests::filesystem_debug_implementation ... ok
[INFO] [stdout] test system::memory_fs::tests::write_virtual_file ... ok
[INFO] [stdout] test vendored::tests::stdlib_dir_no_trailing_slash ... ok
[INFO] [stdout] test vendored::tests::stdlib_dir_parent_components ... ok
[INFO] [stdout] test vendored::tests::stdlib_dir_trailing_slash ... ok
[INFO] [stdout] test vendored::tests::functools_file_other_path ... ok
[INFO] [stdout] test vendored::tests::read_directory_asyncio ... ok
[INFO] [stdout] test vendored::tests::read_directory_stdlib ... ok
[INFO] [stdout] test vendored::tests::simple_nonexistent_path ... ok
[INFO] [stdout] test diagnostic::render::pylint::tests::output ... FAILED
[INFO] [stdout] test diagnostic::render::full::tests::notebook_output_with_diff ... FAILED
[INFO] [stdout] test diagnostic::render::azure::tests::output ... FAILED
[INFO] [stdout] test diagnostic::render::full::tests::notebook_output_with_diff_spanning_cells ... FAILED
[INFO] [stdout] test diagnostic::render::pylint::tests::syntax_errors ... FAILED
[INFO] [stdout] test diagnostic::render::github::tests::syntax_errors ... FAILED
[INFO] [stdout] test diagnostic::render::azure::tests::syntax_errors ... FAILED
[INFO] [stdout] test diagnostic::render::github::tests::output ... FAILED
[INFO] [stdout] 
[INFO] [stdout] failures:
[INFO] [stdout] 
[INFO] [stdout] ---- diagnostic::render::pylint::tests::output stdout ----
[INFO] [stdout] ━━━━━━━━━━━━━━━━━━━━━━━━━━━━━━━ Snapshot Summary ━━━━━━━━━━━━━━━━━━━━━━━━━━━━━━━
[INFO] [stdout] Snapshot file: src/diagnostic/render/snapshots/ruff_db__diagnostic__render__pylint__tests__output.snap
[INFO] [stdout] Snapshot: output
[INFO] [stdout] Source: src/diagnostic/render/pylint.rs:79
[INFO] [stdout] ────────────────────────────────────────────────────────────────────────────────
[INFO] [stdout] Expression: env.render_diagnostics(&diagnostics)
[INFO] [stdout] ────────────────────────────────────────────────────────────────────────────────
[INFO] [stdout] +new results
[INFO] [stdout] ────────────┬───────────────────────────────────────────────────────────────────
[INFO] [stdout]           1 │+fib.py:1: [F401] `os` imported but unused
[INFO] [stdout]           2 │+fib.py:6: [F841] Local variable `x` is assigned to but never used
[INFO] [stdout]           3 │+undef.py:1: [F821] Undefined name `a`
[INFO] [stdout]           4 │+fib.py:12: [F821] Undefined name `fibonaccii`
[INFO] [stdout] ────────────┴───────────────────────────────────────────────────────────────────
[INFO] [stdout] 
[INFO] [stdout] thread 'diagnostic::render::pylint::tests::output' (1936) panicked at src/diagnostic/render/pylint.rs:79:9:
[INFO] [stdout] called `Result::unwrap()` on an `Err` value: Os { code: 30, kind: ReadOnlyFilesystem, message: "Read-only file system" }
[INFO] [stdout] stack backtrace:
[INFO] [stdout]    0:     0x5602919c5d21 - <<std[617be2ca0a6fd877]::sys::backtrace::BacktraceLock>::print::DisplayBacktrace as core[a373ad73a504971]::fmt::Display>::fmt
[INFO] [stdout]    1:     0x5602919ddc4a - core[a373ad73a504971]::fmt::write
[INFO] [stdout]    2:     0x5602919ca61c - <alloc[2e1b2a31b91974c5]::vec::Vec<u8> as core[a373ad73a504971]::io::write::Write>::write_fmt
[INFO] [stdout]    3:     0x56029199e836 - std[617be2ca0a6fd877]::panicking::default_hook::{closure#0}
[INFO] [stdout]    4:     0x5602919bcb19 - std[617be2ca0a6fd877]::panicking::default_hook
[INFO] [stdout]    5:     0x5602917f8440 - test[aada8e7e76ba119b]::test_main_inner::{closure#0}
[INFO] [stdout]    6:     0x5602919bce42 - std[617be2ca0a6fd877]::panicking::panic_with_hook
[INFO] [stdout]    7:     0x56029199e8e2 - std[617be2ca0a6fd877]::panicking::panic_handler::{closure#0}
[INFO] [stdout]    8:     0x560291996f99 - std[617be2ca0a6fd877]::sys::backtrace::__rust_end_short_backtrace::<std[617be2ca0a6fd877]::panicking::panic_handler::{closure#0}, !>
[INFO] [stdout]    9:     0x56029199f59d - __rustc[ea4f61d10b84890b]::rust_begin_unwind
[INFO] [stdout]   10:     0x5602919de46c - core[a373ad73a504971]::panicking::panic_fmt
[INFO] [stdout]   11:     0x5602919de242 - core[a373ad73a504971]::result::unwrap_failed
[INFO] [stdout]   12:     0x560291743223 - <ruff_db[314d58c241a2e03a]::diagnostic::render::pylint::tests::output::{closure#0} as core[a373ad73a504971]::ops::function::FnOnce<()>>::call_once
[INFO] [stdout]   13:     0x5602917eb88b - test[aada8e7e76ba119b]::__rust_begin_short_backtrace::<core[a373ad73a504971]::result::Result<(), alloc[2e1b2a31b91974c5]::string::String>, fn() -> core[a373ad73a504971]::result::Result<(), alloc[2e1b2a31b91974c5]::string::String>>
[INFO] [stdout]   14:     0x5602917f8a65 - test[aada8e7e76ba119b]::run_test::{closure#0}
[INFO] [stdout]   15:     0x5602917f2354 - std[617be2ca0a6fd877]::sys::backtrace::__rust_begin_short_backtrace::<test[aada8e7e76ba119b]::run_test::{closure#1}, ()>
[INFO] [stdout]   16:     0x5602917fbaf2 - <std[617be2ca0a6fd877]::thread::lifecycle::spawn_unchecked<test[aada8e7e76ba119b]::run_test::{closure#1}, ()>::{closure#1} as core[a373ad73a504971]::ops::function::FnOnce<()>>::call_once::{shim:vtable#0}
[INFO] [stdout]   17:     0x5602919c4cef - <std[617be2ca0a6fd877]::sys::thread::unix::Thread>::new::thread_start
[INFO] [stdout]   18:     0x705b5404fdfa - <unknown>
[INFO] [stdout]   19:     0x705b540e33d4 - clone
[INFO] [stdout]   20:                0x0 - <unknown>
[INFO] [stdout] 
[INFO] [stdout] ---- diagnostic::render::full::tests::notebook_output_with_diff stdout ----
[INFO] [stdout] ━━━━━━━━━━━━━━━━━━━━━━━━━━━━━━━ Snapshot Summary ━━━━━━━━━━━━━━━━━━━━━━━━━━━━━━━
[INFO] [stdout] Snapshot file: src/diagnostic/render/snapshots/ruff_db__diagnostic__render__full__tests__notebook_output_with_diff.snap
[INFO] [stdout] Snapshot: notebook_output_with_diff
[INFO] [stdout] Source: src/diagnostic/render/full.rs:846
[INFO] [stdout] ────────────────────────────────────────────────────────────────────────────────
[INFO] [stdout] Expression: env.render_diagnostics(&diagnostics)
[INFO] [stdout] ────────────────────────────────────────────────────────────────────────────────
[INFO] [stdout] +new results
[INFO] [stdout] ────────────┬───────────────────────────────────────────────────────────────────
[INFO] [stdout]           1 │+error[F401][*]: `os` imported but unused
[INFO] [stdout]           2 │+ --> notebook.ipynb:cell 1:2:8
[INFO] [stdout]           3 │+  |
[INFO] [stdout]           4 │+1 | # cell 1
[INFO] [stdout]           5 │+2 | import os
[INFO] [stdout]           6 │+  |        ^^
[INFO] [stdout]           7 │+help: Remove unused import: `os`
[INFO] [stdout]           8 │+ ::: cell 1
[INFO] [stdout]           9 │+  |
[INFO] [stdout]          10 │+1 | # cell 1
[INFO] [stdout]          11 │+  - import os
[INFO] [stdout]          12 │+  |
[INFO] [stdout]          13 │+
[INFO] [stdout]          14 │+error[F401][*]: `math` imported but unused
[INFO] [stdout]          15 │+ --> notebook.ipynb:cell 2:2:8
[INFO] [stdout]          16 │+  |
[INFO] [stdout]          17 │+1 | # cell 2
[INFO] [stdout]          18 │+2 | import math
[INFO] [stdout]          19 │+  |        ^^^^
[INFO] [stdout]          20 │+3 |
[INFO] [stdout]          21 │+4 | print('hello world')
[INFO] [stdout]          22 │+  |
[INFO] [stdout]          23 │+help: Remove unused import: `math`
[INFO] [stdout]          24 │+ ::: cell 2
[INFO] [stdout]          25 │+  |
[INFO] [stdout]          26 │+1 | # cell 2
[INFO] [stdout]          27 │+  - import math
[INFO] [stdout]          28 │+2 |
[INFO] [stdout]          29 │+  |
[INFO] [stdout]          30 │+
[INFO] [stdout]          31 │+error[F841][*]: Local variable `x` is assigned to but never used
[INFO] [stdout]          32 │+ --> notebook.ipynb:cell 3:4:5
[INFO] [stdout]          33 │+  |
[INFO] [stdout]          34 │+2 | def foo():
[INFO] [stdout]          35 │+3 |     print()
[INFO] [stdout]          36 │+4 |     x = 1
[INFO] [stdout]          37 │+  |     ^
[INFO] [stdout]          38 │+help: Remove assignment to unused variable `x`
[INFO] [stdout]          39 │+ ::: cell 3
[INFO] [stdout]          40 │+  |
[INFO] [stdout]          41 │+3 |     print()
[INFO] [stdout]          42 │+  -     x = 1
[INFO] [stdout]          43 │+4 |
[INFO] [stdout]          44 │+  |
[INFO] [stdout]          45 │+note: This is an unsafe fix and may change runtime behavior
[INFO] [stdout] ────────────┴───────────────────────────────────────────────────────────────────
[INFO] [stdout] 
[INFO] [stdout] thread 'diagnostic::render::full::tests::notebook_output_with_diff' (1897) panicked at src/diagnostic/render/full.rs:846:9:
[INFO] [stdout] called `Result::unwrap()` on an `Err` value: Os { code: 30, kind: ReadOnlyFilesystem, message: "Read-only file system" }
[INFO] [stdout] stack backtrace:
[INFO] [stdout]    0:     0x5602919c5d21 - <<std[617be2ca0a6fd877]::sys::backtrace::BacktraceLock>::print::DisplayBacktrace as core[a373ad73a504971]::fmt::Display>::fmt
[INFO] [stdout]    1:     0x5602919ddc4a - core[a373ad73a504971]::fmt::write
[INFO] [stdout]    2:     0x5602919ca61c - <alloc[2e1b2a31b91974c5]::vec::Vec<u8> as core[a373ad73a504971]::io::write::Write>::write_fmt
[INFO] [stdout]    3:     0x56029199e836 - std[617be2ca0a6fd877]::panicking::default_hook::{closure#0}
[INFO] [stdout]    4:     0x5602919bcb19 - std[617be2ca0a6fd877]::panicking::default_hook
[INFO] [stdout]    5:     0x5602917f8440 - test[aada8e7e76ba119b]::test_main_inner::{closure#0}
[INFO] [stdout]    6:     0x5602919bce42 - std[617be2ca0a6fd877]::panicking::panic_with_hook
[INFO] [stdout]    7:     0x56029199e8e2 - std[617be2ca0a6fd877]::panicking::panic_handler::{closure#0}
[INFO] [stdout]    8:     0x560291996f99 - std[617be2ca0a6fd877]::sys::backtrace::__rust_end_short_backtrace::<std[617be2ca0a6fd877]::panicking::panic_handler::{closure#0}, !>
[INFO] [stdout]    9:     0x56029199f59d - __rustc[ea4f61d10b84890b]::rust_begin_unwind
[INFO] [stdout]   10:     0x5602919de46c - core[a373ad73a504971]::panicking::panic_fmt
[INFO] [stdout]   11:     0x5602919de242 - core[a373ad73a504971]::result::unwrap_failed
[INFO] [stdout]   12:     0x56029173dd23 - <ruff_db[314d58c241a2e03a]::diagnostic::render::full::tests::notebook_output_with_diff::{closure#0} as core[a373ad73a504971]::ops::function::FnOnce<()>>::call_once
[INFO] [stdout]   13:     0x5602917eb88b - test[aada8e7e76ba119b]::__rust_begin_short_backtrace::<core[a373ad73a504971]::result::Result<(), alloc[2e1b2a31b91974c5]::string::String>, fn() -> core[a373ad73a504971]::result::Result<(), alloc[2e1b2a31b91974c5]::string::String>>
[INFO] [stdout]   14:     0x5602917f8a65 - test[aada8e7e76ba119b]::run_test::{closure#0}
[INFO] [stdout]   15:     0x5602917f2354 - std[617be2ca0a6fd877]::sys::backtrace::__rust_begin_short_backtrace::<test[aada8e7e76ba119b]::run_test::{closure#1}, ()>
[INFO] [stdout]   16:     0x5602917fbaf2 - <std[617be2ca0a6fd877]::thread::lifecycle::spawn_unchecked<test[aada8e7e76ba119b]::run_test::{closure#1}, ()>::{closure#1} as core[a373ad73a504971]::ops::function::FnOnce<()>>::call_once::{shim:vtable#0}
[INFO] [stdout]   17:     0x5602919c4cef - <std[617be2ca0a6fd877]::sys::thread::unix::Thread>::new::thread_start
[INFO] [stdout]   18:     0x705b5404fdfa - <unknown>
[INFO] [stdout]   19:     0x705b540e33d4 - clone
[INFO] [stdout]   20:                0x0 - <unknown>
[INFO] [stdout] 
[INFO] [stdout] ---- diagnostic::render::azure::tests::output stdout ----
[INFO] [stdout] ━━━━━━━━━━━━━━━━━━━━━━━━━━━━━━━ Snapshot Summary ━━━━━━━━━━━━━━━━━━━━━━━━━━━━━━━
[INFO] [stdout] Snapshot file: src/diagnostic/render/snapshots/ruff_db__diagnostic__render__azure__tests__output.snap
[INFO] [stdout] Snapshot: output
[INFO] [stdout] Source: src/diagnostic/render/azure.rs:74
[INFO] [stdout] ────────────────────────────────────────────────────────────────────────────────
[INFO] [stdout] Expression: env.render_diagnostics(&diagnostics)
[INFO] [stdout] ────────────────────────────────────────────────────────────────────────────────
[INFO] [stdout] +new results
[INFO] [stdout] ────────────┬───────────────────────────────────────────────────────────────────
[INFO] [stdout]           1 │+##vso[task.logissue type=error;sourcepath=/fib.py;linenumber=1;columnnumber=8;code=F401;]`os` imported but unused
[INFO] [stdout]           2 │+##vso[task.logissue type=error;sourcepath=/fib.py;linenumber=6;columnnumber=5;code=F841;]Local variable `x` is assigned to but never used
[INFO] [stdout]           3 │+##vso[task.logissue type=error;sourcepath=/undef.py;linenumber=1;columnnumber=4;code=F821;]Undefined name `a`
[INFO] [stdout]           4 │+##vso[task.logissue type=error;sourcepath=/fib.py;linenumber=12;columnnumber=16;code=F821;]Undefined name `fibonaccii`
[INFO] [stdout] ────────────┴───────────────────────────────────────────────────────────────────
[INFO] [stdout] 
[INFO] [stdout] thread 'diagnostic::render::azure::tests::output' (1873) panicked at src/diagnostic/render/azure.rs:74:9:
[INFO] [stdout] called `Result::unwrap()` on an `Err` value: Os { code: 30, kind: ReadOnlyFilesystem, message: "Read-only file system" }
[INFO] [stdout] stack backtrace:
[INFO] [stdout]    0:     0x5602919c5d21 - <<std[617be2ca0a6fd877]::sys::backtrace::BacktraceLock>::print::DisplayBacktrace as core[a373ad73a504971]::fmt::Display>::fmt
[INFO] [stdout]    1:     0x5602919ddc4a - core[a373ad73a504971]::fmt::write
[INFO] [stdout]    2:     0x5602919ca61c - <alloc[2e1b2a31b91974c5]::vec::Vec<u8> as core[a373ad73a504971]::io::write::Write>::write_fmt
[INFO] [stdout]    3:     0x56029199e836 - std[617be2ca0a6fd877]::panicking::default_hook::{closure#0}
[INFO] [stdout]    4:     0x5602919bcb19 - std[617be2ca0a6fd877]::panicking::default_hook
[INFO] [stdout]    5:     0x5602917f8440 - test[aada8e7e76ba119b]::test_main_inner::{closure#0}
[INFO] [stdout]    6:     0x5602919bce42 - std[617be2ca0a6fd877]::panicking::panic_with_hook
[INFO] [stdout]    7:     0x56029199e8e2 - std[617be2ca0a6fd877]::panicking::panic_handler::{closure#0}
[INFO] [stdout]    8:     0x560291996f99 - std[617be2ca0a6fd877]::sys::backtrace::__rust_end_short_backtrace::<std[617be2ca0a6fd877]::panicking::panic_handler::{closure#0}, !>
[INFO] [stdout]    9:     0x56029199f59d - __rustc[ea4f61d10b84890b]::rust_begin_unwind
[INFO] [stdout]   10:     0x5602919de46c - core[a373ad73a504971]::panicking::panic_fmt
[INFO] [stdout]   11:     0x5602919de242 - core[a373ad73a504971]::result::unwrap_failed
[INFO] [stdout]   12:     0x560291741a03 - <ruff_db[314d58c241a2e03a]::diagnostic::render::azure::tests::output::{closure#0} as core[a373ad73a504971]::ops::function::FnOnce<()>>::call_once
[INFO] [stdout]   13:     0x5602917eb88b - test[aada8e7e76ba119b]::__rust_begin_short_backtrace::<core[a373ad73a504971]::result::Result<(), alloc[2e1b2a31b91974c5]::string::String>, fn() -> core[a373ad73a504971]::result::Result<(), alloc[2e1b2a31b91974c5]::string::String>>
[INFO] [stdout]   14:     0x5602917f8a65 - test[aada8e7e76ba119b]::run_test::{closure#0}
[INFO] [stdout]   15:     0x5602917f2354 - std[617be2ca0a6fd877]::sys::backtrace::__rust_begin_short_backtrace::<test[aada8e7e76ba119b]::run_test::{closure#1}, ()>
[INFO] [stdout]   16:     0x5602917fbaf2 - <std[617be2ca0a6fd877]::thread::lifecycle::spawn_unchecked<test[aada8e7e76ba119b]::run_test::{closure#1}, ()>::{closure#1} as core[a373ad73a504971]::ops::function::FnOnce<()>>::call_once::{shim:vtable#0}
[INFO] [stdout]   17:     0x5602919c4cef - <std[617be2ca0a6fd877]::sys::thread::unix::Thread>::new::thread_start
[INFO] [stdout]   18:     0x705b5404fdfa - <unknown>
[INFO] [stdout]   19:     0x705b540e33d4 - clone
[INFO] [stdout]   20:                0x0 - <unknown>
[INFO] [stdout] 
[INFO] [stdout] ---- diagnostic::render::full::tests::notebook_output_with_diff_spanning_cells stdout ----
[INFO] [stdout] ━━━━━━━━━━━━━━━━━━━━━━━━━━━━━━━ Snapshot Summary ━━━━━━━━━━━━━━━━━━━━━━━━━━━━━━━
[INFO] [stdout] Snapshot file: src/diagnostic/render/snapshots/ruff_db__diagnostic__render__full__tests__notebook_output_with_diff_spanning_cells.snap
[INFO] [stdout] Snapshot: notebook_output_with_diff_spanning_cells
[INFO] [stdout] Source: src/diagnostic/render/full.rs:865
[INFO] [stdout] ────────────────────────────────────────────────────────────────────────────────
[INFO] [stdout] Expression: env.render(&diagnostic)
[INFO] [stdout] ────────────────────────────────────────────────────────────────────────────────
[INFO] [stdout] +new results
[INFO] [stdout] ────────────┬───────────────────────────────────────────────────────────────────
[INFO] [stdout]           1 │+error[F401][*]: `os` imported but unused
[INFO] [stdout]           2 │+ --> notebook.ipynb:cell 1:2:8
[INFO] [stdout]           3 │+  |
[INFO] [stdout]           4 │+1 | # cell 1
[INFO] [stdout]           5 │+2 | import os
[INFO] [stdout]           6 │+  |        ^^
[INFO] [stdout]           7 │+help: Remove unused import: `os`
[INFO] [stdout]           8 │+ ::: cell 1
[INFO] [stdout]           9 │+  |
[INFO] [stdout]          10 │+1 | # cell 1
[INFO] [stdout]          11 │+  - import os
[INFO] [stdout]          12 │+  |
[INFO] [stdout]          13 │+ ::: cell 2
[INFO] [stdout]          14 │+  |
[INFO] [stdout]          15 │+1 | # cell 2
[INFO] [stdout]          16 │+  - import math
[INFO] [stdout]          17 │+2 |
[INFO] [stdout]          18 │+  |
[INFO] [stdout]          19 │+ ::: cell 3
[INFO] [stdout]          20 │+  |
[INFO] [stdout]          21 │+3 |     print()
[INFO] [stdout]          22 │+  -     x = 1
[INFO] [stdout]          23 │+4 |
[INFO] [stdout]          24 │+  |
[INFO] [stdout]          25 │+note: This is an unsafe fix and may change runtime behavior
[INFO] [stdout] ────────────┴───────────────────────────────────────────────────────────────────
[INFO] [stdout] 
[INFO] [stdout] thread 'diagnostic::render::full::tests::notebook_output_with_diff_spanning_cells' (1898) panicked at src/diagnostic/render/full.rs:865:9:
[INFO] [stdout] called `Result::unwrap()` on an `Err` value: Os { code: 30, kind: ReadOnlyFilesystem, message: "Read-only file system" }
[INFO] [stdout] stack backtrace:
[INFO] [stdout]    0:     0x5602919c5d21 - <<std[617be2ca0a6fd877]::sys::backtrace::BacktraceLock>::print::DisplayBacktrace as core[a373ad73a504971]::fmt::Display>::fmt
[INFO] [stdout]    1:     0x5602919ddc4a - core[a373ad73a504971]::fmt::write
[INFO] [stdout]    2:     0x5602919ca61c - <alloc[2e1b2a31b91974c5]::vec::Vec<u8> as core[a373ad73a504971]::io::write::Write>::write_fmt
[INFO] [stdout]    3:     0x56029199e836 - std[617be2ca0a6fd877]::panicking::default_hook::{closure#0}
[INFO] [stdout]    4:     0x5602919bcb19 - std[617be2ca0a6fd877]::panicking::default_hook
[INFO] [stdout]    5:     0x5602917f8440 - test[aada8e7e76ba119b]::test_main_inner::{closure#0}
[INFO] [stdout]    6:     0x5602919bce42 - std[617be2ca0a6fd877]::panicking::panic_with_hook
[INFO] [stdout]    7:     0x56029199e8e2 - std[617be2ca0a6fd877]::panicking::panic_handler::{closure#0}
[INFO] [stdout]    8:     0x560291996f99 - std[617be2ca0a6fd877]::sys::backtrace::__rust_end_short_backtrace::<std[617be2ca0a6fd877]::panicking::panic_handler::{closure#0}, !>
[INFO] [stdout]    9:     0x56029199f59d - __rustc[ea4f61d10b84890b]::rust_begin_unwind
[INFO] [stdout]   10:     0x5602919de46c - core[a373ad73a504971]::panicking::panic_fmt
[INFO] [stdout]   11:     0x5602919de242 - core[a373ad73a504971]::result::unwrap_failed
[INFO] [stdout]   12:     0x56029174071c - <ruff_db[314d58c241a2e03a]::diagnostic::render::full::tests::notebook_output_with_diff_spanning_cells::{closure#0} as core[a373ad73a504971]::ops::function::FnOnce<()>>::call_once
[INFO] [stdout]   13:     0x5602917eb88b - test[aada8e7e76ba119b]::__rust_begin_short_backtrace::<core[a373ad73a504971]::result::Result<(), alloc[2e1b2a31b91974c5]::string::String>, fn() -> core[a373ad73a504971]::result::Result<(), alloc[2e1b2a31b91974c5]::string::String>>
[INFO] [stdout]   14:     0x5602917f8a65 - test[aada8e7e76ba119b]::run_test::{closure#0}
[INFO] [stdout]   15:     0x5602917f2354 - std[617be2ca0a6fd877]::sys::backtrace::__rust_begin_short_backtrace::<test[aada8e7e76ba119b]::run_test::{closure#1}, ()>
[INFO] [stdout]   16:     0x5602917fbaf2 - <std[617be2ca0a6fd877]::thread::lifecycle::spawn_unchecked<test[aada8e7e76ba119b]::run_test::{closure#1}, ()>::{closure#1} as core[a373ad73a504971]::ops::function::FnOnce<()>>::call_once::{shim:vtable#0}
[INFO] [stdout]   17:     0x5602919c4cef - <std[617be2ca0a6fd877]::sys::thread::unix::Thread>::new::thread_start
[INFO] [stdout]   18:     0x705b5404fdfa - <unknown>
[INFO] [stdout]   19:     0x705b540e33d4 - clone
[INFO] [stdout]   20:                0x0 - <unknown>
[INFO] [stdout] 
[INFO] [stdout] ---- diagnostic::render::pylint::tests::syntax_errors stdout ----
[INFO] [stdout] ━━━━━━━━━━━━━━━━━━━━━━━━━━━━━━━ Snapshot Summary ━━━━━━━━━━━━━━━━━━━━━━━━━━━━━━━
[INFO] [stdout] Snapshot file: src/diagnostic/render/snapshots/ruff_db__diagnostic__render__pylint__tests__syntax_errors.snap
[INFO] [stdout] Snapshot: syntax_errors
[INFO] [stdout] Source: src/diagnostic/render/pylint.rs:85
[INFO] [stdout] ────────────────────────────────────────────────────────────────────────────────
[INFO] [stdout] Expression: env.render_diagnostics(&diagnostics)
[INFO] [stdout] ────────────────────────────────────────────────────────────────────────────────
[INFO] [stdout] +new results
[INFO] [stdout] ────────────┬───────────────────────────────────────────────────────────────────
[INFO] [stdout]           1 │+syntax_errors.py:1: [invalid-syntax] Expected one or more symbol names after import
[INFO] [stdout]           2 │+syntax_errors.py:3: [invalid-syntax] Expected ')', found newline
[INFO] [stdout] ────────────┴───────────────────────────────────────────────────────────────────
[INFO] [stdout] 
[INFO] [stdout] thread 'diagnostic::render::pylint::tests::syntax_errors' (1937) panicked at src/diagnostic/render/pylint.rs:85:9:
[INFO] [stdout] called `Result::unwrap()` on an `Err` value: Os { code: 30, kind: ReadOnlyFilesystem, message: "Read-only file system" }
[INFO] [stdout] stack backtrace:
[INFO] [stdout]    0:     0x5602919c5d21 - <<std[617be2ca0a6fd877]::sys::backtrace::BacktraceLock>::print::DisplayBacktrace as core[a373ad73a504971]::fmt::Display>::fmt
[INFO] [stdout]    1:     0x5602919ddc4a - core[a373ad73a504971]::fmt::write
[INFO] [stdout]    2:     0x5602919ca61c - <alloc[2e1b2a31b91974c5]::vec::Vec<u8> as core[a373ad73a504971]::io::write::Write>::write_fmt
[INFO] [stdout]    3:     0x56029199e836 - std[617be2ca0a6fd877]::panicking::default_hook::{closure#0}
[INFO] [stdout]    4:     0x5602919bcb19 - std[617be2ca0a6fd877]::panicking::default_hook
[INFO] [stdout]    5:     0x5602917f8440 - test[aada8e7e76ba119b]::test_main_inner::{closure#0}
[INFO] [stdout]    6:     0x5602919bce42 - std[617be2ca0a6fd877]::panicking::panic_with_hook
[INFO] [stdout]    7:     0x56029199e8e2 - std[617be2ca0a6fd877]::panicking::panic_handler::{closure#0}
[INFO] [stdout]    8:     0x560291996f99 - std[617be2ca0a6fd877]::sys::backtrace::__rust_end_short_backtrace::<std[617be2ca0a6fd877]::panicking::panic_handler::{closure#0}, !>
[INFO] [stdout]    9:     0x56029199f59d - __rustc[ea4f61d10b84890b]::rust_begin_unwind
[INFO] [stdout]   10:     0x5602919de46c - core[a373ad73a504971]::panicking::panic_fmt
[INFO] [stdout]   11:     0x5602919de242 - core[a373ad73a504971]::result::unwrap_failed
[INFO] [stdout]   12:     0x560291742e23 - <ruff_db[314d58c241a2e03a]::diagnostic::render::pylint::tests::syntax_errors::{closure#0} as core[a373ad73a504971]::ops::function::FnOnce<()>>::call_once
[INFO] [stdout]   13:     0x5602917eb88b - test[aada8e7e76ba119b]::__rust_begin_short_backtrace::<core[a373ad73a504971]::result::Result<(), alloc[2e1b2a31b91974c5]::string::String>, fn() -> core[a373ad73a504971]::result::Result<(), alloc[2e1b2a31b91974c5]::string::String>>
[INFO] [stdout]   14:     0x5602917f8a65 - test[aada8e7e76ba119b]::run_test::{closure#0}
[INFO] [stdout]   15:     0x5602917f2354 - std[617be2ca0a6fd877]::sys::backtrace::__rust_begin_short_backtrace::<test[aada8e7e76ba119b]::run_test::{closure#1}, ()>
[INFO] [stdout]   16:     0x5602917fbaf2 - <std[617be2ca0a6fd877]::thread::lifecycle::spawn_unchecked<test[aada8e7e76ba119b]::run_test::{closure#1}, ()>::{closure#1} as core[a373ad73a504971]::ops::function::FnOnce<()>>::call_once::{shim:vtable#0}
[INFO] [stdout]   17:     0x5602919c4cef - <std[617be2ca0a6fd877]::sys::thread::unix::Thread>::new::thread_start
[INFO] [stdout]   18:     0x705b5404fdfa - <unknown>
[INFO] [stdout]   19:     0x705b540e33d4 - clone
[INFO] [stdout]   20:                0x0 - <unknown>
[INFO] [stdout] 
[INFO] [stdout] ---- diagnostic::render::github::tests::syntax_errors stdout ----
[INFO] [stdout] ━━━━━━━━━━━━━━━━━━━━━━━━━━━━━━━ Snapshot Summary ━━━━━━━━━━━━━━━━━━━━━━━━━━━━━━━
[INFO] [stdout] Snapshot file: src/diagnostic/render/snapshots/ruff_db__diagnostic__render__github__tests__syntax_errors.snap
[INFO] [stdout] Snapshot: syntax_errors
[INFO] [stdout] Source: src/diagnostic/render/github.rs:207
[INFO] [stdout] ────────────────────────────────────────────────────────────────────────────────
[INFO] [stdout] Expression: env.render_diagnostics(&diagnostics)
[INFO] [stdout] ────────────────────────────────────────────────────────────────────────────────
[INFO] [stdout] +new results
[INFO] [stdout] ────────────┬───────────────────────────────────────────────────────────────────
[INFO] [stdout]           1 │+::error title=ty (invalid-syntax),file=/syntax_errors.py,line=1,endLine=2::syntax_errors.py:1:15: invalid-syntax: Expected one or more symbol names after import
[INFO] [stdout]           2 │+::error title=ty (invalid-syntax),file=/syntax_errors.py,line=3,endLine=4::syntax_errors.py:3:12: invalid-syntax: Expected ')', found newline
[INFO] [stdout] ────────────┴───────────────────────────────────────────────────────────────────
[INFO] [stdout] 
[INFO] [stdout] thread 'diagnostic::render::github::tests::syntax_errors' (1933) panicked at src/diagnostic/render/github.rs:207:9:
[INFO] [stdout] called `Result::unwrap()` on an `Err` value: Os { code: 30, kind: ReadOnlyFilesystem, message: "Read-only file system" }
[INFO] [stdout] stack backtrace:
[INFO] [stdout]    0:     0x5602919c5d21 - <<std[617be2ca0a6fd877]::sys::backtrace::BacktraceLock>::print::DisplayBacktrace as core[a373ad73a504971]::fmt::Display>::fmt
[INFO] [stdout]    1:     0x5602919ddc4a - core[a373ad73a504971]::fmt::write
[INFO] [stdout]    2:     0x5602919ca61c - <alloc[2e1b2a31b91974c5]::vec::Vec<u8> as core[a373ad73a504971]::io::write::Write>::write_fmt
[INFO] [stdout]    3:     0x56029199e836 - std[617be2ca0a6fd877]::panicking::default_hook::{closure#0}
[INFO] [stdout]    4:     0x5602919bcb19 - std[617be2ca0a6fd877]::panicking::default_hook
[INFO] [stdout]    5:     0x5602917f8440 - test[aada8e7e76ba119b]::test_main_inner::{closure#0}
[INFO] [stdout]    6:     0x5602919bce42 - std[617be2ca0a6fd877]::panicking::panic_with_hook
[INFO] [stdout]    7:     0x56029199e8e2 - std[617be2ca0a6fd877]::panicking::panic_handler::{closure#0}
[INFO] [stdout]    8:     0x560291996f99 - std[617be2ca0a6fd877]::sys::backtrace::__rust_end_short_backtrace::<std[617be2ca0a6fd877]::panicking::panic_handler::{closure#0}, !>
[INFO] [stdout]    9:     0x56029199f59d - __rustc[ea4f61d10b84890b]::rust_begin_unwind
[INFO] [stdout]   10:     0x5602919de46c - core[a373ad73a504971]::panicking::panic_fmt
[INFO] [stdout]   11:     0x5602919de242 - core[a373ad73a504971]::result::unwrap_failed
[INFO] [stdout]   12:     0x560291742213 - <ruff_db[314d58c241a2e03a]::diagnostic::render::github::tests::syntax_errors::{closure#0} as core[a373ad73a504971]::ops::function::FnOnce<()>>::call_once
[INFO] [stdout]   13:     0x5602917eb88b - test[aada8e7e76ba119b]::__rust_begin_short_backtrace::<core[a373ad73a504971]::result::Result<(), alloc[2e1b2a31b91974c5]::string::String>, fn() -> core[a373ad73a504971]::result::Result<(), alloc[2e1b2a31b91974c5]::string::String>>
[INFO] [stdout]   14:     0x5602917f8a65 - test[aada8e7e76ba119b]::run_test::{closure#0}
[INFO] [stdout]   15:     0x5602917f2354 - std[617be2ca0a6fd877]::sys::backtrace::__rust_begin_short_backtrace::<test[aada8e7e76ba119b]::run_test::{closure#1}, ()>
[INFO] [stdout]   16:     0x5602917fbaf2 - <std[617be2ca0a6fd877]::thread::lifecycle::spawn_unchecked<test[aada8e7e76ba119b]::run_test::{closure#1}, ()>::{closure#1} as core[a373ad73a504971]::ops::function::FnOnce<()>>::call_once::{shim:vtable#0}
[INFO] [stdout]   17:     0x5602919c4cef - <std[617be2ca0a6fd877]::sys::thread::unix::Thread>::new::thread_start
[INFO] [stdout]   18:     0x705b5404fdfa - <unknown>
[INFO] [stdout]   19:     0x705b540e33d4 - clone
[INFO] [stdout]   20:                0x0 - <unknown>
[INFO] [stdout] 
[INFO] [stdout] ---- diagnostic::render::azure::tests::syntax_errors stdout ----
[INFO] [stdout] ━━━━━━━━━━━━━━━━━━━━━━━━━━━━━━━ Snapshot Summary ━━━━━━━━━━━━━━━━━━━━━━━━━━━━━━━
[INFO] [stdout] Snapshot file: src/diagnostic/render/snapshots/ruff_db__diagnostic__render__azure__tests__syntax_errors.snap
[INFO] [stdout] Snapshot: syntax_errors
[INFO] [stdout] Source: src/diagnostic/render/azure.rs:80
[INFO] [stdout] ────────────────────────────────────────────────────────────────────────────────
[INFO] [stdout] Expression: env.render_diagnostics(&diagnostics)
[INFO] [stdout] ────────────────────────────────────────────────────────────────────────────────
[INFO] [stdout] +new results
[INFO] [stdout] ────────────┬───────────────────────────────────────────────────────────────────
[INFO] [stdout]           1 │+##vso[task.logissue type=error;sourcepath=/syntax_errors.py;linenumber=1;columnnumber=15;code=invalid-syntax;]Expected one or more symbol names after import
[INFO] [stdout]           2 │+##vso[task.logissue type=error;sourcepath=/syntax_errors.py;linenumber=3;columnnumber=12;code=invalid-syntax;]Expected ')', found newline
[INFO] [stdout] ────────────┴───────────────────────────────────────────────────────────────────
[INFO] [stdout] 
[INFO] [stdout] thread 'diagnostic::render::azure::tests::syntax_errors' (1874) panicked at src/diagnostic/render/azure.rs:80:9:
[INFO] [stdout] called `Result::unwrap()` on an `Err` value: Os { code: 30, kind: ReadOnlyFilesystem, message: "Read-only file system" }
[INFO] [stdout] stack backtrace:
[INFO] [stdout]    0:     0x5602919c5d21 - <<std[617be2ca0a6fd877]::sys::backtrace::BacktraceLock>::print::DisplayBacktrace as core[a373ad73a504971]::fmt::Display>::fmt
[INFO] [stdout]    1:     0x5602919ddc4a - core[a373ad73a504971]::fmt::write
[INFO] [stdout]    2:     0x5602919ca61c - <alloc[2e1b2a31b91974c5]::vec::Vec<u8> as core[a373ad73a504971]::io::write::Write>::write_fmt
[INFO] [stdout]    3:     0x56029199e836 - std[617be2ca0a6fd877]::panicking::default_hook::{closure#0}
[INFO] [stdout]    4:     0x5602919bcb19 - std[617be2ca0a6fd877]::panicking::default_hook
[INFO] [stdout]    5:     0x5602917f8440 - test[aada8e7e76ba119b]::test_main_inner::{closure#0}
[INFO] [stdout]    6:     0x5602919bce42 - std[617be2ca0a6fd877]::panicking::panic_with_hook
[INFO] [stdout]    7:     0x56029199e8e2 - std[617be2ca0a6fd877]::panicking::panic_handler::{closure#0}
[INFO] [stdout]    8:     0x560291996f99 - std[617be2ca0a6fd877]::sys::backtrace::__rust_end_short_backtrace::<std[617be2ca0a6fd877]::panicking::panic_handler::{closure#0}, !>
[INFO] [stdout]    9:     0x56029199f59d - __rustc[ea4f61d10b84890b]::rust_begin_unwind
[INFO] [stdout]   10:     0x5602919de46c - core[a373ad73a504971]::panicking::panic_fmt
[INFO] [stdout]   11:     0x5602919de242 - core[a373ad73a504971]::result::unwrap_failed
[INFO] [stdout]   12:     0x560291741603 - <ruff_db[314d58c241a2e03a]::diagnostic::render::azure::tests::syntax_errors::{closure#0} as core[a373ad73a504971]::ops::function::FnOnce<()>>::call_once
[INFO] [stdout]   13:     0x5602917eb88b - test[aada8e7e76ba119b]::__rust_begin_short_backtrace::<core[a373ad73a504971]::result::Result<(), alloc[2e1b2a31b91974c5]::string::String>, fn() -> core[a373ad73a504971]::result::Result<(), alloc[2e1b2a31b91974c5]::string::String>>
[INFO] [stdout]   14:     0x5602917f8a65 - test[aada8e7e76ba119b]::run_test::{closure#0}
[INFO] [stdout]   15:     0x5602917f2354 - std[617be2ca0a6fd877]::sys::backtrace::__rust_begin_short_backtrace::<test[aada8e7e76ba119b]::run_test::{closure#1}, ()>
[INFO] [stdout]   16:     0x5602917fbaf2 - <std[617be2ca0a6fd877]::thread::lifecycle::spawn_unchecked<test[aada8e7e76ba119b]::run_test::{closure#1}, ()>::{closure#1} as core[a373ad73a504971]::ops::function::FnOnce<()>>::call_once::{shim:vtable#0}
[INFO] [stdout]   17:     0x5602919c4cef - <std[617be2ca0a6fd877]::sys::thread::unix::Thread>::new::thread_start
[INFO] [stdout]   18:     0x705b5404fdfa - <unknown>
[INFO] [stdout]   19:     0x705b540e33d4 - clone
[INFO] [stdout]   20:                0x0 - <unknown>
[INFO] [stdout] 
[INFO] [stdout] ---- diagnostic::render::github::tests::output stdout ----
[INFO] [stdout] ━━━━━━━━━━━━━━━━━━━━━━━━━━━━━━━ Snapshot Summary ━━━━━━━━━━━━━━━━━━━━━━━━━━━━━━━
[INFO] [stdout] Snapshot file: src/diagnostic/render/snapshots/ruff_db__diagnostic__render__github__tests__output.snap
[INFO] [stdout] Snapshot: output
[INFO] [stdout] Source: src/diagnostic/render/github.rs:201
[INFO] [stdout] ────────────────────────────────────────────────────────────────────────────────
[INFO] [stdout] Expression: env.render_diagnostics(&diagnostics)
[INFO] [stdout] ────────────────────────────────────────────────────────────────────────────────
[INFO] [stdout] +new results
[INFO] [stdout] ────────────┬───────────────────────────────────────────────────────────────────
[INFO] [stdout]           1 │+::error title=ty (F401),file=/fib.py,line=1,col=8,endLine=1,endColumn=10::fib.py:1:8: F401 `os` imported but unused%0A  help: Remove unused import: `os`
[INFO] [stdout]           2 │+::error title=ty (F841),file=/fib.py,line=6,col=5,endLine=6,endColumn=6::fib.py:6:5: F841 Local variable `x` is assigned to but never used%0A  help: Remove assignment to unused variable `x`
[INFO] [stdout]           3 │+::error title=ty (F821),file=/undef.py,line=1,col=4,endLine=1,endColumn=5::undef.py:1:4: F821 Undefined name `a`
[INFO] [stdout]           4 │+::error title=ty (F821),file=/fib.py,line=12,col=16,endLine=12,endColumn=26::fib.py:12:16: F821 Undefined name `fibonaccii`%0A  fib.py:4:5: info: Did you mean to import it from `/some/path/def.py`?: `fibonacci` is defined here%0A    fib.py:5:5: `fibonacci` is documented here
[INFO] [stdout] ────────────┴───────────────────────────────────────────────────────────────────
[INFO] [stdout] 
[INFO] [stdout] thread 'diagnostic::render::github::tests::output' (1923) panicked at src/diagnostic/render/github.rs:201:9:
[INFO] [stdout] called `Result::unwrap()` on an `Err` value: Os { code: 30, kind: ReadOnlyFilesystem, message: "Read-only file system" }
[INFO] [stdout] stack backtrace:
[INFO] [stdout]    0:     0x5602919c5d21 - <<std[617be2ca0a6fd877]::sys::backtrace::BacktraceLock>::print::DisplayBacktrace as core[a373ad73a504971]::fmt::Display>::fmt
[INFO] [stdout]    1:     0x5602919ddc4a - core[a373ad73a504971]::fmt::write
[INFO] [stdout]    2:     0x5602919ca61c - <alloc[2e1b2a31b91974c5]::vec::Vec<u8> as core[a373ad73a504971]::io::write::Write>::write_fmt
[INFO] [stdout]    3:     0x56029199e836 - std[617be2ca0a6fd877]::panicking::default_hook::{closure#0}
[INFO] [stdout]    4:     0x5602919bcb19 - std[617be2ca0a6fd877]::panicking::default_hook
[INFO] [stdout]    5:     0x5602917f8440 - test[aada8e7e76ba119b]::test_main_inner::{closure#0}
[INFO] [stdout]    6:     0x5602919bce42 - std[617be2ca0a6fd877]::panicking::panic_with_hook
[INFO] [stdout]    7:     0x56029199e8e2 - std[617be2ca0a6fd877]::panicking::panic_handler::{closure#0}
[INFO] [stdout]    8:     0x560291996f99 - std[617be2ca0a6fd877]::sys::backtrace::__rust_end_short_backtrace::<std[617be2ca0a6fd877]::panicking::panic_handler::{closure#0}, !>
[INFO] [stdout]    9:     0x56029199f59d - __rustc[ea4f61d10b84890b]::rust_begin_unwind
[INFO] [stdout]   10:     0x5602919de46c - core[a373ad73a504971]::panicking::panic_fmt
[INFO] [stdout]   11:     0x5602919de242 - core[a373ad73a504971]::result::unwrap_failed
[INFO] [stdout]   12:     0x560291742613 - <ruff_db[314d58c241a2e03a]::diagnostic::render::github::tests::output::{closure#0} as core[a373ad73a504971]::ops::function::FnOnce<()>>::call_once
[INFO] [stdout]   13:     0x5602917eb88b - test[aada8e7e76ba119b]::__rust_begin_short_backtrace::<core[a373ad73a504971]::result::Result<(), alloc[2e1b2a31b91974c5]::string::String>, fn() -> core[a373ad73a504971]::result::Result<(), alloc[2e1b2a31b91974c5]::string::String>>
[INFO] [stdout]   14:     0x5602917f8a65 - test[aada8e7e76ba119b]::run_test::{closure#0}
[INFO] [stdout]   15:     0x5602917f2354 - std[617be2ca0a6fd877]::sys::backtrace::__rust_begin_short_backtrace::<test[aada8e7e76ba119b]::run_test::{closure#1}, ()>
[INFO] [stdout]   16:     0x5602917fbaf2 - <std[617be2ca0a6fd877]::thread::lifecycle::spawn_unchecked<test[aada8e7e76ba119b]::run_test::{closure#1}, ()>::{closure#1} as core[a373ad73a504971]::ops::function::FnOnce<()>>::call_once::{shim:vtable#0}
[INFO] [stdout]   17:     0x5602919c4cef - <std[617be2ca0a6fd877]::sys::thread::unix::Thread>::new::thread_start
[INFO] [stdout]   18:     0x705b5404fdfa - <unknown>
[INFO] [stdout]   19:     0x705b540e33d4 - clone
[INFO] [stdout]   20:                0x0 - <unknown>
[INFO] [stdout] 
[INFO] [stdout] 
[INFO] [stdout] failures:
[INFO] [stdout]     diagnostic::render::azure::tests::output
[INFO] [stdout]     diagnostic::render::azure::tests::syntax_errors
[INFO] [stdout]     diagnostic::render::full::tests::notebook_output_with_diff
[INFO] [stdout]     diagnostic::render::full::tests::notebook_output_with_diff_spanning_cells
[INFO] [stdout]     diagnostic::render::github::tests::output
[INFO] [stdout]     diagnostic::render::github::tests::syntax_errors
[INFO] [stdout]     diagnostic::render::pylint::tests::output
[INFO] [stdout]     diagnostic::render::pylint::tests::syntax_errors
[INFO] [stdout] 
[INFO] [stdout] test result: FAILED. 120 passed; 8 failed; 1 ignored; 0 measured; 0 filtered out; finished in 0.69s
[INFO] [stdout] 
[INFO] [stderr] error: test failed, to rerun pass `--lib`
[INFO] running `Command { std: "docker" "inspect" "05f846b83ef5966b3fb7ba67ddbe6f91f1ad8a8eb3b4af7a5a35235c0bb5f458", kill_on_drop: false }`
[INFO] running `Command { std: "docker" "rm" "-f" "05f846b83ef5966b3fb7ba67ddbe6f91f1ad8a8eb3b4af7a5a35235c0bb5f458", kill_on_drop: false }`
[INFO] [stdout] 05f846b83ef5966b3fb7ba67ddbe6f91f1ad8a8eb3b4af7a5a35235c0bb5f458
