[INFO] fetching crate sieve-cache 1.2.0...
[INFO] testing sieve-cache-1.2.0 against 1.99.0-beta.8+cargoflags=--release for beta-release-1.100-2
[INFO] extracting crate sieve-cache 1.2.0 into /workspace/builds/worker-4-tc1/source
[INFO] started tweaking crates.io crate sieve-cache 1.2.0
[INFO] removed 0 missing tests
[INFO] finished tweaking crates.io crate sieve-cache 1.2.0
[INFO] tweaked toml for crates.io crate sieve-cache 1.2.0 written to /workspace/builds/worker-4-tc1/source/Cargo.toml
[INFO] validating manifest of crates.io crate sieve-cache 1.2.0 on toolchain 1.99.0-beta.8
[INFO] running `Command { std: CARGO_HOME="/workspace/cargo-home" RUSTUP_HOME="/workspace/rustup-home" "/workspace/cargo-home/bin/cargo" "+1.99.0-beta.8" "metadata" "--manifest-path" "Cargo.toml" "--no-deps", kill_on_drop: false }`
[INFO] crate crates.io crate sieve-cache 1.2.0 already has a lockfile, it will not be regenerated
[INFO] running `Command { std: CARGO_HOME="/workspace/cargo-home" RUSTUP_HOME="/workspace/rustup-home" "/workspace/cargo-home/bin/cargo" "+1.99.0-beta.8" "fetch" "--manifest-path" "Cargo.toml", kill_on_drop: false }`
[INFO] [stderr]  Downloading crates ...
[INFO] [stderr]   Downloaded zerocopy v0.8.58
[INFO] [stderr]   Downloaded zerocopy-derive v0.8.58
[INFO] running `Command { std: "docker" "create" "-v" "/var/lib/crater-agent-workspace/builds/worker-4-tc1/source:/opt/rustwide/workdir:ro,Z" "-v" "/var/lib/crater-agent-workspace/builds/worker-4-tc1/target:/opt/rustwide/target:rw,Z" "-v" "/var/lib/crater-agent-workspace/cargo-home:/opt/rustwide/cargo-home:ro,Z" "-v" "/var/lib/crater-agent-workspace/rustup-home:/opt/rustwide/rustup-home:ro,Z" "-m" "1610612736" "--network" "none" "ghcr.io/rust-lang/crates-build-env/linux@sha256:77db811e55d90add9212f6832c23229e3de5f1c1f9905e8cb07319ea15df73ac" "sleep" "infinity", kill_on_drop: false }`
[INFO] [stdout] e22d5f30aba0cd63fe3d44caa8cb1ee2c39d92a893e87ecfe66160cc9c458384
[INFO] running `Command { std: "docker" "start" "e22d5f30aba0cd63fe3d44caa8cb1ee2c39d92a893e87ecfe66160cc9c458384", kill_on_drop: false }`
[INFO] running `Command { std: "docker" "inspect" "e22d5f30aba0cd63fe3d44caa8cb1ee2c39d92a893e87ecfe66160cc9c458384", kill_on_drop: false }`
[INFO] running `Command { std: "docker" "exec" "-e" "SOURCE_DIR=/opt/rustwide/workdir" "-e" "CARGO_HOME=/opt/rustwide/cargo-home" "-e" "RUSTUP_HOME=/opt/rustwide/rustup-home" "-e" "CARGO_TARGET_DIR=/opt/rustwide/target" "-w" "/opt/rustwide/workdir" "--user" "0:0" "e22d5f30aba0cd63fe3d44caa8cb1ee2c39d92a893e87ecfe66160cc9c458384" "/opt/rustwide/cargo-home/bin/cargo" "+1.99.0-beta.8" "metadata" "--no-deps" "--format-version=1", kill_on_drop: false }`
[INFO] running `Command { std: "docker" "inspect" "e22d5f30aba0cd63fe3d44caa8cb1ee2c39d92a893e87ecfe66160cc9c458384", kill_on_drop: false }`
[INFO] running `Command { std: "docker" "exec" "-e" "SOURCE_DIR=/opt/rustwide/workdir" "-e" "CARGO_HOME=/opt/rustwide/cargo-home" "-e" "RUSTUP_HOME=/opt/rustwide/rustup-home" "-e" "CARGO_TARGET_DIR=/opt/rustwide/target" "-e" "CARGO_INCREMENTAL=0" "-e" "RUST_BACKTRACE=full" "-e" "RUSTFLAGS=--cap-lints=warn" "-e" "RUSTDOCFLAGS=--cap-lints=warn" "-w" "/opt/rustwide/workdir" "--user" "0:0" "e22d5f30aba0cd63fe3d44caa8cb1ee2c39d92a893e87ecfe66160cc9c458384" "/opt/rustwide/cargo-home/bin/cargo" "+1.99.0-beta.8" "build" "--frozen" "--message-format=json" "--release", kill_on_drop: false }`
[INFO] [stderr]    Compiling sieve-cache v1.2.0 (/opt/rustwide/workdir)
[INFO] [stderr]     Finished `release` profile [optimized] target(s) in 0.49s
[INFO] running `Command { std: "docker" "inspect" "e22d5f30aba0cd63fe3d44caa8cb1ee2c39d92a893e87ecfe66160cc9c458384", kill_on_drop: false }`
[INFO] running `Command { std: "docker" "exec" "-e" "SOURCE_DIR=/opt/rustwide/workdir" "-e" "CARGO_HOME=/opt/rustwide/cargo-home" "-e" "RUSTUP_HOME=/opt/rustwide/rustup-home" "-e" "CARGO_TARGET_DIR=/opt/rustwide/target" "-e" "CARGO_INCREMENTAL=0" "-e" "RUST_BACKTRACE=full" "-e" "RUSTFLAGS=--cap-lints=warn" "-e" "RUSTDOCFLAGS=--cap-lints=warn" "-w" "/opt/rustwide/workdir" "--user" "0:0" "e22d5f30aba0cd63fe3d44caa8cb1ee2c39d92a893e87ecfe66160cc9c458384" "/opt/rustwide/cargo-home/bin/cargo" "+1.99.0-beta.8" "test" "--frozen" "--no-run" "--message-format=json" "--release", kill_on_drop: false }`
[INFO] [stderr]    Compiling proc-macro2 v1.0.107
[INFO] [stderr]    Compiling quote v1.0.47
[INFO] [stderr]    Compiling unicode-ident v1.0.26
[INFO] [stderr]    Compiling zerocopy v0.8.58
[INFO] [stderr]    Compiling libc v0.2.189
[INFO] [stderr]    Compiling cfg-if v1.0.5
[INFO] [stderr]    Compiling crossbeam-utils v0.8.23
[INFO] [stderr]    Compiling serde_core v1.0.229
[INFO] [stderr]    Compiling libm v0.2.16
[INFO] [stderr]    Compiling crossbeam-epoch v0.9.21
[INFO] [stderr]    Compiling autocfg v1.5.1
[INFO] [stderr]    Compiling zmij v1.0.23
[INFO] [stderr]    Compiling crossbeam-deque v0.8.8
[INFO] [stderr]    Compiling serde v1.0.229
[INFO] [stderr]    Compiling either v1.18.0
[INFO] [stderr]    Compiling rayon-core v1.13.0
[INFO] [stderr]    Compiling serde_json v1.0.151
[INFO] [stderr]    Compiling itoa v1.0.18
[INFO] [stderr]    Compiling plotters-backend v0.3.7
[INFO] [stderr]    Compiling memchr v2.8.3
[INFO] [stderr]    Compiling ciborium-io v0.2.2
[INFO] [stderr]    Compiling clap_lex v1.1.1
[INFO] [stderr]    Compiling regex-syntax v0.8.11
[INFO] [stderr]    Compiling anstyle v1.0.14
[INFO] [stderr]    Compiling itertools v0.10.5
[INFO] [stderr]    Compiling cast v0.3.0
[INFO] [stderr]    Compiling same-file v1.0.6
[INFO] [stderr]    Compiling plotters-svg v0.3.7
[INFO] [stderr]    Compiling clap_builder v4.6.7
[INFO] [stderr]    Compiling walkdir v2.5.0
[INFO] [stderr]    Compiling oorandom v11.1.5
[INFO] [stderr]    Compiling once_cell v1.21.4
[INFO] [stderr]    Compiling anes v0.1.6
[INFO] [stderr]    Compiling sieve-cache v1.2.0 (/opt/rustwide/workdir)
[INFO] [stderr]    Compiling num-traits v0.2.19
[INFO] [stderr]    Compiling syn v2.0.119
[INFO] [stderr]    Compiling syn v3.0.6
[INFO] [stderr]    Compiling getrandom v0.2.17
[INFO] [stderr]    Compiling is-terminal v0.4.17
[INFO] [stderr]    Compiling rand_core v0.6.4
[INFO] [stderr]    Compiling regex-automata v0.4.18
[INFO] [stderr]    Compiling rayon v1.12.0
[INFO] [stderr]    Compiling criterion-plot v0.5.0
[INFO] [stderr]    Compiling plotters v0.3.7
[INFO] [stderr]    Compiling serde_derive v1.0.229
[INFO] [stderr]    Compiling clap v4.6.7
[INFO] [stderr]    Compiling zerocopy-derive v0.8.58
[INFO] [stderr]    Compiling regex v1.13.1
[INFO] [stderr]    Compiling tinytemplate v1.2.1
[INFO] [stderr]    Compiling ppv-lite86 v0.2.21
[INFO] [stderr]    Compiling half v2.7.1
[INFO] [stderr]    Compiling ciborium-ll v0.2.2
[INFO] [stderr]    Compiling rand_chacha v0.3.1
[INFO] [stderr]    Compiling rand v0.8.8
[INFO] [stderr]    Compiling ciborium v0.2.2
[INFO] [stderr]    Compiling criterion v0.5.1
[INFO] [stderr]    Compiling rand_distr v0.4.3
[INFO] [stderr]     Finished `release` profile [optimized] target(s) in 1m 25s
[INFO] running `Command { std: "docker" "inspect" "e22d5f30aba0cd63fe3d44caa8cb1ee2c39d92a893e87ecfe66160cc9c458384", kill_on_drop: false }`
[INFO] running `Command { std: "docker" "exec" "-e" "SOURCE_DIR=/opt/rustwide/workdir" "-e" "CARGO_HOME=/opt/rustwide/cargo-home" "-e" "RUSTUP_HOME=/opt/rustwide/rustup-home" "-e" "CARGO_TARGET_DIR=/opt/rustwide/target" "-e" "CARGO_INCREMENTAL=0" "-e" "RUST_BACKTRACE=full" "-e" "RUSTFLAGS=--cap-lints=warn" "-e" "RUSTDOCFLAGS=--cap-lints=warn" "-w" "/opt/rustwide/workdir" "--user" "0:0" "e22d5f30aba0cd63fe3d44caa8cb1ee2c39d92a893e87ecfe66160cc9c458384" "/opt/rustwide/cargo-home/bin/cargo" "+1.99.0-beta.8" "test" "--frozen" "--release", kill_on_drop: false }`
[INFO] [stderr]     Finished `release` profile [optimized] target(s) in 0.13s
[INFO] [stderr]      Running unittests src/lib.rs (/opt/rustwide/target/release/deps/sieve_cache-8ef52801abdd0fd9)
[INFO] [stdout] 
[INFO] [stdout] running 51 tests
[INFO] [stdout] test sharded::tests::test_for_each_operations ... ok
[INFO] [stdout] test sharded::tests::test_keys_values_entries ... ok
[INFO] [stdout] test sharded::tests::test_custom_hasher_sharded_sievecache_with_shards ... ok
[INFO] [stdout] test sharded::tests::test_clear ... ok
[INFO] [stdout] test sharded::tests::test_recommended_capacity ... ok
[INFO] [stdout] test sharded::tests::test_retain_concurrent ... ok
[INFO] [stdout] test sharded::tests::test_sharded_cache_basics ... ok
[INFO] [stdout] test sharded::tests::test_with_key_lock ... ok
[INFO] [stdout] test insert_never_exceeds_capacity_when_all_visited ... ok
[INFO] [stdout] test sharded::tests::test_custom_shard_count ... ok
[INFO] [stdout] test sharded::tests::test_retain ... ok
[INFO] [stdout] test sharded::tests::test_get_mut ... ok
[INFO] [stdout] test sharded::tests::test_eviction ... ok
[INFO] [stdout] test sharded::tests::test_custom_hasher_sharded_sievecache ... ok
[INFO] [stdout] test sharded::tests::test_get_mut_concurrent ... ok
[INFO] [stdout] test sync::tests::test_get_mut ... ok
[INFO] [stdout] test sync::tests::test_clear ... ok
[INFO] [stdout] test sync::tests::test_recommended_capacity ... ok
[INFO] [stdout] test test ... ok
[INFO] [stdout] test test_clear ... ok
[INFO] [stdout] test test_iterators ... ok
[INFO] [stdout] test test_recommended_capacity ... ok
[INFO] [stdout] test test_retain ... ok
[INFO] [stdout] test test_visited_flag_update ... ok
[INFO] [stdout] test weighted::tests::test_basic_weight_tracking ... ok
[INFO] [stdout] test weighted::tests::test_clear_resets_weight ... ok
[INFO] [stdout] test test_custom_hasher_sievecache ... ok
[INFO] [stdout] test sharded::tests::test_deadlock_prevention ... ok
[INFO] [stdout] test weighted::tests::test_evict_returns_pair ... ok
[INFO] [stdout] test weighted::tests::test_oversized_single_entry ... ok
[INFO] [stdout] test weighted::tests::test_retain_adjusts_weight ... ok
[INFO] [stdout] test weighted::tests::test_eviction_enforces_weight ... ok
[INFO] [stdout] test weighted::tests::test_weigh_box_slice ... ok
[INFO] [stdout] test sync::tests::test_custom_hasher_sync_sievecache ... ok
[INFO] [stdout] test weighted::tests::test_weigh_primitives ... ok
[INFO] [stdout] test weighted::tests::test_weigh_vec ... ok
[INFO] [stdout] test sync::tests::test_for_each_methods ... ok
[INFO] [stdout] test sync::tests::test_multithreaded_access ... ok
[INFO] [stdout] test sync::tests::test_sync_cache ... ok
[INFO] [stdout] test weighted::tests::test_weight_on_update ... ok
[INFO] [stdout] test weighted::tests::test_eviction_loop_terminates ... ok
[INFO] [stdout] test weighted::tests::test_max_weight_zero_rejected ... ok
[INFO] [stdout] test sync::tests::test_with_lock ... ok
[INFO] [stdout] test sync::tests::test_keys_values_entries ... ok
[INFO] [stdout] test sharded::tests::test_parallel_access ... ok
[INFO] [stdout] test sync::tests::test_retain ... ok
[INFO] [stdout] test weighted::tests::test_weight_on_remove ... ok
[INFO] [stdout] test weighted::tests::test_weigh_string ... ok
[INFO] [stdout] test sharded::tests::test_multithreaded_operations ... ok
[INFO] [stdout] test sync::tests::test_deadlock_prevention ... ok
[INFO] [stdout] test sharded::tests::test_contention ... ok
[INFO] [stdout] 
[INFO] [stdout] test result: ok. 51 passed; 0 failed; 0 ignored; 0 measured; 0 filtered out; finished in 0.02s
[INFO] [stdout] 
[INFO] [stderr]      Running tests/custom_hasher_test.rs (/opt/rustwide/target/release/deps/custom_hasher_test-d7a134e8561d614f)
[INFO] [stdout] 
[INFO] [stdout] running 6 tests
[INFO] [stdout] test custom_hasher_test::test_custom_hasher_weighted ... ok
[INFO] [stdout] test custom_hasher_test::test_custom_hasher_weighted_sync ... ok
[INFO] [stdout] test custom_hasher_test::test_custom_hasher_weighted_sharded ... ok
[INFO] [stderr]      Running tests/thread_safety_test.rs (/opt/rustwide/target/release/deps/thread_safety_test-728f4769403e0d17)
[INFO] [stdout] test custom_hasher_test::test_custom_hasher_sync ... ok
[INFO] [stdout] test custom_hasher_test::test_custom_hasher ... ok
[INFO] [stdout] test custom_hasher_test::test_custom_hasher_sharded ... ok
[INFO] [stdout] 
[INFO] [stdout] test result: ok. 6 passed; 0 failed; 0 ignored; 0 measured; 0 filtered out; finished in 0.00s
[INFO] [stdout] 
[INFO] [stdout] 
[INFO] [stdout] running 6 tests
[INFO] [stdout] test test_get_mut_operation ... ok
[INFO] [stdout] test test_nested_get_during_mut ... ok
[INFO] [stdout] test test_with_lock_operation ... ok
[INFO] [stdout] test test_sync_cache_concurrent_operations ... ok
[INFO] [stdout] test test_sharded_cache_concurrent_operations ... ok
[INFO] [stdout] test test_retain_race_conditions ... ok
[INFO] [stderr]      Running tests/weighted_test.rs (/opt/rustwide/target/release/deps/weighted_test-fe2f8960b2ee9878)
[INFO] [stdout] 
[INFO] [stdout] test result: ok. 6 passed; 0 failed; 0 ignored; 0 measured; 0 filtered out; finished in 0.07s
[INFO] [stdout] 
[INFO] [stdout] 
[INFO] [stdout] running 42 tests
[INFO] [stdout] test weighted_sharded_tests::sharded_clear_resets_weight ... ok
[INFO] [stdout] test weighted_sync_tests::custom_hasher_weighted_sync_sievecache ... ok
[INFO] [stdout] test weighted_sharded_tests::sharded_max_weight_zero_rejected ... ok
[INFO] [stdout] test weighted_sharded_tests::sharded_weight_distribution ... ok
[INFO] [stdout] test weighted_sharded_tests::custom_hasher_weighted_sharded_sievecache ... ok
[INFO] [stdout] test weighted_sharded_tests::basic_sharded_operations ... ok
[INFO] [stdout] test weighted_sharded_tests::sharded_weight_eviction ... ok
[INFO] [stdout] test weighted_sync_tests::sync_weight_eviction ... ok
[INFO] [stdout] test weighted_sync_tests::sync_max_weight_zero_rejected ... ok
[INFO] [stdout] test weighted_sync_tests::sync_clear_resets_weight ... ok
[INFO] [stdout] test weighted_sharded_tests::sharded_evict_pair ... ok
[INFO] [stdout] test weighted_tests::evict_pair_none_only_when_empty ... ok
[INFO] [stdout] test weighted_tests::eviction_enforces_weight_budget ... ok
[INFO] [stdout] test weighted_tests::get_mut_does_not_change_tracked_weight ... ok
[INFO] [stdout] test weighted_tests::eviction_loop_terminates_all_visited ... ok
[INFO] [stdout] test weighted_tests::get_mut_does_not_change_weight ... ok
[INFO] [stdout] test weighted_tests::eviction_uses_charged_weight_after_mutation ... ok
[INFO] [stdout] test weighted_sharded_tests::sharded_max_weight_less_than_num_shards_rejected ... ok
[INFO] [stdout] test weighted_sharded_tests::sharded_retain ... ok
[INFO] [stdout] test weighted_sync_tests::basic_sync_operations ... ok
[INFO] [stdout] test weighted_tests::capacity_eviction_does_not_drift_weight ... ok
[INFO] [stdout] test weighted_tests::retain_adjusts_weight ... ok
[INFO] [stdout] test weighted_tests::weigh_box ... ok
[INFO] [stdout] test weighted_sharded_tests::custom_hasher_weighted_sharded_sievecache_with_shards ... ok
[INFO] [stdout] test weighted_tests::oversized_entry_evicts_previous ... ok
[INFO] [stdout] test weighted_tests::oversized_single_entry_stays ... ok
[INFO] [stdout] test weighted_tests::weight_tracking_insert_remove ... ok
[INFO] [stdout] test weighted_tests::remove_tracks_weight_correctly_at_scale ... ok
[INFO] [stdout] test weighted_tests::weight_tracking_update ... ok
[INFO] [stdout] test weighted_tests::weigh_option_some ... ok
[INFO] [stdout] test weighted_tests::weight_tracking_clear ... ok
[INFO] [stdout] test weighted_tests::weight_tracking_evict ... ok
[INFO] [stdout] test weighted_tests::custom_hasher_weighted_sievecache ... ok
[INFO] [stdout] test weighted_tests::evict_pair_all_visited_cache ... ok
[INFO] [stdout] test weighted_tests::max_weight_zero_rejected ... ok
[INFO] [stdout] test weighted_tests::capacity_zero_rejected ... ok
[INFO] [stdout] test weighted_tests::legacy_evict_still_returns_none_on_all_visited ... ok
[INFO] [stdout] test weighted_sharded_tests::sharded_thread_safety ... ok
[INFO] [stdout] test weighted_sync_tests::sync_thread_safety ... ok
[INFO] [stdout] test weighted_tests::evict_pair_returns_key_and_value ... ok
[INFO] [stdout] test weighted_tests::multiple_inserts_and_evictions ... ok
[INFO] [stdout] test weighted_tests::weigh_str_ref ... ok
[INFO] [stderr]    Doc-tests sieve_cache
[INFO] [stdout] 
[INFO] [stdout] test result: ok. 42 passed; 0 failed; 0 ignored; 0 measured; 0 filtered out; finished in 0.10s
[INFO] [stdout] 
[INFO] [stdout] 
[INFO] [stdout] running 92 tests
[INFO] [stdout] test src/lib.rs - (line 348) ... FAILED
[INFO] [stdout] test src/lib.rs - SieveCache<K,V,S>::evict_pair (line 760) ... FAILED
[INFO] [stdout] test src/lib.rs - SieveCache<K,V,S>::get_mut (line 458) ... FAILED
[INFO] [stdout] test src/lib.rs - SieveCache<K,V,S>::get_key_value (line 427) ... FAILED
[INFO] [stdout] test src/lib.rs - SieveCache<K,V,S>::get (line 394) ... FAILED
[INFO] [stdout] test src/lib.rs - SieveCache<K,V,S>::contains_key (line 364) ... FAILED
[INFO] [stdout] test src/lib.rs - (line 164) ... FAILED
[INFO] [stdout] test src/lib.rs - SieveCache<K,V,S>::evict (line 649) ... FAILED
[INFO] [stdout] test src/lib.rs - (line 312) ... FAILED
[INFO] [stdout] test src/lib.rs - SieveCache<K,V,S>::capacity (line 296) ... FAILED
[INFO] [stdout] test src/lib.rs - (line 38) ... FAILED
[INFO] [stdout] test src/lib.rs - SieveCache (line 143) ... FAILED
[INFO] [stdout] test src/lib.rs - SieveCache<K,V,S>::clear (line 856) ... FAILED
[INFO] [stdout] test src/lib.rs - (line 81) ... FAILED
[INFO] [stdout] test src/lib.rs - (line 240) ... FAILED
[INFO] [stdout] test src/lib.rs - (line 107) ... ok
[INFO] [stdout] test src/lib.rs - SieveCache<K,V,S>::iter_mut (line 995) ... FAILED
[INFO] [stdout] test src/lib.rs - SieveCache<K,V,S>::insert (line 500) ... FAILED
[INFO] [stdout] test src/lib.rs - SieveCache<K,V,S>::keys (line 884) ... FAILED
[INFO] [stdout] test src/lib.rs - SieveCache<K,V,S>::is_empty (line 337) ... FAILED
[INFO] [stdout] test src/lib.rs - SieveCache<K,V,S>::hasher (line 271) ... FAILED
[INFO] [stdout] test src/lib.rs - SieveCache<K,V,S>::new_with_hasher (line 235) ... FAILED
[INFO] [stdout] test src/lib.rs - SieveCache<K,V,S>::values (line 910) ... FAILED
[INFO] [stdout] test src/lib.rs - SieveCache<K,V,S>::recommended_capacity (line 1126) ... FAILED
[INFO] [stdout] test src/lib.rs - _readme_examples_doctest (line 48) ... FAILED
[INFO] [stdout] test src/lib.rs - SieveCache<K,V,S>::len (line 316) ... ok
[INFO] [stdout] test src/lib.rs - SieveCache<K,V,S>::iter (line 968) ... FAILED
[INFO] [stdout] test src/sharded.rs - sharded::ShardedSieveCache<K,V,S>::contains_key (line 560) ... FAILED
[INFO] [stdout] test src/lib.rs - SieveCache<K,V,S>::retain (line 1031) ... FAILED
[INFO] [stdout] test src/sharded.rs - sharded::ShardedSieveCache<K,V,S>::capacity (line 490) ... FAILED
[INFO] [stdout] test src/lib.rs - SieveCache<K,V,S>::remove (line 565) ... FAILED
[INFO] [stdout] test src/sharded.rs - sharded::ShardedSieveCache (line 94) ... FAILED
[INFO] [stdout] test src/sharded.rs - sharded::ShardedSieveCache<K,V,S>::default (line 156) ... FAILED
[INFO] [stdout] test src/sharded.rs - sharded::ShardedSieveCache (line 80) ... ok
[INFO] [stdout] test src/sharded.rs - sharded::ShardedSieveCache<K,V,S>::clear (line 794) ... FAILED
[INFO] [stdout] test src/sharded.rs - sharded::ShardedSieveCache<K,V,S>::evict (line 746) ... FAILED
[INFO] [stdout] test src/lib.rs - SieveCache<K,V,S>::values_mut (line 937) ... FAILED
[INFO] [stdout] test src/sharded.rs - sharded::ShardedSieveCache<K,V,S>::for_each_entry (line 980) ... FAILED
[INFO] [stdout] test src/sharded.rs - sharded::ShardedSieveCache<K,V,S>::get_shard_by_index (line 1099) ... FAILED
[INFO] [stdout] test src/lib.rs - SieveCache<K,V>::new (line 199) ... FAILED
[INFO] [stdout] test src/sharded.rs - sharded::ShardedSieveCache<K,V,S>::get_mut (line 638) ... FAILED
[INFO] [stdout] test src/sharded.rs - sharded::ShardedSieveCache<K,V,S>::for_each_value (line 920) ... FAILED
[INFO] [stdout] test src/sharded.rs - sharded::ShardedSieveCache<K,V,S>::len (line 514) ... FAILED
[INFO] [stdout] test src/sharded.rs - sharded::ShardedSieveCache<K,V,S>::entries (line 876) ... FAILED
[INFO] [stdout] test src/sharded.rs - sharded::ShardedSieveCache<K,V,S>::into_iter (line 199) ... FAILED
[INFO] [stdout] test src/sharded.rs - sharded::ShardedSieveCache<K,V,S>::from (line 230) ... FAILED
[INFO] [stdout] test src/sharded.rs - sharded::ShardedSieveCache<K,V,S>::hasher (line 432) ... FAILED
[INFO] [stdout] test src/sharded.rs - sharded::ShardedSieveCache<K,V,S>::is_empty (line 537) ... FAILED
[INFO] [stdout] test src/sharded.rs - sharded::ShardedSieveCache<K,V,S>::get (line 590) ... FAILED
[INFO] [stdout] test src/sharded.rs - sharded::ShardedSieveCache<K,V,S>::insert (line 690) ... FAILED
[INFO] [stdout] test src/sharded.rs - sharded::ShardedSieveCache<K,V,S>::remove (line 712) ... FAILED
[INFO] [stdout] test src/sharded.rs - sharded::ShardedSieveCache<K,V,S>::new_with_hasher (line 339) ... FAILED
[INFO] [stdout] test src/sharded.rs - sharded::ShardedSieveCache<K,V,S>::keys (line 819) ... FAILED
[INFO] [stdout] test src/sharded.rs - sharded::ShardedSieveCache<K,V,S>::num_shards (line 1083) ... FAILED
[INFO] [stdout] test src/sharded.rs - sharded::ShardedSieveCache<K,V,S>::retain (line 1135) ... FAILED
[INFO] [stdout] test src/sharded.rs - sharded::ShardedSieveCache<K,V,S>::with_key_lock (line 1056) ... FAILED
[INFO] [stdout] test src/sharded.rs - sharded::ShardedSieveCache<K,V,S>::recommended_capacity (line 1205) ... FAILED
[INFO] [stdout] test src/sync.rs - sync::SyncSieveCache (line 52) ... FAILED
[INFO] [stdout] test src/sharded.rs - sharded::ShardedSieveCache<K,V,S>::values (line 846) ... FAILED
[INFO] [stdout] test src/sharded.rs - sharded::ShardedSieveCache<K,V>::new (line 273) ... FAILED
[INFO] [stdout] test src/sharded.rs - sharded::ShardedSieveCache<K,V,S>::with_shards_and_hasher (line 375) ... FAILED
[INFO] [stdout] test src/sharded.rs - sharded::ShardedSieveCache<K,V>::with_shards (line 305) ... FAILED
[INFO] [stdout] test src/sync.rs - sync::SyncSieveCache<K,V,S>::contains_key (line 312) ... FAILED
[INFO] [stdout] test src/sync.rs - sync::SyncSieveCache<K,V,S>::capacity (line 269) ... FAILED
[INFO] [stdout] test src/sync.rs - sync::SyncSieveCache (line 63) ... FAILED
[INFO] [stdout] test src/sync.rs - sync::SyncSieveCache<K,V,S>::clear (line 522) ... FAILED
[INFO] [stdout] test src/sync.rs - sync::SyncSieveCache<K,V,S>::default (line 113) ... FAILED
[INFO] [stdout] test src/sync.rs - sync::SyncSieveCache<K,V,S>::for_each_entry (line 696) ... FAILED
[INFO] [stdout] test src/sync.rs - sync::SyncSieveCache<K,V,S>::for_each_value (line 635) ... FAILED
[INFO] [stdout] test src/sync.rs - sync::SyncSieveCache<K,V,S>::evict (line 485) ... ok
[INFO] [stdout] test src/sync.rs - sync::SyncSieveCache<K,V,S>::from (line 152) ... FAILED
[INFO] [stdout] test src/sync.rs - sync::SyncSieveCache<K,V,S>::entries (line 594) ... FAILED
[INFO] [stdout] test src/sync.rs - sync::SyncSieveCache<K,V,S>::hasher (line 1014) ... FAILED
[INFO] [stdout] test src/sync.rs - sync::SyncSieveCache<K,V,S>::get (line 341) ... FAILED
[INFO] [stdout] test src/sync.rs - sync::SyncSieveCache<K,V,S>::get_mut (line 384) ... FAILED
[INFO] [stdout] test src/sync.rs - sync::SyncSieveCache<K,V,S>::into_iter (line 183) ... FAILED
[INFO] [stdout] test src/sync.rs - sync::SyncSieveCache<K,V,S>::insert (line 436) ... FAILED
[INFO] [stdout] test src/sync.rs - sync::SyncSieveCache<K,V,S>::keys (line 545) ... FAILED
[INFO] [stdout] test src/sync.rs - sync::SyncSieveCache<K,V,S>::recommended_capacity (line 958) ... FAILED
[INFO] [stdout] test src/sync.rs - sync::SyncSieveCache<K,V,S>::is_empty (line 296) ... ok
[INFO] [stdout] test src/sync.rs - sync::SyncSieveCache<K,V,S>::retain (line 833) ... ok
[INFO] [stdout] test src/sync.rs - sync::SyncSieveCache<K,V,S>::new_with_hasher (line 241) ... ok
[INFO] [stdout] test src/sync.rs - sync::SyncSieveCache<K,V,S>::remove (line 458) ... ok
[INFO] [stdout] test src/sync.rs - sync::SyncSieveCache<K,V,S>::len (line 282) ... ok
[INFO] [stdout] test src/weighted.rs - weighted::WeightedSieveCache<K,V,S>::hasher (line 185) ... ok
[INFO] [stdout] test src/sync.rs - sync::SyncSieveCache<K,V,S>::with_lock (line 764) ... ok
[INFO] [stdout] test src/sync.rs - sync::SyncSieveCache<K,V,S>::retain (line 815) ... ok
[INFO] [stdout] test src/sync.rs - sync::SyncSieveCache<K,V,S>::retain_batch (line 891) ... ok
[INFO] [stdout] test src/weighted_sharded.rs - weighted_sharded::WeightedShardedSieveCache<K,V,S>::hasher (line 164) ... ok
[INFO] [stdout] test src/weighted_sync.rs - weighted_sync::WeightedSyncSieveCache<K,V,S>::hasher (line 79) ... ok
[INFO] [stdout] test src/sync.rs - sync::SyncSieveCache<K,V>::new (line 213) ... ok
[INFO] [stderr] error: doctest failed, to rerun pass `--doc`
[INFO] [stdout] test src/sync.rs - sync::SyncSieveCache<K,V,S>::values (line 568) ... ok
[INFO] [stdout] 
[INFO] [stdout] failures:
[INFO] [stdout] 
[INFO] [stdout] ---- src/lib.rs - (line 348) stdout ----
[INFO] [stdout] Couldn't compile the test.
[INFO] [stdout] ---- src/lib.rs - SieveCache<K,V,S>::evict_pair (line 760) stdout ----
[INFO] [stdout] Couldn't compile the test.
[INFO] [stdout] ---- src/lib.rs - SieveCache<K,V,S>::get_mut (line 458) stdout ----
[INFO] [stdout] Couldn't compile the test.
[INFO] [stdout] ---- src/lib.rs - SieveCache<K,V,S>::get_key_value (line 427) stdout ----
[INFO] [stdout] Couldn't compile the test.
[INFO] [stdout] ---- src/lib.rs - SieveCache<K,V,S>::get (line 394) stdout ----
[INFO] [stdout] Couldn't compile the test.
[INFO] [stdout] ---- src/lib.rs - SieveCache<K,V,S>::contains_key (line 364) stdout ----
[INFO] [stdout] Couldn't compile the test.
[INFO] [stdout] ---- src/lib.rs - (line 164) stdout ----
[INFO] [stdout] Couldn't compile the test.
[INFO] [stdout] ---- src/lib.rs - SieveCache<K,V,S>::evict (line 649) stdout ----
[INFO] [stdout] Couldn't compile the test.
[INFO] [stdout] ---- src/lib.rs - (line 312) stdout ----
[INFO] [stdout] Couldn't compile the test.
[INFO] [stdout] ---- src/lib.rs - SieveCache<K,V,S>::capacity (line 296) stdout ----
[INFO] [stdout] Couldn't compile the test.
[INFO] [stdout] ---- src/lib.rs - (line 38) stdout ----
[INFO] [stdout] Couldn't compile the test.
[INFO] [stdout] ---- src/lib.rs - SieveCache (line 143) stdout ----
[INFO] [stdout] Couldn't compile the test.
[INFO] [stdout] ---- src/lib.rs - SieveCache<K,V,S>::clear (line 856) stdout ----
[INFO] [stdout] Couldn't compile the test.
[INFO] [stdout] ---- src/lib.rs - (line 81) stdout ----
[INFO] [stdout] Couldn't compile the test.
[INFO] [stdout] ---- src/lib.rs - (line 240) stdout ----
[INFO] [stdout] Couldn't compile the test.
[INFO] [stdout] ---- src/lib.rs - SieveCache<K,V,S>::iter_mut (line 995) stdout ----
[INFO] [stdout] Couldn't compile the test.
[INFO] [stdout] ---- src/lib.rs - SieveCache<K,V,S>::insert (line 500) stdout ----
[INFO] [stdout] Couldn't compile the test.
[INFO] [stdout] ---- src/lib.rs - SieveCache<K,V,S>::keys (line 884) stdout ----
[INFO] [stdout] Couldn't compile the test.
[INFO] [stdout] ---- src/lib.rs - SieveCache<K,V,S>::is_empty (line 337) stdout ----
[INFO] [stdout] Couldn't compile the test.
[INFO] [stdout] ---- src/lib.rs - SieveCache<K,V,S>::hasher (line 271) stdout ----
[INFO] [stdout] Couldn't compile the test.
[INFO] [stdout] ---- src/lib.rs - SieveCache<K,V,S>::new_with_hasher (line 235) stdout ----
[INFO] [stdout] Couldn't compile the test.
[INFO] [stdout] ---- src/lib.rs - SieveCache<K,V,S>::values (line 910) stdout ----
[INFO] [stdout] Couldn't compile the test.
[INFO] [stdout] ---- src/lib.rs - SieveCache<K,V,S>::recommended_capacity (line 1126) stdout ----
[INFO] [stdout] Couldn't compile the test.
[INFO] [stdout] ---- src/lib.rs - _readme_examples_doctest (line 48) stdout ----
[INFO] [stdout] Couldn't compile the test.
[INFO] [stdout] ---- src/lib.rs - SieveCache<K,V,S>::iter (line 968) stdout ----
[INFO] [stdout] Couldn't compile the test.
[INFO] [stdout] ---- src/sharded.rs - sharded::ShardedSieveCache<K,V,S>::contains_key (line 560) stdout ----
[INFO] [stdout] Couldn't compile the test.
[INFO] [stdout] ---- src/lib.rs - SieveCache<K,V,S>::retain (line 1031) stdout ----
[INFO] [stdout] Couldn't compile the test.
[INFO] [stdout] ---- src/sharded.rs - sharded::ShardedSieveCache<K,V,S>::capacity (line 490) stdout ----
[INFO] [stdout] Couldn't compile the test.
[INFO] [stdout] ---- src/lib.rs - SieveCache<K,V,S>::remove (line 565) stdout ----
[INFO] [stdout] Couldn't compile the test.
[INFO] [stdout] ---- src/sharded.rs - sharded::ShardedSieveCache (line 94) stdout ----
[INFO] [stdout] Couldn't compile the test.
[INFO] [stdout] ---- src/sharded.rs - sharded::ShardedSieveCache<K,V,S>::default (line 156) stdout ----
[INFO] [stdout] Couldn't compile the test.
[INFO] [stdout] ---- src/sharded.rs - sharded::ShardedSieveCache<K,V,S>::clear (line 794) stdout ----
[INFO] [stdout] Couldn't compile the test.
[INFO] [stdout] ---- src/sharded.rs - sharded::ShardedSieveCache<K,V,S>::evict (line 746) stdout ----
[INFO] [stdout] Couldn't compile the test.
[INFO] [stdout] ---- src/lib.rs - SieveCache<K,V,S>::values_mut (line 937) stdout ----
[INFO] [stdout] Couldn't compile the test.
[INFO] [stdout] ---- src/sharded.rs - sharded::ShardedSieveCache<K,V,S>::for_each_entry (line 980) stdout ----
[INFO] [stdout] Couldn't compile the test.
[INFO] [stdout] ---- src/sharded.rs - sharded::ShardedSieveCache<K,V,S>::get_shard_by_index (line 1099) stdout ----
[INFO] [stdout] Couldn't compile the test.
[INFO] [stdout] ---- src/lib.rs - SieveCache<K,V>::new (line 199) stdout ----
[INFO] [stdout] Couldn't compile the test.
[INFO] [stdout] ---- src/sharded.rs - sharded::ShardedSieveCache<K,V,S>::get_mut (line 638) stdout ----
[INFO] [stdout] Couldn't compile the test.
[INFO] [stdout] ---- src/sharded.rs - sharded::ShardedSieveCache<K,V,S>::for_each_value (line 920) stdout ----
[INFO] [stdout] Couldn't compile the test.
[INFO] [stdout] ---- src/sharded.rs - sharded::ShardedSieveCache<K,V,S>::len (line 514) stdout ----
[INFO] [stdout] Couldn't compile the test.
[INFO] [stdout] ---- src/sharded.rs - sharded::ShardedSieveCache<K,V,S>::entries (line 876) stdout ----
[INFO] [stdout] Couldn't compile the test.
[INFO] [stdout] ---- src/sharded.rs - sharded::ShardedSieveCache<K,V,S>::into_iter (line 199) stdout ----
[INFO] [stdout] Couldn't compile the test.
[INFO] [stdout] ---- src/sharded.rs - sharded::ShardedSieveCache<K,V,S>::from (line 230) stdout ----
[INFO] [stdout] Couldn't compile the test.
[INFO] [stdout] ---- src/sharded.rs - sharded::ShardedSieveCache<K,V,S>::hasher (line 432) stdout ----
[INFO] [stdout] Couldn't compile the test.
[INFO] [stdout] ---- src/sharded.rs - sharded::ShardedSieveCache<K,V,S>::is_empty (line 537) stdout ----
[INFO] [stdout] Couldn't compile the test.
[INFO] [stdout] ---- src/sharded.rs - sharded::ShardedSieveCache<K,V,S>::get (line 590) stdout ----
[INFO] [stdout] Couldn't compile the test.
[INFO] [stdout] ---- src/sharded.rs - sharded::ShardedSieveCache<K,V,S>::insert (line 690) stdout ----
[INFO] [stdout] Couldn't compile the test.
[INFO] [stdout] ---- src/sharded.rs - sharded::ShardedSieveCache<K,V,S>::remove (line 712) stdout ----
[INFO] [stdout] Couldn't compile the test.
[INFO] [stdout] ---- src/sharded.rs - sharded::ShardedSieveCache<K,V,S>::new_with_hasher (line 339) stdout ----
[INFO] [stdout] Couldn't compile the test.
[INFO] [stdout] ---- src/sharded.rs - sharded::ShardedSieveCache<K,V,S>::keys (line 819) stdout ----
[INFO] [stdout] Couldn't compile the test.
[INFO] [stdout] ---- src/sharded.rs - sharded::ShardedSieveCache<K,V,S>::num_shards (line 1083) stdout ----
[INFO] [stdout] Couldn't compile the test.
[INFO] [stdout] ---- src/sharded.rs - sharded::ShardedSieveCache<K,V,S>::retain (line 1135) stdout ----
[INFO] [stdout] Couldn't compile the test.
[INFO] [stdout] ---- src/sharded.rs - sharded::ShardedSieveCache<K,V,S>::with_key_lock (line 1056) stdout ----
[INFO] [stdout] Couldn't compile the test.
[INFO] [stdout] ---- src/sharded.rs - sharded::ShardedSieveCache<K,V,S>::recommended_capacity (line 1205) stdout ----
[INFO] [stdout] Couldn't compile the test.
[INFO] [stdout] ---- src/sync.rs - sync::SyncSieveCache (line 52) stdout ----
[INFO] [stdout] Couldn't compile the test.
[INFO] [stdout] ---- src/sharded.rs - sharded::ShardedSieveCache<K,V,S>::values (line 846) stdout ----
[INFO] [stdout] Couldn't compile the test.
[INFO] [stdout] ---- src/sharded.rs - sharded::ShardedSieveCache<K,V>::new (line 273) stdout ----
[INFO] [stdout] Couldn't compile the test.
[INFO] [stdout] ---- src/sharded.rs - sharded::ShardedSieveCache<K,V,S>::with_shards_and_hasher (line 375) stdout ----
[INFO] [stdout] Couldn't compile the test.
[INFO] [stdout] ---- src/sharded.rs - sharded::ShardedSieveCache<K,V>::with_shards (line 305) stdout ----
[INFO] [stdout] Couldn't compile the test.
[INFO] [stdout] ---- src/sync.rs - sync::SyncSieveCache<K,V,S>::contains_key (line 312) stdout ----
[INFO] [stdout] Couldn't compile the test.
[INFO] [stdout] ---- src/sync.rs - sync::SyncSieveCache<K,V,S>::capacity (line 269) stdout ----
[INFO] [stdout] Couldn't compile the test.
[INFO] [stdout] ---- src/sync.rs - sync::SyncSieveCache (line 63) stdout ----
[INFO] [stdout] Couldn't compile the test.
[INFO] [stdout] ---- src/sync.rs - sync::SyncSieveCache<K,V,S>::clear (line 522) stdout ----
[INFO] [stdout] Couldn't compile the test.
[INFO] [stdout] ---- src/sync.rs - sync::SyncSieveCache<K,V,S>::default (line 113) stdout ----
[INFO] [stdout] Couldn't compile the test.
[INFO] [stdout] ---- src/sync.rs - sync::SyncSieveCache<K,V,S>::for_each_entry (line 696) stdout ----
[INFO] [stdout] Couldn't compile the test.
[INFO] [stdout] ---- src/sync.rs - sync::SyncSieveCache<K,V,S>::for_each_value (line 635) stdout ----
[INFO] [stdout] Couldn't compile the test.
[INFO] [stdout] ---- src/sync.rs - sync::SyncSieveCache<K,V,S>::from (line 152) stdout ----
[INFO] [stdout] Couldn't compile the test.
[INFO] [stdout] ---- src/sync.rs - sync::SyncSieveCache<K,V,S>::entries (line 594) stdout ----
[INFO] [stdout] Couldn't compile the test.
[INFO] [stdout] ---- src/sync.rs - sync::SyncSieveCache<K,V,S>::hasher (line 1014) stdout ----
[INFO] [stdout] Couldn't compile the test.
[INFO] [stdout] ---- src/sync.rs - sync::SyncSieveCache<K,V,S>::get (line 341) stdout ----
[INFO] [stdout] Couldn't compile the test.
[INFO] [stdout] ---- src/sync.rs - sync::SyncSieveCache<K,V,S>::get_mut (line 384) stdout ----
[INFO] [stdout] Couldn't compile the test.
[INFO] [stdout] ---- src/sync.rs - sync::SyncSieveCache<K,V,S>::into_iter (line 183) stdout ----
[INFO] [stdout] Couldn't compile the test.
[INFO] [stdout] ---- src/sync.rs - sync::SyncSieveCache<K,V,S>::insert (line 436) stdout ----
[INFO] [stdout] Couldn't compile the test.
[INFO] [stdout] ---- src/sync.rs - sync::SyncSieveCache<K,V,S>::keys (line 545) stdout ----
[INFO] [stdout] Couldn't compile the test.
[INFO] [stdout] ---- src/sync.rs - sync::SyncSieveCache<K,V,S>::recommended_capacity (line 958) stdout ----
[INFO] [stdout] Couldn't compile the test.
[INFO] [stdout] 
[INFO] [stdout] failures:
[INFO] [stdout]     src/lib.rs - (line 164)
[INFO] [stdout]     src/lib.rs - (line 240)
[INFO] [stdout]     src/lib.rs - (line 312)
[INFO] [stdout]     src/lib.rs - (line 348)
[INFO] [stdout]     src/lib.rs - (line 38)
[INFO] [stdout]     src/lib.rs - (line 81)
[INFO] [stdout]     src/lib.rs - SieveCache (line 143)
[INFO] [stdout]     src/lib.rs - SieveCache<K,V,S>::capacity (line 296)
[INFO] [stdout]     src/lib.rs - SieveCache<K,V,S>::clear (line 856)
[INFO] [stdout]     src/lib.rs - SieveCache<K,V,S>::contains_key (line 364)
[INFO] [stdout]     src/lib.rs - SieveCache<K,V,S>::evict (line 649)
[INFO] [stdout]     src/lib.rs - SieveCache<K,V,S>::evict_pair (line 760)
[INFO] [stdout]     src/lib.rs - SieveCache<K,V,S>::get (line 394)
[INFO] [stdout]     src/lib.rs - SieveCache<K,V,S>::get_key_value (line 427)
[INFO] [stdout]     src/lib.rs - SieveCache<K,V,S>::get_mut (line 458)
[INFO] [stdout]     src/lib.rs - SieveCache<K,V,S>::hasher (line 271)
[INFO] [stdout]     src/lib.rs - SieveCache<K,V,S>::insert (line 500)
[INFO] [stdout]     src/lib.rs - SieveCache<K,V,S>::is_empty (line 337)
[INFO] [stdout]     src/lib.rs - SieveCache<K,V,S>::iter (line 968)
[INFO] [stdout]     src/lib.rs - SieveCache<K,V,S>::iter_mut (line 995)
[INFO] [stdout]     src/lib.rs - SieveCache<K,V,S>::keys (line 884)
[INFO] [stdout]     src/lib.rs - SieveCache<K,V,S>::new_with_hasher (line 235)
[INFO] [stdout]     src/lib.rs - SieveCache<K,V,S>::recommended_capacity (line 1126)
[INFO] [stdout]     src/lib.rs - SieveCache<K,V,S>::remove (line 565)
[INFO] [stdout]     src/lib.rs - SieveCache<K,V,S>::retain (line 1031)
[INFO] [stdout]     src/lib.rs - SieveCache<K,V,S>::values (line 910)
[INFO] [stdout]     src/lib.rs - SieveCache<K,V,S>::values_mut (line 937)
[INFO] [stdout]     src/lib.rs - SieveCache<K,V>::new (line 199)
[INFO] [stdout]     src/lib.rs - _readme_examples_doctest (line 48)
[INFO] [stdout]     src/sharded.rs - sharded::ShardedSieveCache (line 94)
[INFO] [stdout]     src/sharded.rs - sharded::ShardedSieveCache<K,V,S>::capacity (line 490)
[INFO] [stdout]     src/sharded.rs - sharded::ShardedSieveCache<K,V,S>::clear (line 794)
[INFO] [stdout]     src/sharded.rs - sharded::ShardedSieveCache<K,V,S>::contains_key (line 560)
[INFO] [stdout]     src/sharded.rs - sharded::ShardedSieveCache<K,V,S>::default (line 156)
[INFO] [stdout]     src/sharded.rs - sharded::ShardedSieveCache<K,V,S>::entries (line 876)
[INFO] [stdout]     src/sharded.rs - sharded::ShardedSieveCache<K,V,S>::evict (line 746)
[INFO] [stdout]     src/sharded.rs - sharded::ShardedSieveCache<K,V,S>::for_each_entry (line 980)
[INFO] [stdout]     src/sharded.rs - sharded::ShardedSieveCache<K,V,S>::for_each_value (line 920)
[INFO] [stdout]     src/sharded.rs - sharded::ShardedSieveCache<K,V,S>::from (line 230)
[INFO] [stdout]     src/sharded.rs - sharded::ShardedSieveCache<K,V,S>::get (line 590)
[INFO] [stdout]     src/sharded.rs - sharded::ShardedSieveCache<K,V,S>::get_mut (line 638)
[INFO] [stdout]     src/sharded.rs - sharded::ShardedSieveCache<K,V,S>::get_shard_by_index (line 1099)
[INFO] [stdout]     src/sharded.rs - sharded::ShardedSieveCache<K,V,S>::hasher (line 432)
[INFO] [stdout]     src/sharded.rs - sharded::ShardedSieveCache<K,V,S>::insert (line 690)
[INFO] [stdout]     src/sharded.rs - sharded::ShardedSieveCache<K,V,S>::into_iter (line 199)
[INFO] [stdout]     src/sharded.rs - sharded::ShardedSieveCache<K,V,S>::is_empty (line 537)
[INFO] [stdout]     src/sharded.rs - sharded::ShardedSieveCache<K,V,S>::keys (line 819)
[INFO] [stdout]     src/sharded.rs - sharded::ShardedSieveCache<K,V,S>::len (line 514)
[INFO] [stdout]     src/sharded.rs - sharded::ShardedSieveCache<K,V,S>::new_with_hasher (line 339)
[INFO] [stdout]     src/sharded.rs - sharded::ShardedSieveCache<K,V,S>::num_shards (line 1083)
[INFO] [stdout]     src/sharded.rs - sharded::ShardedSieveCache<K,V,S>::recommended_capacity (line 1205)
[INFO] [stdout]     src/sharded.rs - sharded::ShardedSieveCache<K,V,S>::remove (line 712)
[INFO] [stdout]     src/sharded.rs - sharded::ShardedSieveCache<K,V,S>::retain (line 1135)
[INFO] [stdout]     src/sharded.rs - sharded::ShardedSieveCache<K,V,S>::values (line 846)
[INFO] [stdout]     src/sharded.rs - sharded::ShardedSieveCache<K,V,S>::with_key_lock (line 1056)
[INFO] [stdout]     src/sharded.rs - sharded::ShardedSieveCache<K,V,S>::with_shards_and_hasher (line 375)
[INFO] [stdout]     src/sharded.rs - sharded::ShardedSieveCache<K,V>::new (line 273)
[INFO] [stdout]     src/sharded.rs - sharded::ShardedSieveCache<K,V>::with_shards (line 305)
[INFO] [stdout]     src/sync.rs - sync::SyncSieveCache (line 52)
[INFO] [stdout]     src/sync.rs - sync::SyncSieveCache (line 63)
[INFO] [stdout]     src/sync.rs - sync::SyncSieveCache<K,V,S>::capacity (line 269)
[INFO] [stdout]     src/sync.rs - sync::SyncSieveCache<K,V,S>::clear (line 522)
[INFO] [stdout]     src/sync.rs - sync::SyncSieveCache<K,V,S>::contains_key (line 312)
[INFO] [stdout]     src/sync.rs - sync::SyncSieveCache<K,V,S>::default (line 113)
[INFO] [stdout]     src/sync.rs - sync::SyncSieveCache<K,V,S>::entries (line 594)
[INFO] [stdout]     src/sync.rs - sync::SyncSieveCache<K,V,S>::for_each_entry (line 696)
[INFO] [stdout]     src/sync.rs - sync::SyncSieveCache<K,V,S>::for_each_value (line 635)
[INFO] [stdout]     src/sync.rs - sync::SyncSieveCache<K,V,S>::from (line 152)
[INFO] [stdout]     src/sync.rs - sync::SyncSieveCache<K,V,S>::get (line 341)
[INFO] [stdout]     src/sync.rs - sync::SyncSieveCache<K,V,S>::get_mut (line 384)
[INFO] [stdout]     src/sync.rs - sync::SyncSieveCache<K,V,S>::hasher (line 1014)
[INFO] [stdout]     src/sync.rs - sync::SyncSieveCache<K,V,S>::insert (line 436)
[INFO] [stdout]     src/sync.rs - sync::SyncSieveCache<K,V,S>::into_iter (line 183)
[INFO] [stdout]     src/sync.rs - sync::SyncSieveCache<K,V,S>::keys (line 545)
[INFO] [stdout]     src/sync.rs - sync::SyncSieveCache<K,V,S>::recommended_capacity (line 958)
[INFO] [stdout] 
[INFO] [stdout] test result: FAILED. 17 passed; 75 failed; 0 ignored; 0 measured; 0 filtered out; finished in 86.01s
[INFO] [stdout] 
[INFO] running `Command { std: "docker" "inspect" "e22d5f30aba0cd63fe3d44caa8cb1ee2c39d92a893e87ecfe66160cc9c458384", kill_on_drop: false }`
[INFO] running `Command { std: "docker" "rm" "-f" "e22d5f30aba0cd63fe3d44caa8cb1ee2c39d92a893e87ecfe66160cc9c458384", kill_on_drop: false }`
[INFO] [stdout] e22d5f30aba0cd63fe3d44caa8cb1ee2c39d92a893e87ecfe66160cc9c458384
