[INFO] fetching crate sierradb 0.3.1...
[INFO] testing sierradb-0.3.1 against 1.100.0-beta.1+cargoflags=--release for beta-release-1.100-2
[INFO] extracting crate sierradb 0.3.1 into /workspace/builds/worker-7-tc2/source
[INFO] started tweaking crates.io crate sierradb 0.3.1
[INFO] removed 0 missing examples
[INFO] finished tweaking crates.io crate sierradb 0.3.1
[INFO] tweaked toml for crates.io crate sierradb 0.3.1 written to /workspace/builds/worker-7-tc2/source/Cargo.toml
[INFO] validating manifest of crates.io crate sierradb 0.3.1 on toolchain 1.100.0-beta.1
[INFO] running `Command { std: CARGO_HOME="/workspace/cargo-home" RUSTUP_HOME="/workspace/rustup-home" "/workspace/cargo-home/bin/cargo" "+1.100.0-beta.1" "metadata" "--manifest-path" "Cargo.toml" "--no-deps", kill_on_drop: false }`
[INFO] crate crates.io crate sierradb 0.3.1 already has a lockfile, it will not be regenerated
[INFO] running `Command { std: CARGO_HOME="/workspace/cargo-home" RUSTUP_HOME="/workspace/rustup-home" "/workspace/cargo-home/bin/cargo" "+1.100.0-beta.1" "fetch" "--manifest-path" "Cargo.toml", kill_on_drop: false }`
[INFO] [stderr] warning: `package.homepage` is redundant with `package.repository`
[INFO] [stderr]    --> Cargo.toml:134:12
[INFO] [stderr]     |
[INFO] [stderr] 134 | homepage = "https://github.com/tqwewe/sierradb"
[INFO] [stderr]     |            ^^^^^^^^^^^^^^^^^^^^^^^^^^^^^^^^^^^^
[INFO] [stderr] ...
[INFO] [stderr] 139 | repository = "https://github.com/tqwewe/sierradb"
[INFO] [stderr]     |              ------------------------------------
[INFO] [stderr]     |
[INFO] [stderr]     = note: `cargo::redundant_homepage` is set to `warn` by default
[INFO] [stderr] help: consider removing `package.homepage`
[INFO] [stderr] warning: `sierradb` (manifest) generated 1 warning
[INFO] running `Command { std: "docker" "create" "-v" "/var/lib/crater-agent-workspace/builds/worker-7-tc2/source:/opt/rustwide/workdir:ro,Z" "-v" "/var/lib/crater-agent-workspace/builds/worker-7-tc2/target:/opt/rustwide/target:rw,Z" "-v" "/var/lib/crater-agent-workspace/cargo-home:/opt/rustwide/cargo-home:ro,Z" "-v" "/var/lib/crater-agent-workspace/rustup-home:/opt/rustwide/rustup-home:ro,Z" "-m" "1610612736" "--network" "none" "ghcr.io/rust-lang/crates-build-env/linux@sha256:77db811e55d90add9212f6832c23229e3de5f1c1f9905e8cb07319ea15df73ac" "sleep" "infinity", kill_on_drop: false }`
[INFO] [stdout] d1e2d397386c8ee5c704b95f141772edcc7afb7e293f27331ef18c4626517e1a
[INFO] running `Command { std: "docker" "start" "d1e2d397386c8ee5c704b95f141772edcc7afb7e293f27331ef18c4626517e1a", kill_on_drop: false }`
[INFO] running `Command { std: "docker" "inspect" "d1e2d397386c8ee5c704b95f141772edcc7afb7e293f27331ef18c4626517e1a", kill_on_drop: false }`
[INFO] running `Command { std: "docker" "exec" "-e" "SOURCE_DIR=/opt/rustwide/workdir" "-e" "CARGO_HOME=/opt/rustwide/cargo-home" "-e" "RUSTUP_HOME=/opt/rustwide/rustup-home" "-e" "CARGO_TARGET_DIR=/opt/rustwide/target" "-w" "/opt/rustwide/workdir" "--user" "0:0" "d1e2d397386c8ee5c704b95f141772edcc7afb7e293f27331ef18c4626517e1a" "/opt/rustwide/cargo-home/bin/cargo" "+1.100.0-beta.1" "metadata" "--no-deps" "--format-version=1", kill_on_drop: false }`
[INFO] running `Command { std: "docker" "inspect" "d1e2d397386c8ee5c704b95f141772edcc7afb7e293f27331ef18c4626517e1a", kill_on_drop: false }`
[INFO] running `Command { std: "docker" "exec" "-e" "SOURCE_DIR=/opt/rustwide/workdir" "-e" "CARGO_HOME=/opt/rustwide/cargo-home" "-e" "RUSTUP_HOME=/opt/rustwide/rustup-home" "-e" "CARGO_TARGET_DIR=/opt/rustwide/target" "-e" "CARGO_INCREMENTAL=0" "-e" "RUST_BACKTRACE=full" "-e" "RUSTFLAGS=--cap-lints=warn" "-e" "RUSTDOCFLAGS=--cap-lints=warn" "-w" "/opt/rustwide/workdir" "--user" "0:0" "d1e2d397386c8ee5c704b95f141772edcc7afb7e293f27331ef18c4626517e1a" "/opt/rustwide/cargo-home/bin/cargo" "+1.100.0-beta.1" "build" "--frozen" "--message-format=json" "--release", kill_on_drop: false }`
[INFO] [stderr] warning: `package.homepage` is redundant with `package.repository`
[INFO] [stderr]    --> Cargo.toml:134:12
[INFO] [stderr]     |
[INFO] [stderr] 134 | homepage = "https://github.com/tqwewe/sierradb"
[INFO] [stderr]     |            ^^^^^^^^^^^^^^^^^^^^^^^^^^^^^^^^^^^^
[INFO] [stderr] ...
[INFO] [stderr] 139 | repository = "https://github.com/tqwewe/sierradb"
[INFO] [stderr]     |              ------------------------------------
[INFO] [stderr]     |
[INFO] [stderr]     = note: `cargo::redundant_homepage` is set to `warn` by default
[INFO] [stderr] help: consider removing `package.homepage`
[INFO] [stderr] warning: `sierradb` (manifest) generated 1 warning
[INFO] [stderr]    Compiling proc-macro2 v1.0.101
[INFO] [stderr]    Compiling quote v1.0.41
[INFO] [stderr]    Compiling unicode-ident v1.0.19
[INFO] [stderr]    Compiling libc v0.2.182
[INFO] [stderr]    Compiling serde_core v1.0.228
[INFO] [stderr]    Compiling serde v1.0.228
[INFO] [stderr]    Compiling find-msvc-tools v0.1.4
[INFO] [stderr]    Compiling rand_core v0.10.0
[INFO] [stderr]    Compiling futures-core v0.3.31
[INFO] [stderr]    Compiling zstd-safe v7.2.4
[INFO] [stderr]    Compiling futures-sink v0.3.31
[INFO] [stderr]    Compiling bitflags v2.9.4
[INFO] [stderr]    Compiling crossbeam-deque v0.8.6
[INFO] [stderr]    Compiling nix v0.30.1
[INFO] [stderr]    Compiling portable-atomic v1.11.1
[INFO] [stderr]    Compiling futures-channel v0.3.31
[INFO] [stderr]    Compiling thiserror v2.0.17
[INFO] [stderr]    Compiling nix v0.31.2
[INFO] [stderr]    Compiling rand_core v0.6.4
[INFO] [stderr]    Compiling log v0.4.28
[INFO] [stderr]    Compiling either v1.15.0
[INFO] [stderr]    Compiling never-say-never v6.6.666
[INFO] [stderr]    Compiling chacha20 v0.10.0
[INFO] [stderr]    Compiling crossbeam-channel v0.5.15
[INFO] [stderr]    Compiling higher-kinded-types v0.2.1
[INFO] [stderr]    Compiling siphasher v1.0.1
[INFO] [stderr]    Compiling polonius-the-crab v0.5.0
[INFO] [stderr]    Compiling rayon-core v1.13.0
[INFO] [stderr]    Compiling arc-swap v1.8.2
[INFO] [stderr]    Compiling tokio v1.48.0
[INFO] [stderr]    Compiling wyhash v0.5.0
[INFO] [stderr]    Compiling rayon v1.11.0
[INFO] [stderr]    Compiling syn v2.0.106
[INFO] [stderr]    Compiling jobserver v0.1.34
[INFO] [stderr]    Compiling cc v1.2.41
[INFO] [stderr]    Compiling getrandom v0.4.2
[INFO] [stderr]    Compiling getrandom v0.2.16
[INFO] [stderr]    Compiling thread-priority v3.0.0
[INFO] [stderr]    Compiling num_cpus v1.17.0
[INFO] [stderr]    Compiling bloomfilter v3.0.1
[INFO] [stderr]    Compiling rand v0.10.0
[INFO] [stderr]    Compiling zstd-sys v2.0.16+zstd.1.5.7
[INFO] [stderr]    Compiling uuid v1.22.0
[INFO] [stderr]    Compiling serde_json v1.0.145
[INFO] [stderr]    Compiling serde_derive v1.0.228
[INFO] [stderr]    Compiling futures-macro v0.3.31
[INFO] [stderr]    Compiling strum_macros v0.28.0
[INFO] [stderr]    Compiling tracing-attributes v0.1.31
[INFO] [stderr]    Compiling thiserror-impl v2.0.17
[INFO] [stderr]    Compiling futures-util v0.3.31
[INFO] [stderr]    Compiling tracing v0.1.44
[INFO] [stderr]    Compiling strum v0.28.0
[INFO] [stderr]    Compiling smallvec v1.15.1
[INFO] [stderr]    Compiling sierradb-protocol v0.3.1
[INFO] [stderr]    Compiling boomphf v0.6.0
[INFO] [stderr]    Compiling bincode v2.0.1
[INFO] [stderr]    Compiling parking_lot_core v0.9.12
[INFO] [stderr]    Compiling futures-executor v0.3.31
[INFO] [stderr]    Compiling parking_lot v0.12.5
[INFO] [stderr]    Compiling futures v0.3.31
[INFO] [stderr]    Compiling moka v0.12.14
[INFO] [stderr]    Compiling zstd v0.13.3
[INFO] [stderr]    Compiling seglog v0.2.2
[INFO] [stderr]    Compiling sierradb v0.3.1 (/opt/rustwide/workdir)
[INFO] [stderr] warning: unused dependency `nix`
[INFO] [stderr]   --> Cargo.toml:33:15
[INFO] [stderr]    |
[INFO] [stderr] 33 | [dependencies.nix]
[INFO] [stderr]    |               ^^^^
[INFO] [stderr]    |
[INFO] [stderr]    = note: `cargo::unused_dependencies` is set to `warn` by default
[INFO] [stderr] help: consider removing the dependency on `nix`
[INFO] [stderr] warning: `sierradb` (manifest) generated 1 warning
[INFO] [stderr]     Finished `release` profile [optimized] target(s) in 1m 09s
[INFO] [stderr] warning: the following packages contain code that will be rejected by a future version of Rust: nix v0.30.1, nix v0.31.2
[INFO] [stderr] note: to see what the problems were, use the option `--future-incompat-report`, or run `cargo report future-incompatibilities --id 2`
[INFO] running `Command { std: "docker" "inspect" "d1e2d397386c8ee5c704b95f141772edcc7afb7e293f27331ef18c4626517e1a", kill_on_drop: false }`
[INFO] running `Command { std: "docker" "exec" "-e" "SOURCE_DIR=/opt/rustwide/workdir" "-e" "CARGO_HOME=/opt/rustwide/cargo-home" "-e" "RUSTUP_HOME=/opt/rustwide/rustup-home" "-e" "CARGO_TARGET_DIR=/opt/rustwide/target" "-e" "CARGO_INCREMENTAL=0" "-e" "RUST_BACKTRACE=full" "-e" "RUSTFLAGS=--cap-lints=warn" "-e" "RUSTDOCFLAGS=--cap-lints=warn" "-w" "/opt/rustwide/workdir" "--user" "0:0" "d1e2d397386c8ee5c704b95f141772edcc7afb7e293f27331ef18c4626517e1a" "/opt/rustwide/cargo-home/bin/cargo" "+1.100.0-beta.1" "test" "--frozen" "--no-run" "--message-format=json" "--release", kill_on_drop: false }`
[INFO] [stderr] warning: `package.homepage` is redundant with `package.repository`
[INFO] [stderr]    --> Cargo.toml:134:12
[INFO] [stderr]     |
[INFO] [stderr] 134 | homepage = "https://github.com/tqwewe/sierradb"
[INFO] [stderr]     |            ^^^^^^^^^^^^^^^^^^^^^^^^^^^^^^^^^^^^
[INFO] [stderr] ...
[INFO] [stderr] 139 | repository = "https://github.com/tqwewe/sierradb"
[INFO] [stderr]     |              ------------------------------------
[INFO] [stderr]     |
[INFO] [stderr]     = note: `cargo::redundant_homepage` is set to `warn` by default
[INFO] [stderr] help: consider removing `package.homepage`
[INFO] [stderr] warning: `sierradb` (manifest) generated 1 warning
[INFO] [stderr]    Compiling bitflags v2.9.4
[INFO] [stderr]    Compiling zerocopy v0.8.27
[INFO] [stderr]    Compiling zerocopy-derive v0.8.27
[INFO] [stderr]    Compiling regex-syntax v0.8.8
[INFO] [stderr]    Compiling tracing-core v0.1.36
[INFO] [stderr]    Compiling num-traits v0.2.19
[INFO] [stderr]    Compiling getrandom v0.3.4
[INFO] [stderr]    Compiling log v0.4.28
[INFO] [stderr]    Compiling rayon v1.11.0
[INFO] [stderr]    Compiling alloca v0.4.0
[INFO] [stderr]    Compiling sha1_smol v1.0.1
[INFO] [stderr]    Compiling clap_builder v4.5.60
[INFO] [stderr]    Compiling itertools v0.13.0
[INFO] [stderr]    Compiling wait-timeout v0.2.1
[INFO] [stderr]    Compiling tokio-macros v2.6.0
[INFO] [stderr]    Compiling bit-vec v0.8.0
[INFO] [stderr]    Compiling rand_core v0.9.3
[INFO] [stderr]    Compiling rustix v1.1.4
[INFO] [stderr]    Compiling uuid v1.22.0
[INFO] [stderr]    Compiling nix v0.30.1
[INFO] [stderr]    Compiling quick-error v1.2.3
[INFO] [stderr]    Compiling rand v0.9.2
[INFO] [stderr]    Compiling rand_xorshift v0.4.0
[INFO] [stderr]    Compiling bit-set v0.8.0
[INFO] [stderr]    Compiling thread-priority v3.0.0
[INFO] [stderr]    Compiling nix v0.31.2
[INFO] [stderr]    Compiling tinytemplate v1.2.1
[INFO] [stderr]    Compiling tracing v0.1.44
[INFO] [stderr]    Compiling tokio v1.48.0
[INFO] [stderr]    Compiling moka v0.12.14
[INFO] [stderr]    Compiling tracing-log v0.2.0
[INFO] [stderr]    Compiling page_size v0.6.0
[INFO] [stderr]    Compiling unarray v0.1.4
[INFO] [stderr]    Compiling plotters v0.3.7
[INFO] [stderr]    Compiling seglog v0.2.2
[INFO] [stderr]    Compiling criterion-plot v0.8.2
[INFO] [stderr]    Compiling regex-automata v0.4.13
[INFO] [stderr]    Compiling tempfile v3.26.0
[INFO] [stderr]    Compiling rusty-fork v0.3.1
[INFO] [stderr]    Compiling half v2.7.1
[INFO] [stderr]    Compiling ppv-lite86 v0.2.21
[INFO] [stderr]    Compiling ciborium-ll v0.2.2
[INFO] [stderr]    Compiling clap v4.5.60
[INFO] [stderr]    Compiling ciborium v0.2.2
[INFO] [stderr]    Compiling rand_chacha v0.9.0
[INFO] [stderr]    Compiling boomphf v0.6.0
[INFO] [stderr]    Compiling proptest v1.9.0
[INFO] [stderr]    Compiling sierradb v0.3.1 (/opt/rustwide/workdir)
[INFO] [stderr]    Compiling regex v1.12.2
[INFO] [stderr]    Compiling matchers v0.2.0
[INFO] [stderr]    Compiling tracing-subscriber v0.3.20
[INFO] [stderr]    Compiling criterion v0.8.2
[INFO] [stderr] warning: unused dependency `nix`
[INFO] [stderr]   --> Cargo.toml:33:15
[INFO] [stderr]    |
[INFO] [stderr] 33 | [dependencies.nix]
[INFO] [stderr]    |               ^^^^
[INFO] [stderr]    |
[INFO] [stderr]    = note: `cargo::unused_dependencies` is set to `warn` by default
[INFO] [stderr] help: consider removing the dependency on `nix`
[INFO] [stderr] warning: `sierradb` (manifest) generated 1 warning
[INFO] [stderr]     Finished `release` profile [optimized] target(s) in 1m 30s
[INFO] [stderr] warning: the following packages contain code that will be rejected by a future version of Rust: nix v0.30.1, nix v0.31.2
[INFO] [stderr] note: to see what the problems were, use the option `--future-incompat-report`, or run `cargo report future-incompatibilities --id 2`
[INFO] running `Command { std: "docker" "inspect" "d1e2d397386c8ee5c704b95f141772edcc7afb7e293f27331ef18c4626517e1a", kill_on_drop: false }`
[INFO] running `Command { std: "docker" "exec" "-e" "SOURCE_DIR=/opt/rustwide/workdir" "-e" "CARGO_HOME=/opt/rustwide/cargo-home" "-e" "RUSTUP_HOME=/opt/rustwide/rustup-home" "-e" "CARGO_TARGET_DIR=/opt/rustwide/target" "-e" "CARGO_INCREMENTAL=0" "-e" "RUST_BACKTRACE=full" "-e" "RUSTFLAGS=--cap-lints=warn" "-e" "RUSTDOCFLAGS=--cap-lints=warn" "-w" "/opt/rustwide/workdir" "--user" "0:0" "d1e2d397386c8ee5c704b95f141772edcc7afb7e293f27331ef18c4626517e1a" "/opt/rustwide/cargo-home/bin/cargo" "+1.100.0-beta.1" "test" "--frozen" "--release", kill_on_drop: false }`
[INFO] [stderr] warning: `package.homepage` is redundant with `package.repository`
[INFO] [stderr]    --> Cargo.toml:134:12
[INFO] [stderr]     |
[INFO] [stderr] 134 | homepage = "https://github.com/tqwewe/sierradb"
[INFO] [stderr]     |            ^^^^^^^^^^^^^^^^^^^^^^^^^^^^^^^^^^^^
[INFO] [stderr] ...
[INFO] [stderr] 139 | repository = "https://github.com/tqwewe/sierradb"
[INFO] [stderr]     |              ------------------------------------
[INFO] [stderr]     |
[INFO] [stderr]     = note: `cargo::redundant_homepage` is set to `warn` by default
[INFO] [stderr] help: consider removing `package.homepage`
[INFO] [stderr] warning: `sierradb` (manifest) generated 1 warning
[INFO] [stderr] warning: unused dependency `nix`
[INFO] [stderr]   --> Cargo.toml:33:15
[INFO] [stderr]    |
[INFO] [stderr] 33 | [dependencies.nix]
[INFO] [stderr]    |               ^^^^
[INFO] [stderr]    |
[INFO] [stderr]    = note: `cargo::unused_dependencies` is set to `warn` by default
[INFO] [stderr] help: consider removing the dependency on `nix`
[INFO] [stderr] warning: `sierradb` (manifest) generated 1 warning
[INFO] [stderr]     Finished `release` profile [optimized] target(s) in 0.21s
[INFO] [stderr] warning: the following packages contain code that will be rejected by a future version of Rust: nix v0.30.1, nix v0.31.2
[INFO] [stderr] note: to see what the problems were, use the option `--future-incompat-report`, or run `cargo report future-incompatibilities --id 2`
[INFO] [stderr]      Running unittests src/lib.rs (/opt/rustwide/target/release/build/sierradb/9c30a566aa3031c7/out/sierradb-9c30a566aa3031c7)
[INFO] [stdout] 
[INFO] [stdout] running 115 tests
[INFO] [stdout] test bucket::event_index::tests::test_collision_handling_in_direct_mapping ... ok
[INFO] [stdout] test bucket::partition_index::tests::test_open_partition_index_insert_and_get ... ok
[INFO] [stdout] test bucket::partition_index::tests::test_mphf_collision_handling ... ok
[INFO] [stdout] test bucket::event_index::tests::test_closed_event_index_lookup ... ok
[INFO] [stdout] test bucket::event_index::tests::test_open_event_index_insert_and_get ... ok
[INFO] [stdout] test bucket::partition_index::tests::test_closed_partition_index_lookup ... ok
[INFO] [stdout] test bucket::event_index::tests::test_non_existent_event_lookup ... ok
[INFO] [stdout] test bucket::partition_index::tests::test_partition_iter_empty_partition ... ok
[INFO] [stdout] test bucket::partition_index::tests::test_partition_iter_multiple_streams_single_transaction ... ok
[INFO] [stdout] test bucket::partition_index::tests::test_partition_iter_transaction_deduplication ... ok
[INFO] [stdout] test bucket::segment::format::tests::test_confirmation_count_decode ... ok
[INFO] [stdout] test bucket::segment::format::tests::test_confirmation_count_encode ... ok
[INFO] [stdout] test bucket::partition_index::tests::test_partition_iter_mixed_transactions ... ok
[INFO] [stdout] test bucket::segment::tests::test_write_and_read_segment_header ... ok
[INFO] [stdout] test bucket::stream_index::tests::test_closed_stream_index_lookup ... ok
[INFO] [stdout] test bucket::partition_index::tests::test_partition_iter_start_beyond_partition_end ... ok
[INFO] [stdout] test bucket::stream_index::tests::test_mphf_collision_handling ... ok
[INFO] [stdout] test bucket::stream_index::tests::test_open_stream_index_insert_and_get ... ok
[INFO] [stdout] test bucket::stream_index::tests::test_non_existent_stream_lookup ... ok
[INFO] [stdout] test bucket::partition_index::tests::test_partition_iter_ordering_with_mixed_events ... ok
[INFO] [stdout] test bucket::segment::tests::test_write_and_read_record ... ok
[INFO] [stdout] test bucket::stream_index::tests::test_stream_iter_batch_reading_mixed_transactions ... ok
[INFO] [stdout] test bucket::stream_index::tests::test_stream_iter_adjacent_mixed_and_pure_transactions ... ok
[INFO] [stdout] test bucket::partition_index::tests::test_partition_iter_batch_vs_single_consistency ... ok
[INFO] [stdout] test bucket::partition_index::tests::test_partition_iter_single_segment ... ok
[INFO] [stdout] test bucket::stream_index::tests::test_stream_iter_empty_stream ... ok
[INFO] [stdout] test bucket::stream_index::tests::test_stream_iter_empty_transaction_filtering ... ok
[INFO] [stdout] test bucket::stream_index::tests::test_stream_iter_large_mixed_transaction ... ok
[INFO] [stdout] test bucket::partition_index::tests::test_partition_iter_concurrent_writing_reading ... ok
[INFO] [stdout] test bucket::stream_index::tests::test_stream_iter_multiple_mixed_transactions ... ok
[INFO] [stdout] test bucket::partition_index::tests::test_partition_iter_from_middle_sequence ... ok
[INFO] [stdout] test bucket::stream_index::tests::test_stream_iter_batch_vs_single_consistency ... ok
[INFO] [stdout] test bucket::partition_index::tests::test_partition_iter_very_large_batch ... ok
[INFO] [stdout] test bucket::stream_index::tests::test_stream_iter_concurrent_writing_reading ... ok
[INFO] [stdout] test bucket::stream_index::tests::test_stream_iter_ordering_with_mixed_events ... ok
[INFO] [stdout] test bucket::stream_index::tests::test_stream_iter_from_middle_version ... ok
[INFO] [stdout] test bucket::stream_index::tests::test_stream_iter_reverse_batch_vs_single_consistency ... ok
[INFO] [stdout] test bucket::stream_index::tests::test_stream_iter_reverse_empty_stream ... ok
[INFO] [stdout] test bucket::partition_index::tests::test_partition_iter_partial_partition_reading ... ok
[INFO] [stdout] test bucket::stream_index::tests::test_stream_iter_reverse_from_middle_version ... ok
[INFO] [stdout] test bucket::stream_index::tests::test_stream_iter_partial_segment_reading ... ok
[INFO] [stdout] test bucket::stream_index::tests::test_stream_iter_reverse_ordering_with_mixed_events ... ok
[INFO] [stdout] test bucket::partition_index::tests::test_partition_iter_large_partition_completeness ... ok
[INFO] [stdout] test bucket::stream_index::tests::test_stream_iter_reverse_start_beyond_stream_end ... ok
[INFO] [stdout] test bucket::stream_index::tests::test_stream_iter_reverse_transaction_deduplication ... ok
[INFO] [stdout] test bucket::stream_index::tests::test_stream_iter_reverse_single_segment ... ok
[INFO] [stdout] test bucket::stream_index::tests::test_stream_iter_large_stream_completeness ... ok
[INFO] [stdout] test bucket::stream_index::tests::test_stream_iter_should_not_return_other_streams ... ok
[INFO] [stdout] test bucket::partition_index::tests::test_partition_iter_no_gaps_across_segments ... ok
[INFO] [stdout] test bucket::stream_index::tests::test_stream_iter_single_transaction_multiple_streams ... ok
[INFO] [stdout] test bucket::stream_index::tests::test_stream_iter_start_beyond_stream_end ... ok
[INFO] [stdout] test bucket::stream_index::tests::test_stream_iter_reverse_transactions_across_segments ... ok
[INFO] [stdout] test bucket::stream_index::tests::test_stream_iter_transaction_deduplication ... ok
[INFO] [stdout] test bucket::stream_index::tests::test_stream_iter_single_segment ... ok
[INFO] [stdout] test database::tests::test_any_version_expectation ... ok
[INFO] [stdout] test bucket::stream_index::tests::test_stream_iter_reverse_very_large_batch ... ok
[INFO] [stdout] test database::tests::test_append_single_event ... ok
[INFO] [stdout] test database::tests::test_append_transaction ... ok
[INFO] [stdout] test database::tests::test_bucket_id_validation_catches_invalid_ids - should panic ... ok
[INFO] [stdout] test database::tests::test_bucket_ids_from_range_does_not_infer_for_subset ... ok
[INFO] [stdout] test database::tests::test_bucket_ids_from_range_infers_total_buckets ... ok
[INFO] [stdout] test database::tests::test_current_version_add_assign ... ok
[INFO] [stdout] test database::tests::test_current_version_as_expected ... ok
[INFO] [stdout] test database::tests::test_current_version_next ... ok
[INFO] [stdout] test database::tests::test_append_multiple_events_same_stream ... ok
[INFO] [stdout] test bucket::stream_index::tests::test_stream_iter_transactions_across_segments ... ok
[INFO] [stdout] test database::tests::test_empty_partition ... FAILED
[INFO] [stdout] test database::tests::test_database_builder_options ... FAILED
[INFO] [stdout] test database::tests::test_empty_stream ... ok
[INFO] [stdout] test database::tests::test_expected_version_from_next ... ok
[INFO] [stdout] test database::tests::test_expected_version_into_next ... ok
[INFO] [stdout] test database::tests::test_database_open ... FAILED
[INFO] [stdout] test database::tests::test_exact_version_concurrency ... ok
[INFO] [stdout] test bucket::stream_index::tests::test_stream_iter_very_large_batch ... ok
[INFO] [stdout] test database::tests::test_metadata_created_on_new_database ... FAILED
[INFO] [stdout] test database::tests::test_get_stream_version ... ok
[INFO] [stdout] test bucket::stream_index::tests::test_stream_iter_no_gaps_across_segments ... ok
[INFO] [stdout] test database::tests::test_multiple_buckets ... FAILED
[INFO] [stdout] test database::tests::test_metadata_segment_size_mismatch ... FAILED
[INFO] [stdout] test database::tests::test_get_partition_sequence ... ok
[INFO] [stdout] test database::tests::test_optimistic_concurrency_control ... ok
[INFO] [stdout] test database::tests::test_explicit_total_buckets_with_subset ... FAILED
[INFO] [stdout] test database::tests::test_read_stream ... FAILED
[INFO] [stdout] test database::tests::test_stream_exists_expectation ... FAILED
[INFO] [stdout] test database::tests::test_version_gaps ... ok
[INFO] [stdout] test id::tests::test_bucket_distribution ... ok
[INFO] [stdout] test id::tests::test_extract_bucket_is_deterministic ... ok
[INFO] [stdout] test id::tests::test_uuid_monotonicity ... ok
[INFO] [stdout] test id::tests::test_uuid_uniqueness ... ok
[INFO] [stdout] test database::tests::test_read_partition ... FAILED
[INFO] [stdout] test database::tests::test_read_nonexistent_event ... FAILED
[INFO] [stdout] test database::tests::test_metadata_validated_on_reopen ... FAILED
[INFO] [stdout] test database::tests::test_read_event ... ok
[INFO] [stdout] test writer_thread_pool::tests::prop_any_version_never_fails_on_empty_writer ... FAILED
[INFO] [stdout] test writer_thread_pool::tests::prop_empty_version_fails_after_events_written ... FAILED
[INFO] [stdout] test writer_thread_pool::tests::prop_exact_version_must_match_current ... FAILED
[INFO] [stdout] test bucket::stream_index::tests::test_stream_iter_reverse_no_gaps_across_segments ... ok
[INFO] [stdout] test writer_thread_pool::tests::test_validate_event_versions_any ... FAILED
[INFO] [stdout] test writer_thread_pool::tests::test_validate_event_versions_precise ... FAILED
[INFO] [stdout] test writer_thread_pool::tests::test_validate_event_versions_vague ... FAILED
[INFO] [stdout] test writer_thread_pool::tests::prop_exists_version_fails_on_nonexistent_stream ... FAILED
[INFO] [stdout] test writer_thread_pool::tests::prop_multiple_streams_maintain_independent_versions ... FAILED
[INFO] [stdout] test writer_thread_pool::tests::prop_versions_increment_within_batch ... FAILED
[INFO] [stdout] test writer_thread_pool::tests::prop_batch_consistency_maintained ... FAILED
[INFO] [stdout] test writer_thread_pool::tests::prop_validate_returns_correct_number_of_versions ... FAILED
[INFO] [stderr] error: test failed, to rerun pass `--lib`
[INFO] [stderr] 
[INFO] [stderr] Caused by:
[INFO] [stderr]   process didn't exit successfully: `/opt/rustwide/target/release/build/sierradb/9c30a566aa3031c7/out/sierradb-9c30a566aa3031c7` (exit status: 1)
[INFO] [stderr] note: test exited abnormally; to see the full output pass --no-capture to the harness.
[INFO] running `Command { std: "docker" "inspect" "d1e2d397386c8ee5c704b95f141772edcc7afb7e293f27331ef18c4626517e1a", kill_on_drop: false }`
[INFO] running `Command { std: "docker" "rm" "-f" "d1e2d397386c8ee5c704b95f141772edcc7afb7e293f27331ef18c4626517e1a", kill_on_drop: false }`
[INFO] [stdout] d1e2d397386c8ee5c704b95f141772edcc7afb7e293f27331ef18c4626517e1a
