[INFO] fetching crate siena 3.2.1...
[INFO] testing siena-3.2.1 against 1.100.0-beta.1+cargoflags=--release for beta-release-1.100-2
[INFO] extracting crate siena 3.2.1 into /workspace/builds/worker-7-tc2/source
[INFO] started tweaking crates.io crate siena 3.2.1
[INFO] finished tweaking crates.io crate siena 3.2.1
[INFO] tweaked toml for crates.io crate siena 3.2.1 written to /workspace/builds/worker-7-tc2/source/Cargo.toml
[INFO] validating manifest of crates.io crate siena 3.2.1 on toolchain 1.100.0-beta.1
[INFO] running `Command { std: CARGO_HOME="/workspace/cargo-home" RUSTUP_HOME="/workspace/rustup-home" "/workspace/cargo-home/bin/cargo" "+1.100.0-beta.1" "metadata" "--manifest-path" "Cargo.toml" "--no-deps", kill_on_drop: false }`
[INFO] running `Command { std: CARGO_HOME="/workspace/cargo-home" RUSTUP_HOME="/workspace/rustup-home" "/workspace/cargo-home/bin/cargo" "+1.100.0-beta.1" "generate-lockfile" "--manifest-path" "Cargo.toml", kill_on_drop: false }`
[INFO] [stderr]     Updating crates.io index
[INFO] [stderr]      Locking 111 packages to highest compatible versions
[INFO] [stderr]       Adding comrak v0.19.0 (available: v0.56.0)
[INFO] [stderr]       Adding thiserror v1.0.69 (available: v2.0.21)
[INFO] running `Command { std: CARGO_HOME="/workspace/cargo-home" RUSTUP_HOME="/workspace/rustup-home" "/workspace/cargo-home/bin/cargo" "+1.100.0-beta.1" "fetch" "--manifest-path" "Cargo.toml", kill_on_drop: false }`
[INFO] running `Command { std: "docker" "create" "-v" "/var/lib/crater-agent-workspace/builds/worker-7-tc2/source:/opt/rustwide/workdir:ro,Z" "-v" "/var/lib/crater-agent-workspace/builds/worker-7-tc2/target:/opt/rustwide/target:rw,Z" "-v" "/var/lib/crater-agent-workspace/cargo-home:/opt/rustwide/cargo-home:ro,Z" "-v" "/var/lib/crater-agent-workspace/rustup-home:/opt/rustwide/rustup-home:ro,Z" "-m" "1610612736" "--network" "none" "ghcr.io/rust-lang/crates-build-env/linux@sha256:77db811e55d90add9212f6832c23229e3de5f1c1f9905e8cb07319ea15df73ac" "sleep" "infinity", kill_on_drop: false }`
[INFO] [stdout] ad8161d09f22ca71969ddd7d6fce53408de7939ba6cf8170f914eeecbafb8a39
[INFO] running `Command { std: "docker" "start" "ad8161d09f22ca71969ddd7d6fce53408de7939ba6cf8170f914eeecbafb8a39", kill_on_drop: false }`
[INFO] running `Command { std: "docker" "inspect" "ad8161d09f22ca71969ddd7d6fce53408de7939ba6cf8170f914eeecbafb8a39", kill_on_drop: false }`
[INFO] running `Command { std: "docker" "exec" "-e" "SOURCE_DIR=/opt/rustwide/workdir" "-e" "CARGO_HOME=/opt/rustwide/cargo-home" "-e" "RUSTUP_HOME=/opt/rustwide/rustup-home" "-e" "CARGO_TARGET_DIR=/opt/rustwide/target" "-w" "/opt/rustwide/workdir" "--user" "0:0" "ad8161d09f22ca71969ddd7d6fce53408de7939ba6cf8170f914eeecbafb8a39" "/opt/rustwide/cargo-home/bin/cargo" "+1.100.0-beta.1" "metadata" "--no-deps" "--format-version=1", kill_on_drop: false }`
[INFO] running `Command { std: "docker" "inspect" "ad8161d09f22ca71969ddd7d6fce53408de7939ba6cf8170f914eeecbafb8a39", kill_on_drop: false }`
[INFO] running `Command { std: "docker" "exec" "-e" "SOURCE_DIR=/opt/rustwide/workdir" "-e" "CARGO_HOME=/opt/rustwide/cargo-home" "-e" "RUSTUP_HOME=/opt/rustwide/rustup-home" "-e" "CARGO_TARGET_DIR=/opt/rustwide/target" "-e" "CARGO_INCREMENTAL=0" "-e" "RUST_BACKTRACE=full" "-e" "RUSTFLAGS=--cap-lints=warn" "-e" "RUSTDOCFLAGS=--cap-lints=warn" "-w" "/opt/rustwide/workdir" "--user" "0:0" "ad8161d09f22ca71969ddd7d6fce53408de7939ba6cf8170f914eeecbafb8a39" "/opt/rustwide/cargo-home/bin/cargo" "+1.100.0-beta.1" "build" "--frozen" "--message-format=json" "--release", kill_on_drop: false }`
[INFO] [stderr]    Compiling syn v1.0.109
[INFO] [stderr]    Compiling serde v1.0.229
[INFO] [stderr]    Compiling bitflags v2.13.2
[INFO] [stderr]    Compiling strsim v0.10.0
[INFO] [stderr]    Compiling rustix v1.1.5
[INFO] [stderr]    Compiling crc32fast v1.5.2
[INFO] [stderr]    Compiling syn v3.0.9
[INFO] [stderr]    Compiling indexmap v1.9.3
[INFO] [stderr]    Compiling simd-adler32 v0.3.10
[INFO] [stderr]    Compiling onig_sys v69.9.3
[INFO] [stderr]    Compiling thiserror v2.0.21
[INFO] [stderr]    Compiling aho-corasick v1.1.5
[INFO] [stderr]    Compiling hashbrown v0.12.3
[INFO] [stderr]    Compiling clap_lex v1.1.1
[INFO] [stderr]    Compiling linked-hash-map v0.5.6
[INFO] [stderr]    Compiling ryu v1.0.23
[INFO] [stderr]    Compiling deunicode v1.6.2
[INFO] [stderr]    Compiling yaml-rust v0.4.5
[INFO] [stderr]    Compiling equivalent v1.0.3
[INFO] [stderr]    Compiling indexmap v2.14.2
[INFO] [stderr]    Compiling thiserror-impl v1.0.69
[INFO] [stderr]    Compiling shell-words v1.1.1
[INFO] [stderr]    Compiling miniz_oxide v0.9.1
[INFO] [stderr]    Compiling xdg v2.5.2
[INFO] [stderr]    Compiling typed-arena v2.0.2
[INFO] [stderr]    Compiling slug v0.1.6
[INFO] [stderr]    Compiling entities v1.0.1
[INFO] [stderr]    Compiling unsafe-libyaml v0.2.11
[INFO] [stderr]    Compiling unicode_categories v0.1.1
[INFO] [stderr]    Compiling flate2 v1.1.10
[INFO] [stderr]    Compiling thiserror v1.0.69
[INFO] [stderr]    Compiling terminal_size v0.4.4
[INFO] [stderr]    Compiling clap_builder v4.6.7
[INFO] [stderr]    Compiling regex-automata v0.4.18
[INFO] [stderr]    Compiling darling_core v0.14.4
[INFO] [stderr]    Compiling serde_derive v1.0.229
[INFO] [stderr]    Compiling thiserror-impl v2.0.21
[INFO] [stderr]    Compiling clap_derive v4.6.7
[INFO] [stderr]    Compiling clap v4.6.7
[INFO] [stderr]    Compiling darling_macro v0.14.4
[INFO] [stderr]    Compiling darling v0.14.4
[INFO] [stderr]    Compiling derive_builder_core v0.12.0
[INFO] [stderr]    Compiling regex v1.13.1
[INFO] [stderr]    Compiling derive_builder_macro v0.12.0
[INFO] [stderr]    Compiling derive_builder v0.12.0
[INFO] [stderr]    Compiling bincode v1.3.3
[INFO] [stderr]    Compiling serde_yaml v0.8.26
[INFO] [stderr]    Compiling serde_yaml v0.9.34+deprecated
[INFO] [stderr]    Compiling serde-frontmatter v0.1.0
[INFO] [stderr]    Compiling onig v6.5.3
[INFO] [stderr]    Compiling syntect v5.3.0
[INFO] [stderr]    Compiling comrak v0.19.0
[INFO] [stderr]    Compiling siena v3.2.1 (/opt/rustwide/workdir)
[INFO] [stderr]     Finished `release` profile [optimized] target(s) in 58.20s
[INFO] running `Command { std: "docker" "inspect" "ad8161d09f22ca71969ddd7d6fce53408de7939ba6cf8170f914eeecbafb8a39", kill_on_drop: false }`
[INFO] running `Command { std: "docker" "exec" "-e" "SOURCE_DIR=/opt/rustwide/workdir" "-e" "CARGO_HOME=/opt/rustwide/cargo-home" "-e" "RUSTUP_HOME=/opt/rustwide/rustup-home" "-e" "CARGO_TARGET_DIR=/opt/rustwide/target" "-e" "CARGO_INCREMENTAL=0" "-e" "RUST_BACKTRACE=full" "-e" "RUSTFLAGS=--cap-lints=warn" "-e" "RUSTDOCFLAGS=--cap-lints=warn" "-w" "/opt/rustwide/workdir" "--user" "0:0" "ad8161d09f22ca71969ddd7d6fce53408de7939ba6cf8170f914eeecbafb8a39" "/opt/rustwide/cargo-home/bin/cargo" "+1.100.0-beta.1" "test" "--frozen" "--no-run" "--message-format=json" "--release", kill_on_drop: false }`
[INFO] [stderr]    Compiling siena v3.2.1 (/opt/rustwide/workdir)
[INFO] [stderr]     Finished `release` profile [optimized] target(s) in 3.33s
[INFO] running `Command { std: "docker" "inspect" "ad8161d09f22ca71969ddd7d6fce53408de7939ba6cf8170f914eeecbafb8a39", kill_on_drop: false }`
[INFO] running `Command { std: "docker" "exec" "-e" "SOURCE_DIR=/opt/rustwide/workdir" "-e" "CARGO_HOME=/opt/rustwide/cargo-home" "-e" "RUSTUP_HOME=/opt/rustwide/rustup-home" "-e" "CARGO_TARGET_DIR=/opt/rustwide/target" "-e" "CARGO_INCREMENTAL=0" "-e" "RUST_BACKTRACE=full" "-e" "RUSTFLAGS=--cap-lints=warn" "-e" "RUSTDOCFLAGS=--cap-lints=warn" "-w" "/opt/rustwide/workdir" "--user" "0:0" "ad8161d09f22ca71969ddd7d6fce53408de7939ba6cf8170f914eeecbafb8a39" "/opt/rustwide/cargo-home/bin/cargo" "+1.100.0-beta.1" "test" "--frozen" "--release", kill_on_drop: false }`
[INFO] [stderr]     Finished `release` profile [optimized] target(s) in 0.12s
[INFO] [stderr]      Running unittests src/lib.rs (/opt/rustwide/target/release/build/siena/0e71ba6d045ee46e/out/siena-0e71ba6d045ee46e)
[INFO] [stdout] 
[INFO] [stdout] running 13 tests
[INFO] [stdout] test siena_tests::when_is_not_test ... ok
[INFO] [stdout] test siena_tests::when_is_md_test ... ok
[INFO] [stdout] test siena_tests::when_has_test ... ok
[INFO] [stdout] test siena_tests::when_has_not_test ... ok
[INFO] [stdout] test siena_tests::update_test ... FAILED
[INFO] [stdout] test siena_tests::create_test ... FAILED
[INFO] [stdout] test siena_tests::when_is_test ... ok
[INFO] [stdout] test utils::string_ends_with_any_test ... ok
[INFO] [stdout] test frontmatter::parse_test ... ok
[INFO] [stdout] test siena_tests::offset_out_of_bounds_test ... ok
[INFO] [stdout] test siena_tests::offset_test ... ok
[INFO] [stdout] test siena_tests::limit_test ... ok
[INFO] [stdout] test siena_tests::when_matches_test ... ok
[INFO] [stdout] 
[INFO] [stdout] failures:
[INFO] [stdout] 
[INFO] [stdout] ---- siena_tests::update_test stdout ----
[INFO] [stdout] 
[INFO] [stdout] thread 'siena_tests::update_test' (1467) panicked at src/providers/local.rs:99:18:
[INFO] [stdout] Could not write to file /opt/rustwide/workdir/test_data/demo/3.yml: Os { code: 30, kind: ReadOnlyFilesystem, message: "Read-only file system" }
[INFO] [stdout] stack backtrace:
[INFO] [stdout]    0:     0x57db3ad173c1 - <<std[617be2ca0a6fd877]::sys::backtrace::BacktraceLock>::print::DisplayBacktrace as core[a373ad73a504971]::fmt::Display>::fmt
[INFO] [stdout]    1:     0x57db3ad2e6ca - core[a373ad73a504971]::fmt::write
[INFO] [stdout]    2:     0x57db3ad1b9fc - <alloc[2e1b2a31b91974c5]::vec::Vec<u8> as core[a373ad73a504971]::io::write::Write>::write_fmt
[INFO] [stdout]    3:     0x57db3acf2366 - std[617be2ca0a6fd877]::panicking::default_hook::{closure#0}
[INFO] [stdout]    4:     0x57db3ad0f019 - std[617be2ca0a6fd877]::panicking::default_hook
[INFO] [stdout]    5:     0x57db3abaede0 - test[aada8e7e76ba119b]::test_main_inner::{closure#0}
[INFO] [stdout]    6:     0x57db3ad0f1d2 - std[617be2ca0a6fd877]::panicking::panic_with_hook
[INFO] [stdout]    7:     0x57db3acf2412 - std[617be2ca0a6fd877]::panicking::panic_handler::{closure#0}
[INFO] [stdout]    8:     0x57db3aceada9 - std[617be2ca0a6fd877]::sys::backtrace::__rust_end_short_backtrace::<std[617be2ca0a6fd877]::panicking::panic_handler::{closure#0}, !>
[INFO] [stdout]    9:     0x57db3acf301d - __rustc[ea4f61d10b84890b]::rust_begin_unwind
[INFO] [stdout]   10:     0x57db3ad2eeac - core[a373ad73a504971]::panicking::panic_fmt
[INFO] [stdout]   11:     0x57db3ad2ec82 - core[a373ad73a504971]::result::unwrap_failed
[INFO] [stdout]   12:     0x57db3ab65da0 - <siena[539f1ada58f1a982]::providers::local::LocalProvider as siena[539f1ada58f1a982]::siena::StoreProvider>::set
[INFO] [stdout]   13:     0x57db3ab6dfd1 - <siena[539f1ada58f1a982]::siena::Siena>::set
[INFO] [stdout]   14:     0x57db3ab5f496 - <siena[539f1ada58f1a982]::siena_tests::update_test::{closure#0} as core[a373ad73a504971]::ops::function::FnOnce<()>>::call_once
[INFO] [stdout]   15:     0x57db3aba222b - test[aada8e7e76ba119b]::__rust_begin_short_backtrace::<core[a373ad73a504971]::result::Result<(), alloc[2e1b2a31b91974c5]::string::String>, fn() -> core[a373ad73a504971]::result::Result<(), alloc[2e1b2a31b91974c5]::string::String>>
[INFO] [stdout]   16:     0x57db3abaf405 - test[aada8e7e76ba119b]::run_test::{closure#0}
[INFO] [stdout]   17:     0x57db3aba8cf4 - std[617be2ca0a6fd877]::sys::backtrace::__rust_begin_short_backtrace::<test[aada8e7e76ba119b]::run_test::{closure#1}, ()>
[INFO] [stdout]   18:     0x57db3abb2492 - <std[617be2ca0a6fd877]::thread::lifecycle::spawn_unchecked<test[aada8e7e76ba119b]::run_test::{closure#1}, ()>::{closure#1} as core[a373ad73a504971]::ops::function::FnOnce<()>>::call_once::{shim:vtable#0}
[INFO] [stdout]   19:     0x57db3ad166af - <std[617be2ca0a6fd877]::sys::thread::unix::Thread>::new::thread_start
[INFO] [stdout]   20:     0x72a6e33f6dfa - <unknown>
[INFO] [stdout]   21:     0x72a6e348a3d4 - clone
[INFO] [stdout]   22:                0x0 - <unknown>
[INFO] [stdout] 
[INFO] [stdout] ---- siena_tests::create_test stdout ----
[INFO] [stdout] 
[INFO] [stdout] thread 'siena_tests::create_test' (1463) panicked at src/providers/local.rs:91:44:
[INFO] [stdout] Could not create /opt/rustwide/workdir/test_data/demo2: Os { code: 30, kind: ReadOnlyFilesystem, message: "Read-only file system" }
[INFO] [stdout] stack backtrace:
[INFO] [stdout]    0:     0x57db3ad173c1 - <<std[617be2ca0a6fd877]::sys::backtrace::BacktraceLock>::print::DisplayBacktrace as core[a373ad73a504971]::fmt::Display>::fmt
[INFO] [stdout]    1:     0x57db3ad2e6ca - core[a373ad73a504971]::fmt::write
[INFO] [stdout]    2:     0x57db3ad1b9fc - <alloc[2e1b2a31b91974c5]::vec::Vec<u8> as core[a373ad73a504971]::io::write::Write>::write_fmt
[INFO] [stdout]    3:     0x57db3acf2366 - std[617be2ca0a6fd877]::panicking::default_hook::{closure#0}
[INFO] [stdout]    4:     0x57db3ad0f019 - std[617be2ca0a6fd877]::panicking::default_hook
[INFO] [stdout]    5:     0x57db3abaede0 - test[aada8e7e76ba119b]::test_main_inner::{closure#0}
[INFO] [stdout]    6:     0x57db3ad0f1d2 - std[617be2ca0a6fd877]::panicking::panic_with_hook
[INFO] [stdout]    7:     0x57db3acf2412 - std[617be2ca0a6fd877]::panicking::panic_handler::{closure#0}
[INFO] [stdout]    8:     0x57db3aceada9 - std[617be2ca0a6fd877]::sys::backtrace::__rust_end_short_backtrace::<std[617be2ca0a6fd877]::panicking::panic_handler::{closure#0}, !>
[INFO] [stdout]    9:     0x57db3acf301d - __rustc[ea4f61d10b84890b]::rust_begin_unwind
[INFO] [stdout]   10:     0x57db3ad2eeac - core[a373ad73a504971]::panicking::panic_fmt
[INFO] [stdout]   11:     0x57db3ad2ec82 - core[a373ad73a504971]::result::unwrap_failed
[INFO] [stdout]   12:     0x57db3ab65d67 - <siena[539f1ada58f1a982]::providers::local::LocalProvider as siena[539f1ada58f1a982]::siena::StoreProvider>::set
[INFO] [stdout]   13:     0x57db3ab6dfd1 - <siena[539f1ada58f1a982]::siena::Siena>::set
[INFO] [stdout]   14:     0x57db3ab5e06b - <siena[539f1ada58f1a982]::siena_tests::create_test::{closure#0} as core[a373ad73a504971]::ops::function::FnOnce<()>>::call_once
[INFO] [stdout]   15:     0x57db3aba222b - test[aada8e7e76ba119b]::__rust_begin_short_backtrace::<core[a373ad73a504971]::result::Result<(), alloc[2e1b2a31b91974c5]::string::String>, fn() -> core[a373ad73a504971]::result::Result<(), alloc[2e1b2a31b91974c5]::string::String>>
[INFO] [stdout]   16:     0x57db3abaf405 - test[aada8e7e76ba119b]::run_test::{closure#0}
[INFO] [stdout]   17:     0x57db3aba8cf4 - std[617be2ca0a6fd877]::sys::backtrace::__rust_begin_short_backtrace::<test[aada8e7e76ba119b]::run_test::{closure#1}, ()>
[INFO] [stdout]   18:     0x57db3abb2492 - <std[617be2ca0a6fd877]::thread::lifecycle::spawn_unchecked<test[aada8e7e76ba119b]::run_test::{closure#1}, ()>::{closure#1} as core[a373ad73a504971]::ops::function::FnOnce<()>>::call_once::{shim:vtable#0}
[INFO] [stdout]   19:     0x57db3ad166af - <std[617be2ca0a6fd877]::sys::thread::unix::Thread>::new::thread_start
[INFO] [stdout]   20:     0x72a6e33f6dfa - <unknown>
[INFO] [stdout]   21:     0x72a6e348a3d4 - clone
[INFO] [stdout]   22:                0x0 - <unknown>
[INFO] [stdout] 
[INFO] [stdout] 
[INFO] [stdout] failures:
[INFO] [stdout]     siena_tests::create_test
[INFO] [stdout]     siena_tests::update_test
[INFO] [stdout] 
[INFO] [stdout] test result: FAILED. 11 passed; 2 failed; 0 ignored; 0 measured; 0 filtered out; finished in 0.23s
[INFO] [stdout] 
[INFO] [stderr] error: test failed, to rerun pass `--lib`
[INFO] running `Command { std: "docker" "inspect" "ad8161d09f22ca71969ddd7d6fce53408de7939ba6cf8170f914eeecbafb8a39", kill_on_drop: false }`
[INFO] running `Command { std: "docker" "rm" "-f" "ad8161d09f22ca71969ddd7d6fce53408de7939ba6cf8170f914eeecbafb8a39", kill_on_drop: false }`
[INFO] [stdout] ad8161d09f22ca71969ddd7d6fce53408de7939ba6cf8170f914eeecbafb8a39
