[INFO] fetching crate sidekiq 0.14.0...
[INFO] testing sidekiq-0.14.0 against 1.99.0-beta.8+cargoflags=--release for beta-release-1.100-2
[INFO] extracting crate sidekiq 0.14.0 into /workspace/builds/worker-3-tc1/source
[INFO] started tweaking crates.io crate sidekiq 0.14.0
[INFO] removed 0 missing tests
[INFO] finished tweaking crates.io crate sidekiq 0.14.0
[INFO] tweaked toml for crates.io crate sidekiq 0.14.0 written to /workspace/builds/worker-3-tc1/source/Cargo.toml
[INFO] validating manifest of crates.io crate sidekiq 0.14.0 on toolchain 1.99.0-beta.8
[INFO] running `Command { std: CARGO_HOME="/workspace/cargo-home" RUSTUP_HOME="/workspace/rustup-home" "/workspace/cargo-home/bin/cargo" "+1.99.0-beta.8" "metadata" "--manifest-path" "Cargo.toml" "--no-deps", kill_on_drop: false }`
[INFO] crate crates.io crate sidekiq 0.14.0 already has a lockfile, it will not be regenerated
[INFO] running `Command { std: CARGO_HOME="/workspace/cargo-home" RUSTUP_HOME="/workspace/rustup-home" "/workspace/cargo-home/bin/cargo" "+1.99.0-beta.8" "fetch" "--manifest-path" "Cargo.toml", kill_on_drop: false }`
[INFO] [stderr]     Updating crates.io index
[INFO] [stderr]  Downloading crates ...
[INFO] [stderr]   Downloaded deranged v0.3.8
[INFO] [stderr]   Downloaded url v2.5.2
[INFO] [stderr]   Downloaded smol-timeout v0.6.1
[INFO] [stderr]   Downloaded async-process v2.1.0
[INFO] [stderr]   Downloaded tempfile v3.9.0
[INFO] [stderr]   Downloaded async-task v4.4.0
[INFO] [stderr]   Downloaded futures-lite v2.0.0
[INFO] [stderr]   Downloaded socket2 v0.5.3
[INFO] [stderr]   Downloaded async-native-tls v0.5.0
[INFO] [stderr]   Downloaded security-framework v2.10.0
[INFO] [stderr]   Downloaded serde_json v1.0.105
[INFO] [stderr]   Downloaded time v0.3.28
[INFO] [stderr]   Downloaded object v0.32.0
[INFO] [stderr]   Downloaded tokio v1.32.0
[INFO] [stderr]   Downloaded redis v1.0.0
[INFO] running `Command { std: "docker" "create" "-v" "/var/lib/crater-agent-workspace/builds/worker-3-tc1/source:/opt/rustwide/workdir:ro,Z" "-v" "/var/lib/crater-agent-workspace/builds/worker-3-tc1/target:/opt/rustwide/target:rw,Z" "-v" "/var/lib/crater-agent-workspace/cargo-home:/opt/rustwide/cargo-home:ro,Z" "-v" "/var/lib/crater-agent-workspace/rustup-home:/opt/rustwide/rustup-home:ro,Z" "-m" "1610612736" "--network" "none" "ghcr.io/rust-lang/crates-build-env/linux@sha256:77db811e55d90add9212f6832c23229e3de5f1c1f9905e8cb07319ea15df73ac" "sleep" "infinity", kill_on_drop: false }`
[INFO] [stdout] 2da5b924698209d649377ad0834663b258e07f773e9eed83c686e2a65f3eccc0
[INFO] running `Command { std: "docker" "start" "2da5b924698209d649377ad0834663b258e07f773e9eed83c686e2a65f3eccc0", kill_on_drop: false }`
[INFO] running `Command { std: "docker" "inspect" "2da5b924698209d649377ad0834663b258e07f773e9eed83c686e2a65f3eccc0", kill_on_drop: false }`
[INFO] running `Command { std: "docker" "exec" "-e" "SOURCE_DIR=/opt/rustwide/workdir" "-e" "CARGO_HOME=/opt/rustwide/cargo-home" "-e" "RUSTUP_HOME=/opt/rustwide/rustup-home" "-e" "CARGO_TARGET_DIR=/opt/rustwide/target" "-w" "/opt/rustwide/workdir" "--user" "0:0" "2da5b924698209d649377ad0834663b258e07f773e9eed83c686e2a65f3eccc0" "/opt/rustwide/cargo-home/bin/cargo" "+1.99.0-beta.8" "metadata" "--no-deps" "--format-version=1", kill_on_drop: false }`
[INFO] running `Command { std: "docker" "inspect" "2da5b924698209d649377ad0834663b258e07f773e9eed83c686e2a65f3eccc0", kill_on_drop: false }`
[INFO] running `Command { std: "docker" "exec" "-e" "SOURCE_DIR=/opt/rustwide/workdir" "-e" "CARGO_HOME=/opt/rustwide/cargo-home" "-e" "RUSTUP_HOME=/opt/rustwide/rustup-home" "-e" "CARGO_TARGET_DIR=/opt/rustwide/target" "-e" "CARGO_INCREMENTAL=0" "-e" "RUST_BACKTRACE=full" "-e" "RUSTFLAGS=--cap-lints=warn" "-e" "RUSTDOCFLAGS=--cap-lints=warn" "-w" "/opt/rustwide/workdir" "--user" "0:0" "2da5b924698209d649377ad0834663b258e07f773e9eed83c686e2a65f3eccc0" "/opt/rustwide/cargo-home/bin/cargo" "+1.99.0-beta.8" "build" "--frozen" "--message-format=json" "--release", kill_on_drop: false }`
[INFO] [stderr]    Compiling pin-project-lite v0.2.13
[INFO] [stderr]    Compiling libc v0.2.178
[INFO] [stderr]    Compiling crossbeam-utils v0.8.16
[INFO] [stderr]    Compiling parking v2.1.0
[INFO] [stderr]    Compiling once_cell v1.18.0
[INFO] [stderr]    Compiling fastrand v2.0.0
[INFO] [stderr]    Compiling slab v0.4.9
[INFO] [stderr]    Compiling rustix v1.1.2
[INFO] [stderr]    Compiling proc-macro2 v1.0.86
[INFO] [stderr]    Compiling rustix v0.38.44
[INFO] [stderr]    Compiling async-task v4.4.0
[INFO] [stderr]    Compiling atomic-waker v1.1.1
[INFO] [stderr]    Compiling num-traits v0.2.19
[INFO] [stderr]    Compiling getrandom v0.3.2
[INFO] [stderr]    Compiling linux-raw-sys v0.11.0
[INFO] [stderr]    Compiling openssl v0.10.75
[INFO] [stderr]    Compiling native-tls v0.2.14
[INFO] [stderr]    Compiling thiserror v1.0.65
[INFO] [stderr]    Compiling idna v0.5.0
[INFO] [stderr]    Compiling openssl-probe v0.1.6
[INFO] [stderr]    Compiling bytes v1.4.0
[INFO] [stderr]    Compiling zerocopy v0.8.24
[INFO] [stderr]    Compiling serde_json v1.0.105
[INFO] [stderr]    Compiling tracing-core v0.1.31
[INFO] [stderr]    Compiling futures-lite v2.0.0
[INFO] [stderr]    Compiling piper v0.2.4
[INFO] [stderr]    Compiling ppv-lite86 v0.2.17
[INFO] [stderr]    Compiling backon v1.6.0
[INFO] [stderr]    Compiling xxhash-rust v0.8.15
[INFO] [stderr]    Compiling concurrent-queue v2.5.0
[INFO] [stderr]    Compiling quote v1.0.37
[INFO] [stderr]    Compiling syn v2.0.77
[INFO] [stderr]    Compiling event-listener v5.4.0
[INFO] [stderr]    Compiling url v2.5.2
[INFO] [stderr]    Compiling arc-swap v1.7.1
[INFO] [stderr]    Compiling sha1_smol v1.0.0
[INFO] [stderr]    Compiling event-listener-strategy v0.5.4
[INFO] [stderr]    Compiling tracing v0.1.37
[INFO] [stderr]    Compiling deranged v0.3.8
[INFO] [stderr]    Compiling async-lock v3.4.0
[INFO] [stderr]    Compiling async-channel v2.3.1
[INFO] [stderr]    Compiling async-executor v1.13.1
[INFO] [stderr]    Compiling num-integer v0.1.46
[INFO] [stderr]    Compiling arcstr v1.2.0
[INFO] [stderr]    Compiling cc v1.0.83
[INFO] [stderr]    Compiling blocking v1.6.1
[INFO] [stderr]    Compiling mio v0.8.8
[INFO] [stderr]    Compiling signal-hook-registry v1.4.7
[INFO] [stderr]    Compiling socket2 v0.5.3
[INFO] [stderr]    Compiling async-fs v2.2.0
[INFO] [stderr]    Compiling tokio v1.32.0
[INFO] [stderr]    Compiling rand_core v0.9.3
[INFO] [stderr]    Compiling num-bigint v0.4.6
[INFO] [stderr]    Compiling socket2 v0.6.1
[INFO] [stderr]    Compiling time v0.3.28
[INFO] [stderr]    Compiling rand_chacha v0.9.0
[INFO] [stderr]    Compiling openssl-sys v0.9.111
[INFO] [stderr]    Compiling rand v0.9.0
[INFO] [stderr]    Compiling futures-macro v0.3.31
[INFO] [stderr]    Compiling openssl-macros v0.1.1
[INFO] [stderr]    Compiling thiserror-impl v1.0.65
[INFO] [stderr]    Compiling futures-util v0.3.31
[INFO] [stderr]    Compiling polling v3.7.4
[INFO] [stderr]    Compiling tokio-util v0.7.8
[INFO] [stderr]    Compiling async-io v2.4.0
[INFO] [stderr]    Compiling async-signal v0.2.13
[INFO] [stderr]    Compiling async-net v2.0.0
[INFO] [stderr]    Compiling combine v4.6.6
[INFO] [stderr]    Compiling smol-timeout v0.6.1
[INFO] [stderr]    Compiling async-process v2.1.0
[INFO] [stderr]    Compiling smol v2.0.2
[INFO] [stderr]    Compiling futures-executor v0.3.28
[INFO] [stderr]    Compiling async-native-tls v0.5.0
[INFO] [stderr]    Compiling futures v0.3.28
[INFO] [stderr]    Compiling redis v1.0.0
[INFO] [stderr]    Compiling sidekiq v0.14.0 (/opt/rustwide/workdir)
[INFO] [stderr]     Finished `release` profile [optimized] target(s) in 46.95s
[INFO] running `Command { std: "docker" "inspect" "2da5b924698209d649377ad0834663b258e07f773e9eed83c686e2a65f3eccc0", kill_on_drop: false }`
[INFO] running `Command { std: "docker" "exec" "-e" "SOURCE_DIR=/opt/rustwide/workdir" "-e" "CARGO_HOME=/opt/rustwide/cargo-home" "-e" "RUSTUP_HOME=/opt/rustwide/rustup-home" "-e" "CARGO_TARGET_DIR=/opt/rustwide/target" "-e" "CARGO_INCREMENTAL=0" "-e" "RUST_BACKTRACE=full" "-e" "RUSTFLAGS=--cap-lints=warn" "-e" "RUSTDOCFLAGS=--cap-lints=warn" "-w" "/opt/rustwide/workdir" "--user" "0:0" "2da5b924698209d649377ad0834663b258e07f773e9eed83c686e2a65f3eccc0" "/opt/rustwide/cargo-home/bin/cargo" "+1.99.0-beta.8" "test" "--frozen" "--no-run" "--message-format=json" "--release", kill_on_drop: false }`
[INFO] [stderr]    Compiling sidekiq v0.14.0 (/opt/rustwide/workdir)
[INFO] [stderr]     Finished `release` profile [optimized] target(s) in 1.63s
[INFO] running `Command { std: "docker" "inspect" "2da5b924698209d649377ad0834663b258e07f773e9eed83c686e2a65f3eccc0", kill_on_drop: false }`
[INFO] running `Command { std: "docker" "exec" "-e" "SOURCE_DIR=/opt/rustwide/workdir" "-e" "CARGO_HOME=/opt/rustwide/cargo-home" "-e" "RUSTUP_HOME=/opt/rustwide/rustup-home" "-e" "CARGO_TARGET_DIR=/opt/rustwide/target" "-e" "CARGO_INCREMENTAL=0" "-e" "RUST_BACKTRACE=full" "-e" "RUSTFLAGS=--cap-lints=warn" "-e" "RUSTDOCFLAGS=--cap-lints=warn" "-w" "/opt/rustwide/workdir" "--user" "0:0" "2da5b924698209d649377ad0834663b258e07f773e9eed83c686e2a65f3eccc0" "/opt/rustwide/cargo-home/bin/cargo" "+1.99.0-beta.8" "test" "--frozen" "--release", kill_on_drop: false }`
[INFO] [stderr]     Finished `release` profile [optimized] target(s) in 0.14s
[INFO] [stderr]      Running unittests src/lib.rs (/opt/rustwide/target/release/deps/sidekiq-7fe649af68d3cf21)
[INFO] [stdout] 
[INFO] [stdout] running 0 tests
[INFO] [stdout] 
[INFO] [stdout] test result: ok. 0 passed; 0 failed; 0 ignored; 0 measured; 0 filtered out; finished in 0.00s
[INFO] [stdout] 
[INFO] [stderr]      Running tests/lib.rs (/opt/rustwide/target/release/deps/lib-19657ab6a2964214)
[INFO] [stdout] 
[INFO] [stdout] running 5 tests
[INFO] [stdout] test test_job_format_with_default ... ok
[INFO] [stdout] test test_client_perform_in ... FAILED
[INFO] [stdout] test test_client_perform_at ... FAILED
[INFO] [stdout] test test_client_push_single ... FAILED
[INFO] [stdout] test test_client_push_bulk ... FAILED
[INFO] [stdout] 
[INFO] [stdout] failures:
[INFO] [stdout] 
[INFO] [stdout] ---- test_client_perform_in stdout ----
[INFO] [stdout] 
[INFO] [stdout] thread 'test_client_perform_in' (1611) panicked at tests/lib.rs:33:36:
[INFO] [stdout] called `Result::unwrap()` on an `Err` value: ClientError { kind: Redis(Connection refused (os error 111)) }
[INFO] [stdout] stack backtrace:
[INFO] [stdout]    0:     0x586b7a339d81 - <<std[70759c8f55707aa4]::sys::backtrace::BacktraceLock>::print::DisplayBacktrace as core[df12db4294e9bfd3]::fmt::Display>::fmt
[INFO] [stdout]    1:     0x586b7a34feba - core[df12db4294e9bfd3]::fmt::write
[INFO] [stdout]    2:     0x586b7a33e77c - <alloc[2182bb758b4b3781]::vec::Vec<u8> as core[df12db4294e9bfd3]::io::write::Write>::write_fmt
[INFO] [stdout]    3:     0x586b7a3150e6 - std[70759c8f55707aa4]::panicking::default_hook::{closure#0}
[INFO] [stdout]    4:     0x586b7a331da9 - std[70759c8f55707aa4]::panicking::default_hook
[INFO] [stdout]    5:     0x586b7a1fcf70 - test[9d35eded1c95d3be]::test_main_inner::<test[9d35eded1c95d3be]::test_main_static::{closure#0}>::{closure#0}
[INFO] [stdout]    6:     0x586b7a3320d2 - std[70759c8f55707aa4]::panicking::panic_with_hook
[INFO] [stdout]    7:     0x586b7a315192 - std[70759c8f55707aa4]::panicking::panic_handler::{closure#0}
[INFO] [stdout]    8:     0x586b7a30de39 - std[70759c8f55707aa4]::sys::backtrace::__rust_end_short_backtrace::<std[70759c8f55707aa4]::panicking::panic_handler::{closure#0}, !>
[INFO] [stdout]    9:     0x586b7a315f7d - __rustc[8fa7c3cbc660c2b3]::rust_begin_unwind
[INFO] [stdout]   10:     0x586b7a35061c - core[df12db4294e9bfd3]::panicking::panic_fmt
[INFO] [stdout]   11:     0x586b7a3503f2 - core[df12db4294e9bfd3]::result::unwrap_failed
[INFO] [stdout]   12:     0x586b7a1ed519 - lib[1fcd47647ac241a8]::get_client
[INFO] [stdout]   13:     0x586b7a1efa4a - <lib[1fcd47647ac241a8]::test_client_perform_in::{closure#0} as core[df12db4294e9bfd3]::ops::function::FnOnce<()>>::call_once
[INFO] [stdout]   14:     0x586b7a1f025b - test[9d35eded1c95d3be]::__rust_begin_short_backtrace::<core[df12db4294e9bfd3]::result::Result<(), alloc[2182bb758b4b3781]::string::String>, fn() -> core[df12db4294e9bfd3]::result::Result<(), alloc[2182bb758b4b3781]::string::String>>
[INFO] [stdout]   15:     0x586b7a1fd8c5 - test[9d35eded1c95d3be]::run_test::{closure#0}
[INFO] [stdout]   16:     0x586b7a1f7184 - std[70759c8f55707aa4]::sys::backtrace::__rust_begin_short_backtrace::<test[9d35eded1c95d3be]::run_test::{closure#1}, ()>
[INFO] [stdout]   17:     0x586b7a200a22 - <std[70759c8f55707aa4]::thread::lifecycle::spawn_unchecked<test[9d35eded1c95d3be]::run_test::{closure#1}, ()>::{closure#1} as core[df12db4294e9bfd3]::ops::function::FnOnce<()>>::call_once::{shim:vtable#0}
[INFO] [stdout]   18:     0x586b7a3392a9 - <std[70759c8f55707aa4]::sys::thread::unix::Thread>::new::thread_start
[INFO] [stdout]   19:     0x7adf4bb78dfa - <unknown>
[INFO] [stdout]   20:     0x7adf4bc0c3d4 - clone
[INFO] [stdout]   21:                0x0 - <unknown>
[INFO] [stdout] 
[INFO] [stdout] ---- test_client_perform_at stdout ----
[INFO] [stdout] 
[INFO] [stdout] thread 'test_client_perform_at' (1610) panicked at tests/lib.rs:33:36:
[INFO] [stdout] called `Result::unwrap()` on an `Err` value: ClientError { kind: Redis(Connection refused (os error 111)) }
[INFO] [stdout] stack backtrace:
[INFO] [stdout]    0:     0x586b7a339d81 - <<std[70759c8f55707aa4]::sys::backtrace::BacktraceLock>::print::DisplayBacktrace as core[df12db4294e9bfd3]::fmt::Display>::fmt
[INFO] [stdout]    1:     0x586b7a34feba - core[df12db4294e9bfd3]::fmt::write
[INFO] [stdout]    2:     0x586b7a33e77c - <alloc[2182bb758b4b3781]::vec::Vec<u8> as core[df12db4294e9bfd3]::io::write::Write>::write_fmt
[INFO] [stdout]    3:     0x586b7a3150e6 - std[70759c8f55707aa4]::panicking::default_hook::{closure#0}
[INFO] [stdout]    4:     0x586b7a331da9 - std[70759c8f55707aa4]::panicking::default_hook
[INFO] [stdout]    5:     0x586b7a1fcf70 - test[9d35eded1c95d3be]::test_main_inner::<test[9d35eded1c95d3be]::test_main_static::{closure#0}>::{closure#0}
[INFO] [stdout]    6:     0x586b7a3320d2 - std[70759c8f55707aa4]::panicking::panic_with_hook
[INFO] [stdout]    7:     0x586b7a315192 - std[70759c8f55707aa4]::panicking::panic_handler::{closure#0}
[INFO] [stdout]    8:     0x586b7a30de39 - std[70759c8f55707aa4]::sys::backtrace::__rust_end_short_backtrace::<std[70759c8f55707aa4]::panicking::panic_handler::{closure#0}, !>
[INFO] [stdout]    9:     0x586b7a315f7d - __rustc[8fa7c3cbc660c2b3]::rust_begin_unwind
[INFO] [stdout]   10:     0x586b7a35061c - core[df12db4294e9bfd3]::panicking::panic_fmt
[INFO] [stdout]   11:     0x586b7a3503f2 - core[df12db4294e9bfd3]::result::unwrap_failed
[INFO] [stdout]   12:     0x586b7a1ed519 - lib[1fcd47647ac241a8]::get_client
[INFO] [stdout]   13:     0x586b7a1ef7b7 - <lib[1fcd47647ac241a8]::test_client_perform_at::{closure#0} as core[df12db4294e9bfd3]::ops::function::FnOnce<()>>::call_once
[INFO] [stdout]   14:     0x586b7a1f025b - test[9d35eded1c95d3be]::__rust_begin_short_backtrace::<core[df12db4294e9bfd3]::result::Result<(), alloc[2182bb758b4b3781]::string::String>, fn() -> core[df12db4294e9bfd3]::result::Result<(), alloc[2182bb758b4b3781]::string::String>>
[INFO] [stdout]   15:     0x586b7a1fd8c5 - test[9d35eded1c95d3be]::run_test::{closure#0}
[INFO] [stdout]   16:     0x586b7a1f7184 - std[70759c8f55707aa4]::sys::backtrace::__rust_begin_short_backtrace::<test[9d35eded1c95d3be]::run_test::{closure#1}, ()>
[INFO] [stdout]   17:     0x586b7a200a22 - <std[70759c8f55707aa4]::thread::lifecycle::spawn_unchecked<test[9d35eded1c95d3be]::run_test::{closure#1}, ()>::{closure#1} as core[df12db4294e9bfd3]::ops::function::FnOnce<()>>::call_once::{shim:vtable#0}
[INFO] [stdout]   18:     0x586b7a3392a9 - <std[70759c8f55707aa4]::sys::thread::unix::Thread>::new::thread_start
[INFO] [stdout]   19:     0x7adf4bb78dfa - <unknown>
[INFO] [stdout]   20:     0x7adf4bc0c3d4 - clone
[INFO] [stdout]   21:                0x0 - <unknown>
[INFO] [stdout] 
[INFO] [stdout] ---- test_client_push_single stdout ----
[INFO] [stdout] 
[INFO] [stdout] thread 'test_client_push_single' (1613) panicked at tests/lib.rs:33:36:
[INFO] [stdout] called `Result::unwrap()` on an `Err` value: ClientError { kind: Redis(Connection refused (os error 111)) }
[INFO] [stdout] stack backtrace:
[INFO] [stdout]    0:     0x586b7a339d81 - <<std[70759c8f55707aa4]::sys::backtrace::BacktraceLock>::print::DisplayBacktrace as core[df12db4294e9bfd3]::fmt::Display>::fmt
[INFO] [stdout]    1:     0x586b7a34feba - core[df12db4294e9bfd3]::fmt::write
[INFO] [stdout]    2:     0x586b7a33e77c - <alloc[2182bb758b4b3781]::vec::Vec<u8> as core[df12db4294e9bfd3]::io::write::Write>::write_fmt
[INFO] [stdout]    3:     0x586b7a3150e6 - std[70759c8f55707aa4]::panicking::default_hook::{closure#0}
[INFO] [stdout]    4:     0x586b7a331da9 - std[70759c8f55707aa4]::panicking::default_hook
[INFO] [stdout]    5:     0x586b7a1fcf70 - test[9d35eded1c95d3be]::test_main_inner::<test[9d35eded1c95d3be]::test_main_static::{closure#0}>::{closure#0}
[INFO] [stdout]    6:     0x586b7a3320d2 - std[70759c8f55707aa4]::panicking::panic_with_hook
[INFO] [stdout]    7:     0x586b7a315192 - std[70759c8f55707aa4]::panicking::panic_handler::{closure#0}
[INFO] [stdout]    8:     0x586b7a30de39 - std[70759c8f55707aa4]::sys::backtrace::__rust_end_short_backtrace::<std[70759c8f55707aa4]::panicking::panic_handler::{closure#0}, !>
[INFO] [stdout]    9:     0x586b7a315f7d - __rustc[8fa7c3cbc660c2b3]::rust_begin_unwind
[INFO] [stdout]   10:     0x586b7a35061c - core[df12db4294e9bfd3]::panicking::panic_fmt
[INFO] [stdout]   11:     0x586b7a3503f2 - core[df12db4294e9bfd3]::result::unwrap_failed
[INFO] [stdout]   12:     0x586b7a1ed519 - lib[1fcd47647ac241a8]::get_client
[INFO] [stdout]   13:     0x586b7a1efca9 - <lib[1fcd47647ac241a8]::test_client_push_single::{closure#0} as core[df12db4294e9bfd3]::ops::function::FnOnce<()>>::call_once
[INFO] [stdout]   14:     0x586b7a1f025b - test[9d35eded1c95d3be]::__rust_begin_short_backtrace::<core[df12db4294e9bfd3]::result::Result<(), alloc[2182bb758b4b3781]::string::String>, fn() -> core[df12db4294e9bfd3]::result::Result<(), alloc[2182bb758b4b3781]::string::String>>
[INFO] [stdout]   15:     0x586b7a1fd8c5 - test[9d35eded1c95d3be]::run_test::{closure#0}
[INFO] [stdout]   16:     0x586b7a1f7184 - std[70759c8f55707aa4]::sys::backtrace::__rust_begin_short_backtrace::<test[9d35eded1c95d3be]::run_test::{closure#1}, ()>
[INFO] [stdout]   17:     0x586b7a200a22 - <std[70759c8f55707aa4]::thread::lifecycle::spawn_unchecked<test[9d35eded1c95d3be]::run_test::{closure#1}, ()>::{closure#1} as core[df12db4294e9bfd3]::ops::function::FnOnce<()>>::call_once::{shim:vtable#0}
[INFO] [stdout]   18:     0x586b7a3392a9 - <std[70759c8f55707aa4]::sys::thread::unix::Thread>::new::thread_start
[INFO] [stdout]   19:     0x7adf4bb78dfa - <unknown>
[INFO] [stdout]   20:     0x7adf4bc0c3d4 - clone
[INFO] [stdout]   21:                0x0 - <unknown>
[INFO] [stdout] 
[INFO] [stdout] ---- test_client_push_bulk stdout ----
[INFO] [stdout] 
[INFO] [stdout] thread 'test_client_push_bulk' (1612) panicked at tests/lib.rs:33:36:
[INFO] [stdout] called `Result::unwrap()` on an `Err` value: ClientError { kind: Redis(Connection refused (os error 111)) }
[INFO] [stdout] stack backtrace:
[INFO] [stdout]    0:     0x586b7a339d81 - <<std[70759c8f55707aa4]::sys::backtrace::BacktraceLock>::print::DisplayBacktrace as core[df12db4294e9bfd3]::fmt::Display>::fmt
[INFO] [stdout]    1:     0x586b7a34feba - core[df12db4294e9bfd3]::fmt::write
[INFO] [stdout]    2:     0x586b7a33e77c - <alloc[2182bb758b4b3781]::vec::Vec<u8> as core[df12db4294e9bfd3]::io::write::Write>::write_fmt
[INFO] [stdout]    3:     0x586b7a3150e6 - std[70759c8f55707aa4]::panicking::default_hook::{closure#0}
[INFO] [stdout]    4:     0x586b7a331da9 - std[70759c8f55707aa4]::panicking::default_hook
[INFO] [stdout]    5:     0x586b7a1fcf70 - test[9d35eded1c95d3be]::test_main_inner::<test[9d35eded1c95d3be]::test_main_static::{closure#0}>::{closure#0}
[INFO] [stdout]    6:     0x586b7a3320d2 - std[70759c8f55707aa4]::panicking::panic_with_hook
[INFO] [stdout]    7:     0x586b7a315192 - std[70759c8f55707aa4]::panicking::panic_handler::{closure#0}
[INFO] [stdout]    8:     0x586b7a30de39 - std[70759c8f55707aa4]::sys::backtrace::__rust_end_short_backtrace::<std[70759c8f55707aa4]::panicking::panic_handler::{closure#0}, !>
[INFO] [stdout]    9:     0x586b7a315f7d - __rustc[8fa7c3cbc660c2b3]::rust_begin_unwind
[INFO] [stdout]   10:     0x586b7a35061c - core[df12db4294e9bfd3]::panicking::panic_fmt
[INFO] [stdout]   11:     0x586b7a3503f2 - core[df12db4294e9bfd3]::result::unwrap_failed
[INFO] [stdout]   12:     0x586b7a1ed519 - lib[1fcd47647ac241a8]::get_client
[INFO] [stdout]   13:     0x586b7a1ef4ca - <lib[1fcd47647ac241a8]::test_client_push_bulk::{closure#0} as core[df12db4294e9bfd3]::ops::function::FnOnce<()>>::call_once
[INFO] [stdout]   14:     0x586b7a1f025b - test[9d35eded1c95d3be]::__rust_begin_short_backtrace::<core[df12db4294e9bfd3]::result::Result<(), alloc[2182bb758b4b3781]::string::String>, fn() -> core[df12db4294e9bfd3]::result::Result<(), alloc[2182bb758b4b3781]::string::String>>
[INFO] [stdout]   15:     0x586b7a1fd8c5 - test[9d35eded1c95d3be]::run_test::{closure#0}
[INFO] [stdout]   16:     0x586b7a1f7184 - std[70759c8f55707aa4]::sys::backtrace::__rust_begin_short_backtrace::<test[9d35eded1c95d3be]::run_test::{closure#1}, ()>
[INFO] [stdout]   17:     0x586b7a200a22 - <std[70759c8f55707aa4]::thread::lifecycle::spawn_unchecked<test[9d35eded1c95d3be]::run_test::{closure#1}, ()>::{closure#1} as core[df12db4294e9bfd3]::ops::function::FnOnce<()>>::call_once::{shim:vtable#0}
[INFO] [stdout]   18:     0x586b7a3392a9 - <std[70759c8f55707aa4]::sys::thread::unix::Thread>::new::thread_start
[INFO] [stdout]   19:     0x7adf4bb78dfa - <unknown>
[INFO] [stdout]   20:     0x7adf4bc0c3d4 - clone
[INFO] [stdout]   21:                0x0 - <unknown>
[INFO] [stdout] 
[INFO] [stdout] 
[INFO] [stdout] failures:
[INFO] [stdout]     test_client_perform_at
[INFO] [stdout]     test_client_perform_in
[INFO] [stdout]     test_client_push_bulk
[INFO] [stdout]     test_client_push_single
[INFO] [stdout] 
[INFO] [stdout] test result: FAILED. 1 passed; 4 failed; 0 ignored; 0 measured; 0 filtered out; finished in 9.92s
[INFO] [stdout] 
[INFO] [stderr] error: test failed, to rerun pass `--test lib`
[INFO] running `Command { std: "docker" "inspect" "2da5b924698209d649377ad0834663b258e07f773e9eed83c686e2a65f3eccc0", kill_on_drop: false }`
[INFO] running `Command { std: "docker" "rm" "-f" "2da5b924698209d649377ad0834663b258e07f773e9eed83c686e2a65f3eccc0", kill_on_drop: false }`
[INFO] [stdout] 2da5b924698209d649377ad0834663b258e07f773e9eed83c686e2a65f3eccc0
