[INFO] fetching crate shuttle-tokio-macros-impl 0.1.0...
[INFO] testing shuttle-tokio-macros-impl-0.1.0 against 1.100.0-beta.1+cargoflags=--release for beta-release-1.100-2
[INFO] extracting crate shuttle-tokio-macros-impl 0.1.0 into /workspace/builds/worker-4-tc2/source
[INFO] started tweaking crates.io crate shuttle-tokio-macros-impl 0.1.0
[INFO] finished tweaking crates.io crate shuttle-tokio-macros-impl 0.1.0
[INFO] tweaked toml for crates.io crate shuttle-tokio-macros-impl 0.1.0 written to /workspace/builds/worker-4-tc2/source/Cargo.toml
[INFO] validating manifest of crates.io crate shuttle-tokio-macros-impl 0.1.0 on toolchain 1.100.0-beta.1
[INFO] running `Command { std: CARGO_HOME="/workspace/cargo-home" RUSTUP_HOME="/workspace/rustup-home" "/workspace/cargo-home/bin/cargo" "+1.100.0-beta.1" "metadata" "--manifest-path" "Cargo.toml" "--no-deps", kill_on_drop: false }`
[INFO] crate crates.io crate shuttle-tokio-macros-impl 0.1.0 already has a lockfile, it will not be regenerated
[INFO] running `Command { std: CARGO_HOME="/workspace/cargo-home" RUSTUP_HOME="/workspace/rustup-home" "/workspace/cargo-home/bin/cargo" "+1.100.0-beta.1" "fetch" "--manifest-path" "Cargo.toml", kill_on_drop: false }`
[INFO] running `Command { std: "docker" "create" "-v" "/var/lib/crater-agent-workspace/builds/worker-4-tc2/source:/opt/rustwide/workdir:ro,Z" "-v" "/var/lib/crater-agent-workspace/builds/worker-4-tc2/target:/opt/rustwide/target:rw,Z" "-v" "/var/lib/crater-agent-workspace/cargo-home:/opt/rustwide/cargo-home:ro,Z" "-v" "/var/lib/crater-agent-workspace/rustup-home:/opt/rustwide/rustup-home:ro,Z" "-m" "1610612736" "--network" "none" "ghcr.io/rust-lang/crates-build-env/linux@sha256:77db811e55d90add9212f6832c23229e3de5f1c1f9905e8cb07319ea15df73ac" "sleep" "infinity", kill_on_drop: false }`
[INFO] [stdout] 6893aa5d28fbe3fd2e8b36c0dc21e1a83190324a68862a22b9285fecd8cad101
[INFO] running `Command { std: "docker" "start" "6893aa5d28fbe3fd2e8b36c0dc21e1a83190324a68862a22b9285fecd8cad101", kill_on_drop: false }`
[INFO] running `Command { std: "docker" "inspect" "6893aa5d28fbe3fd2e8b36c0dc21e1a83190324a68862a22b9285fecd8cad101", kill_on_drop: false }`
[INFO] running `Command { std: "docker" "exec" "-e" "SOURCE_DIR=/opt/rustwide/workdir" "-e" "CARGO_HOME=/opt/rustwide/cargo-home" "-e" "RUSTUP_HOME=/opt/rustwide/rustup-home" "-e" "CARGO_TARGET_DIR=/opt/rustwide/target" "-w" "/opt/rustwide/workdir" "--user" "0:0" "6893aa5d28fbe3fd2e8b36c0dc21e1a83190324a68862a22b9285fecd8cad101" "/opt/rustwide/cargo-home/bin/cargo" "+1.100.0-beta.1" "metadata" "--no-deps" "--format-version=1", kill_on_drop: false }`
[INFO] running `Command { std: "docker" "inspect" "6893aa5d28fbe3fd2e8b36c0dc21e1a83190324a68862a22b9285fecd8cad101", kill_on_drop: false }`
[INFO] running `Command { std: "docker" "exec" "-e" "SOURCE_DIR=/opt/rustwide/workdir" "-e" "CARGO_HOME=/opt/rustwide/cargo-home" "-e" "RUSTUP_HOME=/opt/rustwide/rustup-home" "-e" "CARGO_TARGET_DIR=/opt/rustwide/target" "-e" "CARGO_INCREMENTAL=0" "-e" "RUST_BACKTRACE=full" "-e" "RUSTFLAGS=--cap-lints=warn" "-e" "RUSTDOCFLAGS=--cap-lints=warn" "-w" "/opt/rustwide/workdir" "--user" "0:0" "6893aa5d28fbe3fd2e8b36c0dc21e1a83190324a68862a22b9285fecd8cad101" "/opt/rustwide/cargo-home/bin/cargo" "+1.100.0-beta.1" "build" "--frozen" "--message-format=json" "--release", kill_on_drop: false }`
[INFO] [stderr]    Compiling libc v0.2.185
[INFO] [stderr]    Compiling cfg-if v1.0.4
[INFO] [stderr]    Compiling zerocopy v0.8.48
[INFO] [stderr]    Compiling autocfg v1.5.0
[INFO] [stderr]    Compiling radium v0.7.0
[INFO] [stderr]    Compiling winnow v1.0.1
[INFO] [stderr]    Compiling equivalent v1.0.2
[INFO] [stderr]    Compiling hashbrown v0.17.0
[INFO] [stderr]    Compiling quote v1.0.45
[INFO] [stderr]    Compiling once_cell v1.21.4
[INFO] [stderr]    Compiling unicode-ident v1.0.24
[INFO] [stderr]    Compiling tap v1.0.1
[INFO] [stderr]    Compiling toml_datetime v1.1.1+spec-1.1.0
[INFO] [stderr]    Compiling pin-project-lite v0.2.17
[INFO] [stderr]    Compiling scopeguard v1.2.0
[INFO] [stderr]    Compiling funty v2.0.0
[INFO] [stderr]    Compiling assoc v0.1.3
[INFO] [stderr]    Compiling owo-colors v3.5.0
[INFO] [stderr]    Compiling scoped-tls v1.0.1
[INFO] [stderr]    Compiling hex v0.4.3
[INFO] [stderr]    Compiling wyz v0.5.1
[INFO] [stderr]    Compiling proc-macro2 v1.0.106
[INFO] [stderr]    Compiling smallvec v1.15.1
[INFO] [stderr]    Compiling const-siphasher v1.0.2
[INFO] [stderr]    Compiling tracing-core v0.1.36
[INFO] [stderr]    Compiling corosensei v0.3.3
[INFO] [stderr]    Compiling tracing v0.1.44
[INFO] [stderr]    Compiling syn v2.0.117
[INFO] [stderr]    Compiling bitvec v1.0.1
[INFO] [stderr]    Compiling indexmap v2.14.0
[INFO] [stderr]    Compiling toml_parser v1.1.2+spec-1.1.0
[INFO] [stderr]    Compiling getrandom v0.2.17
[INFO] [stderr]    Compiling toml_edit v0.25.11+spec-1.1.0
[INFO] [stderr]    Compiling rand_core v0.6.4
[INFO] [stderr]    Compiling rand_pcg v0.3.1
[INFO] [stderr]    Compiling proc-macro-crate v3.5.0
[INFO] [stderr]    Compiling ppv-lite86 v0.2.21
[INFO] [stderr]    Compiling rand_chacha v0.3.1
[INFO] [stderr]    Compiling rand v0.8.6
[INFO] [stderr]    Compiling shuttle v0.9.0
[INFO] [stderr]    Compiling shuttle-tokio-macros-impl v0.1.0 (/opt/rustwide/workdir)
[INFO] [stderr] warning: unused dependency `shuttle`
[INFO] [stderr]   --> Cargo.toml:10:15
[INFO] [stderr]    |
[INFO] [stderr] 10 | [dependencies.shuttle]
[INFO] [stderr]    |               ^^^^^^^^
[INFO] [stderr]    |
[INFO] [stderr]    = note: `cargo::unused_dependencies` is set to `warn` by default
[INFO] [stderr] help: consider removing the dependency on `shuttle`
[INFO] [stderr] warning: `shuttle-tokio-macros-impl` (manifest) generated 1 warning
[INFO] [stderr]     Finished `release` profile [optimized] target(s) in 16.65s
[INFO] running `Command { std: "docker" "inspect" "6893aa5d28fbe3fd2e8b36c0dc21e1a83190324a68862a22b9285fecd8cad101", kill_on_drop: false }`
[INFO] running `Command { std: "docker" "exec" "-e" "SOURCE_DIR=/opt/rustwide/workdir" "-e" "CARGO_HOME=/opt/rustwide/cargo-home" "-e" "RUSTUP_HOME=/opt/rustwide/rustup-home" "-e" "CARGO_TARGET_DIR=/opt/rustwide/target" "-e" "CARGO_INCREMENTAL=0" "-e" "RUST_BACKTRACE=full" "-e" "RUSTFLAGS=--cap-lints=warn" "-e" "RUSTDOCFLAGS=--cap-lints=warn" "-w" "/opt/rustwide/workdir" "--user" "0:0" "6893aa5d28fbe3fd2e8b36c0dc21e1a83190324a68862a22b9285fecd8cad101" "/opt/rustwide/cargo-home/bin/cargo" "+1.100.0-beta.1" "test" "--frozen" "--no-run" "--message-format=json" "--release", kill_on_drop: false }`
[INFO] [stderr]    Compiling shuttle-tokio-macros-impl v0.1.0 (/opt/rustwide/workdir)
[INFO] [stderr] warning: unused dependency `shuttle`
[INFO] [stderr]   --> Cargo.toml:10:15
[INFO] [stderr]    |
[INFO] [stderr] 10 | [dependencies.shuttle]
[INFO] [stderr]    |               ^^^^^^^^
[INFO] [stderr]    |
[INFO] [stderr]    = note: `cargo::unused_dependencies` is set to `warn` by default
[INFO] [stderr] help: consider removing the dependency on `shuttle`
[INFO] [stderr] warning: `shuttle-tokio-macros-impl` (manifest) generated 1 warning
[INFO] [stderr]     Finished `release` profile [optimized] target(s) in 0.55s
[INFO] running `Command { std: "docker" "inspect" "6893aa5d28fbe3fd2e8b36c0dc21e1a83190324a68862a22b9285fecd8cad101", kill_on_drop: false }`
[INFO] running `Command { std: "docker" "exec" "-e" "SOURCE_DIR=/opt/rustwide/workdir" "-e" "CARGO_HOME=/opt/rustwide/cargo-home" "-e" "RUSTUP_HOME=/opt/rustwide/rustup-home" "-e" "CARGO_TARGET_DIR=/opt/rustwide/target" "-e" "CARGO_INCREMENTAL=0" "-e" "RUST_BACKTRACE=full" "-e" "RUSTFLAGS=--cap-lints=warn" "-e" "RUSTDOCFLAGS=--cap-lints=warn" "-w" "/opt/rustwide/workdir" "--user" "0:0" "6893aa5d28fbe3fd2e8b36c0dc21e1a83190324a68862a22b9285fecd8cad101" "/opt/rustwide/cargo-home/bin/cargo" "+1.100.0-beta.1" "test" "--frozen" "--release", kill_on_drop: false }`
[INFO] [stderr] warning: unused dependency `shuttle`
[INFO] [stderr]   --> Cargo.toml:10:15
[INFO] [stderr]    |
[INFO] [stderr] 10 | [dependencies.shuttle]
[INFO] [stderr]    |               ^^^^^^^^
[INFO] [stderr]    |
[INFO] [stderr]    = note: `cargo::unused_dependencies` is set to `warn` by default
[INFO] [stderr] help: consider removing the dependency on `shuttle`
[INFO] [stderr] warning: `shuttle-tokio-macros-impl` (manifest) generated 1 warning
[INFO] [stderr]     Finished `release` profile [optimized] target(s) in 0.07s
[INFO] [stderr]      Running unittests src/lib.rs (/opt/rustwide/target/release/build/shuttle-tokio-macros-impl/01610e5f72b674ff/out/shuttle_tokio_macros_impl-01610e5f72b674ff)
[INFO] [stdout] 
[INFO] [stdout] running 0 tests
[INFO] [stdout] 
[INFO] [stdout] test result: ok. 0 passed; 0 failed; 0 ignored; 0 measured; 0 filtered out; finished in 0.00s
[INFO] [stdout] 
[INFO] [stderr]    Doc-tests shuttle_tokio_macros_impl
[INFO] [stdout] 
[INFO] [stdout] running 1 test
[INFO] [stdout] test src/lib.rs - test_rt (line 68) - compile ... FAILED
[INFO] [stdout] 
[INFO] [stdout] failures:
[INFO] [stdout] 
[INFO] [stdout] ---- src/lib.rs - test_rt (line 68) stdout ----
[INFO] [stdout] error[E0433]: cannot find module or crate `shuttle_tokio` in this scope
[INFO] [stdout]   --> src/lib.rs:69:3
[INFO] [stdout]    |
[INFO] [stdout] 69 | #[shuttle_tokio::test]
[INFO] [stdout]    |   ^^^^^^^^^^^^^ use of unresolved module or unlinked crate `shuttle_tokio`
[INFO] [stdout] 
[INFO] [stdout] error: aborting due to 1 previous error
[INFO] [stdout] 
[INFO] [stdout] For more information about this error, try `rustc --explain E0433`.
[INFO] [stdout] Couldn't compile the test.
[INFO] [stdout] 
[INFO] [stdout] failures:
[INFO] [stdout]     src/lib.rs - test_rt (line 68)
[INFO] [stdout] 
[INFO] [stdout] test result: FAILED. 0 passed; 1 failed; 0 ignored; 0 measured; 0 filtered out; finished in 0.03s
[INFO] [stdout] 
[INFO] [stderr] error: doctest failed, to rerun pass `--doc`
[INFO] running `Command { std: "docker" "inspect" "6893aa5d28fbe3fd2e8b36c0dc21e1a83190324a68862a22b9285fecd8cad101", kill_on_drop: false }`
[INFO] running `Command { std: "docker" "rm" "-f" "6893aa5d28fbe3fd2e8b36c0dc21e1a83190324a68862a22b9285fecd8cad101", kill_on_drop: false }`
[INFO] [stdout] 6893aa5d28fbe3fd2e8b36c0dc21e1a83190324a68862a22b9285fecd8cad101
