[INFO] fetching crate shunyadb 0.1.0...
[INFO] testing shunyadb-0.1.0 against 1.100.0-beta.1+cargoflags=--release for beta-release-1.100-2
[INFO] extracting crate shunyadb 0.1.0 into /workspace/builds/worker-1-tc2/source
[INFO] started tweaking crates.io crate shunyadb 0.1.0
[INFO] removed 0 missing tests
[INFO] finished tweaking crates.io crate shunyadb 0.1.0
[INFO] tweaked toml for crates.io crate shunyadb 0.1.0 written to /workspace/builds/worker-1-tc2/source/Cargo.toml
[INFO] validating manifest of crates.io crate shunyadb 0.1.0 on toolchain 1.100.0-beta.1
[INFO] running `Command { std: CARGO_HOME="/workspace/cargo-home" RUSTUP_HOME="/workspace/rustup-home" "/workspace/cargo-home/bin/cargo" "+1.100.0-beta.1" "metadata" "--manifest-path" "Cargo.toml" "--no-deps", kill_on_drop: false }`
[INFO] crate crates.io crate shunyadb 0.1.0 already has a lockfile, it will not be regenerated
[INFO] running `Command { std: CARGO_HOME="/workspace/cargo-home" RUSTUP_HOME="/workspace/rustup-home" "/workspace/cargo-home/bin/cargo" "+1.100.0-beta.1" "fetch" "--manifest-path" "Cargo.toml", kill_on_drop: false }`
[INFO] [stderr] warning: `package.homepage` is redundant with `package.repository`
[INFO] [stderr]   --> Cargo.toml:51:12
[INFO] [stderr]    |
[INFO] [stderr] 51 | homepage = "https://github.com/ShreyashM17/ShunyaDB"
[INFO] [stderr]    |            ^^^^^^^^^^^^^^^^^^^^^^^^^^^^^^^^^^^^^^^^^
[INFO] [stderr] ...
[INFO] [stderr] 56 | repository = "https://github.com/ShreyashM17/ShunyaDB"
[INFO] [stderr]    |              -----------------------------------------
[INFO] [stderr]    |
[INFO] [stderr]    = note: `cargo::redundant_homepage` is set to `warn` by default
[INFO] [stderr] help: consider removing `package.homepage`
[INFO] [stderr] warning: `shunyadb` (manifest) generated 1 warning
[INFO] running `Command { std: "docker" "create" "-v" "/var/lib/crater-agent-workspace/builds/worker-1-tc2/source:/opt/rustwide/workdir:ro,Z" "-v" "/var/lib/crater-agent-workspace/builds/worker-1-tc2/target:/opt/rustwide/target:rw,Z" "-v" "/var/lib/crater-agent-workspace/cargo-home:/opt/rustwide/cargo-home:ro,Z" "-v" "/var/lib/crater-agent-workspace/rustup-home:/opt/rustwide/rustup-home:ro,Z" "-m" "1610612736" "--network" "none" "ghcr.io/rust-lang/crates-build-env/linux@sha256:77db811e55d90add9212f6832c23229e3de5f1c1f9905e8cb07319ea15df73ac" "sleep" "infinity", kill_on_drop: false }`
[INFO] [stdout] 90645950670eb21b563a594027aacb70896a1659337d6d73d8770db09fd2fb4f
[INFO] running `Command { std: "docker" "start" "90645950670eb21b563a594027aacb70896a1659337d6d73d8770db09fd2fb4f", kill_on_drop: false }`
[INFO] running `Command { std: "docker" "inspect" "90645950670eb21b563a594027aacb70896a1659337d6d73d8770db09fd2fb4f", kill_on_drop: false }`
[INFO] running `Command { std: "docker" "exec" "-e" "SOURCE_DIR=/opt/rustwide/workdir" "-e" "CARGO_HOME=/opt/rustwide/cargo-home" "-e" "RUSTUP_HOME=/opt/rustwide/rustup-home" "-e" "CARGO_TARGET_DIR=/opt/rustwide/target" "-w" "/opt/rustwide/workdir" "--user" "0:0" "90645950670eb21b563a594027aacb70896a1659337d6d73d8770db09fd2fb4f" "/opt/rustwide/cargo-home/bin/cargo" "+1.100.0-beta.1" "metadata" "--no-deps" "--format-version=1", kill_on_drop: false }`
[INFO] running `Command { std: "docker" "inspect" "90645950670eb21b563a594027aacb70896a1659337d6d73d8770db09fd2fb4f", kill_on_drop: false }`
[INFO] running `Command { std: "docker" "exec" "-e" "SOURCE_DIR=/opt/rustwide/workdir" "-e" "CARGO_HOME=/opt/rustwide/cargo-home" "-e" "RUSTUP_HOME=/opt/rustwide/rustup-home" "-e" "CARGO_TARGET_DIR=/opt/rustwide/target" "-e" "CARGO_INCREMENTAL=0" "-e" "RUST_BACKTRACE=full" "-e" "RUSTFLAGS=--cap-lints=warn" "-e" "RUSTDOCFLAGS=--cap-lints=warn" "-w" "/opt/rustwide/workdir" "--user" "0:0" "90645950670eb21b563a594027aacb70896a1659337d6d73d8770db09fd2fb4f" "/opt/rustwide/cargo-home/bin/cargo" "+1.100.0-beta.1" "build" "--frozen" "--message-format=json" "--release", kill_on_drop: false }`
[INFO] [stderr] warning: `package.homepage` is redundant with `package.repository`
[INFO] [stderr]   --> Cargo.toml:51:12
[INFO] [stderr]    |
[INFO] [stderr] 51 | homepage = "https://github.com/ShreyashM17/ShunyaDB"
[INFO] [stderr]    |            ^^^^^^^^^^^^^^^^^^^^^^^^^^^^^^^^^^^^^^^^^
[INFO] [stderr] ...
[INFO] [stderr] 56 | repository = "https://github.com/ShreyashM17/ShunyaDB"
[INFO] [stderr]    |              -----------------------------------------
[INFO] [stderr]    |
[INFO] [stderr]    = note: `cargo::redundant_homepage` is set to `warn` by default
[INFO] [stderr] help: consider removing `package.homepage`
[INFO] [stderr] warning: `shunyadb` (manifest) generated 1 warning
[INFO] [stderr]    Compiling quote v1.0.42
[INFO] [stderr]    Compiling proc-macro2 v1.0.103
[INFO] [stderr]    Compiling libc v0.2.178
[INFO] [stderr]    Compiling futures-sink v0.3.31
[INFO] [stderr]    Compiling futures-core v0.3.31
[INFO] [stderr]    Compiling rustix v1.1.2
[INFO] [stderr]    Compiling hashbrown v0.14.5
[INFO] [stderr]    Compiling linux-raw-sys v0.11.0
[INFO] [stderr]    Compiling bitflags v2.10.0
[INFO] [stderr]    Compiling fastrand v2.3.0
[INFO] [stderr]    Compiling futures-channel v0.3.31
[INFO] [stderr]    Compiling serde_json v1.0.145
[INFO] [stderr]    Compiling futures-util v0.3.31
[INFO] [stderr]    Compiling syn v2.0.111
[INFO] [stderr]    Compiling parking_lot_core v0.9.12
[INFO] [stderr]    Compiling getrandom v0.3.4
[INFO] [stderr]    Compiling parking_lot v0.12.5
[INFO] [stderr]    Compiling dashmap v5.5.3
[INFO] [stderr]    Compiling tempfile v3.23.0
[INFO] [stderr]    Compiling futures-executor v0.3.31
[INFO] [stderr]    Compiling futures v0.3.31
[INFO] [stderr]    Compiling serde_derive v1.0.228
[INFO] [stderr]    Compiling serial_test_derive v2.0.0
[INFO] [stderr]    Compiling serial_test v2.0.0
[INFO] [stderr]    Compiling serde v1.0.228
[INFO] [stderr]    Compiling bincode v1.3.3
[INFO] [stderr]    Compiling ordered-float v3.9.2
[INFO] [stderr]    Compiling shunyadb v0.1.0 (/opt/rustwide/workdir)
[INFO] [stdout] warning: use of deprecated method `std::sync::atomic::Atomic::<u64>::fetch_update`: renamed to `try_update` for consistency
[INFO] [stdout]   --> src/engine/seqno/mod.rs:26:24
[INFO] [stdout]    |
[INFO] [stdout] 26 |   let _ = GLOBAL_SEQNO.fetch_update(Ordering::SeqCst, Ordering::SeqCst, |old| {
[INFO] [stdout]    |                        ^^^^^^^^^^^^
[INFO] [stdout]    |
[INFO] [stdout]    = note: `#[warn(deprecated)]` on by default
[INFO] [stdout] help: replace the use of the deprecated method
[INFO] [stdout]    |
[INFO] [stdout] 26 -   let _ = GLOBAL_SEQNO.fetch_update(Ordering::SeqCst, Ordering::SeqCst, |old| {
[INFO] [stdout] 26 +   let _ = GLOBAL_SEQNO.try_update(Ordering::SeqCst, Ordering::SeqCst, |old| {
[INFO] [stdout]    |
[INFO] [stdout] 
[INFO] [stdout] 
[INFO] [stdout] warning: field `key` is never read
[INFO] [stdout]  --> src/cache/lru.rs:8:5
[INFO] [stdout]   |
[INFO] [stdout] 7 | struct Node<K, V> {
[INFO] [stdout]   |        ---- field in this struct
[INFO] [stdout] 8 |     key: K,
[INFO] [stdout]   |     ^^^
[INFO] [stdout]   |
[INFO] [stdout]   = note: `#[warn(dead_code)]` (part of `#[warn(unused)]`) on by default
[INFO] [stdout] 
[INFO] [stdout] 
[INFO] [stderr] warning: unused dependency `serial_test`
[INFO] [stderr]   --> Cargo.toml:28:15
[INFO] [stderr]    |
[INFO] [stderr] 28 | [dependencies.serial_test]
[INFO] [stderr]    |               ^^^^^^^^^^^^
[INFO] [stderr]    |
[INFO] [stderr]    = note: `cargo::unused_dependencies` is set to `warn` by default
[INFO] [stderr] help: consider removing the dependency on `serial_test`
[INFO] [stderr] warning: unused dependency `tempfile`
[INFO] [stderr]   --> Cargo.toml:31:15
[INFO] [stderr]    |
[INFO] [stderr] 31 | [dependencies.tempfile]
[INFO] [stderr]    |               ^^^^^^^^^
[INFO] [stderr]    |
[INFO] [stderr] help: consider removing the dependency on `tempfile`
[INFO] [stderr] warning: `shunyadb` (manifest) generated 2 warnings
[INFO] [stderr]     Finished `release` profile [optimized] target(s) in 32.72s
[INFO] running `Command { std: "docker" "inspect" "90645950670eb21b563a594027aacb70896a1659337d6d73d8770db09fd2fb4f", kill_on_drop: false }`
[INFO] running `Command { std: "docker" "exec" "-e" "SOURCE_DIR=/opt/rustwide/workdir" "-e" "CARGO_HOME=/opt/rustwide/cargo-home" "-e" "RUSTUP_HOME=/opt/rustwide/rustup-home" "-e" "CARGO_TARGET_DIR=/opt/rustwide/target" "-e" "CARGO_INCREMENTAL=0" "-e" "RUST_BACKTRACE=full" "-e" "RUSTFLAGS=--cap-lints=warn" "-e" "RUSTDOCFLAGS=--cap-lints=warn" "-w" "/opt/rustwide/workdir" "--user" "0:0" "90645950670eb21b563a594027aacb70896a1659337d6d73d8770db09fd2fb4f" "/opt/rustwide/cargo-home/bin/cargo" "+1.100.0-beta.1" "test" "--frozen" "--no-run" "--message-format=json" "--release", kill_on_drop: false }`
[INFO] [stderr] warning: `package.homepage` is redundant with `package.repository`
[INFO] [stderr]   --> Cargo.toml:51:12
[INFO] [stderr]    |
[INFO] [stderr] 51 | homepage = "https://github.com/ShreyashM17/ShunyaDB"
[INFO] [stderr]    |            ^^^^^^^^^^^^^^^^^^^^^^^^^^^^^^^^^^^^^^^^^
[INFO] [stderr] ...
[INFO] [stderr] 56 | repository = "https://github.com/ShreyashM17/ShunyaDB"
[INFO] [stderr]    |              -----------------------------------------
[INFO] [stderr]    |
[INFO] [stderr]    = note: `cargo::redundant_homepage` is set to `warn` by default
[INFO] [stderr] help: consider removing `package.homepage`
[INFO] [stderr] warning: `shunyadb` (manifest) generated 1 warning
[INFO] [stderr]    Compiling shunyadb v0.1.0 (/opt/rustwide/workdir)
[INFO] [stdout] warning: use of deprecated method `std::sync::atomic::Atomic::<u64>::fetch_update`: renamed to `try_update` for consistency
[INFO] [stdout]   --> src/engine/seqno/mod.rs:26:24
[INFO] [stdout]    |
[INFO] [stdout] 26 |   let _ = GLOBAL_SEQNO.fetch_update(Ordering::SeqCst, Ordering::SeqCst, |old| {
[INFO] [stdout]    |                        ^^^^^^^^^^^^
[INFO] [stdout]    |
[INFO] [stdout]    = note: `#[warn(deprecated)]` on by default
[INFO] [stdout] help: replace the use of the deprecated method
[INFO] [stdout]    |
[INFO] [stdout] 26 -   let _ = GLOBAL_SEQNO.fetch_update(Ordering::SeqCst, Ordering::SeqCst, |old| {
[INFO] [stdout] 26 +   let _ = GLOBAL_SEQNO.try_update(Ordering::SeqCst, Ordering::SeqCst, |old| {
[INFO] [stdout]    |
[INFO] [stdout] 
[INFO] [stdout] 
[INFO] [stdout] warning: field `key` is never read
[INFO] [stdout]  --> src/cache/lru.rs:8:5
[INFO] [stdout]   |
[INFO] [stdout] 7 | struct Node<K, V> {
[INFO] [stdout]   |        ---- field in this struct
[INFO] [stdout] 8 |     key: K,
[INFO] [stdout]   |     ^^^
[INFO] [stdout]   |
[INFO] [stdout]   = note: `#[warn(dead_code)]` (part of `#[warn(unused)]`) on by default
[INFO] [stdout] 
[INFO] [stdout] 
[INFO] [stdout] warning: use of deprecated method `std::sync::atomic::Atomic::<u64>::fetch_update`: renamed to `try_update` for consistency
[INFO] [stdout]   --> src/engine/seqno/mod.rs:26:24
[INFO] [stdout]    |
[INFO] [stdout] 26 |   let _ = GLOBAL_SEQNO.fetch_update(Ordering::SeqCst, Ordering::SeqCst, |old| {
[INFO] [stdout]    |                        ^^^^^^^^^^^^
[INFO] [stdout]    |
[INFO] [stdout]    = note: `#[warn(deprecated)]` on by default
[INFO] [stdout] help: replace the use of the deprecated method
[INFO] [stdout]    |
[INFO] [stdout] 26 -   let _ = GLOBAL_SEQNO.fetch_update(Ordering::SeqCst, Ordering::SeqCst, |old| {
[INFO] [stdout] 26 +   let _ = GLOBAL_SEQNO.try_update(Ordering::SeqCst, Ordering::SeqCst, |old| {
[INFO] [stdout]    |
[INFO] [stdout] 
[INFO] [stdout] 
[INFO] [stdout] warning: use of deprecated constant `std::f64::NAN`: replaced by the `NAN` associated constant on `f64`
[INFO] [stdout]   --> tests/record_tests.rs:64:23
[INFO] [stdout]    |
[INFO] [stdout] 64 |   let nan = std::f64::NAN;
[INFO] [stdout]    |                       ^^^
[INFO] [stdout]    |
[INFO] [stdout]    = note: `#[warn(deprecated)]` on by default
[INFO] [stdout] 
[INFO] [stdout] 
[INFO] [stdout] warning: field `key` is never read
[INFO] [stdout]  --> src/cache/lru.rs:8:5
[INFO] [stdout]   |
[INFO] [stdout] 7 | struct Node<K, V> {
[INFO] [stdout]   |        ---- field in this struct
[INFO] [stdout] 8 |     key: K,
[INFO] [stdout]   |     ^^^
[INFO] [stdout]   |
[INFO] [stdout]   = note: `#[warn(dead_code)]` (part of `#[warn(unused)]`) on by default
[INFO] [stdout] 
[INFO] [stdout] 
[INFO] [stderr] warning: unused dependency `serial_test`
[INFO] [stderr]   --> Cargo.toml:28:15
[INFO] [stderr]    |
[INFO] [stderr] 28 | [dependencies.serial_test]
[INFO] [stderr]    |               ^^^^^^^^^^^^
[INFO] [stderr]    |
[INFO] [stderr]    = note: `cargo::unused_dependencies` is set to `warn` by default
[INFO] [stderr] help: consider removing the dependency on `serial_test`
[INFO] [stderr] help: to still use for development builds, move to `dev-dependencies`
[INFO] [stderr] warning: unused dependency `tempfile`
[INFO] [stderr]   --> Cargo.toml:31:15
[INFO] [stderr]    |
[INFO] [stderr] 31 | [dependencies.tempfile]
[INFO] [stderr]    |               ^^^^^^^^^
[INFO] [stderr]    |
[INFO] [stderr] help: consider removing the dependency on `tempfile`
[INFO] [stderr] help: to still use for development builds, move to `dev-dependencies`
[INFO] [stderr] warning: `shunyadb` (manifest) generated 2 warnings
[INFO] [stderr]     Finished `release` profile [optimized] target(s) in 15.91s
[INFO] running `Command { std: "docker" "inspect" "90645950670eb21b563a594027aacb70896a1659337d6d73d8770db09fd2fb4f", kill_on_drop: false }`
[INFO] running `Command { std: "docker" "exec" "-e" "SOURCE_DIR=/opt/rustwide/workdir" "-e" "CARGO_HOME=/opt/rustwide/cargo-home" "-e" "RUSTUP_HOME=/opt/rustwide/rustup-home" "-e" "CARGO_TARGET_DIR=/opt/rustwide/target" "-e" "CARGO_INCREMENTAL=0" "-e" "RUST_BACKTRACE=full" "-e" "RUSTFLAGS=--cap-lints=warn" "-e" "RUSTDOCFLAGS=--cap-lints=warn" "-w" "/opt/rustwide/workdir" "--user" "0:0" "90645950670eb21b563a594027aacb70896a1659337d6d73d8770db09fd2fb4f" "/opt/rustwide/cargo-home/bin/cargo" "+1.100.0-beta.1" "test" "--frozen" "--release", kill_on_drop: false }`
[INFO] [stderr] warning: `package.homepage` is redundant with `package.repository`
[INFO] [stderr]   --> Cargo.toml:51:12
[INFO] [stderr]    |
[INFO] [stderr] 51 | homepage = "https://github.com/ShreyashM17/ShunyaDB"
[INFO] [stderr]    |            ^^^^^^^^^^^^^^^^^^^^^^^^^^^^^^^^^^^^^^^^^
[INFO] [stderr] ...
[INFO] [stderr] 56 | repository = "https://github.com/ShreyashM17/ShunyaDB"
[INFO] [stderr]    |              -----------------------------------------
[INFO] [stderr]    |
[INFO] [stderr]    = note: `cargo::redundant_homepage` is set to `warn` by default
[INFO] [stderr] help: consider removing `package.homepage`
[INFO] [stderr] warning: `shunyadb` (manifest) generated 1 warning
[INFO] [stderr] warning: use of deprecated method `std::sync::atomic::Atomic::<u64>::fetch_update`: renamed to `try_update` for consistency
[INFO] [stderr]   --> src/engine/seqno/mod.rs:26:24
[INFO] [stderr]    |
[INFO] [stderr] 26 |   let _ = GLOBAL_SEQNO.fetch_update(Ordering::SeqCst, Ordering::SeqCst, |old| {
[INFO] [stderr]    |                        ^^^^^^^^^^^^
[INFO] [stderr]    |
[INFO] [stderr]    = note: `#[warn(deprecated)]` on by default
[INFO] [stderr] help: replace the use of the deprecated method
[INFO] [stderr]    |
[INFO] [stderr] 26 -   let _ = GLOBAL_SEQNO.fetch_update(Ordering::SeqCst, Ordering::SeqCst, |old| {
[INFO] [stderr] 26 +   let _ = GLOBAL_SEQNO.try_update(Ordering::SeqCst, Ordering::SeqCst, |old| {
[INFO] [stderr]    |
[INFO] [stderr] 
[INFO] [stderr] warning: field `key` is never read
[INFO] [stderr]  --> src/cache/lru.rs:8:5
[INFO] [stderr]   |
[INFO] [stderr] 7 | struct Node<K, V> {
[INFO] [stderr]   |        ---- field in this struct
[INFO] [stderr] 8 |     key: K,
[INFO] [stderr]   |     ^^^
[INFO] [stderr]   |
[INFO] [stderr]   = note: `#[warn(dead_code)]` (part of `#[warn(unused)]`) on by default
[INFO] [stderr] 
[INFO] [stderr] warning: `shunyadb` (lib) generated 2 warnings (run `cargo fix --lib -p shunyadb` to apply 1 suggestion)
[INFO] [stderr] warning: `shunyadb` (lib test) generated 2 warnings (2 duplicates)
[INFO] [stderr] warning: use of deprecated constant `std::f64::NAN`: replaced by the `NAN` associated constant on `f64`
[INFO] [stderr]   --> tests/record_tests.rs:64:23
[INFO] [stderr]    |
[INFO] [stderr] 64 |   let nan = std::f64::NAN;
[INFO] [stderr]    |                       ^^^
[INFO] [stderr]    |
[INFO] [stderr]    = note: `#[warn(deprecated)]` on by default
[INFO] [stderr] 
[INFO] [stderr] warning: `shunyadb` (test "record_tests") generated 1 warning
[INFO] [stderr] warning: unused dependency `serial_test`
[INFO] [stderr]   --> Cargo.toml:28:15
[INFO] [stderr]    |
[INFO] [stderr] 28 | [dependencies.serial_test]
[INFO] [stderr]    |               ^^^^^^^^^^^^
[INFO] [stderr]    |
[INFO] [stderr]    = note: `cargo::unused_dependencies` is set to `warn` by default
[INFO] [stderr] help: consider removing the dependency on `serial_test`
[INFO] [stderr] help: to still use for development builds, move to `dev-dependencies`
[INFO] [stderr] warning: unused dependency `tempfile`
[INFO] [stderr]   --> Cargo.toml:31:15
[INFO] [stderr]    |
[INFO] [stderr] 31 | [dependencies.tempfile]
[INFO] [stderr]    |               ^^^^^^^^^
[INFO] [stderr]    |
[INFO] [stderr] help: consider removing the dependency on `tempfile`
[INFO] [stderr] help: to still use for development builds, move to `dev-dependencies`
[INFO] [stderr] warning: `shunyadb` (manifest) generated 2 warnings
[INFO] [stderr]     Finished `release` profile [optimized] target(s) in 0.09s
[INFO] [stderr]      Running unittests src/lib.rs (/opt/rustwide/target/release/build/shunyadb/7c43b569f30dd0d8/out/shunyadb-7c43b569f30dd0d8)
[INFO] [stdout] 
[INFO] [stdout] running 27 tests
[INFO] [stdout] test engine::seqno::tests::advance_to_sets_value_when_lower ... ok
[INFO] [stdout] test storage::memtable::tests::memtable_respects_snapshot_seqno ... ok
[INFO] [stdout] test storage::memtable::tests::memtable_delete_creates_tombstone ... ok
[INFO] [stdout] test storage::memtable::tests::memtable_put_and_get ... ok
[INFO] [stdout] test storage::page::tests::checksum_matches_payload ... ok
[INFO] [stdout] test storage::page::tests::checksum_is_deterministic ... ok
[INFO] [stdout] test storage::page::tests::detects_checksum_corruption ... ok
[INFO] [stdout] test storage::page::tests::lookup_finds_existing_record ... ok
[INFO] [stdout] test storage::page::tests::lookup_respects_snapshot_seqno ... ok
[INFO] [stdout] test storage::page::tests::page_builder_creates_sorted_page ... ok
[INFO] [stdout] test storage::page::tests::page_header_detects_invalid_magic ... ok
[INFO] [stdout] test storage::page::tests::page_header_validation_works ... ok
[INFO] [stdout] test storage::page::tests::lookup_uses_page_pruning ... ok
[INFO] [stdout] test storage::page::tests::page_header_validation_works_with_min_max_error ... ok
[INFO] [stdout] test storage::page::tests::page_roundtrip_works ... ok
[INFO] [stdout] test storage::page::tests::lookup_returns_not_found_for_missing_key ... ok
[INFO] [stdout] test storage::page::tests::empty_page_is_not_allowed - should panic ... ok
[INFO] [stdout] test storage::page::io::tests::check_duplicate_works ... ok
[INFO] [stdout] test storage::wal::tests::replay_rejects_out_of_order_seqno ... ok
[INFO] [stdout] test engine::seqno::tests::concurrent_allocations_are_unique_and_monotonic ... FAILED
[INFO] [stdout] test engine::seqno::tests::allocate_increments ... ok
[INFO] [stdout] test engine::seqno::tests::advance_to_noop_when_higher ... ok
[INFO] [stdout] test storage::page::tests::page_is_immutable ... ok
[INFO] [stdout] test storage::wal::tests::wal_handles_truncated_data_gracefully ... ok
[INFO] [stdout] test storage::page::tests::page_write_and_read_roundtrip ... ok
[INFO] [stdout] test storage::wal::tests::replay_detects_seqno_ordering ... FAILED
[INFO] [stdout] test storage::wal::tests::wal_append_and_read ... ok
[INFO] [stdout] 
[INFO] [stdout] failures:
[INFO] [stdout] 
[INFO] [stdout] ---- engine::seqno::tests::concurrent_allocations_are_unique_and_monotonic stdout ----
[INFO] [stdout] 
[INFO] [stdout] thread 'engine::seqno::tests::concurrent_allocations_are_unique_and_monotonic' (870) panicked at src/engine/seqno/tests.rs:91:3:
[INFO] [stdout] assertion `left == right` failed
[INFO] [stdout]   left: 80001
[INFO] [stdout]  right: 80000
[INFO] [stdout] stack backtrace:
[INFO] [stdout]    0:     0x565b570cfc91 - <<std[617be2ca0a6fd877]::sys::backtrace::BacktraceLock>::print::DisplayBacktrace as core[a373ad73a504971]::fmt::Display>::fmt
[INFO] [stdout]    1:     0x565b570e550a - core[a373ad73a504971]::fmt::write
[INFO] [stdout]    2:     0x565b570d468c - <alloc[2e1b2a31b91974c5]::vec::Vec<u8> as core[a373ad73a504971]::io::write::Write>::write_fmt
[INFO] [stdout]    3:     0x565b570aa206 - std[617be2ca0a6fd877]::panicking::default_hook::{closure#0}
[INFO] [stdout]    4:     0x565b570c7939 - std[617be2ca0a6fd877]::panicking::default_hook
[INFO] [stdout]    5:     0x565b570584b0 - test[aada8e7e76ba119b]::test_main_inner::{closure#0}
[INFO] [stdout]    6:     0x565b570c7af2 - std[617be2ca0a6fd877]::panicking::panic_with_hook
[INFO] [stdout]    7:     0x565b570aa2b2 - std[617be2ca0a6fd877]::panicking::panic_handler::{closure#0}
[INFO] [stdout]    8:     0x565b570a28b9 - std[617be2ca0a6fd877]::sys::backtrace::__rust_end_short_backtrace::<std[617be2ca0a6fd877]::panicking::panic_handler::{closure#0}, !>
[INFO] [stdout]    9:     0x565b570ab0bd - __rustc[ea4f61d10b84890b]::rust_begin_unwind
[INFO] [stdout]   10:     0x565b570e5c3c - core[a373ad73a504971]::panicking::panic_fmt
[INFO] [stdout]   11:     0x565b570e5b53 - core[a373ad73a504971]::panicking::assert_failed_inner
[INFO] [stdout]   12:     0x565b570e199d - core[a373ad73a504971]::panicking::assert_failed::<u64, u64>
[INFO] [stdout]   13:     0x565b57044c5e - <shunyadb[c6eb89b9331d561f]::engine::seqno::tests::concurrent_allocations_are_unique_and_monotonic::{closure#0} as core[a373ad73a504971]::ops::function::FnOnce<()>>::call_once
[INFO] [stdout]   14:     0x565b5708e68b - serial_test[741b6a2338c8365c]::serial_code_lock::local_serial_core
[INFO] [stdout]   15:     0x565b57044148 - <shunyadb[c6eb89b9331d561f]::engine::seqno::tests::concurrent_allocations_are_unique_and_monotonic::{closure#0} as core[a373ad73a504971]::ops::function::FnOnce<()>>::call_once
[INFO] [stdout]   16:     0x565b5704b8fb - test[aada8e7e76ba119b]::__rust_begin_short_backtrace::<core[a373ad73a504971]::result::Result<(), alloc[2e1b2a31b91974c5]::string::String>, fn() -> core[a373ad73a504971]::result::Result<(), alloc[2e1b2a31b91974c5]::string::String>>
[INFO] [stdout]   17:     0x565b57058ad5 - test[aada8e7e76ba119b]::run_test::{closure#0}
[INFO] [stdout]   18:     0x565b570523c4 - std[617be2ca0a6fd877]::sys::backtrace::__rust_begin_short_backtrace::<test[aada8e7e76ba119b]::run_test::{closure#1}, ()>
[INFO] [stdout]   19:     0x565b5705bb62 - <std[617be2ca0a6fd877]::thread::lifecycle::spawn_unchecked<test[aada8e7e76ba119b]::run_test::{closure#1}, ()>::{closure#1} as core[a373ad73a504971]::ops::function::FnOnce<()>>::call_once::{shim:vtable#0}
[INFO] [stdout]   20:     0x565b570cf4bf - <std[617be2ca0a6fd877]::sys::thread::unix::Thread>::new::thread_start
[INFO] [stdout]   21:     0x74b267d6ddfa - <unknown>
[INFO] [stdout]   22:     0x74b267e013d4 - clone
[INFO] [stdout]   23:                0x0 - <unknown>
[INFO] [stdout] 
[INFO] [stdout] ---- storage::wal::tests::replay_detects_seqno_ordering stdout ----
[INFO] [stdout] 
[INFO] [stdout] thread 'storage::wal::tests::replay_detects_seqno_ordering' (906) panicked at src/storage/wal/tests.rs:71:53:
[INFO] [stdout] called `Result::unwrap()` on an `Err` value: WAL Replay Error: seqno order violated: current seqno 4, max seqno 80001
[INFO] [stdout] 
[INFO] [stdout] Stack backtrace:
[INFO] [stdout]    0: <anyhow::Error>::msg::<alloc::string::String>
[INFO] [stdout]    1: <shunyadb::storage::wal::replay::ReplayResult>::replay_wal
[INFO] [stdout]    2: <shunyadb::storage::wal::tests::replay_detects_seqno_ordering::{closure#0} as core::ops::function::FnOnce<()>>::call_once
[INFO] [stdout]    3: test::__rust_begin_short_backtrace::<core::result::Result<(), alloc::string::String>, fn() -> core::result::Result<(), alloc::string::String>>
[INFO] [stdout]    4: test::run_test::{closure#0}
[INFO] [stdout]    5: std::sys::backtrace::__rust_begin_short_backtrace::<test::run_test::{closure#1}, ()>
[INFO] [stdout]    6: <std::thread::lifecycle::spawn_unchecked<test::run_test::{closure#1}, ()>::{closure#1} as core::ops::function::FnOnce<()>>::call_once::{shim:vtable#0}
[INFO] [stdout]    7: <std::sys::thread::unix::Thread>::new::thread_start
[INFO] [stdout]    8: <unknown>
[INFO] [stdout]    9: clone
[INFO] [stdout] stack backtrace:
[INFO] [stdout]    0:     0x565b570cfc91 - <<std[617be2ca0a6fd877]::sys::backtrace::BacktraceLock>::print::DisplayBacktrace as core[a373ad73a504971]::fmt::Display>::fmt
[INFO] [stdout]    1:     0x565b570e550a - core[a373ad73a504971]::fmt::write
[INFO] [stdout]    2:     0x565b570d468c - <alloc[2e1b2a31b91974c5]::vec::Vec<u8> as core[a373ad73a504971]::io::write::Write>::write_fmt
[INFO] [stdout]    3:     0x565b570aa206 - std[617be2ca0a6fd877]::panicking::default_hook::{closure#0}
[INFO] [stdout]    4:     0x565b570c7939 - std[617be2ca0a6fd877]::panicking::default_hook
[INFO] [stdout]    5:     0x565b570584b0 - test[aada8e7e76ba119b]::test_main_inner::{closure#0}
[INFO] [stdout]    6:     0x565b570c7af2 - std[617be2ca0a6fd877]::panicking::panic_with_hook
[INFO] [stdout]    7:     0x565b570aa2b2 - std[617be2ca0a6fd877]::panicking::panic_handler::{closure#0}
[INFO] [stdout]    8:     0x565b570a28b9 - std[617be2ca0a6fd877]::sys::backtrace::__rust_end_short_backtrace::<std[617be2ca0a6fd877]::panicking::panic_handler::{closure#0}, !>
[INFO] [stdout]    9:     0x565b570ab0bd - __rustc[ea4f61d10b84890b]::rust_begin_unwind
[INFO] [stdout]   10:     0x565b570e5c3c - core[a373ad73a504971]::panicking::panic_fmt
[INFO] [stdout]   11:     0x565b570e5a12 - core[a373ad73a504971]::result::unwrap_failed
[INFO] [stdout]   12:     0x565b5703aaa3 - <shunyadb[c6eb89b9331d561f]::storage::wal::tests::replay_detects_seqno_ordering::{closure#0} as core[a373ad73a504971]::ops::function::FnOnce<()>>::call_once
[INFO] [stdout]   13:     0x565b5704b8fb - test[aada8e7e76ba119b]::__rust_begin_short_backtrace::<core[a373ad73a504971]::result::Result<(), alloc[2e1b2a31b91974c5]::string::String>, fn() -> core[a373ad73a504971]::result::Result<(), alloc[2e1b2a31b91974c5]::string::String>>
[INFO] [stdout]   14:     0x565b57058ad5 - test[aada8e7e76ba119b]::run_test::{closure#0}
[INFO] [stdout]   15:     0x565b570523c4 - std[617be2ca0a6fd877]::sys::backtrace::__rust_begin_short_backtrace::<test[aada8e7e76ba119b]::run_test::{closure#1}, ()>
[INFO] [stdout]   16:     0x565b5705bb62 - <std[617be2ca0a6fd877]::thread::lifecycle::spawn_unchecked<test[aada8e7e76ba119b]::run_test::{closure#1}, ()>::{closure#1} as core[a373ad73a504971]::ops::function::FnOnce<()>>::call_once::{shim:vtable#0}
[INFO] [stdout]   17:     0x565b570cf4bf - <std[617be2ca0a6fd877]::sys::thread::unix::Thread>::new::thread_start
[INFO] [stdout]   18:     0x74b267d6ddfa - <unknown>
[INFO] [stdout]   19:     0x74b267e013d4 - clone
[INFO] [stdout]   20:                0x0 - <unknown>
[INFO] [stdout] 
[INFO] [stdout] 
[INFO] [stdout] failures:
[INFO] [stdout]     engine::seqno::tests::concurrent_allocations_are_unique_and_monotonic
[INFO] [stdout]     storage::wal::tests::replay_detects_seqno_ordering
[INFO] [stdout] 
[INFO] [stdout] test result: FAILED. 25 passed; 2 failed; 0 ignored; 0 measured; 0 filtered out; finished in 0.04s
[INFO] [stdout] 
[INFO] [stderr] error: test failed, to rerun pass `--lib`
[INFO] running `Command { std: "docker" "inspect" "90645950670eb21b563a594027aacb70896a1659337d6d73d8770db09fd2fb4f", kill_on_drop: false }`
[INFO] running `Command { std: "docker" "rm" "-f" "90645950670eb21b563a594027aacb70896a1659337d6d73d8770db09fd2fb4f", kill_on_drop: false }`
[INFO] [stdout] 90645950670eb21b563a594027aacb70896a1659337d6d73d8770db09fd2fb4f
