[INFO] fetching crate shunt-rs 0.1.0...
[INFO] testing shunt-rs-0.1.0 against 1.99.0-beta.8+cargoflags=--release for beta-release-1.100-2
[INFO] extracting crate shunt-rs 0.1.0 into /workspace/builds/worker-6-tc1/source
[INFO] started tweaking crates.io crate shunt-rs 0.1.0
[INFO] finished tweaking crates.io crate shunt-rs 0.1.0
[INFO] tweaked toml for crates.io crate shunt-rs 0.1.0 written to /workspace/builds/worker-6-tc1/source/Cargo.toml
[INFO] validating manifest of crates.io crate shunt-rs 0.1.0 on toolchain 1.99.0-beta.8
[INFO] running `Command { std: CARGO_HOME="/workspace/cargo-home" RUSTUP_HOME="/workspace/rustup-home" "/workspace/cargo-home/bin/cargo" "+1.99.0-beta.8" "metadata" "--manifest-path" "Cargo.toml" "--no-deps", kill_on_drop: false }`
[INFO] crate crates.io crate shunt-rs 0.1.0 already has a lockfile, it will not be regenerated
[INFO] running `Command { std: CARGO_HOME="/workspace/cargo-home" RUSTUP_HOME="/workspace/rustup-home" "/workspace/cargo-home/bin/cargo" "+1.99.0-beta.8" "fetch" "--manifest-path" "Cargo.toml", kill_on_drop: false }`
[INFO] [stderr]     Updating crates.io index
[INFO] [stderr]  Downloading crates ...
[INFO] [stderr]   Downloaded shunt_web v0.1.0
[INFO] [stderr]   Downloaded shunt_core v0.1.0
[INFO] [stderr]   Downloaded shunt_sms v0.1.0
[INFO] [stderr]   Downloaded shunt_email v0.1.0
[INFO] [stderr]   Downloaded mail-parser v0.9.4
[INFO] running `Command { std: "docker" "create" "-v" "/var/lib/crater-agent-workspace/builds/worker-6-tc1/source:/opt/rustwide/workdir:ro,Z" "-v" "/var/lib/crater-agent-workspace/builds/worker-6-tc1/target:/opt/rustwide/target:rw,Z" "-v" "/var/lib/crater-agent-workspace/cargo-home:/opt/rustwide/cargo-home:ro,Z" "-v" "/var/lib/crater-agent-workspace/rustup-home:/opt/rustwide/rustup-home:ro,Z" "-m" "1610612736" "--network" "none" "ghcr.io/rust-lang/crates-build-env/linux@sha256:77db811e55d90add9212f6832c23229e3de5f1c1f9905e8cb07319ea15df73ac" "sleep" "infinity", kill_on_drop: false }`
[INFO] [stdout] a6bd1342e53f360fd7bec05361d42363907a8ed9770e85a4aac6f758d1bd250e
[INFO] running `Command { std: "docker" "start" "a6bd1342e53f360fd7bec05361d42363907a8ed9770e85a4aac6f758d1bd250e", kill_on_drop: false }`
[INFO] running `Command { std: "docker" "inspect" "a6bd1342e53f360fd7bec05361d42363907a8ed9770e85a4aac6f758d1bd250e", kill_on_drop: false }`
[INFO] running `Command { std: "docker" "exec" "-e" "SOURCE_DIR=/opt/rustwide/workdir" "-e" "CARGO_HOME=/opt/rustwide/cargo-home" "-e" "RUSTUP_HOME=/opt/rustwide/rustup-home" "-e" "CARGO_TARGET_DIR=/opt/rustwide/target" "-w" "/opt/rustwide/workdir" "--user" "0:0" "a6bd1342e53f360fd7bec05361d42363907a8ed9770e85a4aac6f758d1bd250e" "/opt/rustwide/cargo-home/bin/cargo" "+1.99.0-beta.8" "metadata" "--no-deps" "--format-version=1", kill_on_drop: false }`
[INFO] running `Command { std: "docker" "inspect" "a6bd1342e53f360fd7bec05361d42363907a8ed9770e85a4aac6f758d1bd250e", kill_on_drop: false }`
[INFO] running `Command { std: "docker" "exec" "-e" "SOURCE_DIR=/opt/rustwide/workdir" "-e" "CARGO_HOME=/opt/rustwide/cargo-home" "-e" "RUSTUP_HOME=/opt/rustwide/rustup-home" "-e" "CARGO_TARGET_DIR=/opt/rustwide/target" "-e" "CARGO_INCREMENTAL=0" "-e" "RUST_BACKTRACE=full" "-e" "RUSTFLAGS=--cap-lints=warn" "-e" "RUSTDOCFLAGS=--cap-lints=warn" "-w" "/opt/rustwide/workdir" "--user" "0:0" "a6bd1342e53f360fd7bec05361d42363907a8ed9770e85a4aac6f758d1bd250e" "/opt/rustwide/cargo-home/bin/cargo" "+1.99.0-beta.8" "build" "--frozen" "--message-format=json" "--release", kill_on_drop: false }`
[INFO] [stderr]    Compiling futures-sink v0.3.32
[INFO] [stderr]    Compiling typenum v1.19.0
[INFO] [stderr]    Compiling parking_lot_core v0.9.12
[INFO] [stderr]    Compiling object v0.37.3
[INFO] [stderr]    Compiling zerovec-derive v0.11.2
[INFO] [stderr]    Compiling displaydoc v0.2.5
[INFO] [stderr]    Compiling tokio-macros v2.6.1
[INFO] [stderr]    Compiling futures-macro v0.3.32
[INFO] [stderr]    Compiling serde_json v1.0.149
[INFO] [stderr]    Compiling zerofrom-derive v0.1.6
[INFO] [stderr]    Compiling yoke-derive v0.8.1
[INFO] [stderr]    Compiling serde v1.0.228
[INFO] [stderr]    Compiling http-body v1.0.1
[INFO] [stderr]    Compiling async-trait v0.1.89
[INFO] [stderr]    Compiling thiserror-impl v2.0.18
[INFO] [stderr]    Compiling stacker v0.1.23
[INFO] [stderr]    Compiling futures-channel v0.3.32
[INFO] [stderr]    Compiling cpufeatures v0.2.17
[INFO] [stderr]    Compiling parking_lot v0.12.5
[INFO] [stderr]    Compiling uuid v1.22.0
[INFO] [stderr]    Compiling ahash v0.8.12
[INFO] [stderr]    Compiling is-docker v0.2.0
[INFO] [stderr]    Compiling unicase v2.9.0
[INFO] [stderr]    Compiling sha2 v0.10.9
[INFO] [stderr]    Compiling mime_guess v2.0.5
[INFO] [stderr]    Compiling hashbrown v0.14.5
[INFO] [stderr]    Compiling tokio v1.50.0
[INFO] [stderr]    Compiling futures-util v0.3.32
[INFO] [stderr]    Compiling chrono v0.4.44
[INFO] [stderr]    Compiling is-wsl v0.4.0
[INFO] [stderr]    Compiling http-body-util v0.1.3
[INFO] [stderr]    Compiling open v5.3.3
[INFO] [stderr]    Compiling generic-array v0.14.7
[INFO] [stderr]    Compiling email-encoding v0.4.1
[INFO] [stderr]    Compiling serde_urlencoded v0.7.1
[INFO] [stderr]    Compiling axum-core v0.5.6
[INFO] [stderr]    Compiling rust-embed-utils v8.11.0
[INFO] [stderr]    Compiling async-stream-impl v0.3.6
[INFO] [stderr]    Compiling quoted_printable v0.5.1
[INFO] [stderr]    Compiling matchit v0.8.4
[INFO] [stderr]    Compiling zerofrom v0.1.6
[INFO] [stderr]    Compiling thiserror v2.0.18
[INFO] [stderr]    Compiling email_address v0.2.9
[INFO] [stderr]    Compiling yoke v0.8.1
[INFO] [stderr]    Compiling mail-parser v0.9.4
[INFO] [stderr]    Compiling async-stream v0.3.6
[INFO] [stderr]    Compiling zerovec v0.11.5
[INFO] [stderr]    Compiling zerotrie v0.2.3
[INFO] [stderr]    Compiling block-buffer v0.10.4
[INFO] [stderr]    Compiling crypto-common v0.1.7
[INFO] [stderr]    Compiling digest v0.10.7
[INFO] [stderr]    Compiling tinystr v0.8.2
[INFO] [stderr]    Compiling potential_utf v0.1.4
[INFO] [stderr]    Compiling icu_collections v2.1.1
[INFO] [stderr]    Compiling icu_locale_core v2.1.1
[INFO] [stderr]    Compiling rust-embed-impl v8.11.0
[INFO] [stderr]    Compiling rust-embed v8.11.0
[INFO] [stderr]    Compiling icu_provider v2.1.1
[INFO] [stderr]    Compiling icu_normalizer v2.1.1
[INFO] [stderr]    Compiling icu_properties v2.1.2
[INFO] [stderr]    Compiling ar_archive_writer v0.5.1
[INFO] [stderr]    Compiling psm v0.1.30
[INFO] [stderr]    Compiling futures-executor v0.3.32
[INFO] [stderr]    Compiling futures v0.3.32
[INFO] [stderr]    Compiling chumsky v0.9.3
[INFO] [stderr]    Compiling idna_adapter v1.2.1
[INFO] [stderr]    Compiling idna v1.1.0
[INFO] [stderr]    Compiling shunt_core v0.1.0
[INFO] [stderr]    Compiling hyper v1.8.1
[INFO] [stderr]    Compiling tower v0.5.3
[INFO] [stderr]    Compiling lettre v0.11.19
[INFO] [stderr]    Compiling shunt_sms v0.1.0
[INFO] [stderr]    Compiling hyper-util v0.1.20
[INFO] [stderr]    Compiling axum v0.8.8
[INFO] [stderr]    Compiling shunt_email v0.1.0
[INFO] [stderr]    Compiling shunt_web v0.1.0
[INFO] [stderr]    Compiling shunt-rs v0.1.0 (/opt/rustwide/workdir)
[INFO] [stderr]     Finished `release` profile [optimized] target(s) in 51.97s
[INFO] running `Command { std: "docker" "inspect" "a6bd1342e53f360fd7bec05361d42363907a8ed9770e85a4aac6f758d1bd250e", kill_on_drop: false }`
[INFO] running `Command { std: "docker" "exec" "-e" "SOURCE_DIR=/opt/rustwide/workdir" "-e" "CARGO_HOME=/opt/rustwide/cargo-home" "-e" "RUSTUP_HOME=/opt/rustwide/rustup-home" "-e" "CARGO_TARGET_DIR=/opt/rustwide/target" "-e" "CARGO_INCREMENTAL=0" "-e" "RUST_BACKTRACE=full" "-e" "RUSTFLAGS=--cap-lints=warn" "-e" "RUSTDOCFLAGS=--cap-lints=warn" "-w" "/opt/rustwide/workdir" "--user" "0:0" "a6bd1342e53f360fd7bec05361d42363907a8ed9770e85a4aac6f758d1bd250e" "/opt/rustwide/cargo-home/bin/cargo" "+1.99.0-beta.8" "test" "--frozen" "--no-run" "--message-format=json" "--release", kill_on_drop: false }`
[INFO] [stderr]    Compiling shunt-rs v0.1.0 (/opt/rustwide/workdir)
[INFO] [stderr]     Finished `release` profile [optimized] target(s) in 0.57s
[INFO] running `Command { std: "docker" "inspect" "a6bd1342e53f360fd7bec05361d42363907a8ed9770e85a4aac6f758d1bd250e", kill_on_drop: false }`
[INFO] running `Command { std: "docker" "exec" "-e" "SOURCE_DIR=/opt/rustwide/workdir" "-e" "CARGO_HOME=/opt/rustwide/cargo-home" "-e" "RUSTUP_HOME=/opt/rustwide/rustup-home" "-e" "CARGO_TARGET_DIR=/opt/rustwide/target" "-e" "CARGO_INCREMENTAL=0" "-e" "RUST_BACKTRACE=full" "-e" "RUSTFLAGS=--cap-lints=warn" "-e" "RUSTDOCFLAGS=--cap-lints=warn" "-w" "/opt/rustwide/workdir" "--user" "0:0" "a6bd1342e53f360fd7bec05361d42363907a8ed9770e85a4aac6f758d1bd250e" "/opt/rustwide/cargo-home/bin/cargo" "+1.99.0-beta.8" "test" "--frozen" "--release", kill_on_drop: false }`
[INFO] [stderr]     Finished `release` profile [optimized] target(s) in 0.14s
[INFO] [stderr]      Running unittests src/lib.rs (/opt/rustwide/target/release/deps/shunt_rs-179eafc8351fd115)
[INFO] [stdout] 
[INFO] [stdout] running 0 tests
[INFO] [stdout] 
[INFO] [stdout] test result: ok. 0 passed; 0 failed; 0 ignored; 0 measured; 0 filtered out; finished in 0.00s
[INFO] [stdout] 
[INFO] [stderr]    Doc-tests shunt_rs
[INFO] [stdout] 
[INFO] [stdout] running 1 test
[INFO] [stderr] error: doctest failed, to rerun pass `--doc`
[INFO] [stdout] test src/lib.rs - (line 11) - compile ... FAILED
[INFO] [stdout] 
[INFO] [stdout] failures:
[INFO] [stdout] 
[INFO] [stdout] ---- src/lib.rs - (line 11) stdout ----
[INFO] [stdout] error[E0433]: cannot find module or crate `shunt` in this scope
[INFO] [stdout]   --> src/lib.rs:12:5
[INFO] [stdout]    |
[INFO] [stdout] 12 | use shunt::prelude::*;
[INFO] [stdout]    |     ^^^^^ use of unresolved module or unlinked crate `shunt`
[INFO] [stdout]    |
[INFO] [stdout]    = help: if you wanted to use a crate named `shunt`, use `cargo add shunt` to add it to your `Cargo.toml`
[INFO] [stdout] 
[INFO] [stdout] error[E0433]: cannot find module or crate `shunt` in this scope
[INFO] [stdout]   --> src/lib.rs:13:5
[INFO] [stdout]    |
[INFO] [stdout] 13 | use shunt::lettre::{AsyncTransport, Message};
[INFO] [stdout]    |     ^^^^^ use of unresolved module or unlinked crate `shunt`
[INFO] [stdout]    |
[INFO] [stdout]    = help: if you wanted to use a crate named `shunt`, use `cargo add shunt` to add it to your `Cargo.toml`
[INFO] [stdout] 
[INFO] [stdout] error[E0432]: unresolved imports `shunt::lettre::AsyncTransport`, `shunt::lettre::Message`
[INFO] [stdout]   --> src/lib.rs:13:21
[INFO] [stdout]    |
[INFO] [stdout] 13 | use shunt::lettre::{AsyncTransport, Message};
[INFO] [stdout]    |                     ^^^^^^^^^^^^^^  ^^^^^^^
[INFO] [stdout] 
[INFO] [stdout] error[E0433]: cannot find type `ShuntConfig` in this scope
[INFO] [stdout]   --> src/lib.rs:16:14
[INFO] [stdout]    |
[INFO] [stdout] 16 | let config = ShuntConfig::default();
[INFO] [stdout]    |              ^^^^^^^^^^^ use of undeclared type `ShuntConfig`
[INFO] [stdout] 
[INFO] [stdout] error[E0433]: cannot find type `FileStore` in this scope
[INFO] [stdout]   --> src/lib.rs:17:33
[INFO] [stdout]    |
[INFO] [stdout] 17 | let store = std::sync::Arc::new(FileStore::new(&config));
[INFO] [stdout]    |                                 ^^^^^^^^^ use of undeclared type `FileStore`
[INFO] [stdout] 
[INFO] [stdout] error[E0433]: cannot find type `ShuntEmailTransport` in this scope
[INFO] [stdout]   --> src/lib.rs:18:17
[INFO] [stdout]    |
[INFO] [stdout] 18 | let transport = ShuntEmailTransport::new(store, config);
[INFO] [stdout]    |                 ^^^^^^^^^^^^^^^^^^^ use of undeclared type `ShuntEmailTransport`
[INFO] [stdout] 
[INFO] [stdout] error: aborting due to 6 previous errors
[INFO] [stdout] 
[INFO] [stdout] Some errors have detailed explanations: E0432, E0433.
[INFO] [stdout] For more information about an error, try `rustc --explain E0432`.
[INFO] [stdout] Couldn't compile the test.
[INFO] [stdout] 
[INFO] [stdout] failures:
[INFO] [stdout]     src/lib.rs - (line 11)
[INFO] [stdout] 
[INFO] [stdout] test result: FAILED. 0 passed; 1 failed; 0 ignored; 0 measured; 0 filtered out; finished in 0.12s
[INFO] [stdout] 
[INFO] running `Command { std: "docker" "inspect" "a6bd1342e53f360fd7bec05361d42363907a8ed9770e85a4aac6f758d1bd250e", kill_on_drop: false }`
[INFO] running `Command { std: "docker" "rm" "-f" "a6bd1342e53f360fd7bec05361d42363907a8ed9770e85a4aac6f758d1bd250e", kill_on_drop: false }`
[INFO] [stdout] a6bd1342e53f360fd7bec05361d42363907a8ed9770e85a4aac6f758d1bd250e
