[INFO] fetching crate shrinkwrap 0.7.0...
[INFO] testing shrinkwrap-0.7.0 against 1.99.0-beta.8+cargoflags=--release for beta-release-1.100-2
[INFO] extracting crate shrinkwrap 0.7.0 into /workspace/builds/worker-6-tc1/source
[INFO] started tweaking crates.io crate shrinkwrap 0.7.0
[INFO] finished tweaking crates.io crate shrinkwrap 0.7.0
[INFO] tweaked toml for crates.io crate shrinkwrap 0.7.0 written to /workspace/builds/worker-6-tc1/source/Cargo.toml
[INFO] validating manifest of crates.io crate shrinkwrap 0.7.0 on toolchain 1.99.0-beta.8
[INFO] running `Command { std: CARGO_HOME="/workspace/cargo-home" RUSTUP_HOME="/workspace/rustup-home" "/workspace/cargo-home/bin/cargo" "+1.99.0-beta.8" "metadata" "--manifest-path" "Cargo.toml" "--no-deps", kill_on_drop: false }`
[INFO] crate crates.io crate shrinkwrap 0.7.0 already has a lockfile, it will not be regenerated
[INFO] running `Command { std: CARGO_HOME="/workspace/cargo-home" RUSTUP_HOME="/workspace/rustup-home" "/workspace/cargo-home/bin/cargo" "+1.99.0-beta.8" "fetch" "--manifest-path" "Cargo.toml", kill_on_drop: false }`
[INFO] [stderr]     Updating crates.io index
[INFO] [stderr]  Downloading crates ...
[INFO] [stderr]   Downloaded shrinkwrap-macros v0.7.0
[INFO] running `Command { std: "docker" "create" "-v" "/var/lib/crater-agent-workspace/builds/worker-6-tc1/source:/opt/rustwide/workdir:ro,Z" "-v" "/var/lib/crater-agent-workspace/builds/worker-6-tc1/target:/opt/rustwide/target:rw,Z" "-v" "/var/lib/crater-agent-workspace/cargo-home:/opt/rustwide/cargo-home:ro,Z" "-v" "/var/lib/crater-agent-workspace/rustup-home:/opt/rustwide/rustup-home:ro,Z" "-m" "1610612736" "--network" "none" "ghcr.io/rust-lang/crates-build-env/linux@sha256:77db811e55d90add9212f6832c23229e3de5f1c1f9905e8cb07319ea15df73ac" "sleep" "infinity", kill_on_drop: false }`
[INFO] [stdout] d0a08bedcc01bb37cff9e0fa222f13854d3dbebda06fa6d4aa849617eed1ef5d
[INFO] running `Command { std: "docker" "start" "d0a08bedcc01bb37cff9e0fa222f13854d3dbebda06fa6d4aa849617eed1ef5d", kill_on_drop: false }`
[INFO] running `Command { std: "docker" "inspect" "d0a08bedcc01bb37cff9e0fa222f13854d3dbebda06fa6d4aa849617eed1ef5d", kill_on_drop: false }`
[INFO] running `Command { std: "docker" "exec" "-e" "SOURCE_DIR=/opt/rustwide/workdir" "-e" "CARGO_HOME=/opt/rustwide/cargo-home" "-e" "RUSTUP_HOME=/opt/rustwide/rustup-home" "-e" "CARGO_TARGET_DIR=/opt/rustwide/target" "-w" "/opt/rustwide/workdir" "--user" "0:0" "d0a08bedcc01bb37cff9e0fa222f13854d3dbebda06fa6d4aa849617eed1ef5d" "/opt/rustwide/cargo-home/bin/cargo" "+1.99.0-beta.8" "metadata" "--no-deps" "--format-version=1", kill_on_drop: false }`
[INFO] running `Command { std: "docker" "inspect" "d0a08bedcc01bb37cff9e0fa222f13854d3dbebda06fa6d4aa849617eed1ef5d", kill_on_drop: false }`
[INFO] running `Command { std: "docker" "exec" "-e" "SOURCE_DIR=/opt/rustwide/workdir" "-e" "CARGO_HOME=/opt/rustwide/cargo-home" "-e" "RUSTUP_HOME=/opt/rustwide/rustup-home" "-e" "CARGO_TARGET_DIR=/opt/rustwide/target" "-e" "CARGO_INCREMENTAL=0" "-e" "RUST_BACKTRACE=full" "-e" "RUSTFLAGS=--cap-lints=warn" "-e" "RUSTDOCFLAGS=--cap-lints=warn" "-w" "/opt/rustwide/workdir" "--user" "0:0" "d0a08bedcc01bb37cff9e0fa222f13854d3dbebda06fa6d4aa849617eed1ef5d" "/opt/rustwide/cargo-home/bin/cargo" "+1.99.0-beta.8" "build" "--frozen" "--message-format=json" "--release", kill_on_drop: false }`
[INFO] [stderr]    Compiling syn v2.0.117
[INFO] [stderr]    Compiling proc-macro-error-attr2 v2.0.0
[INFO] [stderr]    Compiling darling_core v0.23.0
[INFO] [stderr]    Compiling proc-macro-error2 v2.0.1
[INFO] [stderr]    Compiling serde_derive v1.0.228
[INFO] [stderr]    Compiling darling_macro v0.23.0
[INFO] [stderr]    Compiling darling v0.23.0
[INFO] [stderr]    Compiling shrinkwrap-macros v0.7.0
[INFO] [stderr]    Compiling serde v1.0.228
[INFO] [stderr]    Compiling shrinkwrap v0.7.0 (/opt/rustwide/workdir)
[INFO] [stderr]     Finished `release` profile [optimized] target(s) in 10.26s
[INFO] [stderr] warning: the following packages contain code that will be rejected by a future version of Rust: proc-macro-error2 v2.0.1
[INFO] [stderr] note: to see what the problems were, use the option `--future-incompat-report`, or run `cargo report future-incompatibilities --id 1`
[INFO] running `Command { std: "docker" "inspect" "d0a08bedcc01bb37cff9e0fa222f13854d3dbebda06fa6d4aa849617eed1ef5d", kill_on_drop: false }`
[INFO] running `Command { std: "docker" "exec" "-e" "SOURCE_DIR=/opt/rustwide/workdir" "-e" "CARGO_HOME=/opt/rustwide/cargo-home" "-e" "RUSTUP_HOME=/opt/rustwide/rustup-home" "-e" "CARGO_TARGET_DIR=/opt/rustwide/target" "-e" "CARGO_INCREMENTAL=0" "-e" "RUST_BACKTRACE=full" "-e" "RUSTFLAGS=--cap-lints=warn" "-e" "RUSTDOCFLAGS=--cap-lints=warn" "-w" "/opt/rustwide/workdir" "--user" "0:0" "d0a08bedcc01bb37cff9e0fa222f13854d3dbebda06fa6d4aa849617eed1ef5d" "/opt/rustwide/cargo-home/bin/cargo" "+1.99.0-beta.8" "test" "--frozen" "--no-run" "--message-format=json" "--release", kill_on_drop: false }`
[INFO] [stderr]    Compiling shrinkwrap v0.7.0 (/opt/rustwide/workdir)
[INFO] [stderr]     Finished `release` profile [optimized] target(s) in 0.22s
[INFO] [stderr] warning: the following packages contain code that will be rejected by a future version of Rust: proc-macro-error2 v2.0.1
[INFO] [stderr] note: to see what the problems were, use the option `--future-incompat-report`, or run `cargo report future-incompatibilities --id 1`
[INFO] running `Command { std: "docker" "inspect" "d0a08bedcc01bb37cff9e0fa222f13854d3dbebda06fa6d4aa849617eed1ef5d", kill_on_drop: false }`
[INFO] running `Command { std: "docker" "exec" "-e" "SOURCE_DIR=/opt/rustwide/workdir" "-e" "CARGO_HOME=/opt/rustwide/cargo-home" "-e" "RUSTUP_HOME=/opt/rustwide/rustup-home" "-e" "CARGO_TARGET_DIR=/opt/rustwide/target" "-e" "CARGO_INCREMENTAL=0" "-e" "RUST_BACKTRACE=full" "-e" "RUSTFLAGS=--cap-lints=warn" "-e" "RUSTDOCFLAGS=--cap-lints=warn" "-w" "/opt/rustwide/workdir" "--user" "0:0" "d0a08bedcc01bb37cff9e0fa222f13854d3dbebda06fa6d4aa849617eed1ef5d" "/opt/rustwide/cargo-home/bin/cargo" "+1.99.0-beta.8" "test" "--frozen" "--release", kill_on_drop: false }`
[INFO] [stderr]     Finished `release` profile [optimized] target(s) in 0.03s
[INFO] [stderr] warning: the following packages contain code that will be rejected by a future version of Rust: proc-macro-error2 v2.0.1
[INFO] [stderr] note: to see what the problems were, use the option `--future-incompat-report`, or run `cargo report future-incompatibilities --id 1`
[INFO] [stderr]      Running unittests src/lib.rs (/opt/rustwide/target/release/deps/shrinkwrap-318c165f6c8e688e)
[INFO] [stdout] 
[INFO] [stdout] running 0 tests
[INFO] [stdout] 
[INFO] [stdout] test result: ok. 0 passed; 0 failed; 0 ignored; 0 measured; 0 filtered out; finished in 0.00s
[INFO] [stdout] 
[INFO] [stderr]    Doc-tests shrinkwrap
[INFO] [stdout] 
[INFO] [stdout] running 6 tests
[INFO] [stdout] test src/transform.rs - transform::Transform (line 7) ... FAILED
[INFO] [stdout] test src/to_nest.rs - to_nest::TransformToNest (line 120) ... FAILED
[INFO] [stdout] test src/to_nest.rs - to_nest::TransformToNest (line 15) ... FAILED
[INFO] [stdout] test src/to_nest.rs - to_nest::TransformToNest (line 47) ... FAILED
[INFO] [stdout] test src/to_nest.rs - to_nest::ToNestWith (line 169) ... FAILED
[INFO] [stdout] test src/to_nest.rs - to_nest::TransformToNest (line 87) ... FAILED
[INFO] [stdout] 
[INFO] [stdout] failures:
[INFO] [stdout] 
[INFO] [stdout] ---- src/transform.rs - transform::Transform (line 7) stdout ----
[INFO] [stdout] error[E0277]: the trait bound `MyTransformOpts: TransformOptions` is not satisfied
[INFO] [stdout]   --> src/transform.rs:19:20
[INFO] [stdout]    |
[INFO] [stdout] 19 |     type Options = MyTransformOpts;
[INFO] [stdout]    |                    ^^^^^^^^^^^^^^^ unsatisfied trait bound
[INFO] [stdout]    |
[INFO] [stdout] help: the trait `TransformOptions` is not implemented for `MyTransformOpts`
[INFO] [stdout]   --> src/transform.rs:11:1
[INFO] [stdout]    |
[INFO] [stdout] 11 | struct MyTransformOpts {
[INFO] [stdout]    | ^^^^^^^^^^^^^^^^^^^^^^
[INFO] [stdout] note: required by a bound in `shrinkwrap::Transform::Options`
[INFO] [stdout]   --> src/transform.rs:22:19
[INFO] [stdout]    |
[INFO] [stdout] 22 |     type Options: TransformOptions;
[INFO] [stdout]    |                   ^^^^^^^^^^^^^^^^ required by this bound in `Transform::Options`
[INFO] [stdout] 
[INFO] [stdout] error: aborting due to 1 previous error
[INFO] [stdout] 
[INFO] [stdout] For more information about this error, try `rustc --explain E0277`.
[INFO] [stdout] Couldn't compile the test.
[INFO] [stdout] ---- src/to_nest.rs - to_nest::TransformToNest (line 120) stdout ----
[INFO] [stdout] error: Unknown field: `nests`. Did you mean `nest`?
[INFO] [stdout]    --> src/to_nest.rs:128:18
[INFO] [stdout]     |
[INFO] [stdout] 128 |     #[shrinkwrap(nests("text"))]
[INFO] [stdout]     |                  ^^^^^
[INFO] [stdout] 
[INFO] [stdout] error[E0425]: cannot find type `TestDataNestedUsdValueText` in this scope
[INFO] [stdout]    --> src/to_nest.rs:139:29
[INFO] [stdout]     |
[INFO] [stdout] 139 | impl TransformToNest<Option<TestDataNestedUsdValueText>> for MyTransform {
[INFO] [stdout]     |                             ^^^^^^^^^^^^^^^^^^^^^^^^^^ not found in this scope
[INFO] [stdout]     |
[INFO] [stdout] help: you might be missing a type parameter
[INFO] [stdout]     |
[INFO] [stdout] 139 | impl<TestDataNestedUsdValueText> TransformToNest<Option<TestDataNestedUsdValueText>> for MyTransform {
[INFO] [stdout]     |     ++++++++++++++++++++++++++++
[INFO] [stdout] 
[INFO] [stdout] error[E0425]: cannot find type `TestDataNestedUsdValue` in this scope
[INFO] [stdout]    --> src/to_nest.rs:140:17
[INFO] [stdout]     |
[INFO] [stdout] 140 |     type Data = TestDataNestedUsdValue;
[INFO] [stdout]     |                 ^^^^^^^^^^^^^^^^^^^^^^ not found in this scope
[INFO] [stdout] 
[INFO] [stdout] error[E0425]: cannot find type `TestDataNestedUsdValue` in this scope
[INFO] [stdout]    --> src/to_nest.rs:142:40
[INFO] [stdout]     |
[INFO] [stdout] 142 |     fn transform_to_nest(&self, data: &TestDataNestedUsdValue, _: &MyTransformOpts) -> Option<TestDataNestedUsdValueText> {
[INFO] [stdout]     |                                        ^^^^^^^^^^^^^^^^^^^^^^ not found in this scope
[INFO] [stdout] 
[INFO] [stdout] error[E0425]: cannot find type `TestDataNestedUsdValueText` in this scope
[INFO] [stdout]    --> src/to_nest.rs:142:95
[INFO] [stdout]     |
[INFO] [stdout] 142 |     fn transform_to_nest(&self, data: &TestDataNestedUsdValue, _: &MyTransformOpts) -> Option<TestDataNestedUsdValueText> {
[INFO] [stdout]     |                                                                                               ^^^^^^^^^^^^^^^^^^^^^^^^^^ not found in this scope
[INFO] [stdout]     |
[INFO] [stdout] help: you might be missing a type parameter
[INFO] [stdout]     |
[INFO] [stdout] 139 | impl<TestDataNestedUsdValueText> TransformToNest<Option<TestDataNestedUsdValueText>> for MyTransform {
[INFO] [stdout]     |     ++++++++++++++++++++++++++++
[INFO] [stdout] 
[INFO] [stdout] error[E0425]: cannot find value `options` in this scope
[INFO] [stdout]    --> src/to_nest.rs:143:9
[INFO] [stdout]     |
[INFO] [stdout] 143 |         options.with_text.then(||
[INFO] [stdout]     |         ^^^^^^^ not found in this scope
[INFO] [stdout] 
[INFO] [stdout] error[E0422]: cannot find struct, variant or union type `TestDataNestedUsdValueText` in this scope
[INFO] [stdout]    --> src/to_nest.rs:144:13
[INFO] [stdout]     |
[INFO] [stdout] 144 |             TestDataNestedUsdValueText {
[INFO] [stdout]     |             ^^^^^^^^^^^^^^^^^^^^^^^^^^ not found in this scope
[INFO] [stdout] 
[INFO] [stdout] error[E0277]: the trait bound `(): TransformOptions` is not satisfied
[INFO] [stdout]    --> src/to_nest.rs:135:20
[INFO] [stdout]     |
[INFO] [stdout] 135 |     type Options = MyTransformOpts;
[INFO] [stdout]     |                    ^^^^^^^^^^^^^^^ the trait `TransformOptions` is not implemented for `()`
[INFO] [stdout]     |
[INFO] [stdout] note: required by a bound in `shrinkwrap::Transform::Options`
[INFO] [stdout]    --> src/transform.rs:22:19
[INFO] [stdout]     |
[INFO] [stdout]  22 |     type Options: TransformOptions;
[INFO] [stdout]     |                   ^^^^^^^^^^^^^^^^ required by this bound in `Transform::Options`
[INFO] [stdout] 
[INFO] [stdout] error: aborting due to 8 previous errors
[INFO] [stdout] 
[INFO] [stdout] Some errors have detailed explanations: E0277, E0422, E0425.
[INFO] [stdout] For more information about an error, try `rustc --explain E0277`.
[INFO] [stdout] Couldn't compile the test.
[INFO] [stdout] ---- src/to_nest.rs - to_nest::TransformToNest (line 15) stdout ----
[INFO] [stdout] error: Unknown field: `nests`. Did you mean `nest`?
[INFO] [stdout]   --> src/to_nest.rs:23:18
[INFO] [stdout]    |
[INFO] [stdout] 23 |     #[shrinkwrap(nests("text"))]
[INFO] [stdout]    |                  ^^^^^
[INFO] [stdout] 
[INFO] [stdout] error[E0425]: cannot find type `MyDataNestedText` in this scope
[INFO] [stdout]   --> src/to_nest.rs:34:22
[INFO] [stdout]    |
[INFO] [stdout] 34 | impl TransformToNest<MyDataNestedText> for MyTransform {
[INFO] [stdout]    |                      ^^^^^^^^^^^^^^^^ not found in this scope
[INFO] [stdout]    |
[INFO] [stdout] help: you might be missing a type parameter
[INFO] [stdout]    |
[INFO] [stdout] 34 | impl<MyDataNestedText> TransformToNest<MyDataNestedText> for MyTransform {
[INFO] [stdout]    |     ++++++++++++++++++
[INFO] [stdout] 
[INFO] [stdout] error[E0425]: cannot find type `MyDataNestedText` in this scope
[INFO] [stdout]   --> src/to_nest.rs:36:72
[INFO] [stdout]    |
[INFO] [stdout] 36 |     fn transform_to_nest(&self, data: &MyData, _: &MyTransformOpts) -> MyDataNestedText {
[INFO] [stdout]    |                                                                        ^^^^^^^^^^^^^^^^ not found in this scope
[INFO] [stdout] 
[INFO] [stdout] error[E0422]: cannot find struct, variant or union type `MyDataNestedText` in this scope
[INFO] [stdout]   --> src/to_nest.rs:37:9
[INFO] [stdout]    |
[INFO] [stdout] 37 |         MyDataNestedText {
[INFO] [stdout]    |         ^^^^^^^^^^^^^^^^ not found in this scope
[INFO] [stdout] 
[INFO] [stdout] error[E0277]: the trait bound `(): TransformOptions` is not satisfied
[INFO] [stdout]   --> src/to_nest.rs:30:20
[INFO] [stdout]    |
[INFO] [stdout] 30 |     type Options = MyTransformOpts;
[INFO] [stdout]    |                    ^^^^^^^^^^^^^^^ the trait `TransformOptions` is not implemented for `()`
[INFO] [stdout]    |
[INFO] [stdout] note: required by a bound in `shrinkwrap::Transform::Options`
[INFO] [stdout]   --> src/transform.rs:22:19
[INFO] [stdout]    |
[INFO] [stdout] 22 |     type Options: TransformOptions;
[INFO] [stdout]    |                   ^^^^^^^^^^^^^^^^ required by this bound in `Transform::Options`
[INFO] [stdout] 
[INFO] [stdout] error: aborting due to 5 previous errors
[INFO] [stdout] 
[INFO] [stdout] Some errors have detailed explanations: E0277, E0422, E0425.
[INFO] [stdout] For more information about an error, try `rustc --explain E0277`.
[INFO] [stdout] Couldn't compile the test.
[INFO] [stdout] ---- src/to_nest.rs - to_nest::TransformToNest (line 47) stdout ----
[INFO] [stdout] error: Unknown field: `nests`. Did you mean `nest`?
[INFO] [stdout]   --> src/to_nest.rs:63:18
[INFO] [stdout]    |
[INFO] [stdout] 63 |     #[shrinkwrap(nests("text"))]
[INFO] [stdout]    |                  ^^^^^
[INFO] [stdout] 
[INFO] [stdout] error[E0425]: cannot find type `MyDataNestedText` in this scope
[INFO] [stdout]   --> src/to_nest.rs:68:29
[INFO] [stdout]    |
[INFO] [stdout] 68 | impl TransformToNest<Option<MyDataNestedText>> for MyTransform {
[INFO] [stdout]    |                             ^^^^^^^^^^^^^^^^ not found in this scope
[INFO] [stdout]    |
[INFO] [stdout] help: you might be missing a type parameter
[INFO] [stdout]    |
[INFO] [stdout] 68 | impl<MyDataNestedText> TransformToNest<Option<MyDataNestedText>> for MyTransform {
[INFO] [stdout]    |     ++++++++++++++++++
[INFO] [stdout] 
[INFO] [stdout] error[E0425]: cannot find type `MyDataNestedText` in this scope
[INFO] [stdout]   --> src/to_nest.rs:71:85
[INFO] [stdout]    |
[INFO] [stdout] 71 |     fn transform_to_nest(&self, data: &MyData, options: &MyTransformOpts) -> Option<MyDataNestedText> {
[INFO] [stdout]    |                                                                                     ^^^^^^^^^^^^^^^^ not found in this scope
[INFO] [stdout]    |
[INFO] [stdout] help: you might be missing a type parameter
[INFO] [stdout]    |
[INFO] [stdout] 68 | impl<MyDataNestedText> TransformToNest<Option<MyDataNestedText>> for MyTransform {
[INFO] [stdout]    |     ++++++++++++++++++
[INFO] [stdout] 
[INFO] [stdout] error[E0422]: cannot find struct, variant or union type `MyDataNestedText` in this scope
[INFO] [stdout]   --> src/to_nest.rs:73:13
[INFO] [stdout]    |
[INFO] [stdout] 73 |             MyDataNestedText {
[INFO] [stdout]    |             ^^^^^^^^^^^^^^^^ not found in this scope
[INFO] [stdout] 
[INFO] [stdout] error[E0277]: the trait bound `MyTransformOpts: TransformOptions` is not satisfied
[INFO] [stdout]   --> src/to_nest.rs:56:20
[INFO] [stdout]    |
[INFO] [stdout] 56 |     type Options = MyTransformOpts;
[INFO] [stdout]    |                    ^^^^^^^^^^^^^^^ unsatisfied trait bound
[INFO] [stdout]    |
[INFO] [stdout] help: the trait `TransformOptions` is not implemented for `MyTransformOpts`
[INFO] [stdout]   --> src/to_nest.rs:52:1
[INFO] [stdout]    |
[INFO] [stdout] 52 | struct MyTransformOpts {
[INFO] [stdout]    | ^^^^^^^^^^^^^^^^^^^^^^
[INFO] [stdout] note: required by a bound in `shrinkwrap::Transform::Options`
[INFO] [stdout]   --> src/transform.rs:22:19
[INFO] [stdout]    |
[INFO] [stdout] 22 |     type Options: TransformOptions;
[INFO] [stdout]    |                   ^^^^^^^^^^^^^^^^ required by this bound in `Transform::Options`
[INFO] [stdout] 
[INFO] [stdout] error: aborting due to 5 previous errors
[INFO] [stdout] 
[INFO] [stdout] Some errors have detailed explanations: E0277, E0422, E0425.
[INFO] [stdout] For more information about an error, try `rustc --explain E0277`.
[INFO] [stdout] Couldn't compile the test.
[INFO] [stdout] ---- src/to_nest.rs - to_nest::ToNestWith (line 169) stdout ----
[INFO] [stdout] error: Unknown field: `nests`. Did you mean `nest`?
[INFO] [stdout]    --> src/to_nest.rs:178:18
[INFO] [stdout]     |
[INFO] [stdout] 178 |     #[shrinkwrap(nests("text"))]
[INFO] [stdout]     |                  ^^^^^
[INFO] [stdout] 
[INFO] [stdout] error[E0425]: cannot find type `MyDataNestedText` in this scope
[INFO] [stdout]    --> src/to_nest.rs:188:22
[INFO] [stdout]     |
[INFO] [stdout] 188 | impl TransformToNest<MyDataNestedText> for MyTransform {
[INFO] [stdout]     |                      ^^^^^^^^^^^^^^^^ not found in this scope
[INFO] [stdout]     |
[INFO] [stdout] help: you might be missing a type parameter
[INFO] [stdout]     |
[INFO] [stdout] 188 | impl<MyDataNestedText> TransformToNest<MyDataNestedText> for MyTransform {
[INFO] [stdout]     |     ++++++++++++++++++
[INFO] [stdout] 
[INFO] [stdout] error[E0425]: cannot find type `MyDataNestedText` in this scope
[INFO] [stdout]    --> src/to_nest.rs:190:79
[INFO] [stdout]     |
[INFO] [stdout] 190 |     fn transform_to_nest(&self, data: &MyData, _options: &MyTransformOpts) -> MyDataNestedText {
[INFO] [stdout]     |                                                                               ^^^^^^^^^^^^^^^^ not found in this scope
[INFO] [stdout] 
[INFO] [stdout] error[E0422]: cannot find struct, variant or union type `MyDataNestedText` in this scope
[INFO] [stdout]    --> src/to_nest.rs:191:9
[INFO] [stdout]     |
[INFO] [stdout] 191 |         MyDataNestedText {
[INFO] [stdout]     |         ^^^^^^^^^^^^^^^^ not found in this scope
[INFO] [stdout] 
[INFO] [stdout] error[E0425]: cannot find type `MyDataNestedText` in this scope
[INFO] [stdout]    --> src/to_nest.rs:203:20
[INFO] [stdout]     |
[INFO] [stdout] 203 | let text_variants: MyDataNestedText = data.to_nest_with(&transform, &transform_opts);
[INFO] [stdout]     |                    ^^^^^^^^^^^^^^^^ not found in this scope
[INFO] [stdout] 
[INFO] [stdout] error[E0277]: the trait bound `(): TransformOptions` is not satisfied
[INFO] [stdout]    --> src/to_nest.rs:185:20
[INFO] [stdout]     |
[INFO] [stdout] 185 |     type Options = MyTransformOpts;
[INFO] [stdout]     |                    ^^^^^^^^^^^^^^^ the trait `TransformOptions` is not implemented for `()`
[INFO] [stdout]     |
[INFO] [stdout] note: required by a bound in `shrinkwrap::Transform::Options`
[INFO] [stdout]    --> src/transform.rs:22:19
[INFO] [stdout]     |
[INFO] [stdout]  22 |     type Options: TransformOptions;
[INFO] [stdout]     |                   ^^^^^^^^^^^^^^^^ required by this bound in `Transform::Options`
[INFO] [stdout] 
[INFO] [stdout] error: aborting due to 6 previous errors
[INFO] [stdout] 
[INFO] [stdout] Some errors have detailed explanations: E0277, E0422, E0425.
[INFO] [stdout] For more information about an error, try `rustc --explain E0277`.
[INFO] [stdout] Couldn't compile the test.
[INFO] [stdout] ---- src/to_nest.rs - to_nest::TransformToNest (line 87) stdout ----
[INFO] [stdout] error: Unknown field: `nests`. Did you mean `nest`?
[INFO] [stdout]   --> src/to_nest.rs:95:18
[INFO] [stdout]    |
[INFO] [stdout] 95 |     #[shrinkwrap(nests("text"))]
[INFO] [stdout]    |                  ^^^^^
[INFO] [stdout] 
[INFO] [stdout] error[E0425]: cannot find type `TestDataNestedUsdValueText` in this scope
[INFO] [stdout]    --> src/to_nest.rs:106:22
[INFO] [stdout]     |
[INFO] [stdout] 106 | impl TransformToNest<TestDataNestedUsdValueText> for MyTransform {
[INFO] [stdout]     |                      ^^^^^^^^^^^^^^^^^^^^^^^^^^ not found in this scope
[INFO] [stdout]     |
[INFO] [stdout] help: you might be missing a type parameter
[INFO] [stdout]     |
[INFO] [stdout] 106 | impl<TestDataNestedUsdValueText> TransformToNest<TestDataNestedUsdValueText> for MyTransform {
[INFO] [stdout]     |     ++++++++++++++++++++++++++++
[INFO] [stdout] 
[INFO] [stdout] error[E0425]: cannot find type `TestDataNestedUsdValue` in this scope
[INFO] [stdout]    --> src/to_nest.rs:107:17
[INFO] [stdout]     |
[INFO] [stdout] 107 |     type Data = TestDataNestedUsdValue;
[INFO] [stdout]     |                 ^^^^^^^^^^^^^^^^^^^^^^ not found in this scope
[INFO] [stdout] 
[INFO] [stdout] error[E0425]: cannot find type `TestDataNestedUsdValue` in this scope
[INFO] [stdout]    --> src/to_nest.rs:109:40
[INFO] [stderr] error: doctest failed, to rerun pass `--doc`
[INFO] [stdout]     |
[INFO] [stdout] 109 |     fn transform_to_nest(&self, data: &TestDataNestedUsdValue, _: &MyTransformOpts) -> TestDataNestedUsdValueText {
[INFO] [stdout]     |                                        ^^^^^^^^^^^^^^^^^^^^^^ not found in this scope
[INFO] [stdout] 
[INFO] [stdout] error[E0425]: cannot find type `TestDataNestedUsdValueText` in this scope
[INFO] [stdout]    --> src/to_nest.rs:109:88
[INFO] [stdout]     |
[INFO] [stdout] 109 |     fn transform_to_nest(&self, data: &TestDataNestedUsdValue, _: &MyTransformOpts) -> TestDataNestedUsdValueText {
[INFO] [stdout]     |                                                                                        ^^^^^^^^^^^^^^^^^^^^^^^^^^ not found in this scope
[INFO] [stdout] 
[INFO] [stdout] error[E0422]: cannot find struct, variant or union type `TestDataNestedUsdValueText` in this scope
[INFO] [stdout]    --> src/to_nest.rs:110:9
[INFO] [stdout]     |
[INFO] [stdout] 110 |         TestDataNestedUsdValueText {
[INFO] [stdout]     |         ^^^^^^^^^^^^^^^^^^^^^^^^^^ not found in this scope
[INFO] [stdout] 
[INFO] [stdout] error[E0277]: the trait bound `(): TransformOptions` is not satisfied
[INFO] [stdout]    --> src/to_nest.rs:102:20
[INFO] [stdout]     |
[INFO] [stdout] 102 |     type Options = MyTransformOpts;
[INFO] [stdout]     |                    ^^^^^^^^^^^^^^^ the trait `TransformOptions` is not implemented for `()`
[INFO] [stdout]     |
[INFO] [stdout] note: required by a bound in `shrinkwrap::Transform::Options`
[INFO] [stdout]    --> src/transform.rs:22:19
[INFO] [stdout]     |
[INFO] [stdout]  22 |     type Options: TransformOptions;
[INFO] [stdout]     |                   ^^^^^^^^^^^^^^^^ required by this bound in `Transform::Options`
[INFO] [stdout] 
[INFO] [stdout] error: aborting due to 7 previous errors
[INFO] [stdout] 
[INFO] [stdout] Some errors have detailed explanations: E0277, E0422, E0425.
[INFO] [stdout] For more information about an error, try `rustc --explain E0277`.
[INFO] [stdout] Couldn't compile the test.
[INFO] [stdout] 
[INFO] [stdout] failures:
[INFO] [stdout]     src/to_nest.rs - to_nest::ToNestWith (line 169)
[INFO] [stdout]     src/to_nest.rs - to_nest::TransformToNest (line 120)
[INFO] [stdout]     src/to_nest.rs - to_nest::TransformToNest (line 15)
[INFO] [stdout]     src/to_nest.rs - to_nest::TransformToNest (line 47)
[INFO] [stdout]     src/to_nest.rs - to_nest::TransformToNest (line 87)
[INFO] [stdout]     src/transform.rs - transform::Transform (line 7)
[INFO] [stdout] 
[INFO] [stdout] test result: FAILED. 0 passed; 6 failed; 0 ignored; 0 measured; 0 filtered out; finished in 0.32s
[INFO] [stdout] 
[INFO] [stdout] all doctests ran in 0.57s; merged doctests compilation took 0.24s
[INFO] running `Command { std: "docker" "inspect" "d0a08bedcc01bb37cff9e0fa222f13854d3dbebda06fa6d4aa849617eed1ef5d", kill_on_drop: false }`
[INFO] running `Command { std: "docker" "rm" "-f" "d0a08bedcc01bb37cff9e0fa222f13854d3dbebda06fa6d4aa849617eed1ef5d", kill_on_drop: false }`
[INFO] [stdout] d0a08bedcc01bb37cff9e0fa222f13854d3dbebda06fa6d4aa849617eed1ef5d
