[INFO] fetching crate shpool 0.11.5...
[INFO] testing shpool-0.11.5 against 1.99.0-beta.8+cargoflags=--release for beta-release-1.100-2
[INFO] extracting crate shpool 0.11.5 into /workspace/builds/worker-6-tc1/source
[INFO] started tweaking crates.io crate shpool 0.11.5
[INFO] removed 0 missing tests
[INFO] finished tweaking crates.io crate shpool 0.11.5
[INFO] tweaked toml for crates.io crate shpool 0.11.5 written to /workspace/builds/worker-6-tc1/source/Cargo.toml
[INFO] validating manifest of crates.io crate shpool 0.11.5 on toolchain 1.99.0-beta.8
[INFO] running `Command { std: CARGO_HOME="/workspace/cargo-home" RUSTUP_HOME="/workspace/rustup-home" "/workspace/cargo-home/bin/cargo" "+1.99.0-beta.8" "metadata" "--manifest-path" "Cargo.toml" "--no-deps", kill_on_drop: false }`
[INFO] crate crates.io crate shpool 0.11.5 already has a lockfile, it will not be regenerated
[INFO] running `Command { std: CARGO_HOME="/workspace/cargo-home" RUSTUP_HOME="/workspace/rustup-home" "/workspace/cargo-home/bin/cargo" "+1.99.0-beta.8" "fetch" "--manifest-path" "Cargo.toml", kill_on_drop: false }`
[INFO] [stderr]     Updating crates.io index
[INFO] [stderr]  Downloading crates ...
[INFO] [stderr]   Downloaded ntest_timeout v0.9.5
[INFO] [stderr]   Downloaded ntest v0.9.5
[INFO] [stderr]   Downloaded libshpool v0.11.5
[INFO] [stderr]   Downloaded termini v1.0.0
[INFO] [stderr]   Downloaded kqueue-sys v1.1.0
[INFO] [stderr]   Downloaded ntest_test_cases v0.9.5
[INFO] [stderr]   Downloaded shpool-protocol v0.4.3
[INFO] [stderr]   Downloaded errno v0.2.8
[INFO] [stderr]   Downloaded toml_edit v0.25.11+spec-1.1.0
[INFO] [stderr]   Downloaded motd v0.2.2
[INFO] [stderr]   Downloaded shpool_vt100 v0.1.3
[INFO] [stderr]   Downloaded shpool_pty v0.5.0
[INFO] [stderr]   Downloaded which v6.0.3
[INFO] [stderr]   Downloaded libproc v0.14.11
[INFO] [stderr]   Downloaded shpool-vterm v0.2.2
[INFO] [stderr]   Downloaded winsafe v0.0.19
[INFO] running `Command { std: "docker" "create" "-v" "/var/lib/crater-agent-workspace/builds/worker-6-tc1/source:/opt/rustwide/workdir:ro,Z" "-v" "/var/lib/crater-agent-workspace/builds/worker-6-tc1/target:/opt/rustwide/target:rw,Z" "-v" "/var/lib/crater-agent-workspace/cargo-home:/opt/rustwide/cargo-home:ro,Z" "-v" "/var/lib/crater-agent-workspace/rustup-home:/opt/rustwide/rustup-home:ro,Z" "-m" "1610612736" "--network" "none" "ghcr.io/rust-lang/crates-build-env/linux@sha256:77db811e55d90add9212f6832c23229e3de5f1c1f9905e8cb07319ea15df73ac" "sleep" "infinity", kill_on_drop: false }`
[INFO] [stdout] 063aa44c8f844a44398e3821dc0c5cf2806dee6ea336962eeb271d407e344415
[INFO] running `Command { std: "docker" "start" "063aa44c8f844a44398e3821dc0c5cf2806dee6ea336962eeb271d407e344415", kill_on_drop: false }`
[INFO] running `Command { std: "docker" "inspect" "063aa44c8f844a44398e3821dc0c5cf2806dee6ea336962eeb271d407e344415", kill_on_drop: false }`
[INFO] running `Command { std: "docker" "exec" "-e" "SOURCE_DIR=/opt/rustwide/workdir" "-e" "CARGO_HOME=/opt/rustwide/cargo-home" "-e" "RUSTUP_HOME=/opt/rustwide/rustup-home" "-e" "CARGO_TARGET_DIR=/opt/rustwide/target" "-w" "/opt/rustwide/workdir" "--user" "0:0" "063aa44c8f844a44398e3821dc0c5cf2806dee6ea336962eeb271d407e344415" "/opt/rustwide/cargo-home/bin/cargo" "+1.99.0-beta.8" "metadata" "--no-deps" "--format-version=1", kill_on_drop: false }`
[INFO] running `Command { std: "docker" "inspect" "063aa44c8f844a44398e3821dc0c5cf2806dee6ea336962eeb271d407e344415", kill_on_drop: false }`
[INFO] running `Command { std: "docker" "exec" "-e" "SOURCE_DIR=/opt/rustwide/workdir" "-e" "CARGO_HOME=/opt/rustwide/cargo-home" "-e" "RUSTUP_HOME=/opt/rustwide/rustup-home" "-e" "CARGO_TARGET_DIR=/opt/rustwide/target" "-e" "CARGO_INCREMENTAL=0" "-e" "RUST_BACKTRACE=full" "-e" "RUSTFLAGS=--cap-lints=warn" "-e" "RUSTDOCFLAGS=--cap-lints=warn" "-w" "/opt/rustwide/workdir" "--user" "0:0" "063aa44c8f844a44398e3821dc0c5cf2806dee6ea336962eeb271d407e344415" "/opt/rustwide/cargo-home/bin/cargo" "+1.99.0-beta.8" "build" "--frozen" "--message-format=json" "--release", kill_on_drop: false }`
[INFO] [stderr]    Compiling libc v0.2.186
[INFO] [stderr]    Compiling bitflags v2.11.1
[INFO] [stderr]    Compiling either v1.15.0
[INFO] [stderr]    Compiling rustix v0.38.44
[INFO] [stderr]    Compiling nom v7.1.3
[INFO] [stderr]    Compiling regex-automata v0.4.16
[INFO] [stderr]    Compiling serde v1.0.228
[INFO] [stderr]    Compiling linux-raw-sys v0.4.15
[INFO] [stderr]    Compiling syn v2.0.117
[INFO] [stderr]    Compiling bindgen v0.72.1
[INFO] [stderr]    Compiling clang-sys v1.8.1
[INFO] [stderr]    Compiling inotify-sys v0.1.8
[INFO] [stderr]    Compiling home v0.5.11
[INFO] [stderr]    Compiling rustc-hash v2.1.2
[INFO] [stderr]    Compiling radium v0.7.0
[INFO] [stderr]    Compiling memoffset v0.9.1
[INFO] [stderr]    Compiling tap v1.0.1
[INFO] [stderr]    Compiling cfg_aliases v0.2.1
[INFO] [stderr]    Compiling itertools v0.13.0
[INFO] [stderr]    Compiling arrayvec v0.7.6
[INFO] [stderr]    Compiling nix v0.31.2
[INFO] [stderr]    Compiling wyz v0.5.1
[INFO] [stderr]    Compiling winnow v1.0.2
[INFO] [stderr]    Compiling signal-hook v0.4.4
[INFO] [stderr]    Compiling funty v2.0.0
[INFO] [stderr]    Compiling lock_api v0.4.14
[INFO] [stderr]    Compiling rustix v1.1.4
[INFO] [stderr]    Compiling rmp v0.8.15
[INFO] [stderr]    Compiling vte v0.15.0
[INFO] [stderr]    Compiling notify-types v2.1.0
[INFO] [stderr]    Compiling toml_datetime v1.1.1+spec-1.1.0
[INFO] [stderr]    Compiling tracing-log v0.2.0
[INFO] [stderr]    Compiling serde_spanned v1.1.1
[INFO] [stderr]    Compiling toml_parser v1.1.2+spec-1.1.0
[INFO] [stderr]    Compiling vte v0.14.1
[INFO] [stderr]    Compiling toml_writer v1.1.1+spec-1.1.0
[INFO] [stderr]    Compiling bitvec v1.1.1
[INFO] [stderr]    Compiling unicode-width v0.1.14
[INFO] [stderr]    Compiling fastrand v2.4.1
[INFO] [stderr]    Compiling rmp-serde v1.3.1
[INFO] [stderr]    Compiling shpool_vt100 v0.1.3
[INFO] [stderr]    Compiling strip-ansi-escapes v0.2.1
[INFO] [stderr]    Compiling termini v1.0.0
[INFO] [stderr]    Compiling tracing-subscriber v0.3.23
[INFO] [stderr]    Compiling serde_json v1.0.149
[INFO] [stderr]    Compiling shell-words v1.1.1
[INFO] [stderr]    Compiling toml v1.1.2+spec-1.1.0
[INFO] [stderr]    Compiling regex v1.13.1
[INFO] [stderr]    Compiling errno v0.3.14
[INFO] [stderr]    Compiling inotify v0.11.5
[INFO] [stderr]    Compiling signal-hook-registry v1.4.8
[INFO] [stderr]    Compiling cexpr v0.6.0
[INFO] [stderr]    Compiling errno v0.2.8
[INFO] [stderr]    Compiling mio v1.2.0
[INFO] [stderr]    Compiling getrandom v0.4.2
[INFO] [stderr]    Compiling parking_lot_core v0.9.12
[INFO] [stderr]    Compiling shpool_pty v0.5.0
[INFO] [stderr]    Compiling tempfile v3.27.0
[INFO] [stderr]    Compiling which v6.0.3
[INFO] [stderr]    Compiling notify v8.2.0
[INFO] [stderr]    Compiling parking_lot v0.12.5
[INFO] [stderr]    Compiling motd v0.2.2
[INFO] [stderr]    Compiling serde_derive v1.0.228
[INFO] [stderr]    Compiling tracing-attributes v0.1.31
[INFO] [stderr]    Compiling clap_derive v4.6.1
[INFO] [stderr]    Compiling tracing v0.1.44
[INFO] [stderr]    Compiling shpool-vterm v0.2.2
[INFO] [stderr]    Compiling clap v4.6.1
[INFO] [stderr]    Compiling shpool-protocol v0.4.3
[INFO] [stderr]    Compiling libproc v0.14.11
[INFO] [stderr]    Compiling libshpool v0.11.5
[INFO] [stderr]    Compiling shpool v0.11.5 (/opt/rustwide/workdir)
[INFO] [stderr]     Finished `release` profile [optimized] target(s) in 1m 08s
[INFO] running `Command { std: "docker" "inspect" "063aa44c8f844a44398e3821dc0c5cf2806dee6ea336962eeb271d407e344415", kill_on_drop: false }`
[INFO] running `Command { std: "docker" "exec" "-e" "SOURCE_DIR=/opt/rustwide/workdir" "-e" "CARGO_HOME=/opt/rustwide/cargo-home" "-e" "RUSTUP_HOME=/opt/rustwide/rustup-home" "-e" "CARGO_TARGET_DIR=/opt/rustwide/target" "-e" "CARGO_INCREMENTAL=0" "-e" "RUST_BACKTRACE=full" "-e" "RUSTFLAGS=--cap-lints=warn" "-e" "RUSTDOCFLAGS=--cap-lints=warn" "-w" "/opt/rustwide/workdir" "--user" "0:0" "063aa44c8f844a44398e3821dc0c5cf2806dee6ea336962eeb271d407e344415" "/opt/rustwide/cargo-home/bin/cargo" "+1.99.0-beta.8" "test" "--frozen" "--no-run" "--message-format=json" "--release", kill_on_drop: false }`
[INFO] [stderr]    Compiling hashbrown v0.17.0
[INFO] [stderr]    Compiling winnow v1.0.2
[INFO] [stderr]    Compiling toml_datetime v1.1.1+spec-1.1.0
[INFO] [stderr]    Compiling syn v1.0.109
[INFO] [stderr]    Compiling getrandom v0.2.17
[INFO] [stderr]    Compiling aho-corasick v1.1.4
[INFO] [stderr]    Compiling rand_core v0.6.4
[INFO] [stderr]    Compiling rand_chacha v0.3.1
[INFO] [stderr]    Compiling rand v0.8.6
[INFO] [stderr]    Compiling indexmap v2.14.0
[INFO] [stderr]    Compiling regex-automata v0.4.16
[INFO] [stderr]    Compiling toml_parser v1.1.2+spec-1.1.0
[INFO] [stderr]    Compiling toml_edit v0.25.11+spec-1.1.0
[INFO] [stderr]    Compiling proc-macro-crate v3.5.0
[INFO] [stderr]    Compiling ntest_test_cases v0.9.5
[INFO] [stderr]    Compiling ntest_timeout v0.9.5
[INFO] [stderr]    Compiling ntest v0.9.5
[INFO] [stderr]    Compiling regex v1.13.1
[INFO] [stderr]    Compiling shpool v0.11.5 (/opt/rustwide/workdir)
[INFO] [stderr]     Finished `release` profile [optimized] target(s) in 44.85s
[INFO] running `Command { std: "docker" "inspect" "063aa44c8f844a44398e3821dc0c5cf2806dee6ea336962eeb271d407e344415", kill_on_drop: false }`
[INFO] running `Command { std: "docker" "exec" "-e" "SOURCE_DIR=/opt/rustwide/workdir" "-e" "CARGO_HOME=/opt/rustwide/cargo-home" "-e" "RUSTUP_HOME=/opt/rustwide/rustup-home" "-e" "CARGO_TARGET_DIR=/opt/rustwide/target" "-e" "CARGO_INCREMENTAL=0" "-e" "RUST_BACKTRACE=full" "-e" "RUSTFLAGS=--cap-lints=warn" "-e" "RUSTDOCFLAGS=--cap-lints=warn" "-w" "/opt/rustwide/workdir" "--user" "0:0" "063aa44c8f844a44398e3821dc0c5cf2806dee6ea336962eeb271d407e344415" "/opt/rustwide/cargo-home/bin/cargo" "+1.99.0-beta.8" "test" "--frozen" "--release", kill_on_drop: false }`
[INFO] [stderr]     Finished `release` profile [optimized] target(s) in 0.17s
[INFO] [stderr]      Running unittests src/main.rs (/opt/rustwide/target/release/deps/shpool-42c1ce1d21c66cff)
[INFO] [stderr]      Running tests/attach.rs (/opt/rustwide/target/release/deps/attach-9b0b8d0aef30e528)
[INFO] [stdout] 
[INFO] [stdout] running 0 tests
[INFO] [stdout] 
[INFO] [stdout] test result: ok. 0 passed; 0 failed; 0 ignored; 0 measured; 0 filtered out; finished in 0.00s
[INFO] [stdout] 
[INFO] [stdout] 
[INFO] [stdout] running 68 tests
[INFO] [stdout] test bounce ... FAILED
[INFO] [stdout] test busy ... FAILED
[INFO] [stdout] test dynamic_config_change ... FAILED
[INFO] [stdout] test dynamic_session_restore_mode ... FAILED
[INFO] [stdout] test exit_immediate_drop ... ignored
[INFO] [stdout] test background_custom_cmd ... FAILED
[INFO] [stdout] test busy_background ... FAILED
[INFO] [stdout] test custom_cmd ... FAILED
[INFO] [stdout] test busy_background_force ... FAILED
[INFO] [stdout] test daemon_hangup ... FAILED
[INFO] [stdout] test default_keybinding_detach ... FAILED
[INFO] [stdout] test blank_session_not_allowed ... FAILED
[INFO] [stdout] test custom_keybinding_detach ... FAILED
[INFO] [stdout] test cli_tmp_dir ... FAILED
[INFO] [stdout] test detaches_on_null_stdin ... FAILED
[INFO] [stdout] test custom_cmd_template ... FAILED
[INFO] [stdout] test config_disable_symlink_ssh_auth_sock ... FAILED
[INFO] [stdout] test config_tmp_default_dir ... FAILED
[INFO] [stdout] test dir_template ... FAILED
[INFO] [stdout] test dot_session_not_allowed ... FAILED
[INFO] [stdout] test exits_with_same_status_as_shell ... FAILED
[INFO] [stdout] test explicit_exit ... FAILED
[INFO] [stdout] test force_attach ... FAILED
[INFO] [stdout] test forward_env ... FAILED
[INFO] [stdout] test forward_env_all ... FAILED
[INFO] [stdout] test forward_env_live_reload_bash ... FAILED
[INFO] [stdout] test forward_env_live_reload_fish ... FAILED
[INFO] [stdout] test forward_env_live_reload_zsh ... FAILED
[INFO] [stdout] test forward_env_none ... FAILED
[INFO] [stdout] test motd_debounced_pager_debounces ... FAILED
[INFO] [stdout] test motd_debounced_pager_unbounces ... FAILED
[INFO] [stdout] test motd_dump ... FAILED
[INFO] [stdout] test motd_env_test_pager_preserves_term_env_var ... FAILED
[INFO] [stdout] test fresh_shell_does_not_have_prompt_setup_code ... FAILED
[INFO] [stdout] test fresh_shell_draws_prompt ... FAILED
[INFO] [stdout] test happy_path ... FAILED
[INFO] [stdout] test prompt_prefix_fish ... ignored
[INFO] [stdout] test has_right_default_path ... FAILED
[INFO] [stdout] test high_byte_input_does_not_kill_session ... FAILED
[INFO] [stdout] test screen_restore_input_modes ... FAILED
[INFO] [stdout] test screen_wide_restore ... FAILED
[INFO] [stdout] test injects_term_even_with_env_config ... FAILED
[INFO] [stdout] test keybinding_input_shear ... FAILED
[INFO] [stdout] test keybinding_partial_match_nostrip ... FAILED
[INFO] [stdout] test keybinding_partial_match_nostrip_split ... FAILED
[INFO] [stdout] test keybinding_strip_keys ... FAILED
[INFO] [stdout] test keybinding_strip_keys_split ... FAILED
[INFO] [stdout] test lines_big_chunk_restore ... FAILED
[INFO] [stdout] test lines_restore ... FAILED
[INFO] [stdout] test missing_ssh_auth_sock ... FAILED
[INFO] [stdout] test up_arrow_no_crash ... ignored
[INFO] [stdout] test motd_pager ... FAILED
[INFO] [stdout] test output_flood ... FAILED
[INFO] [stdout] test prompt_prefix_bash ... FAILED
[INFO] [stdout] test prompt_prefix_zsh ... FAILED
[INFO] [stdout] test screen_restore ... FAILED
[INFO] [stdout] test injects_local_env_vars ... FAILED
[INFO] [stdout] test slash_session_not_allowed ... FAILED
[INFO] [stdout] test start_cmd ... FAILED
[INFO] [stdout] test start_cmd_template ... FAILED
[INFO] [stdout] test symlink_ssh_auth_sock ... FAILED
[INFO] [stdout] test templated_session_name_no_switch_on_unrelated_var ... FAILED
[INFO] [stdout] test templated_session_name_switch ... FAILED
[INFO] [stdout] test ttl_hangup ... FAILED
[INFO] [stdout] test ttl_no_hangup_yet ... FAILED
[INFO] [stdout] test two_at_once ... FAILED
[INFO] [stdout] test version_mismatch_client_newer ... FAILED
[INFO] [stdout] test whitespace_session_not_allowed ... FAILED
[INFO] [stdout] 
[INFO] [stdout] failures:
[INFO] [stdout] 
[INFO] [stdout] ---- bounce stdout ----
[INFO] [stdout] 
[INFO] [stdout] thread '<unnamed>' (2255) panicked at tests/support/daemon.rs:114:72:
[INFO] [stdout] called `Result::unwrap()` on an `Err` value: cargo invocation failed
[INFO] [stdout] 
[INFO] [stdout] Stack backtrace:
[INFO] [stdout]    0: <anyhow::Error>::msg::<&str>
[INFO] [stdout]    1: attach::support::shpool_bin
[INFO] [stdout]    2: <attach::support::daemon::Proc>::new::<&str>
[INFO] [stdout]    3: attach::bounce::ntest_callback
[INFO] [stdout]    4: std::sys::backtrace::__rust_begin_short_backtrace::<attach::bounce::{closure#0}, ()>
[INFO] [stdout]    5: <std::thread::lifecycle::spawn_unchecked<attach::bounce::{closure#0}, ()>::{closure#1} as core::ops::function::FnOnce<()>>::call_once::{shim:vtable#0}
[INFO] [stdout]    6: <std::sys::thread::unix::Thread>::new::thread_start
[INFO] [stdout]    7: <unknown>
[INFO] [stdout]    8: clone
[INFO] [stdout] stack backtrace:
[INFO] [stdout]    0:     0x6422014a1bb1 - <<std[70759c8f55707aa4]::sys::backtrace::BacktraceLock>::print::DisplayBacktrace as core[df12db4294e9bfd3]::fmt::Display>::fmt
[INFO] [stdout]    1:     0x6422014b849a - core[df12db4294e9bfd3]::fmt::write
[INFO] [stdout]    2:     0x6422014a69fc - <alloc[2182bb758b4b3781]::vec::Vec<u8> as core[df12db4294e9bfd3]::io::write::Write>::write_fmt
[INFO] [stdout]    3:     0x64220147b066 - std[70759c8f55707aa4]::panicking::default_hook::{closure#0}
[INFO] [stdout]    4:     0x642201498e69 - std[70759c8f55707aa4]::panicking::default_hook
[INFO] [stdout]    5:     0x642201367130 - test[9d35eded1c95d3be]::test_main_inner::<test[9d35eded1c95d3be]::test_main_static::{closure#0}>::{closure#0}
[INFO] [stdout]    6:     0x642201499192 - std[70759c8f55707aa4]::panicking::panic_with_hook
[INFO] [stdout]    7:     0x64220147b112 - std[70759c8f55707aa4]::panicking::panic_handler::{closure#0}
[INFO] [stdout]    8:     0x642201473629 - std[70759c8f55707aa4]::sys::backtrace::__rust_end_short_backtrace::<std[70759c8f55707aa4]::panicking::panic_handler::{closure#0}, !>
[INFO] [stdout]    9:     0x64220147be1d - __rustc[8fa7c3cbc660c2b3]::rust_begin_unwind
[INFO] [stdout]   10:     0x6422014b8c7c - core[df12db4294e9bfd3]::panicking::panic_fmt
[INFO] [stdout]   11:     0x6422014b8a52 - core[df12db4294e9bfd3]::result::unwrap_failed
[INFO] [stdout]   12:     0x642201332ed6 - <attach[246c6d453981a4a3]::support::daemon::Proc>::new::<&str>
[INFO] [stdout]   13:     0x6422012f7b56 - attach[246c6d453981a4a3]::bounce::ntest_callback
[INFO] [stdout]   14:     0x64220133107f - std[70759c8f55707aa4]::sys::backtrace::__rust_begin_short_backtrace::<attach[246c6d453981a4a3]::bounce::{closure#0}, ()>
[INFO] [stdout]   15:     0x64220132861b - <std[70759c8f55707aa4]::thread::lifecycle::spawn_unchecked<attach[246c6d453981a4a3]::bounce::{closure#0}, ()>::{closure#1} as core[df12db4294e9bfd3]::ops::function::FnOnce<()>>::call_once::{shim:vtable#0}
[INFO] [stdout]   16:     0x6422014a0ee9 - <std[70759c8f55707aa4]::sys::thread::unix::Thread>::new::thread_start
[INFO] [stdout]   17:     0x79db0cc18dfa - <unknown>
[INFO] [stdout]   18:     0x79db0ccac3d4 - clone
[INFO] [stdout]   19:                0x0 - <unknown>
[INFO] [stdout] 
[INFO] [stdout] ---- busy stdout ----
[INFO] [stdout] 
[INFO] [stdout] thread '<unnamed>' (2269) panicked at tests/support/daemon.rs:114:72:
[INFO] [stdout] called `Result::unwrap()` on an `Err` value: cargo invocation failed
[INFO] [stdout] 
[INFO] [stdout] Stack backtrace:
[INFO] [stdout]    0: <anyhow::Error>::msg::<&str>
[INFO] [stdout]    1: attach::support::shpool_bin
[INFO] [stdout]    2: <attach::support::daemon::Proc>::new::<&str>
[INFO] [stdout]    3: attach::busy::ntest_callback
[INFO] [stdout]    4: std::sys::backtrace::__rust_begin_short_backtrace::<attach::busy::{closure#0}, ()>
[INFO] [stdout]    5: <std::thread::lifecycle::spawn_unchecked<attach::busy::{closure#0}, ()>::{closure#1} as core::ops::function::FnOnce<()>>::call_once::{shim:vtable#0}
[INFO] [stdout]    6: <std::sys::thread::unix::Thread>::new::thread_start
[INFO] [stdout]    7: <unknown>
[INFO] [stdout]    8: clone
[INFO] [stdout] stack backtrace:
[INFO] [stdout]    0:     0x6422014a1bb1 - <<std[70759c8f55707aa4]::sys::backtrace::BacktraceLock>::print::DisplayBacktrace as core[df12db4294e9bfd3]::fmt::Display>::fmt
[INFO] [stdout]    1:     0x6422014b849a - core[df12db4294e9bfd3]::fmt::write
[INFO] [stdout]    2:     0x6422014a69fc - <alloc[2182bb758b4b3781]::vec::Vec<u8> as core[df12db4294e9bfd3]::io::write::Write>::write_fmt
[INFO] [stdout]    3:     0x64220147b066 - std[70759c8f55707aa4]::panicking::default_hook::{closure#0}
[INFO] [stdout]    4:     0x642201498e69 - std[70759c8f55707aa4]::panicking::default_hook
[INFO] [stdout]    5:     0x642201367130 - test[9d35eded1c95d3be]::test_main_inner::<test[9d35eded1c95d3be]::test_main_static::{closure#0}>::{closure#0}
[INFO] [stdout]    6:     0x642201499192 - std[70759c8f55707aa4]::panicking::panic_with_hook
[INFO] [stdout]    7:     0x64220147b112 - std[70759c8f55707aa4]::panicking::panic_handler::{closure#0}
[INFO] [stdout]    8:     0x642201473629 - std[70759c8f55707aa4]::sys::backtrace::__rust_end_short_backtrace::<std[70759c8f55707aa4]::panicking::panic_handler::{closure#0}, !>
[INFO] [stdout]    9:     0x64220147be1d - __rustc[8fa7c3cbc660c2b3]::rust_begin_unwind
[INFO] [stdout]   10:     0x6422014b8c7c - core[df12db4294e9bfd3]::panicking::panic_fmt
[INFO] [stdout]   11:     0x6422014b8a52 - core[df12db4294e9bfd3]::result::unwrap_failed
[INFO] [stdout]   12:     0x642201332ed6 - <attach[246c6d453981a4a3]::support::daemon::Proc>::new::<&str>
[INFO] [stdout]   13:     0x6422012f7532 - attach[246c6d453981a4a3]::busy::ntest_callback
[INFO] [stdout]   14:     0x642201330f0f - std[70759c8f55707aa4]::sys::backtrace::__rust_begin_short_backtrace::<attach[246c6d453981a4a3]::busy::{closure#0}, ()>
[INFO] [stdout]   15:     0x6422013284bb - <std[70759c8f55707aa4]::thread::lifecycle::spawn_unchecked<attach[246c6d453981a4a3]::busy::{closure#0}, ()>::{closure#1} as core[df12db4294e9bfd3]::ops::function::FnOnce<()>>::call_once::{shim:vtable#0}
[INFO] [stdout]   16:     0x6422014a0ee9 - <std[70759c8f55707aa4]::sys::thread::unix::Thread>::new::thread_start
[INFO] [stdout]   17:     0x79db0cc18dfa - <unknown>
[INFO] [stdout]   18:     0x79db0ccac3d4 - clone
[INFO] [stdout]   19:                0x0 - <unknown>
[INFO] [stdout] 
[INFO] [stdout] ---- dynamic_config_change stdout ----
[INFO] [stdout] building config in "/tmp/shpool-test/Vlmj8uv0kG3EmlDdwE5U"
[INFO] [stdout] Error: No such file or directory (os error 2)
[INFO] [stdout] 
[INFO] [stdout] Stack backtrace:
[INFO] [stdout]    0: <anyhow::Error as core::convert::From<core::io::error::Error>>::from
[INFO] [stdout]    1: attach::dynamic_config_change::ntest_callback
[INFO] [stdout]    2: std::sys::backtrace::__rust_begin_short_backtrace::<attach::dynamic_config_change::{closure#0}, ()>
[INFO] [stdout]    3: <std::thread::lifecycle::spawn_unchecked<attach::dynamic_config_change::{closure#0}, ()>::{closure#1} as core::ops::function::FnOnce<()>>::call_once::{shim:vtable#0}
[INFO] [stdout]    4: <std::sys::thread::unix::Thread>::new::thread_start
[INFO] [stdout]    5: <unknown>
[INFO] [stdout]    6: clone
[INFO] [stdout] 
[INFO] [stdout] ---- dynamic_session_restore_mode stdout ----
[INFO] [stdout] Error: No such file or directory (os error 2)
[INFO] [stdout] 
[INFO] [stdout] Stack backtrace:
[INFO] [stdout]    0: <anyhow::Error as core::convert::From<core::io::error::Error>>::from
[INFO] [stdout]    1: attach::dynamic_session_restore_mode::ntest_callback
[INFO] [stdout]    2: std::sys::backtrace::__rust_begin_short_backtrace::<attach::dynamic_session_restore_mode::{closure#0}, ()>
[INFO] [stdout]    3: <std::thread::lifecycle::spawn_unchecked<attach::dynamic_session_restore_mode::{closure#0}, ()>::{closure#1} as core::ops::function::FnOnce<()>>::call_once::{shim:vtable#0}
[INFO] [stdout]    4: <std::sys::thread::unix::Thread>::new::thread_start
[INFO] [stdout]    5: <unknown>
[INFO] [stdout]    6: clone
[INFO] [stdout] 
[INFO] [stdout] ---- background_custom_cmd stdout ----
[INFO] [stdout] 
[INFO] [stdout] thread '<unnamed>' (2270) panicked at tests/support/daemon.rs:114:72:
[INFO] [stdout] called `Result::unwrap()` on an `Err` value: cargo invocation failed
[INFO] [stdout] 
[INFO] [stdout] Stack backtrace:
[INFO] [stdout]    0: <anyhow::Error>::msg::<&str>
[INFO] [stdout]    1: attach::support::shpool_bin
[INFO] [stdout]    2: <attach::support::daemon::Proc>::new::<&str>
[INFO] [stdout]    3: attach::background_custom_cmd::ntest_callback
[INFO] [stdout]    4: std::sys::backtrace::__rust_begin_short_backtrace::<attach::background_custom_cmd::{closure#0}, ()>
[INFO] [stdout]    5: <std::thread::lifecycle::spawn_unchecked<attach::background_custom_cmd::{closure#0}, ()>::{closure#1} as core::ops::function::FnOnce<()>>::call_once::{shim:vtable#0}
[INFO] [stdout]    6: <std::sys::thread::unix::Thread>::new::thread_start
[INFO] [stdout]    7: <unknown>
[INFO] [stdout]    8: clone
[INFO] [stdout] stack backtrace:
[INFO] [stdout]    0:     0x6422014a1bb1 - <<std[70759c8f55707aa4]::sys::backtrace::BacktraceLock>::print::DisplayBacktrace as core[df12db4294e9bfd3]::fmt::Display>::fmt
[INFO] [stdout]    1:     0x6422014b849a - core[df12db4294e9bfd3]::fmt::write
[INFO] [stdout]    2:     0x6422014a69fc - <alloc[2182bb758b4b3781]::vec::Vec<u8> as core[df12db4294e9bfd3]::io::write::Write>::write_fmt
[INFO] [stdout]    3:     0x64220147b066 - std[70759c8f55707aa4]::panicking::default_hook::{closure#0}
[INFO] [stdout]    4:     0x642201498e69 - std[70759c8f55707aa4]::panicking::default_hook
[INFO] [stdout]    5:     0x642201367130 - test[9d35eded1c95d3be]::test_main_inner::<test[9d35eded1c95d3be]::test_main_static::{closure#0}>::{closure#0}
[INFO] [stdout]    6:     0x642201499192 - std[70759c8f55707aa4]::panicking::panic_with_hook
[INFO] [stdout]    7:     0x64220147b112 - std[70759c8f55707aa4]::panicking::panic_handler::{closure#0}
[INFO] [stdout]    8:     0x642201473629 - std[70759c8f55707aa4]::sys::backtrace::__rust_end_short_backtrace::<std[70759c8f55707aa4]::panicking::panic_handler::{closure#0}, !>
[INFO] [stdout]    9:     0x64220147be1d - __rustc[8fa7c3cbc660c2b3]::rust_begin_unwind
[INFO] [stdout]   10:     0x6422014b8c7c - core[df12db4294e9bfd3]::panicking::panic_fmt
[INFO] [stdout]   11:     0x6422014b8a52 - core[df12db4294e9bfd3]::result::unwrap_failed
[INFO] [stdout]   12:     0x642201332ed6 - <attach[246c6d453981a4a3]::support::daemon::Proc>::new::<&str>
[INFO] [stdout]   13:     0x6422012e4113 - attach[246c6d453981a4a3]::background_custom_cmd::ntest_callback
[INFO] [stdout]   14:     0x64220132d86f - std[70759c8f55707aa4]::sys::backtrace::__rust_begin_short_backtrace::<attach[246c6d453981a4a3]::background_custom_cmd::{closure#0}, ()>
[INFO] [stdout]   15:     0x64220132507b - <std[70759c8f55707aa4]::thread::lifecycle::spawn_unchecked<attach[246c6d453981a4a3]::background_custom_cmd::{closure#0}, ()>::{closure#1} as core[df12db4294e9bfd3]::ops::function::FnOnce<()>>::call_once::{shim:vtable#0}
[INFO] [stdout]   16:     0x6422014a0ee9 - <std[70759c8f55707aa4]::sys::thread::unix::Thread>::new::thread_start
[INFO] [stdout]   17:     0x79db0cc18dfa - <unknown>
[INFO] [stdout]   18:     0x79db0ccac3d4 - clone
[INFO] [stdout]   19:                0x0 - <unknown>
[INFO] [stdout] 
[INFO] [stdout] ---- busy_background stdout ----
[INFO] [stdout] 
[INFO] [stdout] thread '<unnamed>' (2271) panicked at tests/support/daemon.rs:114:72:
[INFO] [stdout] called `Result::unwrap()` on an `Err` value: cargo invocation failed
[INFO] [stdout] 
[INFO] [stdout] Stack backtrace:
[INFO] [stdout]    0: <anyhow::Error>::msg::<&str>
[INFO] [stdout]    1: attach::support::shpool_bin
[INFO] [stdout]    2: <attach::support::daemon::Proc>::new::<&str>
[INFO] [stdout]    3: attach::busy_background::ntest_callback
[INFO] [stdout]    4: std::sys::backtrace::__rust_begin_short_backtrace::<attach::busy_background::{closure#0}, ()>
[INFO] [stdout]    5: <std::thread::lifecycle::spawn_unchecked<attach::busy_background::{closure#0}, ()>::{closure#1} as core::ops::function::FnOnce<()>>::call_once::{shim:vtable#0}
[INFO] [stdout]    6: <std::sys::thread::unix::Thread>::new::thread_start
[INFO] [stdout]    7: <unknown>
[INFO] [stdout]    8: clone
[INFO] [stdout] stack backtrace:
[INFO] [stdout]    0:     0x6422014a1bb1 - <<std[70759c8f55707aa4]::sys::backtrace::BacktraceLock>::print::DisplayBacktrace as core[df12db4294e9bfd3]::fmt::Display>::fmt
[INFO] [stdout]    1:     0x6422014b849a - core[df12db4294e9bfd3]::fmt::write
[INFO] [stdout]    2:     0x6422014a69fc - <alloc[2182bb758b4b3781]::vec::Vec<u8> as core[df12db4294e9bfd3]::io::write::Write>::write_fmt
[INFO] [stdout]    3:     0x64220147b066 - std[70759c8f55707aa4]::panicking::default_hook::{closure#0}
[INFO] [stdout]    4:     0x642201498e69 - std[70759c8f55707aa4]::panicking::default_hook
[INFO] [stdout]    5:     0x642201367130 - test[9d35eded1c95d3be]::test_main_inner::<test[9d35eded1c95d3be]::test_main_static::{closure#0}>::{closure#0}
[INFO] [stdout]    6:     0x642201499192 - std[70759c8f55707aa4]::panicking::panic_with_hook
[INFO] [stdout]    7:     0x64220147b112 - std[70759c8f55707aa4]::panicking::panic_handler::{closure#0}
[INFO] [stdout]    8:     0x642201473629 - std[70759c8f55707aa4]::sys::backtrace::__rust_end_short_backtrace::<std[70759c8f55707aa4]::panicking::panic_handler::{closure#0}, !>
[INFO] [stdout]    9:     0x64220147be1d - __rustc[8fa7c3cbc660c2b3]::rust_begin_unwind
[INFO] [stdout]   10:     0x6422014b8c7c - core[df12db4294e9bfd3]::panicking::panic_fmt
[INFO] [stdout]   11:     0x6422014b8a52 - core[df12db4294e9bfd3]::result::unwrap_failed
[INFO] [stdout]   12:     0x642201332ed6 - <attach[246c6d453981a4a3]::support::daemon::Proc>::new::<&str>
[INFO] [stdout]   13:     0x6422012de4a2 - attach[246c6d453981a4a3]::busy_background::ntest_callback
[INFO] [stdout]   14:     0x64220132c89f - std[70759c8f55707aa4]::sys::backtrace::__rust_begin_short_backtrace::<attach[246c6d453981a4a3]::busy_background::{closure#0}, ()>
[INFO] [stdout]   15:     0x64220132415b - <std[70759c8f55707aa4]::thread::lifecycle::spawn_unchecked<attach[246c6d453981a4a3]::busy_background::{closure#0}, ()>::{closure#1} as core[df12db4294e9bfd3]::ops::function::FnOnce<()>>::call_once::{shim:vtable#0}
[INFO] [stdout]   16:     0x6422014a0ee9 - <std[70759c8f55707aa4]::sys::thread::unix::Thread>::new::thread_start
[INFO] [stdout]   17:     0x79db0cc18dfa - <unknown>
[INFO] [stdout]   18:     0x79db0ccac3d4 - clone
[INFO] [stdout]   19:                0x0 - <unknown>
[INFO] [stdout] 
[INFO] [stdout] ---- custom_cmd stdout ----
[INFO] [stdout] 
[INFO] [stdout] thread '<unnamed>' (2272) panicked at tests/support/daemon.rs:114:72:
[INFO] [stdout] called `Result::unwrap()` on an `Err` value: cargo invocation failed
[INFO] [stdout] 
[INFO] [stdout] Stack backtrace:
[INFO] [stdout]    0: <anyhow::Error>::msg::<&str>
[INFO] [stdout]    1: attach::support::shpool_bin
[INFO] [stdout]    2: <attach::support::daemon::Proc>::new::<&str>
[INFO] [stdout]    3: attach::custom_cmd::ntest_callback
[INFO] [stdout]    4: std::sys::backtrace::__rust_begin_short_backtrace::<attach::custom_cmd::{closure#0}, ()>
[INFO] [stdout]    5: <std::thread::lifecycle::spawn_unchecked<attach::custom_cmd::{closure#0}, ()>::{closure#1} as core::ops::function::FnOnce<()>>::call_once::{shim:vtable#0}
[INFO] [stdout]    6: <std::sys::thread::unix::Thread>::new::thread_start
[INFO] [stdout]    7: <unknown>
[INFO] [stdout]    8: clone
[INFO] [stdout] stack backtrace:
[INFO] [stdout]    0:     0x6422014a1bb1 - <<std[70759c8f55707aa4]::sys::backtrace::BacktraceLock>::print::DisplayBacktrace as core[df12db4294e9bfd3]::fmt::Display>::fmt
[INFO] [stdout]    1:     0x6422014b849a - core[df12db4294e9bfd3]::fmt::write
[INFO] [stdout]    2:     0x6422014a69fc - <alloc[2182bb758b4b3781]::vec::Vec<u8> as core[df12db4294e9bfd3]::io::write::Write>::write_fmt
[INFO] [stdout]    3:     0x64220147b066 - std[70759c8f55707aa4]::panicking::default_hook::{closure#0}
[INFO] [stdout]    4:     0x642201498e69 - std[70759c8f55707aa4]::panicking::default_hook
[INFO] [stdout]    5:     0x642201367130 - test[9d35eded1c95d3be]::test_main_inner::<test[9d35eded1c95d3be]::test_main_static::{closure#0}>::{closure#0}
[INFO] [stdout]    6:     0x642201499192 - std[70759c8f55707aa4]::panicking::panic_with_hook
[INFO] [stdout]    7:     0x64220147b112 - std[70759c8f55707aa4]::panicking::panic_handler::{closure#0}
[INFO] [stdout]    8:     0x642201473629 - std[70759c8f55707aa4]::sys::backtrace::__rust_end_short_backtrace::<std[70759c8f55707aa4]::panicking::panic_handler::{closure#0}, !>
[INFO] [stdout]    9:     0x64220147be1d - __rustc[8fa7c3cbc660c2b3]::rust_begin_unwind
[INFO] [stdout]   10:     0x6422014b8c7c - core[df12db4294e9bfd3]::panicking::panic_fmt
[INFO] [stdout]   11:     0x6422014b8a52 - core[df12db4294e9bfd3]::result::unwrap_failed
[INFO] [stdout]   12:     0x642201332ed6 - <attach[246c6d453981a4a3]::support::daemon::Proc>::new::<&str>
[INFO] [stdout]   13:     0x6422012d7fa3 - attach[246c6d453981a4a3]::custom_cmd::ntest_callback
[INFO] [stdout]   14:     0x64220132b47f - std[70759c8f55707aa4]::sys::backtrace::__rust_begin_short_backtrace::<attach[246c6d453981a4a3]::custom_cmd::{closure#0}, ()>
[INFO] [stdout]   15:     0x642201322e1b - <std[70759c8f55707aa4]::thread::lifecycle::spawn_unchecked<attach[246c6d453981a4a3]::custom_cmd::{closure#0}, ()>::{closure#1} as core[df12db4294e9bfd3]::ops::function::FnOnce<()>>::call_once::{shim:vtable#0}
[INFO] [stdout]   16:     0x6422014a0ee9 - <std[70759c8f55707aa4]::sys::thread::unix::Thread>::new::thread_start
[INFO] [stdout]   17:     0x79db0cc18dfa - <unknown>
[INFO] [stdout]   18:     0x79db0ccac3d4 - clone
[INFO] [stdout]   19:                0x0 - <unknown>
[INFO] [stdout] 
[INFO] [stdout] ---- busy_background_force stdout ----
[INFO] [stdout] 
[INFO] [stdout] thread '<unnamed>' (2273) panicked at tests/support/daemon.rs:114:72:
[INFO] [stdout] called `Result::unwrap()` on an `Err` value: cargo invocation failed
[INFO] [stdout] 
[INFO] [stdout] Stack backtrace:
[INFO] [stdout]    0: <anyhow::Error>::msg::<&str>
[INFO] [stdout]    1: attach::support::shpool_bin
[INFO] [stdout]    2: <attach::support::daemon::Proc>::new::<&str>
[INFO] [stdout]    3: attach::busy_background_force::ntest_callback
[INFO] [stdout]    4: std::sys::backtrace::__rust_begin_short_backtrace::<attach::busy_background_force::{closure#0}, ()>
[INFO] [stdout]    5: <std::thread::lifecycle::spawn_unchecked<attach::busy_background_force::{closure#0}, ()>::{closure#1} as core::ops::function::FnOnce<()>>::call_once::{shim:vtable#0}
[INFO] [stdout]    6: <std::sys::thread::unix::Thread>::new::thread_start
[INFO] [stdout]    7: <unknown>
[INFO] [stdout]    8: clone
[INFO] [stdout] stack backtrace:
[INFO] [stdout]    0:     0x6422014a1bb1 - <<std[70759c8f55707aa4]::sys::backtrace::BacktraceLock>::print::DisplayBacktrace as core[df12db4294e9bfd3]::fmt::Display>::fmt
[INFO] [stdout]    1:     0x6422014b849a - core[df12db4294e9bfd3]::fmt::write
[INFO] [stdout]    2:     0x6422014a69fc - <alloc[2182bb758b4b3781]::vec::Vec<u8> as core[df12db4294e9bfd3]::io::write::Write>::write_fmt
[INFO] [stdout]    3:     0x64220147b066 - std[70759c8f55707aa4]::panicking::default_hook::{closure#0}
[INFO] [stdout]    4:     0x642201498e69 - std[70759c8f55707aa4]::panicking::default_hook
[INFO] [stdout]    5:     0x642201367130 - test[9d35eded1c95d3be]::test_main_inner::<test[9d35eded1c95d3be]::test_main_static::{closure#0}>::{closure#0}
[INFO] [stdout]    6:     0x642201499192 - std[70759c8f55707aa4]::panicking::panic_with_hook
[INFO] [stdout]    7:     0x64220147b112 - std[70759c8f55707aa4]::panicking::panic_handler::{closure#0}
[INFO] [stdout]    8:     0x642201473629 - std[70759c8f55707aa4]::sys::backtrace::__rust_end_short_backtrace::<std[70759c8f55707aa4]::panicking::panic_handler::{closure#0}, !>
[INFO] [stdout]    9:     0x64220147be1d - __rustc[8fa7c3cbc660c2b3]::rust_begin_unwind
[INFO] [stdout]   10:     0x6422014b8c7c - core[df12db4294e9bfd3]::panicking::panic_fmt
[INFO] [stdout]   11:     0x6422014b8a52 - core[df12db4294e9bfd3]::result::unwrap_failed
[INFO] [stdout]   12:     0x642201332ed6 - <attach[246c6d453981a4a3]::support::daemon::Proc>::new::<&str>
[INFO] [stdout]   13:     0x6422012e4982 - attach[246c6d453981a4a3]::busy_background_force::ntest_callback
[INFO] [stdout]   14:     0x64220132d9df - std[70759c8f55707aa4]::sys::backtrace::__rust_begin_short_backtrace::<attach[246c6d453981a4a3]::busy_background_force::{closure#0}, ()>
[INFO] [stdout]   15:     0x6422013251db - <std[70759c8f55707aa4]::thread::lifecycle::spawn_unchecked<attach[246c6d453981a4a3]::busy_background_force::{closure#0}, ()>::{closure#1} as core[df12db4294e9bfd3]::ops::function::FnOnce<()>>::call_once::{shim:vtable#0}
[INFO] [stdout]   16:     0x6422014a0ee9 - <std[70759c8f55707aa4]::sys::thread::unix::Thread>::new::thread_start
[INFO] [stdout]   17:     0x79db0cc18dfa - <unknown>
[INFO] [stdout]   18:     0x79db0ccac3d4 - clone
[INFO] [stdout]   19:                0x0 - <unknown>
[INFO] [stdout] 
[INFO] [stdout] ---- daemon_hangup stdout ----
[INFO] [stdout] 
[INFO] [stdout] thread '<unnamed>' (2276) panicked at tests/support/daemon.rs:114:72:
[INFO] [stdout] called `Result::unwrap()` on an `Err` value: cargo invocation failed
[INFO] [stdout] 
[INFO] [stdout] Stack backtrace:
[INFO] [stdout]    0: <anyhow::Error>::msg::<&str>
[INFO] [stdout]    1: attach::support::shpool_bin
[INFO] [stdout]    2: <attach::support::daemon::Proc>::new::<&str>
[INFO] [stdout]    3: attach::daemon_hangup::ntest_callback
[INFO] [stdout]    4: std::sys::backtrace::__rust_begin_short_backtrace::<attach::daemon_hangup::{closure#0}, ()>
[INFO] [stdout]    5: <std::thread::lifecycle::spawn_unchecked<attach::daemon_hangup::{closure#0}, ()>::{closure#1} as core::ops::function::FnOnce<()>>::call_once::{shim:vtable#0}
[INFO] [stdout]    6: <std::sys::thread::unix::Thread>::new::thread_start
[INFO] [stdout]    7: <unknown>
[INFO] [stdout]    8: clone
[INFO] [stdout] stack backtrace:
[INFO] [stdout]    0:     0x6422014a1bb1 - <<std[70759c8f55707aa4]::sys::backtrace::BacktraceLock>::print::DisplayBacktrace as core[df12db4294e9bfd3]::fmt::Display>::fmt
[INFO] [stdout]    1:     0x6422014b849a - core[df12db4294e9bfd3]::fmt::write
[INFO] [stdout]    2:     0x6422014a69fc - <alloc[2182bb758b4b3781]::vec::Vec<u8> as core[df12db4294e9bfd3]::io::write::Write>::write_fmt
[INFO] [stdout]    3:     0x64220147b066 - std[70759c8f55707aa4]::panicking::default_hook::{closure#0}
[INFO] [stdout]    4:     0x642201498e69 - std[70759c8f55707aa4]::panicking::default_hook
[INFO] [stdout]    5:     0x642201367130 - test[9d35eded1c95d3be]::test_main_inner::<test[9d35eded1c95d3be]::test_main_static::{closure#0}>::{closure#0}
[INFO] [stdout]    6:     0x642201499192 - std[70759c8f55707aa4]::panicking::panic_with_hook
[INFO] [stdout]    7:     0x64220147b112 - std[70759c8f55707aa4]::panicking::panic_handler::{closure#0}
[INFO] [stdout]    8:     0x642201473629 - std[70759c8f55707aa4]::sys::backtrace::__rust_end_short_backtrace::<std[70759c8f55707aa4]::panicking::panic_handler::{closure#0}, !>
[INFO] [stdout]    9:     0x64220147be1d - __rustc[8fa7c3cbc660c2b3]::rust_begin_unwind
[INFO] [stdout]   10:     0x6422014b8c7c - core[df12db4294e9bfd3]::panicking::panic_fmt
[INFO] [stdout]   11:     0x6422014b8a52 - core[df12db4294e9bfd3]::result::unwrap_failed
[INFO] [stdout]   12:     0x642201332ed6 - <attach[246c6d453981a4a3]::support::daemon::Proc>::new::<&str>
[INFO] [stdout]   13:     0x6422012dc695 - attach[246c6d453981a4a3]::daemon_hangup::ntest_callback
[INFO] [stdout]   14:     0x64220132c2df - std[70759c8f55707aa4]::sys::backtrace::__rust_begin_short_backtrace::<attach[246c6d453981a4a3]::daemon_hangup::{closure#0}, ()>
[INFO] [stdout]   15:     0x642201323bdb - <std[70759c8f55707aa4]::thread::lifecycle::spawn_unchecked<attach[246c6d453981a4a3]::daemon_hangup::{closure#0}, ()>::{closure#1} as core[df12db4294e9bfd3]::ops::function::FnOnce<()>>::call_once::{shim:vtable#0}
[INFO] [stdout]   16:     0x6422014a0ee9 - <std[70759c8f55707aa4]::sys::thread::unix::Thread>::new::thread_start
[INFO] [stdout]   17:     0x79db0cc18dfa - <unknown>
[INFO] [stdout]   18:     0x79db0ccac3d4 - clone
[INFO] [stdout]   19:                0x0 - <unknown>
[INFO] [stdout] 
[INFO] [stdout] ---- default_keybinding_detach stdout ----
[INFO] [stdout] 
[INFO] [stdout] thread '<unnamed>' (2278) panicked at tests/support/daemon.rs:114:72:
[INFO] [stdout] called `Result::unwrap()` on an `Err` value: cargo invocation failed
[INFO] [stdout] 
[INFO] [stdout] Stack backtrace:
[INFO] [stdout]    0: <anyhow::Error>::msg::<&str>
[INFO] [stdout]    1: attach::support::shpool_bin
[INFO] [stdout]    2: <attach::support::daemon::Proc>::new::<&str>
[INFO] [stdout]    3: attach::default_keybinding_detach::ntest_callback
[INFO] [stdout]    4: std::sys::backtrace::__rust_begin_short_backtrace::<attach::default_keybinding_detach::{closure#0}, ()>
[INFO] [stdout]    5: <std::thread::lifecycle::spawn_unchecked<attach::default_keybinding_detach::{closure#0}, ()>::{closure#1} as core::ops::function::FnOnce<()>>::call_once::{shim:vtable#0}
[INFO] [stdout]    6: <std::sys::thread::unix::Thread>::new::thread_start
[INFO] [stdout]    7: <unknown>
[INFO] [stdout]    8: clone
[INFO] [stdout] stack backtrace:
[INFO] [stdout]    0:     0x6422014a1bb1 - <<std[70759c8f55707aa4]::sys::backtrace::BacktraceLock>::print::DisplayBacktrace as core[df12db4294e9bfd3]::fmt::Display>::fmt
[INFO] [stdout]    1:     0x6422014b849a - core[df12db4294e9bfd3]::fmt::write
[INFO] [stdout]    2:     0x6422014a69fc - <alloc[2182bb758b4b3781]::vec::Vec<u8> as core[df12db4294e9bfd3]::io::write::Write>::write_fmt
[INFO] [stdout]    3:     0x64220147b066 - std[70759c8f55707aa4]::panicking::default_hook::{closure#0}
[INFO] [stdout]    4:     0x642201498e69 - std[70759c8f55707aa4]::panicking::default_hook
[INFO] [stdout]    5:     0x642201367130 - test[9d35eded1c95d3be]::test_main_inner::<test[9d35eded1c95d3be]::test_main_static::{closure#0}>::{closure#0}
[INFO] [stdout]    6:     0x642201499192 - std[70759c8f55707aa4]::panicking::panic_with_hook
[INFO] [stdout]    7:     0x64220147b112 - std[70759c8f55707aa4]::panicking::panic_handler::{closure#0}
[INFO] [stdout]    8:     0x642201473629 - std[70759c8f55707aa4]::sys::backtrace::__rust_end_short_backtrace::<std[70759c8f55707aa4]::panicking::panic_handler::{closure#0}, !>
[INFO] [stdout]    9:     0x64220147be1d - __rustc[8fa7c3cbc660c2b3]::rust_begin_unwind
[INFO] [stdout]   10:     0x6422014b8c7c - core[df12db4294e9bfd3]::panicking::panic_fmt
[INFO] [stdout]   11:     0x6422014b8a52 - core[df12db4294e9bfd3]::result::unwrap_failed
[INFO] [stdout]   12:     0x642201332ed6 - <attach[246c6d453981a4a3]::support::daemon::Proc>::new::<&str>
[INFO] [stdout]   13:     0x6422012eaef6 - attach[246c6d453981a4a3]::default_keybinding_detach::ntest_callback
[INFO] [stdout]   14:     0x64220132ef6f - std[70759c8f55707aa4]::sys::backtrace::__rust_begin_short_backtrace::<attach[246c6d453981a4a3]::default_keybinding_detach::{closure#0}, ()>
[INFO] [stdout]   15:     0x64220132667b - <std[70759c8f55707aa4]::thread::lifecycle::spawn_unchecked<attach[246c6d453981a4a3]::default_keybinding_detach::{closure#0}, ()>::{closure#1} as core[df12db4294e9bfd3]::ops::function::FnOnce<()>>::call_once::{shim:vtable#0}
[INFO] [stdout]   16:     0x6422014a0ee9 - <std[70759c8f55707aa4]::sys::thread::unix::Thread>::new::thread_start
[INFO] [stdout]   17:     0x79db0cc18dfa - <unknown>
[INFO] [stdout]   18:     0x79db0ccac3d4 - clone
[INFO] [stdout]   19:                0x0 - <unknown>
[INFO] [stdout] 
[INFO] [stdout] ---- blank_session_not_allowed stdout ----
[INFO] [stdout] 
[INFO] [stdout] thread '<unnamed>' (2264) panicked at tests/support/daemon.rs:114:72:
[INFO] [stdout] called `Result::unwrap()` on an `Err` value: cargo invocation failed
[INFO] [stdout] 
[INFO] [stdout] Stack backtrace:
[INFO] [stdout]    0: <anyhow::Error>::msg::<&str>
[INFO] [stdout]    1: attach::support::shpool_bin
[INFO] [stdout]    2: <attach::support::daemon::Proc>::new::<&str>
[INFO] [stdout]    3: attach::blank_session_not_allowed::ntest_callback
[INFO] [stdout]    4: std::sys::backtrace::__rust_begin_short_backtrace::<attach::blank_session_not_allowed::{closure#0}, ()>
[INFO] [stdout]    5: <std::thread::lifecycle::spawn_unchecked<attach::blank_session_not_allowed::{closure#0}, ()>::{closure#1} as core::ops::function::FnOnce<()>>::call_once::{shim:vtable#0}
[INFO] [stdout]    6: <std::sys::thread::unix::Thread>::new::thread_start
[INFO] [stdout]    7: <unknown>
[INFO] [stdout]    8: clone
[INFO] [stdout] stack backtrace:
[INFO] [stdout]    0:     0x6422014a1bb1 - <<std[70759c8f55707aa4]::sys::backtrace::BacktraceLock>::print::DisplayBacktrace as core[df12db4294e9bfd3]::fmt::Display>::fmt
[INFO] [stdout]    1:     0x6422014b849a - core[df12db4294e9bfd3]::fmt::write
[INFO] [stdout]    2:     0x6422014a69fc - <alloc[2182bb758b4b3781]::vec::Vec<u8> as core[df12db4294e9bfd3]::io::write::Write>::write_fmt
[INFO] [stdout]    3:     0x64220147b066 - std[70759c8f55707aa4]::panicking::default_hook::{closure#0}
[INFO] [stdout]    4:     0x642201498e69 - std[70759c8f55707aa4]::panicking::default_hook
[INFO] [stdout]    5:     0x642201367130 - test[9d35eded1c95d3be]::test_main_inner::<test[9d35eded1c95d3be]::test_main_static::{closure#0}>::{closure#0}
[INFO] [stdout]    6:     0x642201499192 - std[70759c8f55707aa4]::panicking::panic_with_hook
[INFO] [stdout]    7:     0x64220147b112 - std[70759c8f55707aa4]::panicking::panic_handler::{closure#0}
[INFO] [stdout]    8:     0x642201473629 - std[70759c8f55707aa4]::sys::backtrace::__rust_end_short_backtrace::<std[70759c8f55707aa4]::panicking::panic_handler::{closure#0}, !>
[INFO] [stdout]    9:     0x64220147be1d - __rustc[8fa7c3cbc660c2b3]::rust_begin_unwind
[INFO] [stdout]   10:     0x6422014b8c7c - core[df12db4294e9bfd3]::panicking::panic_fmt
[INFO] [stdout]   11:     0x6422014b8a52 - core[df12db4294e9bfd3]::result::unwrap_failed
[INFO] [stdout]   12:     0x642201332ed6 - <attach[246c6d453981a4a3]::support::daemon::Proc>::new::<&str>
[INFO] [stdout]   13:     0x6422012eab9f - attach[246c6d453981a4a3]::blank_session_not_allowed::ntest_callback
[INFO] [stdout]   14:     0x64220132edff - std[70759c8f55707aa4]::sys::backtrace::__rust_begin_short_backtrace::<attach[246c6d453981a4a3]::blank_session_not_allowed::{closure#0}, ()>
[INFO] [stdout]   15:     0x64220132651b - <std[70759c8f55707aa4]::thread::lifecycle::spawn_unchecked<attach[246c6d453981a4a3]::blank_session_not_allowed::{closure#0}, ()>::{closure#1} as core[df12db4294e9bfd3]::ops::function::FnOnce<()>>::call_once::{shim:vtable#0}
[INFO] [stdout]   16:     0x6422014a0ee9 - <std[70759c8f55707aa4]::sys::thread::unix::Thread>::new::thread_start
[INFO] [stdout]   17:     0x79db0cc18dfa - <unknown>
[INFO] [stdout]   18:     0x79db0ccac3d4 - clone
[INFO] [stdout]   19:                0x0 - <unknown>
[INFO] [stdout] 
[INFO] [stdout] ---- custom_keybinding_detach stdout ----
[INFO] [stdout] 
[INFO] [stdout] thread '<unnamed>' (2265) panicked at tests/support/daemon.rs:114:72:
[INFO] [stdout] called `Result::unwrap()` on an `Err` value: cargo invocation failed
[INFO] [stdout] 
[INFO] [stdout] Stack backtrace:
[INFO] [stdout]    0: <anyhow::Error>::msg::<&str>
[INFO] [stdout]    1: attach::support::shpool_bin
[INFO] [stdout]    2: <attach::support::daemon::Proc>::new::<&str>
[INFO] [stdout]    3: attach::custom_keybinding_detach::ntest_callback
[INFO] [stdout]    4: std::sys::backtrace::__rust_begin_short_backtrace::<attach::custom_keybinding_detach::{closure#0}, ()>
[INFO] [stdout]    5: <std::thread::lifecycle::spawn_unchecked<attach::custom_keybinding_detach::{closure#0}, ()>::{closure#1} as core::ops::function::FnOnce<()>>::call_once::{shim:vtable#0}
[INFO] [stdout]    6: <std::sys::thread::unix::Thread>::new::thread_start
[INFO] [stdout]    7: <unknown>
[INFO] [stdout]    8: clone
[INFO] [stdout] stack backtrace:
[INFO] [stdout]    0:     0x6422014a1bb1 - <<std[70759c8f55707aa4]::sys::backtrace::BacktraceLock>::print::DisplayBacktrace as core[df12db4294e9bfd3]::fmt::Display>::fmt
[INFO] [stdout]    1:     0x6422014b849a - core[df12db4294e9bfd3]::fmt::write
[INFO] [stdout]    2:     0x6422014a69fc - <alloc[2182bb758b4b3781]::vec::Vec<u8> as core[df12db4294e9bfd3]::io::write::Write>::write_fmt
[INFO] [stdout]    3:     0x64220147b066 - std[70759c8f55707aa4]::panicking::default_hook::{closure#0}
[INFO] [stdout]    4:     0x642201498e69 - std[70759c8f55707aa4]::panicking::default_hook
[INFO] [stdout]    5:     0x642201367130 - test[9d35eded1c95d3be]::test_main_inner::<test[9d35eded1c95d3be]::test_main_static::{closure#0}>::{closure#0}
[INFO] [stdout]    6:     0x642201499192 - std[70759c8f55707aa4]::panicking::panic_with_hook
[INFO] [stdout]    7:     0x64220147b112 - std[70759c8f55707aa4]::panicking::panic_handler::{closure#0}
[INFO] [stdout]    8:     0x642201473629 - std[70759c8f55707aa4]::sys::backtrace::__rust_end_short_backtrace::<std[70759c8f55707aa4]::panicking::panic_handler::{closure#0}, !>
[INFO] [stdout]    9:     0x64220147be1d - __rustc[8fa7c3cbc660c2b3]::rust_begin_unwind
[INFO] [stdout]   10:     0x6422014b8c7c - core[df12db4294e9bfd3]::panicking::panic_fmt
[INFO] [stdout]   11:     0x6422014b8a52 - core[df12db4294e9bfd3]::result::unwrap_failed
[INFO] [stdout]   12:     0x642201332ed6 - <attach[246c6d453981a4a3]::support::daemon::Proc>::new::<&str>
[INFO] [stdout]   13:     0x6422012e9eb5 - attach[246c6d453981a4a3]::custom_keybinding_detach::ntest_callback
[INFO] [stdout]   14:     0x64220132eb1f - std[70759c8f55707aa4]::sys::backtrace::__rust_begin_short_backtrace::<attach[246c6d453981a4a3]::custom_keybinding_detach::{closure#0}, ()>
[INFO] [stdout]   15:     0x64220132625b - <std[70759c8f55707aa4]::thread::lifecycle::spawn_unchecked<attach[246c6d453981a4a3]::custom_keybinding_detach::{closure#0}, ()>::{closure#1} as core[df12db4294e9bfd3]::ops::function::FnOnce<()>>::call_once::{shim:vtable#0}
[INFO] [stdout]   16:     0x6422014a0ee9 - <std[70759c8f55707aa4]::sys::thread::unix::Thread>::new::thread_start
[INFO] [stdout]   17:     0x79db0cc18dfa - <unknown>
[INFO] [stdout]   18:     0x79db0ccac3d4 - clone
[INFO] [stdout]   19:                0x0 - <unknown>
[INFO] [stdout] 
[INFO] [stdout] ---- cli_tmp_dir stdout ----
[INFO] [stdout] 
[INFO] [stdout] thread '<unnamed>' (2266) panicked at tests/support/daemon.rs:114:72:
[INFO] [stdout] called `Result::unwrap()` on an `Err` value: cargo invocation failed
[INFO] [stdout] 
[INFO] [stdout] Stack backtrace:
[INFO] [stdout]    0: <anyhow::Error>::msg::<&str>
[INFO] [stdout]    1: attach::support::shpool_bin
[INFO] [stdout]    2: <attach::support::daemon::Proc>::new::<&str>
[INFO] [stdout]    3: attach::cli_tmp_dir::ntest_callback
[INFO] [stdout]    4: std::sys::backtrace::__rust_begin_short_backtrace::<attach::cli_tmp_dir::{closure#0}, ()>
[INFO] [stdout]    5: <std::thread::lifecycle::spawn_unchecked<attach::cli_tmp_dir::{closure#0}, ()>::{closure#1} as core::ops::function::FnOnce<()>>::call_once::{shim:vtable#0}
[INFO] [stdout]    6: <std::sys::thread::unix::Thread>::new::thread_start
[INFO] [stdout]    7: <unknown>
[INFO] [stdout]    8: clone
[INFO] [stdout] stack backtrace:
[INFO] [stdout]    0:     0x6422014a1bb1 - <<std[70759c8f55707aa4]::sys::backtrace::BacktraceLock>::print::DisplayBacktrace as core[df12db4294e9bfd3]::fmt::Display>::fmt
[INFO] [stdout]    1:     0x6422014b849a - core[df12db4294e9bfd3]::fmt::write
[INFO] [stdout]    2:     0x6422014a69fc - <alloc[2182bb758b4b3781]::vec::Vec<u8> as core[df12db4294e9bfd3]::io::write::Write>::write_fmt
[INFO] [stdout]    3:     0x64220147b066 - std[70759c8f55707aa4]::panicking::default_hook::{closure#0}
[INFO] [stdout]    4:     0x642201498e69 - std[70759c8f55707aa4]::panicking::default_hook
[INFO] [stdout]    5:     0x642201367130 - test[9d35eded1c95d3be]::test_main_inner::<test[9d35eded1c95d3be]::test_main_static::{closure#0}>::{closure#0}
[INFO] [stdout]    6:     0x642201499192 - std[70759c8f55707aa4]::panicking::panic_with_hook
[INFO] [stdout]    7:     0x64220147b112 - std[70759c8f55707aa4]::panicking::panic_handler::{closure#0}
[INFO] [stdout]    8:     0x642201473629 - std[70759c8f55707aa4]::sys::backtrace::__rust_end_short_backtrace::<std[70759c8f55707aa4]::panicking::panic_handler::{closure#0}, !>
[INFO] [stdout]    9:     0x64220147be1d - __rustc[8fa7c3cbc660c2b3]::rust_begin_unwind
[INFO] [stdout]   10:     0x6422014b8c7c - core[df12db4294e9bfd3]::panicking::panic_fmt
[INFO] [stdout]   11:     0x6422014b8a52 - core[df12db4294e9bfd3]::result::unwrap_failed
[INFO] [stdout]   12:     0x642201332ed6 - <attach[246c6d453981a4a3]::support::daemon::Proc>::new::<&str>
[INFO] [stdout]   13:     0x6422012d9935 - attach[246c6d453981a4a3]::cli_tmp_dir::ntest_callback
[INFO] [stdout]   14:     0x64220132ba3f - std[70759c8f55707aa4]::sys::backtrace::__rust_begin_short_backtrace::<attach[246c6d453981a4a3]::cli_tmp_dir::{closure#0}, ()>
[INFO] [stdout]   15:     0x64220132339b - <std[70759c8f55707aa4]::thread::lifecycle::spawn_unchecked<attach[246c6d453981a4a3]::cli_tmp_dir::{closure#0}, ()>::{closure#1} as core[df12db4294e9bfd3]::ops::function::FnOnce<()>>::call_once::{shim:vtable#0}
[INFO] [stdout]   16:     0x6422014a0ee9 - <std[70759c8f55707aa4]::sys::thread::unix::Thread>::new::thread_start
[INFO] [stdout]   17:     0x79db0cc18dfa - <unknown>
[INFO] [stdout]   18:     0x79db0ccac3d4 - clone
[INFO] [stdout]   19:                0x0 - <unknown>
[INFO] [stdout] 
[INFO] [stdout] ---- detaches_on_null_stdin stdout ----
[INFO] [stdout] 
[INFO] [stdout] thread '<unnamed>' (2277) panicked at tests/support/daemon.rs:114:72:
[INFO] [stdout] called `Result::unwrap()` on an `Err` value: cargo invocation failed
[INFO] [stdout] 
[INFO] [stdout] Stack backtrace:
[INFO] [stdout]    0: <anyhow::Error>::msg::<&str>
[INFO] [stdout]    1: attach::support::shpool_bin
[INFO] [stdout]    2: <attach::support::daemon::Proc>::new::<&str>
[INFO] [stdout]    3: attach::detaches_on_null_stdin::ntest_callback
[INFO] [stdout]    4: std::sys::backtrace::__rust_begin_short_backtrace::<attach::detaches_on_null_stdin::{closure#0}, ()>
[INFO] [stdout]    5: <std::thread::lifecycle::spawn_unchecked<attach::detaches_on_null_stdin::{closure#0}, ()>::{closure#1} as core::ops::function::FnOnce<()>>::call_once::{shim:vtable#0}
[INFO] [stdout]    6: <std::sys::thread::unix::Thread>::new::thread_start
[INFO] [stdout]    7: <unknown>
[INFO] [stdout]    8: clone
[INFO] [stdout] stack backtrace:
[INFO] [stdout]    0:     0x6422014a1bb1 - <<std[70759c8f55707aa4]::sys::backtrace::BacktraceLock>::print::DisplayBacktrace as core[df12db4294e9bfd3]::fmt::Display>::fmt
[INFO] [stdout]    1:     0x6422014b849a - core[df12db4294e9bfd3]::fmt::write
[INFO] [stdout]    2:     0x6422014a69fc - <alloc[2182bb758b4b3781]::vec::Vec<u8> as core[df12db4294e9bfd3]::io::write::Write>::write_fmt
[INFO] [stdout]    3:     0x64220147b066 - std[70759c8f55707aa4]::panicking::default_hook::{closure#0}
[INFO] [stdout]    4:     0x642201498e69 - std[70759c8f55707aa4]::panicking::default_hook
[INFO] [stdout]    5:     0x642201367130 - test[9d35eded1c95d3be]::test_main_inner::<test[9d35eded1c95d3be]::test_main_static::{closure#0}>::{closure#0}
[INFO] [stdout]    6:     0x642201499192 - std[70759c8f55707aa4]::panicking::panic_with_hook
[INFO] [stdout]    7:     0x64220147b112 - std[70759c8f55707aa4]::panicking::panic_handler::{closure#0}
[INFO] [stdout]    8:     0x642201473629 - std[70759c8f55707aa4]::sys::backtrace::__rust_end_short_backtrace::<std[70759c8f55707aa4]::panicking::panic_handler::{closure#0}, !>
[INFO] [stdout]    9:     0x64220147be1d - __rustc[8fa7c3cbc660c2b3]::rust_begin_unwind
[INFO] [stdout]   10:     0x6422014b8c7c - core[df12db4294e9bfd3]::panicking::panic_fmt
[INFO] [stdout]   11:     0x6422014b8a52 - core[df12db4294e9bfd3]::result::unwrap_failed
[INFO] [stdout]   12:     0x642201332ed6 - <attach[246c6d453981a4a3]::support::daemon::Proc>::new::<&str>
[INFO] [stdout]   13:     0x6422012e72d6 - attach[246c6d453981a4a3]::detaches_on_null_stdin::ntest_callback
[INFO] [stdout]   14:     0x64220132e27f - std[70759c8f55707aa4]::sys::backtrace::__rust_begin_short_backtrace::<attach[246c6d453981a4a3]::detaches_on_null_stdin::{closure#0}, ()>
[INFO] [stdout]   15:     0x642201325a1b - <std[70759c8f55707aa4]::thread::lifecycle::spawn_unchecked<attach[246c6d453981a4a3]::detaches_on_null_stdin::{closure#0}, ()>::{closure#1} as core[df12db4294e9bfd3]::ops::function::FnOnce<()>>::call_once::{shim:vtable#0}
[INFO] [stdout]   16:     0x6422014a0ee9 - <std[70759c8f55707aa4]::sys::thread::unix::Thread>::new::thread_start
[INFO] [stdout]   17:     0x79db0cc18dfa - <unknown>
[INFO] [stdout]   18:     0x79db0ccac3d4 - clone
[INFO] [stdout]   19:                0x0 - <unknown>
[INFO] [stdout] 
[INFO] [stdout] ---- custom_cmd_template stdout ----
[INFO] [stdout] 
[INFO] [stdout] thread '<unnamed>' (2279) panicked at tests/support/daemon.rs:114:72:
[INFO] [stdout] called `Result::unwrap()` on an `Err` value: cargo invocation failed
[INFO] [stdout] 
[INFO] [stdout] Stack backtrace:
[INFO] [stdout]    0: <anyhow::Error>::msg::<&str>
[INFO] [stdout]    1: attach::support::shpool_bin
[INFO] [stdout]    2: <attach::support::daemon::Proc>::new::<&str>
[INFO] [stdout]    3: attach::custom_cmd_template::ntest_callback
[INFO] [stdout]    4: std::sys::backtrace::__rust_begin_short_backtrace::<attach::custom_cmd_template::{closure#0}, ()>
[INFO] [stdout]    5: <std::thread::lifecycle::spawn_unchecked<attach::custom_cmd_template::{closure#0}, ()>::{closure#1} as core::ops::function::FnOnce<()>>::call_once::{shim:vtable#0}
[INFO] [stdout]    6: <std::sys::thread::unix::Thread>::new::thread_start
[INFO] [stdout]    7: <unknown>
[INFO] [stdout]    8: clone
[INFO] [stdout] stack backtrace:
[INFO] [stdout]    0:     0x6422014a1bb1 - <<std[70759c8f55707aa4]::sys::backtrace::BacktraceLock>::print::DisplayBacktrace as core[df12db4294e9bfd3]::fmt::Display>::fmt
[INFO] [stdout]    1:     0x6422014b849a - core[df12db4294e9bfd3]::fmt::write
[INFO] [stdout]    2:     0x6422014a69fc - <alloc[2182bb758b4b3781]::vec::Vec<u8> as core[df12db4294e9bfd3]::io::write::Write>::write_fmt
[INFO] [stdout]    3:     0x64220147b066 - std[70759c8f55707aa4]::panicking::default_hook::{closure#0}
[INFO] [stdout]    4:     0x642201498e69 - std[70759c8f55707aa4]::panicking::default_hook
[INFO] [stdout]    5:     0x642201367130 - test[9d35eded1c95d3be]::test_main_inner::<test[9d35eded1c95d3be]::test_main_static::{closure#0}>::{closure#0}
[INFO] [stdout]    6:     0x642201499192 - std[70759c8f55707aa4]::panicking::panic_with_hook
[INFO] [stdout]    7:     0x64220147b112 - std[70759c8f55707aa4]::panicking::panic_handler::{closure#0}
[INFO] [stdout]    8:     0x642201473629 - std[70759c8f55707aa4]::sys::backtrace::__rust_end_short_backtrace::<std[70759c8f55707aa4]::panicking::panic_handler::{closure#0}, !>
[INFO] [stdout]    9:     0x64220147be1d - __rustc[8fa7c3cbc660c2b3]::rust_begin_unwind
[INFO] [stdout]   10:     0x6422014b8c7c - core[df12db4294e9bfd3]::panicking::panic_fmt
[INFO] [stdout]   11:     0x6422014b8a52 - core[df12db4294e9bfd3]::result::unwrap_failed
[INFO] [stdout]   12:     0x642201332ed6 - <attach[246c6d453981a4a3]::support::daemon::Proc>::new::<&str>
[INFO] [stdout]   13:     0x6422012e29c2 - attach[246c6d453981a4a3]::custom_cmd_template::ntest_callback
[INFO] [stdout]   14:     0x64220132d41f - std[70759c8f55707aa4]::sys::backtrace::__rust_begin_short_backtrace::<attach[246c6d453981a4a3]::custom_cmd_template::{closure#0}, ()>
[INFO] [stdout]   15:     0x642201324c5b - <std[70759c8f55707aa4]::thread::lifecycle::spawn_unchecked<attach[246c6d453981a4a3]::custom_cmd_template::{closure#0}, ()>::{closure#1} as core[df12db4294e9bfd3]::ops::function::FnOnce<()>>::call_once::{shim:vtable#0}
[INFO] [stdout]   16:     0x6422014a0ee9 - <std[70759c8f55707aa4]::sys::thread::unix::Thread>::new::thread_start
[INFO] [stdout]   17:     0x79db0cc18dfa - <unknown>
[INFO] [stdout]   18:     0x79db0ccac3d4 - clone
[INFO] [stdout]   19:                0x0 - <unknown>
[INFO] [stdout] 
[INFO] [stdout] ---- config_disable_symlink_ssh_auth_sock stdout ----
[INFO] [stdout] 
[INFO] [stdout] thread '<unnamed>' (2280) panicked at tests/support/daemon.rs:114:72:
[INFO] [stdout] called `Result::unwrap()` on an `Err` value: cargo invocation failed
[INFO] [stdout] 
[INFO] [stdout] Stack backtrace:
[INFO] [stdout]    0: <anyhow::Error>::msg::<&str>
[INFO] [stdout]    1: attach::support::shpool_bin
[INFO] [stdout]    2: <attach::support::daemon::Proc>::new::<&str>
[INFO] [stdout]    3: attach::config_disable_symlink_ssh_auth_sock::ntest_callback
[INFO] [stdout]    4: std::sys::backtrace::__rust_begin_short_backtrace::<attach::config_disable_symlink_ssh_auth_sock::{closure#0}, ()>
[INFO] [stdout]    5: <std::thread::lifecycle::spawn_unchecked<attach::config_disable_symlink_ssh_auth_sock::{closure#0}, ()>::{closure#1} as core::ops::function::FnOnce<()>>::call_once::{shim:vtable#0}
[INFO] [stdout]    6: <std::sys::thread::unix::Thread>::new::thread_start
[INFO] [stdout]    7: <unknown>
[INFO] [stdout]    8: clone
[INFO] [stdout] stack backtrace:
[INFO] [stdout]    0:     0x6422014a1bb1 - <<std[70759c8f55707aa4]::sys::backtrace::BacktraceLock>::print::DisplayBacktrace as core[df12db4294e9bfd3]::fmt::Display>::fmt
[INFO] [stdout]    1:     0x6422014b849a - core[df12db4294e9bfd3]::fmt::write
[INFO] [stdout]    2:     0x6422014a69fc - <alloc[2182bb758b4b3781]::vec::Vec<u8> as core[df12db4294e9bfd3]::io::write::Write>::write_fmt
[INFO] [stdout]    3:     0x64220147b066 - std[70759c8f55707aa4]::panicking::default_hook::{closure#0}
[INFO] [stdout]    4:     0x642201498e69 - std[70759c8f55707aa4]::panicking::default_hook
[INFO] [stdout]    5:     0x642201367130 - test[9d35eded1c95d3be]::test_main_inner::<test[9d35eded1c95d3be]::test_main_static::{closure#0}>::{closure#0}
[INFO] [stdout]    6:     0x642201499192 - std[70759c8f55707aa4]::panicking::panic_with_hook
[INFO] [stdout]    7:     0x64220147b112 - std[70759c8f55707aa4]::panicking::panic_handler::{closure#0}
[INFO] [stdout]    8:     0x642201473629 - std[70759c8f55707aa4]::sys::backtrace::__rust_end_short_backtrace::<std[70759c8f55707aa4]::panicking::panic_handler::{closure#0}, !>
[INFO] [stdout]    9:     0x64220147be1d - __rustc[8fa7c3cbc660c2b3]::rust_begin_unwind
[INFO] [stdout]   10:     0x6422014b8c7c - core[df12db4294e9bfd3]::panicking::panic_fmt
[INFO] [stdout]   11:     0x6422014b8a52 - core[df12db4294e9bfd3]::result::unwrap_failed
[INFO] [stdout]   12:     0x642201332ed6 - <attach[246c6d453981a4a3]::support::daemon::Proc>::new::<&str>
[INFO] [stdout]   13:     0x6422012f4ed6 - attach[246c6d453981a4a3]::config_disable_symlink_ssh_auth_sock::ntest_callback
[INFO] [stdout]   14:     0x64220133066f - std[70759c8f55707aa4]::sys::backtrace::__rust_begin_short_backtrace::<attach[246c6d453981a4a3]::config_disable_symlink_ssh_auth_sock::{closure#0}, ()>
[INFO] [stdout]   15:     0x642201327c7b - <std[70759c8f55707aa4]::thread::lifecycle::spawn_unchecked<attach[246c6d453981a4a3]::config_disable_symlink_ssh_auth_sock::{closure#0}, ()>::{closure#1} as core[df12db4294e9bfd3]::ops::function::FnOnce<()>>::call_once::{shim:vtable#0}
[INFO] [stdout]   16:     0x6422014a0ee9 - <std[70759c8f55707aa4]::sys::thread::unix::Thread>::new::thread_start
[INFO] [stdout]   17:     0x79db0cc18dfa - <unknown>
[INFO] [stdout]   18:     0x79db0ccac3d4 - clone
[INFO] [stdout]   19:                0x0 - <unknown>
[INFO] [stdout] 
[INFO] [stdout] ---- config_tmp_default_dir stdout ----
[INFO] [stdout] 
[INFO] [stdout] thread '<unnamed>' (2274) panicked at tests/support/daemon.rs:114:72:
[INFO] [stdout] called `Result::unwrap()` on an `Err` value: cargo invocation failed
[INFO] [stdout] 
[INFO] [stdout] Stack backtrace:
[INFO] [stdout]    0: <anyhow::Error>::msg::<&str>
[INFO] [stdout]    1: attach::support::shpool_bin
[INFO] [stdout]    2: <attach::support::daemon::Proc>::new::<&str>
[INFO] [stdout]    3: attach::config_tmp_default_dir::ntest_callback
[INFO] [stdout]    4: std::sys::backtrace::__rust_begin_short_backtrace::<attach::config_tmp_default_dir::{closure#0}, ()>
[INFO] [stdout]    5: <std::thread::lifecycle::spawn_unchecked<attach::config_tmp_default_dir::{closure#0}, ()>::{closure#1} as core::ops::function::FnOnce<()>>::call_once::{shim:vtable#0}
[INFO] [stdout]    6: <std::sys::thread::unix::Thread>::new::thread_start
[INFO] [stdout]    7: <unknown>
[INFO] [stdout]    8: clone
[INFO] [stdout] stack backtrace:
[INFO] [stdout]    0:     0x6422014a1bb1 - <<std[70759c8f55707aa4]::sys::backtrace::BacktraceLock>::print::DisplayBacktrace as core[df12db4294e9bfd3]::fmt::Display>::fmt
[INFO] [stdout]    1:     0x6422014b849a - core[df12db4294e9bfd3]::fmt::write
[INFO] [stdout]    2:     0x6422014a69fc - <alloc[2182bb758b4b3781]::vec::Vec<u8> as core[df12db4294e9bfd3]::io::write::Write>::write_fmt
[INFO] [stdout]    3:     0x64220147b066 - std[70759c8f55707aa4]::panicking::default_hook::{closure#0}
[INFO] [stdout]    4:     0x642201498e69 - std[70759c8f55707aa4]::panicking::default_hook
[INFO] [stdout]    5:     0x642201367130 - test[9d35eded1c95d3be]::test_main_inner::<test[9d35eded1c95d3be]::test_main_static::{closure#0}>::{closure#0}
[INFO] [stdout]    6:     0x642201499192 - std[70759c8f55707aa4]::panicking::panic_with_hook
[INFO] [stdout]    7:     0x64220147b112 - std[70759c8f55707aa4]::panicking::panic_handler::{closure#0}
[INFO] [stdout]    8:     0x642201473629 - std[70759c8f55707aa4]::sys::backtrace::__rust_end_short_backtrace::<std[70759c8f55707aa4]::panicking::panic_handler::{closure#0}, !>
[INFO] [stdout]    9:     0x64220147be1d - __rustc[8fa7c3cbc660c2b3]::rust_begin_unwind
[INFO] [stdout]   10:     0x6422014b8c7c - core[df12db4294e9bfd3]::panicking::panic_fmt
[INFO] [stdout]   11:     0x6422014b8a52 - core[df12db4294e9bfd3]::result::unwrap_failed
[INFO] [stdout]   12:     0x642201332ed6 - <attach[246c6d453981a4a3]::support::daemon::Proc>::new::<&str>
[INFO] [stdout]   13:     0x6422012e6e65 - attach[246c6d453981a4a3]::config_tmp_default_dir::ntest_callback
[INFO] [stdout]   14:     0x64220132e10f - std[70759c8f55707aa4]::sys::backtrace::__rust_begin_short_backtrace::<attach[246c6d453981a4a3]::config_tmp_default_dir::{closure#0}, ()>
[INFO] [stdout]   15:     0x6422013258bb - <std[70759c8f55707aa4]::thread::lifecycle::spawn_unchecked<attach[246c6d453981a4a3]::config_tmp_default_dir::{closure#0}, ()>::{closure#1} as core[df12db4294e9bfd3]::ops::function::FnOnce<()>>::call_once::{shim:vtable#0}
[INFO] [stdout]   16:     0x6422014a0ee9 - <std[70759c8f55707aa4]::sys::thread::unix::Thread>::new::thread_start
[INFO] [stdout]   17:     0x79db0cc18dfa - <unknown>
[INFO] [stdout]   18:     0x79db0ccac3d4 - clone
[INFO] [stdout]   19:                0x0 - <unknown>
[INFO] [stdout] 
[INFO] [stdout] ---- dir_template stdout ----
[INFO] [stdout] 
[INFO] [stdout] thread '<unnamed>' (2289) panicked at tests/support/daemon.rs:114:72:
[INFO] [stdout] called `Result::unwrap()` on an `Err` value: cargo invocation failed
[INFO] [stdout] 
[INFO] [stdout] Stack backtrace:
[INFO] [stdout]    0: <anyhow::Error>::msg::<&str>
[INFO] [stdout]    1: attach::support::shpool_bin
[INFO] [stdout]    2: <attach::support::daemon::Proc>::new::<&str>
[INFO] [stdout]    3: attach::dir_template::ntest_callback
[INFO] [stdout]    4: std::sys::backtrace::__rust_begin_short_backtrace::<attach::dir_template::{closure#0}, ()>
[INFO] [stdout]    5: <std::thread::lifecycle::spawn_unchecked<attach::dir_template::{closure#0}, ()>::{closure#1} as core::ops::function::FnOnce<()>>::call_once::{shim:vtable#0}
[INFO] [stdout]    6: <std::sys::thread::unix::Thread>::new::thread_start
[INFO] [stdout]    7: <unknown>
[INFO] [stdout]    8: clone
[INFO] [stdout] stack backtrace:
[INFO] [stdout]    0:     0x6422014a1bb1 - <<std[70759c8f55707aa4]::sys::backtrace::BacktraceLock>::print::DisplayBacktrace as core[df12db4294e9bfd3]::fmt::Display>::fmt
[INFO] [stdout]    1:     0x6422014b849a - core[df12db4294e9bfd3]::fmt::write
[INFO] [stdout]    2:     0x6422014a69fc - <alloc[2182bb758b4b3781]::vec::Vec<u8> as core[df12db4294e9bfd3]::io::write::Write>::write_fmt
[INFO] [stdout]    3:     0x64220147b066 - std[70759c8f55707aa4]::panicking::default_hook::{closure#0}
[INFO] [stdout]    4:     0x642201498e69 - std[70759c8f55707aa4]::panicking::default_hook
[INFO] [stdout]    5:     0x642201367130 - test[9d35eded1c95d3be]::test_main_inner::<test[9d35eded1c95d3be]::test_main_static::{closure#0}>::{closure#0}
[INFO] [stdout]    6:     0x642201499192 - std[70759c8f55707aa4]::panicking::panic_with_hook
[INFO] [stdout]    7:     0x64220147b112 - std[70759c8f55707aa4]::panicking::panic_handler::{closure#0}
[INFO] [stdout]    8:     0x642201473629 - std[70759c8f55707aa4]::sys::backtrace::__rust_end_short_backtrace::<std[70759c8f55707aa4]::panicking::panic_handler::{closure#0}, !>
[INFO] [stdout]    9:     0x64220147be1d - __rustc[8fa7c3cbc660c2b3]::rust_begin_unwind
[INFO] [stdout]   10:     0x6422014b8c7c - core[df12db4294e9bfd3]::panicking::panic_fmt
[INFO] [stdout]   11:     0x6422014b8a52 - core[df12db4294e9bfd3]::result::unwrap_failed
[INFO] [stdout]   12:     0x642201332ed6 - <attach[246c6d453981a4a3]::support::daemon::Proc>::new::<&str>
[INFO] [stdout]   13:     0x6422012db536 - attach[246c6d453981a4a3]::dir_template::ntest_callback
[INFO] [stdout]   14:     0x64220132be8f - std[70759c8f55707aa4]::sys::backtrace::__rust_begin_short_backtrace::<attach[246c6d453981a4a3]::dir_template::{closure#0}, ()>
[INFO] [stdout]   15:     0x6422013237bb - <std[70759c8f55707aa4]::thread::lifecycle::spawn_unchecked<attach[246c6d453981a4a3]::dir_template::{closure#0}, ()>::{closure#1} as core[df12db4294e9bfd3]::ops::function::FnOnce<()>>::call_once::{shim:vtable#0}
[INFO] [stdout]   16:     0x6422014a0ee9 - <std[70759c8f55707aa4]::sys::thread::unix::Thread>::new::thread_start
[INFO] [stdout]   17:     0x79db0cc18dfa - <unknown>
[INFO] [stdout]   18:     0x79db0ccac3d4 - clone
[INFO] [stdout]   19:                0x0 - <unknown>
[INFO] [stdout] 
[INFO] [stdout] ---- dot_session_not_allowed stdout ----
[INFO] [stdout] 
[INFO] [stdout] thread '<unnamed>' (2292) panicked at tests/support/daemon.rs:114:72:
[INFO] [stdout] called `Result::unwrap()` on an `Err` value: cargo invocation failed
[INFO] [stdout] 
[INFO] [stdout] Stack backtrace:
[INFO] [stdout]    0: <anyhow::Error>::msg::<&str>
[INFO] [stdout]    1: attach::support::shpool_bin
[INFO] [stdout]    2: <attach::support::daemon::Proc>::new::<&str>
[INFO] [stdout]    3: attach::dot_session_not_allowed::ntest_callback
[INFO] [stdout]    4: std::sys::backtrace::__rust_begin_short_backtrace::<attach::dot_session_not_allowed::{closure#0}, ()>
[INFO] [stdout]    5: <std::thread::lifecycle::spawn_unchecked<attach::dot_session_not_allowed::{closure#0}, ()>::{closure#1} as core::ops::function::FnOnce<()>>::call_once::{shim:vtable#0}
[INFO] [stdout]    6: <std::sys::thread::unix::Thread>::new::thread_start
[INFO] [stdout]    7: <unknown>
[INFO] [stdout]    8: clone
[INFO] [stdout] stack backtrace:
[INFO] [stdout]    0:     0x6422014a1bb1 - <<std[70759c8f55707aa4]::sys::backtrace::BacktraceLock>::print::DisplayBacktrace as core[df12db4294e9bfd3]::fmt::Display>::fmt
[INFO] [stdout]    1:     0x6422014b849a - core[df12db4294e9bfd3]::fmt::write
[INFO] [stdout]    2:     0x6422014a69fc - <alloc[2182bb758b4b3781]::vec::Vec<u8> as core[df12db4294e9bfd3]::io::write::Write>::write_fmt
[INFO] [stdout]    3:     0x64220147b066 - std[70759c8f55707aa4]::panicking::default_hook::{closure#0}
[INFO] [stdout]    4:     0x642201498e69 - std[70759c8f55707aa4]::panicking::default_hook
[INFO] [stdout]    5:     0x642201367130 - test[9d35eded1c95d3be]::test_main_inner::<test[9d35eded1c95d3be]::test_main_static::{closure#0}>::{closure#0}
[INFO] [stdout]    6:     0x642201499192 - std[70759c8f55707aa4]::panicking::panic_with_hook
[INFO] [stdout]    7:     0x64220147b112 - std[70759c8f55707aa4]::panicking::panic_handler::{closure#0}
[INFO] [stdout]    8:     0x642201473629 - std[70759c8f55707aa4]::sys::backtrace::__rust_end_short_backtrace::<std[70759c8f55707aa4]::panicking::panic_handler::{closure#0}, !>
[INFO] [stdout]    9:     0x64220147be1d - __rustc[8fa7c3cbc660c2b3]::rust_begin_unwind
[INFO] [stdout]   10:     0x6422014b8c7c - core[df12db4294e9bfd3]::panicking::panic_fmt
[INFO] [stdout]   11:     0x6422014b8a52 - core[df12db4294e9bfd3]::result::unwrap_failed
[INFO] [stdout]   12:     0x642201332ed6 - <attach[246c6d453981a4a3]::support::daemon::Proc>::new::<&str>
[INFO] [stdout]   13:     0x6422012e8e01 - attach[246c6d453981a4a3]::dot_session_not_allowed::ntest_callback
[INFO] [stdout]   14:     0x64220132e83f - std[70759c8f55707aa4]::sys::backtrace::__rust_begin_short_backtrace::<attach[246c6d453981a4a3]::dot_session_not_allowed::{closure#0}, ()>
[INFO] [stdout]   15:     0x642201325f9b - <std[70759c8f55707aa4]::thread::lifecycle::spawn_unchecked<attach[246c6d453981a4a3]::dot_session_not_allowed::{closure#0}, ()>::{closure#1} as core[df12db4294e9bfd3]::ops::function::FnOnce<()>>::call_once::{shim:vtable#0}
[INFO] [stdout]   16:     0x6422014a0ee9 - <std[70759c8f55707aa4]::sys::thread::unix::Thread>::new::thread_start
[INFO] [stdout]   17:     0x79db0cc18dfa - <unknown>
[INFO] [stdout]   18:     0x79db0ccac3d4 - clone
[INFO] [stdout]   19:                0x0 - <unknown>
[INFO] [stdout] 
[INFO] [stdout] ---- exits_with_same_status_as_shell stdout ----
[INFO] [stdout] 
[INFO] [stdout] thread '<unnamed>' (2307) panicked at tests/support/daemon.rs:114:72:
[INFO] [stdout] called `Result::unwrap()` on an `Err` value: cargo invocation failed
[INFO] [stdout] 
[INFO] [stdout] Stack backtrace:
[INFO] [stdout]    0: <anyhow::Error>::msg::<&str>
[INFO] [stdout]    1: attach::support::shpool_bin
[INFO] [stdout]    2: <attach::support::daemon::Proc>::new::<&str>
[INFO] [stdout]    3: attach::exits_with_same_status_as_shell::ntest_callback
[INFO] [stdout]    4: std::sys::backtrace::__rust_begin_short_backtrace::<attach::exits_with_same_status_as_shell::{closure#0}, ()>
[INFO] [stdout]    5: <std::thread::lifecycle::spawn_unchecked<attach::exits_with_same_status_as_shell::{closure#0}, ()>::{closure#1} as core::ops::function::FnOnce<()>>::call_once::{shim:vtable#0}
[INFO] [stdout]    6: <std::sys::thread::unix::Thread>::new::thread_start
[INFO] [stdout]    7: <unknown>
[INFO] [stdout]    8: clone
[INFO] [stdout] stack backtrace:
[INFO] [stdout]    0:     0x6422014a1bb1 - <<std[70759c8f55707aa4]::sys::backtrace::BacktraceLock>::print::DisplayBacktrace as core[df12db4294e9bfd3]::fmt::Display>::fmt
[INFO] [stdout]    1:     0x6422014b849a - core[df12db4294e9bfd3]::fmt::write
[INFO] [stdout]    2:     0x6422014a69fc - <alloc[2182bb758b4b3781]::vec::Vec<u8> as core[df12db4294e9bfd3]::io::write::Write>::write_fmt
[INFO] [stdout]    3:     0x64220147b066 - std[70759c8f55707aa4]::panicking::default_hook::{closure#0}
[INFO] [stdout]    4:     0x642201498e69 - std[70759c8f55707aa4]::panicking::default_hook
[INFO] [stdout]    5:     0x642201367130 - test[9d35eded1c95d3be]::test_main_inner::<test[9d35eded1c95d3be]::test_main_static::{closure#0}>::{closure#0}
[INFO] [stdout]    6:     0x642201499192 - std[70759c8f55707aa4]::panicking::panic_with_hook
[INFO] [stdout]    7:     0x64220147b112 - std[70759c8f55707aa4]::panicking::panic_handler::{closure#0}
[INFO] [stdout]    8:     0x642201473629 - std[70759c8f55707aa4]::sys::backtrace::__rust_end_short_backtrace::<std[70759c8f55707aa4]::panicking::panic_handler::{closure#0}, !>
[INFO] [stdout]    9:     0x64220147be1d - __rustc[8fa7c3cbc660c2b3]::rust_begin_unwind
[INFO] [stdout]   10:     0x6422014b8c7c - core[df12db4294e9bfd3]::panicking::panic_fmt
[INFO] [stdout]   11:     0x6422014b8a52 - core[df12db4294e9bfd3]::result::unwrap_failed
[INFO] [stdout]   12:     0x642201332ed6 - <attach[246c6d453981a4a3]::support::daemon::Proc>::new::<&str>
[INFO] [stdout]   13:     0x6422012f3fc0 - attach[246c6d453981a4a3]::exits_with_same_status_as_shell::ntest_callback
[INFO] [stdout]   14:     0x64220133021f - std[70759c8f55707aa4]::sys::backtrace::__rust_begin_short_backtrace::<attach[246c6d453981a4a3]::exits_with_same_status_as_shell::{closure#0}, ()>
[INFO] [stdout]   15:     0x64220132785b - <std[70759c8f55707aa4]::thread::lifecycle::spawn_unchecked<attach[246c6d453981a4a3]::exits_with_same_status_as_shell::{closure#0}, ()>::{closure#1} as core[df12db4294e9bfd3]::ops::function::FnOnce<()>>::call_once::{shim:vtable#0}
[INFO] [stdout]   16:     0x6422014a0ee9 - <std[70759c8f55707aa4]::sys::thread::unix::Thread>::new::thread_start
[INFO] [stdout]   17:     0x79db0cc18dfa - <unknown>
[INFO] [stdout]   18:     0x79db0ccac3d4 - clone
[INFO] [stdout]   19:                0x0 - <unknown>
[INFO] [stdout] 
[INFO] [stdout] ---- explicit_exit stdout ----
[INFO] [stdout] 
[INFO] [stdout] thread '<unnamed>' (2318) panicked at tests/support/daemon.rs:114:72:
[INFO] [stdout] called `Result::unwrap()` on an `Err` value: cargo invocation failed
[INFO] [stdout] 
[INFO] [stdout] Stack backtrace:
[INFO] [stdout]    0: <anyhow::Error>::msg::<&str>
[INFO] [stdout]    1: attach::support::shpool_bin
[INFO] [stdout]    2: <attach::support::daemon::Proc>::new::<&str>
[INFO] [stdout]    3: attach::explicit_exit::ntest_callback
[INFO] [stdout]    4: std::sys::backtrace::__rust_begin_short_backtrace::<attach::explicit_exit::{closure#0}, ()>
[INFO] [stdout]    5: <std::thread::lifecycle::spawn_unchecked<attach::explicit_exit::{closure#0}, ()>::{closure#1} as core::ops::function::FnOnce<()>>::call_once::{shim:vtable#0}
[INFO] [stdout]    6: <std::sys::thread::unix::Thread>::new::thread_start
[INFO] [stdout]    7: <unknown>
[INFO] [stdout]    8: clone
[INFO] [stdout] stack backtrace:
[INFO] [stdout]    0:     0x6422014a1bb1 - <<std[70759c8f55707aa4]::sys::backtrace::BacktraceLock>::print::DisplayBacktrace as core[df12db4294e9bfd3]::fmt::Display>::fmt
[INFO] [stdout]    1:     0x6422014b849a - core[df12db4294e9bfd3]::fmt::write
[INFO] [stdout]    2:     0x6422014a69fc - <alloc[2182bb758b4b3781]::vec::Vec<u8> as core[df12db4294e9bfd3]::io::write::Write>::write_fmt
[INFO] [stdout]    3:     0x64220147b066 - std[70759c8f55707aa4]::panicking::default_hook::{closure#0}
[INFO] [stdout]    4:     0x642201498e69 - std[70759c8f55707aa4]::panicking::default_hook
[INFO] [stdout]    5:     0x642201367130 - test[9d35eded1c95d3be]::test_main_inner::<test[9d35eded1c95d3be]::test_main_static::{closure#0}>::{closure#0}
[INFO] [stdout]    6:     0x642201499192 - std[70759c8f55707aa4]::panicking::panic_with_hook
[INFO] [stdout]    7:     0x64220147b112 - std[70759c8f55707aa4]::panicking::panic_handler::{closure#0}
[INFO] [stdout]    8:     0x642201473629 - std[70759c8f55707aa4]::sys::backtrace::__rust_end_short_backtrace::<std[70759c8f55707aa4]::panicking::panic_handler::{closure#0}, !>
[INFO] [stdout]    9:     0x64220147be1d - __rustc[8fa7c3cbc660c2b3]::rust_begin_unwind
[INFO] [stdout]   10:     0x6422014b8c7c - core[df12db4294e9bfd3]::panicking::panic_fmt
[INFO] [stdout]   11:     0x6422014b8a52 - core[df12db4294e9bfd3]::result::unwrap_failed
[INFO] [stdout]   12:     0x642201332ed6 - <attach[246c6d453981a4a3]::support::daemon::Proc>::new::<&str>
[INFO] [stdout]   13:     0x6422012dcb26 - attach[246c6d453981a4a3]::explicit_exit::ntest_callback
[INFO] [stdout]   14:     0x64220132c44f - std[70759c8f55707aa4]::sys::backtrace::__rust_begin_short_backtrace::<attach[246c6d453981a4a3]::explicit_exit::{closure#0}, ()>
[INFO] [stdout]   15:     0x642201323d3b - <std[70759c8f55707aa4]::thread::lifecycle::spawn_unchecked<attach[246c6d453981a4a3]::explicit_exit::{closure#0}, ()>::{closure#1} as core[df12db4294e9bfd3]::ops::function::FnOnce<()>>::call_once::{shim:vtable#0}
[INFO] [stdout]   16:     0x6422014a0ee9 - <std[70759c8f55707aa4]::sys::thread::unix::Thread>::new::thread_start
[INFO] [stdout]   17:     0x79db0cc18dfa - <unknown>
[INFO] [stdout]   18:     0x79db0ccac3d4 - clone
[INFO] [stdout]   19:                0x0 - <unknown>
[INFO] [stdout] 
[INFO] [stdout] ---- force_attach stdout ----
[INFO] [stdout] 
[INFO] [stdout] thread '<unnamed>' (2329) panicked at tests/support/daemon.rs:114:72:
[INFO] [stdout] called `Result::unwrap()` on an `Err` value: cargo invocation failed
[INFO] [stdout] 
[INFO] [stdout] Stack backtrace:
[INFO] [stdout]    0: <anyhow::Error>::msg::<&str>
[INFO] [stdout]    1: attach::support::shpool_bin
[INFO] [stdout]    2: <attach::support::daemon::Proc>::new::<&str>
[INFO] [stdout]    3: attach::force_attach::ntest_callback
[INFO] [stdout]    4: std::sys::backtrace::__rust_begin_short_backtrace::<attach::force_attach::{closure#0}, ()>
[INFO] [stdout]    5: <std::thread::lifecycle::spawn_unchecked<attach::force_attach::{closure#0}, ()>::{closure#1} as core::ops::function::FnOnce<()>>::call_once::{shim:vtable#0}
[INFO] [stdout]    6: <std::sys::thread::unix::Thread>::new::thread_start
[INFO] [stdout]    7: <unknown>
[INFO] [stdout]    8: clone
[INFO] [stdout] stack backtrace:
[INFO] [stdout]    0:     0x6422014a1bb1 - <<std[70759c8f55707aa4]::sys::backtrace::BacktraceLock>::print::DisplayBacktrace as core[df12db4294e9bfd3]::fmt::Display>::fmt
[INFO] [stdout]    1:     0x6422014b849a - core[df12db4294e9bfd3]::fmt::write
[INFO] [stdout]    2:     0x6422014a69fc - <alloc[2182bb758b4b3781]::vec::Vec<u8> as core[df12db4294e9bfd3]::io::write::Write>::write_fmt
[INFO] [stdout]    3:     0x64220147b066 - std[70759c8f55707aa4]::panicking::default_hook::{closure#0}
[INFO] [stdout]    4:     0x642201498e69 - std[70759c8f55707aa4]::panicking::default_hook
[INFO] [stdout]    5:     0x642201367130 - test[9d35eded1c95d3be]::test_main_inner::<test[9d35eded1c95d3be]::test_main_static::{closure#0}>::{closure#0}
[INFO] [stdout]    6:     0x642201499192 - std[70759c8f55707aa4]::panicking::panic_with_hook
[INFO] [stdout]    7:     0x64220147b112 - std[70759c8f55707aa4]::panicking::panic_handler::{closure#0}
[INFO] [stdout]    8:     0x642201473629 - std[70759c8f55707aa4]::sys::backtrace::__rust_end_short_backtrace::<std[70759c8f55707aa4]::panicking::panic_handler::{closure#0}, !>
[INFO] [stdout]    9:     0x64220147be1d - __rustc[8fa7c3cbc660c2b3]::rust_begin_unwind
[INFO] [stdout]   10:     0x6422014b8c7c - core[df12db4294e9bfd3]::panicking::panic_fmt
[INFO] [stdout]   11:     0x6422014b8a52 - core[df12db4294e9bfd3]::result::unwrap_failed
[INFO] [stdout]   12:     0x642201332ed6 - <attach[246c6d453981a4a3]::support::daemon::Proc>::new::<&str>
[INFO] [stdout]   13:     0x6422012dbc42 - attach[246c6d453981a4a3]::force_attach::ntest_callback
[INFO] [stdout]   14:     0x64220132bfff - std[70759c8f55707aa4]::sys::backtrace::__rust_begin_short_backtrace::<attach[246c6d453981a4a3]::force_attach::{closure#0}, ()>
[INFO] [stdout]   15:     0x64220132391b - <std[70759c8f55707aa4]::thread::lifecycle::spawn_unchecked<attach[246c6d453981a4a3]::force_attach::{closure#0}, ()>::{closure#1} as core[df12db4294e9bfd3]::ops::function::FnOnce<()>>::call_once::{shim:vtable#0}
[INFO] [stdout]   16:     0x6422014a0ee9 - <std[70759c8f55707aa4]::sys::thread::unix::Thread>::new::thread_start
[INFO] [stdout]   17:     0x79db0cc18dfa - <unknown>
[INFO] [stdout]   18:     0x79db0ccac3d4 - clone
[INFO] [stdout]   19:                0x0 - <unknown>
[INFO] [stdout] 
[INFO] [stdout] ---- forward_env stdout ----
[INFO] [stdout] 
[INFO] [stdout] thread '<unnamed>' (2340) panicked at tests/support/daemon.rs:114:72:
[INFO] [stdout] called `Result::unwrap()` on an `Err` value: cargo invocation failed
[INFO] [stdout] 
[INFO] [stdout] Stack backtrace:
[INFO] [stdout]    0: <anyhow::Error>::msg::<&str>
[INFO] [stdout]    1: attach::support::shpool_bin
[INFO] [stdout]    2: <attach::support::daemon::Proc>::new::<&str>
[INFO] [stdout]    3: attach::forward_env::ntest_callback
[INFO] [stdout]    4: std::sys::backtrace::__rust_begin_short_backtrace::<attach::forward_env::{closure#0}, ()>
[INFO] [stdout]    5: <std::thread::lifecycle::spawn_unchecked<attach::forward_env::{closure#0}, ()>::{closure#1} as core::ops::function::FnOnce<()>>::call_once::{shim:vtable#0}
[INFO] [stdout]    6: <std::sys::thread::unix::Thread>::new::thread_start
[INFO] [stdout]    7: <unknown>
[INFO] [stdout]    8: clone
[INFO] [stdout] stack backtrace:
[INFO] [stdout]    0:     0x6422014a1bb1 - <<std[70759c8f55707aa4]::sys::backtrace::BacktraceLock>::print::DisplayBacktrace as core[df12db4294e9bfd3]::fmt::Display>::fmt
[INFO] [stdout]    1:     0x6422014b849a - core[df12db4294e9bfd3]::fmt::write
[INFO] [stdout]    2:     0x6422014a69fc - <alloc[2182bb758b4b3781]::vec::Vec<u8> as core[df12db4294e9bfd3]::io::write::Write>::write_fmt
[INFO] [stdout]    3:     0x64220147b066 - std[70759c8f55707aa4]::panicking::default_hook::{closure#0}
[INFO] [stdout]    4:     0x642201498e69 - std[70759c8f55707aa4]::panicking::default_hook
[INFO] [stdout]    5:     0x642201367130 - test[9d35eded1c95d3be]::test_main_inner::<test[9d35eded1c95d3be]::test_main_static::{closure#0}>::{closure#0}
[INFO] [stdout]    6:     0x642201499192 - std[70759c8f55707aa4]::panicking::panic_with_hook
[INFO] [stdout]    7:     0x64220147b112 - std[70759c8f55707aa4]::panicking::panic_handler::{closure#0}
[INFO] [stdout]    8:     0x642201473629 - std[70759c8f55707aa4]::sys::backtrace::__rust_end_short_backtrace::<std[70759c8f55707aa4]::panicking::panic_handler::{closure#0}, !>
[INFO] [stdout]    9:     0x64220147be1d - __rustc[8fa7c3cbc660c2b3]::rust_begin_unwind
[INFO] [stdout]   10:     0x6422014b8c7c - core[df12db4294e9bfd3]::panicking::panic_fmt
[INFO] [stdout]   11:     0x6422014b8a52 - core[df12db4294e9bfd3]::result::unwrap_failed
[INFO] [stdout]   12:     0x642201332ed6 - <attach[246c6d453981a4a3]::support::daemon::Proc>::new::<&str>
[INFO] [stdout]   13:     0x6422012d9da6 - attach[246c6d453981a4a3]::forward_env::ntest_callback
[INFO] [stdout]   14:     0x64220132bbaf - std[70759c8f55707aa4]::sys::backtrace::__rust_begin_short_backtrace::<attach[246c6d453981a4a3]::forward_env::{closure#0}, ()>
[INFO] [stdout]   15:     0x6422013234fb - <std[70759c8f55707aa4]::thread::lifecycle::spawn_unchecked<attach[246c6d453981a4a3]::forward_env::{closure#0}, ()>::{closure#1} as core[df12db4294e9bfd3]::ops::function::FnOnce<()>>::call_once::{shim:vtable#0}
[INFO] [stdout]   16:     0x6422014a0ee9 - <std[70759c8f55707aa4]::sys::thread::unix::Thread>::new::thread_start
[INFO] [stdout]   17:     0x79db0cc18dfa - <unknown>
[INFO] [stdout]   18:     0x79db0ccac3d4 - clone
[INFO] [stdout]   19:                0x0 - <unknown>
[INFO] [stdout] 
[INFO] [stdout] ---- forward_env_all stdout ----
[INFO] [stdout] 
[INFO] [stdout] thread '<unnamed>' (2351) panicked at tests/support/daemon.rs:114:72:
[INFO] [stdout] called `Result::unwrap()` on an `Err` value: cargo invocation failed
[INFO] [stdout] 
[INFO] [stdout] Stack backtrace:
[INFO] [stdout]    0: <anyhow::Error>::msg::<&str>
[INFO] [stdout]    1: attach::support::shpool_bin
[INFO] [stdout]    2: <attach::support::daemon::Proc>::new::<&str>
[INFO] [stdout]    3: attach::forward_env_all::ntest_callback
[INFO] [stdout]    4: std::sys::backtrace::__rust_begin_short_backtrace::<attach::forward_env_all::{closure#0}, ()>
[INFO] [stdout]    5: <std::thread::lifecycle::spawn_unchecked<attach::forward_env_all::{closure#0}, ()>::{closure#1} as core::ops::function::FnOnce<()>>::call_once::{shim:vtable#0}
[INFO] [stdout]    6: <std::sys::thread::unix::Thread>::new::thread_start
[INFO] [stdout]    7: <unknown>
[INFO] [stdout]    8: clone
[INFO] [stdout] stack backtrace:
[INFO] [stdout]    0:     0x6422014a1bb1 - <<std[70759c8f55707aa4]::sys::backtrace::BacktraceLock>::print::DisplayBacktrace as core[df12db4294e9bfd3]::fmt::Display>::fmt
[INFO] [stdout]    1:     0x6422014b849a - core[df12db4294e9bfd3]::fmt::write
[INFO] [stdout]    2:     0x6422014a69fc - <alloc[2182bb758b4b3781]::vec::Vec<u8> as core[df12db4294e9bfd3]::io::write::Write>::write_fmt
[INFO] [stdout]    3:     0x64220147b066 - std[70759c8f55707aa4]::panicking::default_hook::{closure#0}
[INFO] [stdout]    4:     0x642201498e69 - std[70759c8f55707aa4]::panicking::default_hook
[INFO] [stdout]    5:     0x642201367130 - test[9d35eded1c95d3be]::test_main_inner::<test[9d35eded1c95d3be]::test_main_static::{closure#0}>::{closure#0}
[INFO] [stdout]    6:     0x642201499192 - std[70759c8f55707aa4]::panicking::panic_with_hook
[INFO] [stdout]    7:     0x64220147b112 - std[70759c8f55707aa4]::panicking::panic_handler::{closure#0}
[INFO] [stdout]    8:     0x642201473629 - std[70759c8f55707aa4]::sys::backtrace::__rust_end_short_backtrace::<std[70759c8f55707aa4]::panicking::panic_handler::{closure#0}, !>
[INFO] [stdout]    9:     0x64220147be1d - __rustc[8fa7c3cbc660c2b3]::rust_begin_unwind
[INFO] [stdout]   10:     0x6422014b8c7c - core[df12db4294e9bfd3]::panicking::panic_fmt
[INFO] [stdout]   11:     0x6422014b8a52 - core[df12db4294e9bfd3]::result::unwrap_failed
[INFO] [stdout]   12:     0x642201332ed6 - <attach[246c6d453981a4a3]::support::daemon::Proc>::new::<&str>
[INFO] [stdout]   13:     0x6422012deb16 - attach[246c6d453981a4a3]::forward_env_all::ntest_callback
[INFO] [stdout]   14:     0x64220132ca0f - std[70759c8f55707aa4]::sys::backtrace::__rust_begin_short_backtrace::<attach[246c6d453981a4a3]::forward_env_all::{closure#0}, ()>
[INFO] [stdout]   15:     0x6422013242bb - <std[70759c8f55707aa4]::thread::lifecycle::spawn_unchecked<attach[246c6d453981a4a3]::forward_env_all::{closure#0}, ()>::{closure#1} as core[df12db4294e9bfd3]::ops::function::FnOnce<()>>::call_once::{shim:vtable#0}
[INFO] [stdout]   16:     0x6422014a0ee9 - <std[70759c8f55707aa4]::sys::thread::unix::Thread>::new::thread_start
[INFO] [stdout]   17:     0x79db0cc18dfa - <unknown>
[INFO] [stdout]   18:     0x79db0ccac3d4 - clone
[INFO] [stdout]   19:                0x0 - <unknown>
[INFO] [stdout] 
[INFO] [stdout] ---- forward_env_live_reload_bash stdout ----
[INFO] [stdout] 
[INFO] [stdout] thread '<unnamed>' (2362) panicked at tests/support/daemon.rs:114:72:
[INFO] [stdout] called `Result::unwrap()` on an `Err` value: cargo invocation failed
[INFO] [stdout] 
[INFO] [stdout] Stack backtrace:
[INFO] [stdout]    0: <anyhow::Error>::msg::<&str>
[INFO] [stdout]    1: attach::support::shpool_bin
[INFO] [stdout]    2: <attach::support::daemon::Proc>::new::<&str>
[INFO] [stdout]    3: attach::forward_env_live_reload_bash::ntest_callback
[INFO] [stdout]    4: std::sys::backtrace::__rust_begin_short_backtrace::<attach::forward_env_live_reload_bash::{closure#0}, ()>
[INFO] [stdout]    5: <std::thread::lifecycle::spawn_unchecked<attach::forward_env_live_reload_bash::{closure#0}, ()>::{closure#1} as core::ops::function::FnOnce<()>>::call_once::{shim:vtable#0}
[INFO] [stdout]    6: <std::sys::thread::unix::Thread>::new::thread_start
[INFO] [stdout]    7: <unknown>
[INFO] [stdout]    8: clone
[INFO] [stdout] stack backtrace:
[INFO] [stdout]    0:     0x6422014a1bb1 - <<std[70759c8f55707aa4]::sys::backtrace::BacktraceLock>::print::DisplayBacktrace as core[df12db4294e9bfd3]::fmt::Display>::fmt
[INFO] [stdout]    1:     0x6422014b849a - core[df12db4294e9bfd3]::fmt::write
[INFO] [stdout]    2:     0x6422014a69fc - <alloc[2182bb758b4b3781]::vec::Vec<u8> as core[df12db4294e9bfd3]::io::write::Write>::write_fmt
[INFO] [stdout]    3:     0x64220147b066 - std[70759c8f55707aa4]::panicking::default_hook::{closure#0}
[INFO] [stdout]    4:     0x642201498e69 - std[70759c8f55707aa4]::panicking::default_hook
[INFO] [stdout]    5:     0x642201367130 - test[9d35eded1c95d3be]::test_main_inner::<test[9d35eded1c95d3be]::test_main_static::{closure#0}>::{closure#0}
[INFO] [stdout]    6:     0x642201499192 - std[70759c8f55707aa4]::panicking::panic_with_hook
[INFO] [stdout]    7:     0x64220147b112 - std[70759c8f55707aa4]::panicking::panic_handler::{closure#0}
[INFO] [stdout]    8:     0x642201473629 - std[70759c8f55707aa4]::sys::backtrace::__rust_end_short_backtrace::<std[70759c8f55707aa4]::panicking::panic_handler::{closure#0}, !>
[INFO] [stdout]    9:     0x64220147be1d - __rustc[8fa7c3cbc660c2b3]::rust_begin_unwind
[INFO] [stdout]   10:     0x6422014b8c7c - core[df12db4294e9bfd3]::panicking::panic_fmt
[INFO] [stdout]   11:     0x6422014b8a52 - core[df12db4294e9bfd3]::result::unwrap_failed
[INFO] [stdout]   12:     0x642201332ed6 - <attach[246c6d453981a4a3]::support::daemon::Proc>::new::<&str>
[INFO] [stdout]   13:     0x6422012eed66 - attach[246c6d453981a4a3]::forward_env_live_reload_bash::ntest_callback
[INFO] [stdout]   14:     0x64220132f80f - std[70759c8f55707aa4]::sys::backtrace::__rust_begin_short_backtrace::<attach[246c6d453981a4a3]::forward_env_live_reload_bash::{closure#0}, ()>
[INFO] [stdout]   15:     0x642201326ebb - <std[70759c8f55707aa4]::thread::lifecycle::spawn_unchecked<attach[246c6d453981a4a3]::forward_env_live_reload_bash::{closure#0}, ()>::{closure#1} as core[df12db4294e9bfd3]::ops::function::FnOnce<()>>::call_once::{shim:vtable#0}
[INFO] [stdout]   16:     0x6422014a0ee9 - <std[70759c8f55707aa4]::sys::thread::unix::Thread>::new::thread_start
[INFO] [stdout]   17:     0x79db0cc18dfa - <unknown>
[INFO] [stdout]   18:     0x79db0ccac3d4 - clone
[INFO] [stdout]   19:                0x0 - <unknown>
[INFO] [stdout] 
[INFO] [stdout] ---- forward_env_live_reload_fish stdout ----
[INFO] [stdout] 
[INFO] [stdout] thread '<unnamed>' (2373) panicked at tests/support/daemon.rs:114:72:
[INFO] [stdout] called `Result::unwrap()` on an `Err` value: cargo invocation failed
[INFO] [stdout] 
[INFO] [stdout] Stack backtrace:
[INFO] [stdout]    0: <anyhow::Error>::msg::<&str>
[INFO] [stdout]    1: attach::support::shpool_bin
[INFO] [stdout]    2: <attach::support::daemon::Proc>::new::<&str>
[INFO] [stdout]    3: attach::forward_env_live_reload_fish::ntest_callback
[INFO] [stdout]    4: std::sys::backtrace::__rust_begin_short_backtrace::<attach::forward_env_live_reload_fish::{closure#0}, ()>
[INFO] [stdout]    5: <std::thread::lifecycle::spawn_unchecked<attach::forward_env_live_reload_fish::{closure#0}, ()>::{closure#1} as core::ops::function::FnOnce<()>>::call_once::{shim:vtable#0}
[INFO] [stdout]    6: <std::sys::thread::unix::Thread>::new::thread_start
[INFO] [stdout]    7: <unknown>
[INFO] [stdout]    8: clone
[INFO] [stdout] stack backtrace:
[INFO] [stdout]    0:     0x6422014a1bb1 - <<std[70759c8f55707aa4]::sys::backtrace::BacktraceLock>::print::DisplayBacktrace as core[df12db4294e9bfd3]::fmt::Display>::fmt
[INFO] [stdout]    1:     0x6422014b849a - core[df12db4294e9bfd3]::fmt::write
[INFO] [stdout]    2:     0x6422014a69fc - <alloc[2182bb758b4b3781]::vec::Vec<u8> as core[df12db4294e9bfd3]::io::write::Write>::write_fmt
[INFO] [stdout]    3:     0x64220147b066 - std[70759c8f55707aa4]::panicking::default_hook::{closure#0}
[INFO] [stdout]    4:     0x642201498e69 - std[70759c8f55707aa4]::panicking::default_hook
[INFO] [stdout]    5:     0x642201367130 - test[9d35eded1c95d3be]::test_main_inner::<test[9d35eded1c95d3be]::test_main_static::{closure#0}>::{closure#0}
[INFO] [stdout]    6:     0x642201499192 - std[70759c8f55707aa4]::panicking::panic_with_hook
[INFO] [stdout]    7:     0x64220147b112 - std[70759c8f55707aa4]::panicking::panic_handler::{closure#0}
[INFO] [stdout]    8:     0x642201473629 - std[70759c8f55707aa4]::sys::backtrace::__rust_end_short_backtrace::<std[70759c8f55707aa4]::panicking::panic_handler::{closure#0}, !>
[INFO] [stdout]    9:     0x64220147be1d - __rustc[8fa7c3cbc660c2b3]::rust_begin_unwind
[INFO] [stdout]   10:     0x6422014b8c7c - core[df12db4294e9bfd3]::panicking::panic_fmt
[INFO] [stdout]   11:     0x6422014b8a52 - core[df12db4294e9bfd3]::result::unwrap_failed
[INFO] [stdout]   12:     0x642201332ed6 - <attach[246c6d453981a4a3]::support::daemon::Proc>::new::<&str>
[INFO] [stdout]   13:     0x6422012f01a3 - attach[246c6d453981a4a3]::forward_env_live_reload_fish::ntest_callback
[INFO] [stdout]   14:     0x64220132f97f - std[70759c8f55707aa4]::sys::backtrace::__rust_begin_short_backtrace::<attach[246c6d453981a4a3]::forward_env_live_reload_fish::{closure#0}, ()>
[INFO] [stdout]   15:     0x64220132701b - <std[70759c8f55707aa4]::thread::lifecycle::spawn_unchecked<attach[246c6d453981a4a3]::forward_env_live_reload_fish::{closure#0}, ()>::{closure#1} as core[df12db4294e9bfd3]::ops::function::FnOnce<()>>::call_once::{shim:vtable#0}
[INFO] [stdout]   16:     0x6422014a0ee9 - <std[70759c8f55707aa4]::sys::thread::unix::Thread>::new::thread_start
[INFO] [stdout]   17:     0x79db0cc18dfa - <unknown>
[INFO] [stdout]   18:     0x79db0ccac3d4 - clone
[INFO] [stdout]   19:                0x0 - <unknown>
[INFO] [stdout] 
[INFO] [stdout] ---- forward_env_live_reload_zsh stdout ----
[INFO] [stdout] 
[INFO] [stdout] thread '<unnamed>' (2384) panicked at tests/support/daemon.rs:114:72:
[INFO] [stdout] called `Result::unwrap()` on an `Err` value: cargo invocation failed
[INFO] [stdout] 
[INFO] [stdout] Stack backtrace:
[INFO] [stdout]    0: <anyhow::Error>::msg::<&str>
[INFO] [stdout]    1: attach::support::shpool_bin
[INFO] [stdout]    2: <attach::support::daemon::Proc>::new::<&str>
[INFO] [stdout]    3: attach::forward_env_live_reload_zsh::ntest_callback
[INFO] [stdout]    4: std::sys::backtrace::__rust_begin_short_backtrace::<attach::forward_env_live_reload_zsh::{closure#0}, ()>
[INFO] [stdout]    5: <std::thread::lifecycle::spawn_unchecked<attach::forward_env_live_reload_zsh::{closure#0}, ()>::{closure#1} as core::ops::function::FnOnce<()>>::call_once::{shim:vtable#0}
[INFO] [stdout]    6: <std::sys::thread::unix::Thread>::new::thread_start
[INFO] [stdout]    7: <unknown>
[INFO] [stdout]    8: clone
[INFO] [stdout] stack backtrace:
[INFO] [stdout]    0:     0x6422014a1bb1 - <<std[70759c8f55707aa4]::sys::backtrace::BacktraceLock>::print::DisplayBacktrace as core[df12db4294e9bfd3]::fmt::Display>::fmt
[INFO] [stdout]    1:     0x6422014b849a - core[df12db4294e9bfd3]::fmt::write
[INFO] [stdout]    2:     0x6422014a69fc - <alloc[2182bb758b4b3781]::vec::Vec<u8> as core[df12db4294e9bfd3]::io::write::Write>::write_fmt
[INFO] [stdout]    3:     0x64220147b066 - std[70759c8f55707aa4]::panicking::default_hook::{closure#0}
[INFO] [stdout]    4:     0x642201498e69 - std[70759c8f55707aa4]::panicking::default_hook
[INFO] [stdout]    5:     0x642201367130 - test[9d35eded1c95d3be]::test_main_inner::<test[9d35eded1c95d3be]::test_main_static::{closure#0}>::{closure#0}
[INFO] [stdout]    6:     0x642201499192 - std[70759c8f55707aa4]::panicking::panic_with_hook
[INFO] [stdout]    7:     0x64220147b112 - std[70759c8f55707aa4]::panicking::panic_handler::{closure#0}
[INFO] [stdout]    8:     0x642201473629 - std[70759c8f55707aa4]::sys::backtrace::__rust_end_short_backtrace::<std[70759c8f55707aa4]::panicking::panic_handler::{closure#0}, !>
[INFO] [stdout]    9:     0x64220147be1d - __rustc[8fa7c3cbc660c2b3]::rust_begin_unwind
[INFO] [stdout]   10:     0x6422014b8c7c - core[df12db4294e9bfd3]::panicking::panic_fmt
[INFO] [stdout]   11:     0x6422014b8a52 - core[df12db4294e9bfd3]::result::unwrap_failed
[INFO] [stdout]   12:     0x642201332ed6 - <attach[246c6d453981a4a3]::support::daemon::Proc>::new::<&str>
[INFO] [stdout]   13:     0x6422012ec3f6 - attach[246c6d453981a4a3]::forward_env_live_reload_zsh::ntest_callback
[INFO] [stdout]   14:     0x64220132f3bf - std[70759c8f55707aa4]::sys::backtrace::__rust_begin_short_backtrace::<attach[246c6d453981a4a3]::forward_env_live_reload_zsh::{closure#0}, ()>
[INFO] [stdout]   15:     0x642201326a9b - <std[70759c8f55707aa4]::thread::lifecycle::spawn_unchecked<attach[246c6d453981a4a3]::forward_env_live_reload_zsh::{closure#0}, ()>::{closure#1} as core[df12db4294e9bfd3]::ops::function::FnOnce<()>>::call_once::{shim:vtable#0}
[INFO] [stdout]   16:     0x6422014a0ee9 - <std[70759c8f55707aa4]::sys::thread::unix::Thread>::new::thread_start
[INFO] [stdout]   17:     0x79db0cc18dfa - <unknown>
[INFO] [stdout]   18:     0x79db0ccac3d4 - clone
[INFO] [stdout]   19:                0x0 - <unknown>
[INFO] [stdout] 
[INFO] [stdout] ---- forward_env_none stdout ----
[INFO] [stdout] 
[INFO] [stdout] thread '<unnamed>' (2395) panicked at tests/support/daemon.rs:114:72:
[INFO] [stdout] called `Result::unwrap()` on an `Err` value: cargo invocation failed
[INFO] [stdout] 
[INFO] [stdout] Stack backtrace:
[INFO] [stdout]    0: <anyhow::Error>::msg::<&str>
[INFO] [stdout]    1: attach::support::shpool_bin
[INFO] [stdout]    2: <attach::support::daemon::Proc>::new::<&str>
[INFO] [stdout]    3: attach::forward_env_none::ntest_callback
[INFO] [stdout]    4: std::sys::backtrace::__rust_begin_short_backtrace::<attach::forward_env_none::{closure#0}, ()>
[INFO] [stdout]    5: <std::thread::lifecycle::spawn_unchecked<attach::forward_env_none::{closure#0}, ()>::{closure#1} as core::ops::function::FnOnce<()>>::call_once::{shim:vtable#0}
[INFO] [stdout]    6: <std::sys::thread::unix::Thread>::new::thread_start
[INFO] [stdout]    7: <unknown>
[INFO] [stdout]    8: clone
[INFO] [stdout] stack backtrace:
[INFO] [stdout]    0:     0x6422014a1bb1 - <<std[70759c8f55707aa4]::sys::backtrace::BacktraceLock>::print::DisplayBacktrace as core[df12db4294e9bfd3]::fmt::Display>::fmt
[INFO] [stdout]    1:     0x6422014b849a - core[df12db4294e9bfd3]::fmt::write
[INFO] [stdout]    2:     0x6422014a69fc - <alloc[2182bb758b4b3781]::vec::Vec<u8> as core[df12db4294e9bfd3]::io::write::Write>::write_fmt
[INFO] [stdout]    3:     0x64220147b066 - std[70759c8f55707aa4]::panicking::default_hook::{closure#0}
[INFO] [stdout]    4:     0x642201498e69 - std[70759c8f55707aa4]::panicking::default_hook
[INFO] [stdout]    5:     0x642201367130 - test[9d35eded1c95d3be]::test_main_inner::<test[9d35eded1c95d3be]::test_main_static::{closure#0}>::{closure#0}
[INFO] [stdout]    6:     0x642201499192 - std[70759c8f55707aa4]::panicking::panic_with_hook
[INFO] [stdout]    7:     0x64220147b112 - std[70759c8f55707aa4]::panicking::panic_handler::{closure#0}
[INFO] [stdout]    8:     0x642201473629 - std[70759c8f55707aa4]::sys::backtrace::__rust_end_short_backtrace::<std[70759c8f55707aa4]::panicking::panic_handler::{closure#0}, !>
[INFO] [stdout]    9:     0x64220147be1d - __rustc[8fa7c3cbc660c2b3]::rust_begin_unwind
[INFO] [stdout]   10:     0x6422014b8c7c - core[df12db4294e9bfd3]::panicking::panic_fmt
[INFO] [stdout]   11:     0x6422014b8a52 - core[df12db4294e9bfd3]::result::unwrap_failed
[INFO] [stdout]   12:     0x642201332ed6 - <attach[246c6d453981a4a3]::support::daemon::Proc>::new::<&str>
[INFO] [stdout]   13:     0x6422012dfb56 - attach[246c6d453981a4a3]::forward_env_none::ntest_callback
[INFO] [stdout]   14:     0x64220132cb7f - std[70759c8f55707aa4]::sys::backtrace::__rust_begin_short_backtrace::<attach[246c6d453981a4a3]::forward_env_none::{closure#0}, ()>
[INFO] [stdout]   15:     0x64220132441b - <std[70759c8f55707aa4]::thread::lifecycle::spawn_unchecked<attach[246c6d453981a4a3]::forward_env_none::{closure#0}, ()>::{closure#1} as core[df12db4294e9bfd3]::ops::function::FnOnce<()>>::call_once::{shim:vtable#0}
[INFO] [stdout]   16:     0x6422014a0ee9 - <std[70759c8f55707aa4]::sys::thread::unix::Thread>::new::thread_start
[INFO] [stdout]   17:     0x79db0cc18dfa - <unknown>
[INFO] [stdout]   18:     0x79db0ccac3d4 - clone
[INFO] [stdout]   19:                0x0 - <unknown>
[INFO] [stdout] 
[INFO] [stdout] ---- motd_debounced_pager_debounces stdout ----
[INFO] [stdout] building config in "/tmp/shpool-test/QEm8A8PYIZKpOhj349QH"
[INFO] [stdout] Error: No such file or directory (os error 2)
[INFO] [stdout] 
[INFO] [stdout] Stack backtrace:
[INFO] [stdout]    0: <anyhow::Error as core::convert::From<core::io::error::Error>>::from
[INFO] [stdout]    1: attach::motd_debounced_pager_debounces::ntest_callback
[INFO] [stdout]    2: std::sys::backtrace::__rust_begin_short_backtrace::<attach::motd_debounced_pager_debounces::{closure#0}, ()>
[INFO] [stdout]    3: <std::thread::lifecycle::spawn_unchecked<attach::motd_debounced_pager_debounces::{closure#0}, ()>::{closure#1} as core::ops::function::FnOnce<()>>::call_once::{shim:vtable#0}
[INFO] [stdout]    4: <std::sys::thread::unix::Thread>::new::thread_start
[INFO] [stdout]    5: <unknown>
[INFO] [stdout]    6: clone
[INFO] [stdout] 
[INFO] [stdout] ---- motd_debounced_pager_unbounces stdout ----
[INFO] [stdout] building config in "/tmp/shpool-test/FsjRDzowgEtcnG0zOagn"
[INFO] [stdout] Error: No such file or directory (os error 2)
[INFO] [stdout] 
[INFO] [stdout] Stack backtrace:
[INFO] [stdout]    0: <anyhow::Error as core::convert::From<core::io::error::Error>>::from
[INFO] [stdout]    1: attach::motd_debounced_pager_unbounces::ntest_callback
[INFO] [stdout]    2: std::sys::backtrace::__rust_begin_short_backtrace::<attach::motd_debounced_pager_unbounces::{closure#0}, ()>
[INFO] [stdout]    3: <std::thread::lifecycle::spawn_unchecked<attach::motd_debounced_pager_unbounces::{closure#0}, ()>::{closure#1} as core::ops::function::FnOnce<()>>::call_once::{shim:vtable#0}
[INFO] [stdout]    4: <std::sys::thread::unix::Thread>::new::thread_start
[INFO] [stdout]    5: <unknown>
[INFO] [stdout]    6: clone
[INFO] [stdout] 
[INFO] [stdout] ---- motd_dump stdout ----
[INFO] [stdout] building config in "/tmp/shpool-test/hCW2nxY9Usu0pu8113cN"
[INFO] [stdout] Error: No such file or directory (os error 2)
[INFO] [stdout] 
[INFO] [stdout] Stack backtrace:
[INFO] [stdout]    0: <anyhow::Error as core::convert::From<core::io::error::Error>>::from
[INFO] [stdout]    1: attach::motd_dump::ntest_callback
[INFO] [stdout]    2: std::sys::backtrace::__rust_begin_short_backtrace::<attach::motd_dump::{closure#0}, ()>
[INFO] [stdout]    3: <std::thread::lifecycle::spawn_unchecked<attach::motd_dump::{closure#0}, ()>::{closure#1} as core::ops::function::FnOnce<()>>::call_once::{shim:vtable#0}
[INFO] [stdout]    4: <std::sys::thread::unix::Thread>::new::thread_start
[INFO] [stdout]    5: <unknown>
[INFO] [stdout]    6: clone
[INFO] [stdout] 
[INFO] [stdout] ---- motd_env_test_pager_preserves_term_env_var stdout ----
[INFO] [stdout] building config in "/tmp/shpool-test/r8qHbmeZYqV4wewkqCED"
[INFO] [stdout] Error: No such file or directory (os error 2)
[INFO] [stdout] 
[INFO] [stdout] Stack backtrace:
[INFO] [stdout]    0: <anyhow::Error as core::convert::From<core::io::error::Error>>::from
[INFO] [stdout]    1: attach::motd_env_test_pager_preserves_term_env_var::ntest_callback
[INFO] [stdout]    2: std::sys::backtrace::__rust_begin_short_backtrace::<attach::motd_env_test_pager_preserves_term_env_var::{closure#0}, ()>
[INFO] [stdout]    3: <std::thread::lifecycle::spawn_unchecked<attach::motd_env_test_pager_preserves_term_env_var::{closure#0}, ()>::{closure#1} as core::ops::function::FnOnce<()>>::call_once::{shim:vtable#0}
[INFO] [stdout]    4: <std::sys::thread::unix::Thread>::new::thread_start
[INFO] [stdout]    5: <unknown>
[INFO] [stdout]    6: clone
[INFO] [stdout] 
[INFO] [stdout] ---- fresh_shell_does_not_have_prompt_setup_code stdout ----
[INFO] [stdout] 
[INFO] [stdout] thread '<unnamed>' (2406) panicked at tests/support/daemon.rs:114:72:
[INFO] [stdout] called `Result::unwrap()` on an `Err` value: cargo invocation failed
[INFO] [stdout] 
[INFO] [stdout] Stack backtrace:
[INFO] [stdout]    0: <anyhow::Error>::msg::<&str>
[INFO] [stdout]    1: attach::support::shpool_bin
[INFO] [stdout]    2: <attach::support::daemon::Proc>::new::<&str>
[INFO] [stdout]    3: attach::fresh_shell_does_not_have_prompt_setup_code::ntest_callback
[INFO] [stdout]    4: std::sys::backtrace::__rust_begin_short_backtrace::<attach::fresh_shell_does_not_have_prompt_setup_code::{closure#0}, ()>
[INFO] [stdout]    5: <std::thread::lifecycle::spawn_unchecked<attach::fresh_shell_does_not_have_prompt_setup_code::{closure#0}, ()>::{closure#1} as core::ops::function::FnOnce<()>>::call_once::{shim:vtable#0}
[INFO] [stdout]    6: <std::sys::thread::unix::Thread>::new::thread_start
[INFO] [stdout]    7: <unknown>
[INFO] [stdout]    8: clone
[INFO] [stdout] stack backtrace:
[INFO] [stdout]    0:     0x6422014a1bb1 - <<std[70759c8f55707aa4]::sys::backtrace::BacktraceLock>::print::DisplayBacktrace as core[df12db4294e9bfd3]::fmt::Display>::fmt
[INFO] [stdout]    1:     0x6422014b849a - core[df12db4294e9bfd3]::fmt::write
[INFO] [stdout]    2:     0x6422014a69fc - <alloc[2182bb758b4b3781]::vec::Vec<u8> as core[df12db4294e9bfd3]::io::write::Write>::write_fmt
[INFO] [stdout]    3:     0x64220147b066 - std[70759c8f55707aa4]::panicking::default_hook::{closure#0}
[INFO] [stdout]    4:     0x642201498e69 - std[70759c8f55707aa4]::panicking::default_hook
[INFO] [stdout]    5:     0x642201367130 - test[9d35eded1c95d3be]::test_main_inner::<test[9d35eded1c95d3be]::test_main_static::{closure#0}>::{closure#0}
[INFO] [stdout]    6:     0x642201499192 - std[70759c8f55707aa4]::panicking::panic_with_hook
[INFO] [stdout]    7:     0x64220147b112 - std[70759c8f55707aa4]::panicking::panic_handler::{closure#0}
[INFO] [stdout]    8:     0x642201473629 - std[70759c8f55707aa4]::sys::backtrace::__rust_end_short_backtrace::<std[70759c8f55707aa4]::panicking::panic_handler::{closure#0}, !>
[INFO] [stdout]    9:     0x64220147be1d - __rustc[8fa7c3cbc660c2b3]::rust_begin_unwind
[INFO] [stdout]   10:     0x6422014b8c7c - core[df12db4294e9bfd3]::panicking::panic_fmt
[INFO] [stdout]   11:     0x6422014b8a52 - core[df12db4294e9bfd3]::result::unwrap_failed
[INFO] [stdout]   12:     0x642201332ed6 - <attach[246c6d453981a4a3]::support::daemon::Proc>::new::<&str>
[INFO] [stdout]   13:     0x6422012f6890 - attach[246c6d453981a4a3]::fresh_shell_does_not_have_prompt_setup_code::ntest_callback
[INFO] [stdout]   14:     0x642201330c2f - std[70759c8f55707aa4]::sys::backtrace::__rust_begin_short_backtrace::<attach[246c6d453981a4a3]::fresh_shell_does_not_have_prompt_setup_code::{closure#0}, ()>
[INFO] [stdout]   15:     0x6422013281fb - <std[70759c8f55707aa4]::thread::lifecycle::spawn_unchecked<attach[246c6d453981a4a3]::fresh_shell_does_not_have_prompt_setup_code::{closure#0}, ()>::{closure#1} as core[df12db4294e9bfd3]::ops::function::FnOnce<()>>::call_once::{shim:vtable#0}
[INFO] [stdout]   16:     0x6422014a0ee9 - <std[70759c8f55707aa4]::sys::thread::unix::Thread>::new::thread_start
[INFO] [stdout]   17:     0x79db0cc18dfa - <unknown>
[INFO] [stdout]   18:     0x79db0ccac3d4 - clone
[INFO] [stdout]   19:                0x0 - <unknown>
[INFO] [stdout] 
[INFO] [stdout] ---- fresh_shell_draws_prompt stdout ----
[INFO] [stdout] 
[INFO] [stdout] thread '<unnamed>' (2417) panicked at tests/support/daemon.rs:114:72:
[INFO] [stdout] called `Result::unwrap()` on an `Err` value: cargo invocation failed
[INFO] [stdout] 
[INFO] [stdout] Stack backtrace:
[INFO] [stdout]    0: <anyhow::Error>::msg::<&str>
[INFO] [stdout]    1: attach::support::shpool_bin
[INFO] [stdout]    2: <attach::support::daemon::Proc>::new::<&str>
[INFO] [stdout]    3: attach::fresh_shell_draws_prompt::ntest_callback
[INFO] [stdout]    4: std::sys::backtrace::__rust_begin_short_backtrace::<attach::fresh_shell_draws_prompt::{closure#0}, ()>
[INFO] [stdout]    5: <std::thread::lifecycle::spawn_unchecked<attach::fresh_shell_draws_prompt::{closure#0}, ()>::{closure#1} as core::ops::function::FnOnce<()>>::call_once::{shim:vtable#0}
[INFO] [stdout]    6: <std::sys::thread::unix::Thread>::new::thread_start
[INFO] [stdout]    7: <unknown>
[INFO] [stdout]    8: clone
[INFO] [stdout] stack backtrace:
[INFO] [stdout]    0:     0x6422014a1bb1 - <<std[70759c8f55707aa4]::sys::backtrace::BacktraceLock>::print::DisplayBacktrace as core[df12db4294e9bfd3]::fmt::Display>::fmt
[INFO] [stdout]    1:     0x6422014b849a - core[df12db4294e9bfd3]::fmt::write
[INFO] [stdout]    2:     0x6422014a69fc - <alloc[2182bb758b4b3781]::vec::Vec<u8> as core[df12db4294e9bfd3]::io::write::Write>::write_fmt
[INFO] [stdout]    3:     0x64220147b066 - std[70759c8f55707aa4]::panicking::default_hook::{closure#0}
[INFO] [stdout]    4:     0x642201498e69 - std[70759c8f55707aa4]::panicking::default_hook
[INFO] [stdout]    5:     0x642201367130 - test[9d35eded1c95d3be]::test_main_inner::<test[9d35eded1c95d3be]::test_main_static::{closure#0}>::{closure#0}
[INFO] [stdout]    6:     0x642201499192 - std[70759c8f55707aa4]::panicking::panic_with_hook
[INFO] [stdout]    7:     0x64220147b112 - std[70759c8f55707aa4]::panicking::panic_handler::{closure#0}
[INFO] [stdout]    8:     0x642201473629 - std[70759c8f55707aa4]::sys::backtrace::__rust_end_short_backtrace::<std[70759c8f55707aa4]::panicking::panic_handler::{closure#0}, !>
[INFO] [stdout]    9:     0x64220147be1d - __rustc[8fa7c3cbc660c2b3]::rust_begin_unwind
[INFO] [stdout]   10:     0x6422014b8c7c - core[df12db4294e9bfd3]::panicking::panic_fmt
[INFO] [stdout]   11:     0x6422014b8a52 - core[df12db4294e9bfd3]::result::unwrap_failed
[INFO] [stdout]   12:     0x642201332ed6 - <attach[246c6d453981a4a3]::support::daemon::Proc>::new::<&str>
[INFO] [stdout]   13:     0x6422012ea730 - attach[246c6d453981a4a3]::fresh_shell_draws_prompt::ntest_callback
[INFO] [stdout]   14:     0x64220132ec8f - std[70759c8f55707aa4]::sys::backtrace::__rust_begin_short_backtrace::<attach[246c6d453981a4a3]::fresh_shell_draws_prompt::{closure#0}, ()>
[INFO] [stdout]   15:     0x6422013263bb - <std[70759c8f55707aa4]::thread::lifecycle::spawn_unchecked<attach[246c6d453981a4a3]::fresh_shell_draws_prompt::{closure#0}, ()>::{closure#1} as core[df12db4294e9bfd3]::ops::function::FnOnce<()>>::call_once::{shim:vtable#0}
[INFO] [stdout]   16:     0x6422014a0ee9 - <std[70759c8f55707aa4]::sys::thread::unix::Thread>::new::thread_start
[INFO] [stdout]   17:     0x79db0cc18dfa - <unknown>
[INFO] [stdout]   18:     0x79db0ccac3d4 - clone
[INFO] [stdout]   19:                0x0 - <unknown>
[INFO] [stdout] 
[INFO] [stdout] ---- happy_path stdout ----
[INFO] [stdout] 
[INFO] [stdout] thread '<unnamed>' (2428) panicked at tests/support/daemon.rs:114:72:
[INFO] [stdout] called `Result::unwrap()` on an `Err` value: cargo invocation failed
[INFO] [stdout] 
[INFO] [stdout] Stack backtrace:
[INFO] [stdout]    0: <anyhow::Error>::msg::<&str>
[INFO] [stdout]    1: attach::support::shpool_bin
[INFO] [stdout]    2: <attach::support::daemon::Proc>::new::<&str>
[INFO] [stdout]    3: attach::happy_path::ntest_callback
[INFO] [stdout]    4: std::sys::backtrace::__rust_begin_short_backtrace::<attach::happy_path::{closure#0}, ()>
[INFO] [stdout]    5: <std::thread::lifecycle::spawn_unchecked<attach::happy_path::{closure#0}, ()>::{closure#1} as core::ops::function::FnOnce<()>>::call_once::{shim:vtable#0}
[INFO] [stdout]    6: <std::sys::thread::unix::Thread>::new::thread_start
[INFO] [stdout]    7: <unknown>
[INFO] [stdout]    8: clone
[INFO] [stdout] stack backtrace:
[INFO] [stdout]    0:     0x6422014a1bb1 - <<std[70759c8f55707aa4]::sys::backtrace::BacktraceLock>::print::DisplayBacktrace as core[df12db4294e9bfd3]::fmt::Display>::fmt
[INFO] [stdout]    1:     0x6422014b849a - core[df12db4294e9bfd3]::fmt::write
[INFO] [stdout]    2:     0x6422014a69fc - <alloc[2182bb758b4b3781]::vec::Vec<u8> as core[df12db4294e9bfd3]::io::write::Write>::write_fmt
[INFO] [stdout]    3:     0x64220147b066 - std[70759c8f55707aa4]::panicking::default_hook::{closure#0}
[INFO] [stdout]    4:     0x642201498e69 - std[70759c8f55707aa4]::panicking::default_hook
[INFO] [stdout]    5:     0x642201367130 - test[9d35eded1c95d3be]::test_main_inner::<test[9d35eded1c95d3be]::test_main_static::{closure#0}>::{closure#0}
[INFO] [stdout]    6:     0x642201499192 - std[70759c8f55707aa4]::panicking::panic_with_hook
[INFO] [stdout]    7:     0x64220147b112 - std[70759c8f55707aa4]::panicking::panic_handler::{closure#0}
[INFO] [stdout]    8:     0x642201473629 - std[70759c8f55707aa4]::sys::backtrace::__rust_end_short_backtrace::<std[70759c8f55707aa4]::panicking::panic_handler::{closure#0}, !>
[INFO] [stdout]    9:     0x64220147be1d - __rustc[8fa7c3cbc660c2b3]::rust_begin_unwind
[INFO] [stdout]   10:     0x6422014b8c7c - core[df12db4294e9bfd3]::panicking::panic_fmt
[INFO] [stdout]   11:     0x6422014b8a52 - core[df12db4294e9bfd3]::result::unwrap_failed
[INFO] [stdout]   12:     0x642201332ed6 - <attach[246c6d453981a4a3]::support::daemon::Proc>::new::<&str>
[INFO] [stdout]   13:     0x6422012d84af - attach[246c6d453981a4a3]::happy_path::ntest_callback
[INFO] [stdout]   14:     0x64220132b5ef - std[70759c8f55707aa4]::sys::backtrace::__rust_begin_short_backtrace::<attach[246c6d453981a4a3]::happy_path::{closure#0}, ()>
[INFO] [stdout]   15:     0x642201322f7b - <std[70759c8f55707aa4]::thread::lifecycle::spawn_unchecked<attach[246c6d453981a4a3]::happy_path::{closure#0}, ()>::{closure#1} as core[df12db4294e9bfd3]::ops::function::FnOnce<()>>::call_once::{shim:vtable#0}
[INFO] [stdout]   16:     0x6422014a0ee9 - <std[70759c8f55707aa4]::sys::thread::unix::Thread>::new::thread_start
[INFO] [stdout]   17:     0x79db0cc18dfa - <unknown>
[INFO] [stdout]   18:     0x79db0ccac3d4 - clone
[INFO] [stdout]   19:                0x0 - <unknown>
[INFO] [stdout] 
[INFO] [stdout] ---- has_right_default_path stdout ----
[INFO] [stdout] 
[INFO] [stdout] thread '<unnamed>' (2439) panicked at tests/support/daemon.rs:114:72:
[INFO] [stdout] called `Result::unwrap()` on an `Err` value: cargo invocation failed
[INFO] [stdout] 
[INFO] [stdout] Stack backtrace:
[INFO] [stdout]    0: <anyhow::Error>::msg::<&str>
[INFO] [stdout]    1: attach::support::shpool_bin
[INFO] [stdout]    2: <attach::support::daemon::Proc>::new::<&str>
[INFO] [stdout]    3: attach::has_right_default_path::ntest_callback
[INFO] [stdout]    4: std::sys::backtrace::__rust_begin_short_backtrace::<attach::has_right_default_path::{closure#0}, ()>
[INFO] [stdout]    5: <std::thread::lifecycle::spawn_unchecked<attach::has_right_default_path::{closure#0}, ()>::{closure#1} as core::ops::function::FnOnce<()>>::call_once::{shim:vtable#0}
[INFO] [stdout]    6: <std::sys::thread::unix::Thread>::new::thread_start
[INFO] [stdout]    7: <unknown>
[INFO] [stdout]    8: clone
[INFO] [stdout] stack backtrace:
[INFO] [stdout]    0:     0x6422014a1bb1 - <<std[70759c8f55707aa4]::sys::backtrace::BacktraceLock>::print::DisplayBacktrace as core[df12db4294e9bfd3]::fmt::Display>::fmt
[INFO] [stdout]    1:     0x6422014b849a - core[df12db4294e9bfd3]::fmt::write
[INFO] [stdout]    2:     0x6422014a69fc - <alloc[2182bb758b4b3781]::vec::Vec<u8> as core[df12db4294e9bfd3]::io::write::Write>::write_fmt
[INFO] [stdout]    3:     0x64220147b066 - std[70759c8f55707aa4]::panicking::default_hook::{closure#0}
[INFO] [stdout]    4:     0x642201498e69 - std[70759c8f55707aa4]::panicking::default_hook
[INFO] [stdout]    5:     0x642201367130 - test[9d35eded1c95d3be]::test_main_inner::<test[9d35eded1c95d3be]::test_main_static::{closure#0}>::{closure#0}
[INFO] [stdout]    6:     0x642201499192 - std[70759c8f55707aa4]::panicking::panic_with_hook
[INFO] [stdout]    7:     0x64220147b112 - std[70759c8f55707aa4]::panicking::panic_handler::{closure#0}
[INFO] [stdout]    8:     0x642201473629 - std[70759c8f55707aa4]::sys::backtrace::__rust_end_short_backtrace::<std[70759c8f55707aa4]::panicking::panic_handler::{closure#0}, !>
[INFO] [stdout]    9:     0x64220147be1d - __rustc[8fa7c3cbc660c2b3]::rust_begin_unwind
[INFO] [stdout]   10:     0x6422014b8c7c - core[df12db4294e9bfd3]::panicking::panic_fmt
[INFO] [stdout]   11:     0x6422014b8a52 - core[df12db4294e9bfd3]::result::unwrap_failed
[INFO] [stdout]   12:     0x642201332ed6 - <attach[246c6d453981a4a3]::support::daemon::Proc>::new::<&str>
[INFO] [stdout]   13:     0x6422012e79c5 - attach[246c6d453981a4a3]::has_right_default_path::ntest_callback
[INFO] [stdout]   14:     0x64220132e3ef - std[70759c8f55707aa4]::sys::backtrace::__rust_begin_short_backtrace::<attach[246c6d453981a4a3]::has_right_default_path::{closure#0}, ()>
[INFO] [stdout]   15:     0x642201325b7b - <std[70759c8f55707aa4]::thread::lifecycle::spawn_unchecked<attach[246c6d453981a4a3]::has_right_default_path::{closure#0}, ()>::{closure#1} as core[df12db4294e9bfd3]::ops::function::FnOnce<()>>::call_once::{shim:vtable#0}
[INFO] [stdout]   16:     0x6422014a0ee9 - <std[70759c8f55707aa4]::sys::thread::unix::Thread>::new::thread_start
[INFO] [stdout]   17:     0x79db0cc18dfa - <unknown>
[INFO] [stdout]   18:     0x79db0ccac3d4 - clone
[INFO] [stdout]   19:                0x0 - <unknown>
[INFO] [stdout] 
[INFO] [stdout] ---- high_byte_input_does_not_kill_session stdout ----
[INFO] [stdout] 
[INFO] [stdout] thread '<unnamed>' (2450) panicked at tests/support/daemon.rs:114:72:
[INFO] [stdout] called `Result::unwrap()` on an `Err` value: cargo invocation failed
[INFO] [stdout] 
[INFO] [stdout] Stack backtrace:
[INFO] [stdout]    0: <anyhow::Error>::msg::<&str>
[INFO] [stdout]    1: attach::support::shpool_bin
[INFO] [stdout]    2: <attach::support::daemon::Proc>::new::<&str>
[INFO] [stdout]    3: attach::high_byte_input_does_not_kill_session::ntest_callback
[INFO] [stdout]    4: std::sys::backtrace::__rust_begin_short_backtrace::<attach::high_byte_input_does_not_kill_session::{closure#0}, ()>
[INFO] [stdout]    5: <std::thread::lifecycle::spawn_unchecked<attach::high_byte_input_does_not_kill_session::{closure#0}, ()>::{closure#1} as core::ops::function::FnOnce<()>>::call_once::{shim:vtable#0}
[INFO] [stdout]    6: <std::sys::thread::unix::Thread>::new::thread_start
[INFO] [stdout]    7: <unknown>
[INFO] [stdout]    8: clone
[INFO] [stdout] stack backtrace:
[INFO] [stdout]    0:     0x6422014a1bb1 - <<std[70759c8f55707aa4]::sys::backtrace::BacktraceLock>::print::DisplayBacktrace as core[df12db4294e9bfd3]::fmt::Display>::fmt
[INFO] [stdout]    1:     0x6422014b849a - core[df12db4294e9bfd3]::fmt::write
[INFO] [stdout]    2:     0x6422014a69fc - <alloc[2182bb758b4b3781]::vec::Vec<u8> as core[df12db4294e9bfd3]::io::write::Write>::write_fmt
[INFO] [stdout]    3:     0x64220147b066 - std[70759c8f55707aa4]::panicking::default_hook::{closure#0}
[INFO] [stdout]    4:     0x642201498e69 - std[70759c8f55707aa4]::panicking::default_hook
[INFO] [stdout]    5:     0x642201367130 - test[9d35eded1c95d3be]::test_main_inner::<test[9d35eded1c95d3be]::test_main_static::{closure#0}>::{closure#0}
[INFO] [stdout]    6:     0x642201499192 - std[70759c8f55707aa4]::panicking::panic_with_hook
[INFO] [stdout]    7:     0x64220147b112 - std[70759c8f55707aa4]::panicking::panic_handler::{closure#0}
[INFO] [stdout]    8:     0x642201473629 - std[70759c8f55707aa4]::sys::backtrace::__rust_end_short_backtrace::<std[70759c8f55707aa4]::panicking::panic_handler::{closure#0}, !>
[INFO] [stdout]    9:     0x64220147be1d - __rustc[8fa7c3cbc660c2b3]::rust_begin_unwind
[INFO] [stdout]   10:     0x6422014b8c7c - core[df12db4294e9bfd3]::panicking::panic_fmt
[INFO] [stdout]   11:     0x6422014b8a52 - core[df12db4294e9bfd3]::result::unwrap_failed
[INFO] [stdout]   12:     0x642201332ed6 - <attach[246c6d453981a4a3]::support::daemon::Proc>::new::<&str>
[INFO] [stdout]   13:     0x6422012f56f5 - attach[246c6d453981a4a3]::high_byte_input_does_not_kill_session::ntest_callback
[INFO] [stdout]   14:     0x6422013307df - std[70759c8f55707aa4]::sys::backtrace::__rust_begin_short_backtrace::<attach[246c6d453981a4a3]::high_byte_input_does_not_kill_session::{closure#0}, ()>
[INFO] [stdout]   15:     0x642201327ddb - <std[70759c8f55707aa4]::thread::lifecycle::spawn_unchecked<attach[246c6d453981a4a3]::high_byte_input_does_not_kill_session::{closure#0}, ()>::{closure#1} as core[df12db4294e9bfd3]::ops::function::FnOnce<()>>::call_once::{shim:vtable#0}
[INFO] [stdout]   16:     0x6422014a0ee9 - <std[70759c8f55707aa4]::sys::thread::unix::Thread>::new::thread_start
[INFO] [stdout]   17:     0x79db0cc18dfa - <unknown>
[INFO] [stdout]   18:     0x79db0ccac3d4 - clone
[INFO] [stdout]   19:                0x0 - <unknown>
[INFO] [stdout] 
[INFO] [stdout] ---- screen_restore_input_modes stdout ----
[INFO] [stdout] 
[INFO] [stdout] thread '<unnamed>' (2633) panicked at tests/support/daemon.rs:114:72:
[INFO] [stdout] called `Result::unwrap()` on an `Err` value: cargo invocation failed
[INFO] [stdout] 
[INFO] [stdout] Stack backtrace:
[INFO] [stdout]    0: <anyhow::Error>::msg::<&str>
[INFO] [stdout]    1: attach::support::shpool_bin
[INFO] [stdout]    2: <attach::support::daemon::Proc>::new::<&str>
[INFO] [stdout]    3: attach::screen_restore_input_modes::ntest_callback
[INFO] [stdout]    4: std::sys::backtrace::__rust_begin_short_backtrace::<attach::screen_restore_input_modes::{closure#0}, ()>
[INFO] [stdout]    5: <std::thread::lifecycle::spawn_unchecked<attach::screen_restore_input_modes::{closure#0}, ()>::{closure#1} as core::ops::function::FnOnce<()>>::call_once::{shim:vtable#0}
[INFO] [stdout]    6: <std::sys::thread::unix::Thread>::new::thread_start
[INFO] [stdout]    7: <unknown>
[INFO] [stdout]    8: clone
[INFO] [stdout] stack backtrace:
[INFO] [stdout]    0:     0x6422014a1bb1 - <<std[70759c8f55707aa4]::sys::backtrace::BacktraceLock>::print::DisplayBacktrace as core[df12db4294e9bfd3]::fmt::Display>::fmt
[INFO] [stdout]    1:     0x6422014b849a - core[df12db4294e9bfd3]::fmt::write
[INFO] [stdout]    2:     0x6422014a69fc - <alloc[2182bb758b4b3781]::vec::Vec<u8> as core[df12db4294e9bfd3]::io::write::Write>::write_fmt
[INFO] [stdout]    3:     0x64220147b066 - std[70759c8f55707aa4]::panicking::default_hook::{closure#0}
[INFO] [stdout]    4:     0x642201498e69 - std[70759c8f55707aa4]::panicking::default_hook
[INFO] [stdout]    5:     0x642201367130 - test[9d35eded1c95d3be]::test_main_inner::<test[9d35eded1c95d3be]::test_main_static::{closure#0}>::{closure#0}
[INFO] [stdout]    6:     0x642201499192 - std[70759c8f55707aa4]::panicking::panic_with_hook
[INFO] [stdout]    7:     0x64220147b112 - std[70759c8f55707aa4]::panicking::panic_handler::{closure#0}
[INFO] [stdout]    8:     0x642201473629 - std[70759c8f55707aa4]::sys::backtrace::__rust_end_short_backtrace::<std[70759c8f55707aa4]::panicking::panic_handler::{closure#0}, !>
[INFO] [stdout]    9:     0x64220147be1d - __rustc[8fa7c3cbc660c2b3]::rust_begin_unwind
[INFO] [stdout]   10:     0x6422014b8c7c - core[df12db4294e9bfd3]::panicking::panic_fmt
[INFO] [stdout]   11:     0x6422014b8a52 - core[df12db4294e9bfd3]::result::unwrap_failed
[INFO] [stdout]   12:     0x642201332ed6 - <attach[246c6d453981a4a3]::support::daemon::Proc>::new::<&str>
[INFO] [stdout]   13:     0x6422012ebb86 - attach[246c6d453981a4a3]::screen_restore_input_modes::ntest_callback
[INFO] [stdout]   14:     0x64220132f24f - std[70759c8f55707aa4]::sys::backtrace::__rust_begin_short_backtrace::<attach[246c6d453981a4a3]::screen_restore_input_modes::{closure#0}, ()>
[INFO] [stdout]   15:     0x64220132693b - <std[70759c8f55707aa4]::thread::lifecycle::spawn_unchecked<attach[246c6d453981a4a3]::screen_restore_input_modes::{closure#0}, ()>::{closure#1} as core[df12db4294e9bfd3]::ops::function::FnOnce<()>>::call_once::{shim:vtable#0}
[INFO] [stdout]   16:     0x6422014a0ee9 - <std[70759c8f55707aa4]::sys::thread::unix::Thread>::new::thread_start
[INFO] [stdout]   17:     0x79db0cc18dfa - <unknown>
[INFO] [stdout]   18:     0x79db0ccac3d4 - clone
[INFO] [stdout]   19:                0x0 - <unknown>
[INFO] [stdout] 
[INFO] [stdout] ---- screen_wide_restore stdout ----
[INFO] [stdout] 
[INFO] [stdout] thread '<unnamed>' (2644) panicked at tests/support/daemon.rs:114:72:
[INFO] [stdout] called `Result::unwrap()` on an `Err` value: cargo invocation failed
[INFO] [stdout] 
[INFO] [stdout] Stack backtrace:
[INFO] [stdout]    0: <anyhow::Error>::msg::<&str>
[INFO] [stdout]    1: attach::support::shpool_bin
[INFO] [stdout]    2: <attach::support::daemon::Proc>::new::<&str>
[INFO] [stdout]    3: attach::screen_wide_restore::ntest_callback
[INFO] [stdout]    4: std::sys::backtrace::__rust_begin_short_backtrace::<attach::screen_wide_restore::{closure#0}, ()>
[INFO] [stdout]    5: <std::thread::lifecycle::spawn_unchecked<attach::screen_wide_restore::{closure#0}, ()>::{closure#1} as core::ops::function::FnOnce<()>>::call_once::{shim:vtable#0}
[INFO] [stdout]    6: <std::sys::thread::unix::Thread>::new::thread_start
[INFO] [stdout]    7: <unknown>
[INFO] [stdout]    8: clone
[INFO] [stdout] stack backtrace:
[INFO] [stdout]    0:     0x6422014a1bb1 - <<std[70759c8f55707aa4]::sys::backtrace::BacktraceLock>::print::DisplayBacktrace as core[df12db4294e9bfd3]::fmt::Display>::fmt
[INFO] [stdout]    1:     0x6422014b849a - core[df12db4294e9bfd3]::fmt::write
[INFO] [stdout]    2:     0x6422014a69fc - <alloc[2182bb758b4b3781]::vec::Vec<u8> as core[df12db4294e9bfd3]::io::write::Write>::write_fmt
[INFO] [stdout]    3:     0x64220147b066 - std[70759c8f55707aa4]::panicking::default_hook::{closure#0}
[INFO] [stdout]    4:     0x642201498e69 - std[70759c8f55707aa4]::panicking::default_hook
[INFO] [stdout]    5:     0x642201367130 - test[9d35eded1c95d3be]::test_main_inner::<test[9d35eded1c95d3be]::test_main_static::{closure#0}>::{closure#0}
[INFO] [stdout]    6:     0x642201499192 - std[70759c8f55707aa4]::panicking::panic_with_hook
[INFO] [stdout]    7:     0x64220147b112 - std[70759c8f55707aa4]::panicking::panic_handler::{closure#0}
[INFO] [stdout]    8:     0x642201473629 - std[70759c8f55707aa4]::sys::backtrace::__rust_end_short_backtrace::<std[70759c8f55707aa4]::panicking::panic_handler::{closure#0}, !>
[INFO] [stdout]    9:     0x64220147be1d - __rustc[8fa7c3cbc660c2b3]::rust_begin_unwind
[INFO] [stdout]   10:     0x6422014b8c7c - core[df12db4294e9bfd3]::panicking::panic_fmt
[INFO] [stdout]   11:     0x6422014b8a52 - core[df12db4294e9bfd3]::result::unwrap_failed
[INFO] [stdout]   12:     0x642201332ed6 - <attach[246c6d453981a4a3]::support::daemon::Proc>::new::<&str>
[INFO] [stdout]   13:     0x6422012e38d6 - attach[246c6d453981a4a3]::screen_wide_restore::ntest_callback
[INFO] [stdout]   14:     0x64220132d6ff - std[70759c8f55707aa4]::sys::backtrace::__rust_begin_short_backtrace::<attach[246c6d453981a4a3]::screen_wide_restore::{closure#0}, ()>
[INFO] [stdout]   15:     0x642201324f1b - <std[70759c8f55707aa4]::thread::lifecycle::spawn_unchecked<attach[246c6d453981a4a3]::screen_wide_restore::{closure#0}, ()>::{closure#1} as core[df12db4294e9bfd3]::ops::function::FnOnce<()>>::call_once::{shim:vtable#0}
[INFO] [stdout]   16:     0x6422014a0ee9 - <std[70759c8f55707aa4]::sys::thread::unix::Thread>::new::thread_start
[INFO] [stdout]   17:     0x79db0cc18dfa - <unknown>
[INFO] [stdout]   18:     0x79db0ccac3d4 - clone
[INFO] [stdout]   19:                0x0 - <unknown>
[INFO] [stdout] 
[INFO] [stdout] ---- injects_term_even_with_env_config stdout ----
[INFO] [stdout] 
[INFO] [stdout] thread '<unnamed>' (2480) panicked at tests/support/daemon.rs:114:72:
[INFO] [stdout] called `Result::unwrap()` on an `Err` value: cargo invocation failed
[INFO] [stdout] 
[INFO] [stdout] Stack backtrace:
[INFO] [stdout]    0: <anyhow::Error>::msg::<&str>
[INFO] [stdout]    1: attach::support::shpool_bin
[INFO] [stdout]    2: <attach::support::daemon::Proc>::new::<&str>
[INFO] [stdout]    3: attach::injects_term_even_with_env_config::ntest_callback
[INFO] [stdout]    4: std::sys::backtrace::__rust_begin_short_backtrace::<attach::injects_term_even_with_env_config::{closure#0}, ()>
[INFO] [stdout]    5: <std::thread::lifecycle::spawn_unchecked<attach::injects_term_even_with_env_config::{closure#0}, ()>::{closure#1} as core::ops::function::FnOnce<()>>::call_once::{shim:vtable#0}
[INFO] [stdout]    6: <std::sys::thread::unix::Thread>::new::thread_start
[INFO] [stdout]    7: <unknown>
[INFO] [stdout]    8: clone
[INFO] [stdout] stack backtrace:
[INFO] [stdout]    0:     0x6422014a1bb1 - <<std[70759c8f55707aa4]::sys::backtrace::BacktraceLock>::print::DisplayBacktrace as core[df12db4294e9bfd3]::fmt::Display>::fmt
[INFO] [stdout]    1:     0x6422014b849a - core[df12db4294e9bfd3]::fmt::write
[INFO] [stdout]    2:     0x6422014a69fc - <alloc[2182bb758b4b3781]::vec::Vec<u8> as core[df12db4294e9bfd3]::io::write::Write>::write_fmt
[INFO] [stdout]    3:     0x64220147b066 - std[70759c8f55707aa4]::panicking::default_hook::{closure#0}
[INFO] [stdout]    4:     0x642201498e69 - std[70759c8f55707aa4]::panicking::default_hook
[INFO] [stdout]    5:     0x642201367130 - test[9d35eded1c95d3be]::test_main_inner::<test[9d35eded1c95d3be]::test_main_static::{closure#0}>::{closure#0}
[INFO] [stdout]    6:     0x642201499192 - std[70759c8f55707aa4]::panicking::panic_with_hook
[INFO] [stdout]    7:     0x64220147b112 - std[70759c8f55707aa4]::panicking::panic_handler::{closure#0}
[INFO] [stdout]    8:     0x642201473629 - std[70759c8f55707aa4]::sys::backtrace::__rust_end_short_backtrace::<std[70759c8f55707aa4]::panicking::panic_handler::{closure#0}, !>
[INFO] [stdout]    9:     0x64220147be1d - __rustc[8fa7c3cbc660c2b3]::rust_begin_unwind
[INFO] [stdout]   10:     0x6422014b8c7c - core[df12db4294e9bfd3]::panicking::panic_fmt
[INFO] [stdout]   11:     0x6422014b8a52 - core[df12db4294e9bfd3]::result::unwrap_failed
[INFO] [stdout]   12:     0x642201332ed6 - <attach[246c6d453981a4a3]::support::daemon::Proc>::new::<&str>
[INFO] [stdout]   13:     0x6422012f4765 - attach[246c6d453981a4a3]::injects_term_even_with_env_config::ntest_callback
[INFO] [stdout]   14:     0x6422013304ff - std[70759c8f55707aa4]::sys::backtrace::__rust_begin_short_backtrace::<attach[246c6d453981a4a3]::injects_term_even_with_env_config::{closure#0}, ()>
[INFO] [stdout]   15:     0x642201327b1b - <std[70759c8f55707aa4]::thread::lifecycle::spawn_unchecked<attach[246c6d453981a4a3]::injects_term_even_with_env_config::{closure#0}, ()>::{closure#1} as core[df12db4294e9bfd3]::ops::function::FnOnce<()>>::call_once::{shim:vtable#0}
[INFO] [stdout]   16:     0x6422014a0ee9 - <std[70759c8f55707aa4]::sys::thread::unix::Thread>::new::thread_start
[INFO] [stdout]   17:     0x79db0cc18dfa - <unknown>
[INFO] [stdout]   18:     0x79db0ccac3d4 - clone
[INFO] [stdout]   19:                0x0 - <unknown>
[INFO] [stdout] 
[INFO] [stdout] ---- keybinding_input_shear stdout ----
[INFO] [stdout] 
[INFO] [stdout] thread '<unnamed>' (2483) panicked at tests/support/daemon.rs:114:72:
[INFO] [stdout] called `Result::unwrap()` on an `Err` value: cargo invocation failed
[INFO] [stdout] 
[INFO] [stdout] Stack backtrace:
[INFO] [stdout]    0: <anyhow::Error>::msg::<&str>
[INFO] [stdout]    1: attach::support::shpool_bin
[INFO] [stdout]    2: <attach::support::daemon::Proc>::new::<&str>
[INFO] [stdout]    3: attach::keybinding_input_shear::ntest_callback
[INFO] [stdout]    4: std::sys::backtrace::__rust_begin_short_backtrace::<attach::keybinding_input_shear::{closure#0}, ()>
[INFO] [stdout]    5: <std::thread::lifecycle::spawn_unchecked<attach::keybinding_input_shear::{closure#0}, ()>::{closure#1} as core::ops::function::FnOnce<()>>::call_once::{shim:vtable#0}
[INFO] [stdout]    6: <std::sys::thread::unix::Thread>::new::thread_start
[INFO] [stdout]    7: <unknown>
[INFO] [stdout]    8: clone
[INFO] [stdout] stack backtrace:
[INFO] [stdout]    0:     0x6422014a1bb1 - <<std[70759c8f55707aa4]::sys::backtrace::BacktraceLock>::print::DisplayBacktrace as core[df12db4294e9bfd3]::fmt::Display>::fmt
[INFO] [stdout]    1:     0x6422014b849a - core[df12db4294e9bfd3]::fmt::write
[INFO] [stdout]    2:     0x6422014a69fc - <alloc[2182bb758b4b3781]::vec::Vec<u8> as core[df12db4294e9bfd3]::io::write::Write>::write_fmt
[INFO] [stdout]    3:     0x64220147b066 - std[70759c8f55707aa4]::panicking::default_hook::{closure#0}
[INFO] [stdout]    4:     0x642201498e69 - std[70759c8f55707aa4]::panicking::default_hook
[INFO] [stdout]    5:     0x642201367130 - test[9d35eded1c95d3be]::test_main_inner::<test[9d35eded1c95d3be]::test_main_static::{closure#0}>::{closure#0}
[INFO] [stdout]    6:     0x642201499192 - std[70759c8f55707aa4]::panicking::panic_with_hook
[INFO] [stdout]    7:     0x64220147b112 - std[70759c8f55707aa4]::panicking::panic_handler::{closure#0}
[INFO] [stdout]    8:     0x642201473629 - std[70759c8f55707aa4]::sys::backtrace::__rust_end_short_backtrace::<std[70759c8f55707aa4]::panicking::panic_handler::{closure#0}, !>
[INFO] [stdout]    9:     0x64220147be1d - __rustc[8fa7c3cbc660c2b3]::rust_begin_unwind
[INFO] [stdout]   10:     0x6422014b8c7c - core[df12db4294e9bfd3]::panicking::panic_fmt
[INFO] [stdout]   11:     0x6422014b8a52 - core[df12db4294e9bfd3]::result::unwrap_failed
[INFO] [stdout]   12:     0x642201332ed6 - <attach[246c6d453981a4a3]::support::daemon::Proc>::new::<&str>
[INFO] [stdout]   13:     0x6422012e8525 - attach[246c6d453981a4a3]::keybinding_input_shear::ntest_callback
[INFO] [stdout]   14:     0x64220132e6cf - std[70759c8f55707aa4]::sys::backtrace::__rust_begin_short_backtrace::<attach[246c6d453981a4a3]::keybinding_input_shear::{closure#0}, ()>
[INFO] [stdout]   15:     0x642201325e3b - <std[70759c8f55707aa4]::thread::lifecycle::spawn_unchecked<attach[246c6d453981a4a3]::keybinding_input_shear::{closure#0}, ()>::{closure#1} as core[df12db4294e9bfd3]::ops::function::FnOnce<()>>::call_once::{shim:vtable#0}
[INFO] [stdout]   16:     0x6422014a0ee9 - <std[70759c8f55707aa4]::sys::thread::unix::Thread>::new::thread_start
[INFO] [stdout]   17:     0x79db0cc18dfa - <unknown>
[INFO] [stdout]   18:     0x79db0ccac3d4 - clone
[INFO] [stdout]   19:                0x0 - <unknown>
[INFO] [stdout] 
[INFO] [stdout] ---- keybinding_partial_match_nostrip stdout ----
[INFO] [stdout] 
[INFO] [stdout] thread '<unnamed>' (2494) panicked at tests/support/daemon.rs:114:72:
[INFO] [stdout] called `Result::unwrap()` on an `Err` value: cargo invocation failed
[INFO] [stdout] 
[INFO] [stdout] Stack backtrace:
[INFO] [stdout]    0: <anyhow::Error>::msg::<&str>
[INFO] [stdout]    1: attach::support::shpool_bin
[INFO] [stdout]    2: <attach::support::daemon::Proc>::new::<&str>
[INFO] [stdout]    3: attach::keybinding_partial_match_nostrip::ntest_callback
[INFO] [stdout]    4: std::sys::backtrace::__rust_begin_short_backtrace::<attach::keybinding_partial_match_nostrip::{closure#0}, ()>
[INFO] [stdout]    5: <std::thread::lifecycle::spawn_unchecked<attach::keybinding_partial_match_nostrip::{closure#0}, ()>::{closure#1} as core::ops::function::FnOnce<()>>::call_once::{shim:vtable#0}
[INFO] [stdout]    6: <std::sys::thread::unix::Thread>::new::thread_start
[INFO] [stdout]    7: <unknown>
[INFO] [stdout]    8: clone
[INFO] [stdout] stack backtrace:
[INFO] [stdout]    0:     0x6422014a1bb1 - <<std[70759c8f55707aa4]::sys::backtrace::BacktraceLock>::print::DisplayBacktrace as core[df12db4294e9bfd3]::fmt::Display>::fmt
[INFO] [stdout]    1:     0x6422014b849a - core[df12db4294e9bfd3]::fmt::write
[INFO] [stdout]    2:     0x6422014a69fc - <alloc[2182bb758b4b3781]::vec::Vec<u8> as core[df12db4294e9bfd3]::io::write::Write>::write_fmt
[INFO] [stdout]    3:     0x64220147b066 - std[70759c8f55707aa4]::panicking::default_hook::{closure#0}
[INFO] [stdout]    4:     0x642201498e69 - std[70759c8f55707aa4]::panicking::default_hook
[INFO] [stdout]    5:     0x642201367130 - test[9d35eded1c95d3be]::test_main_inner::<test[9d35eded1c95d3be]::test_main_static::{closure#0}>::{closure#0}
[INFO] [stdout]    6:     0x642201499192 - std[70759c8f55707aa4]::panicking::panic_with_hook
[INFO] [stdout]    7:     0x64220147b112 - std[70759c8f55707aa4]::panicking::panic_handler::{closure#0}
[INFO] [stdout]    8:     0x642201473629 - std[70759c8f55707aa4]::sys::backtrace::__rust_end_short_backtrace::<std[70759c8f55707aa4]::panicking::panic_handler::{closure#0}, !>
[INFO] [stdout]    9:     0x64220147be1d - __rustc[8fa7c3cbc660c2b3]::rust_begin_unwind
[INFO] [stdout]   10:     0x6422014b8c7c - core[df12db4294e9bfd3]::panicking::panic_fmt
[INFO] [stdout]   11:     0x6422014b8a52 - core[df12db4294e9bfd3]::result::unwrap_failed
[INFO] [stdout]   12:     0x642201332ed6 - <attach[246c6d453981a4a3]::support::daemon::Proc>::new::<&str>
[INFO] [stdout]   13:     0x6422012f4345 - attach[246c6d453981a4a3]::keybinding_partial_match_nostrip::ntest_callback
[INFO] [stdout]   14:     0x64220133038f - std[70759c8f55707aa4]::sys::backtrace::__rust_begin_short_backtrace::<attach[246c6d453981a4a3]::keybinding_partial_match_nostrip::{closure#0}, ()>
[INFO] [stdout]   15:     0x6422013279bb - <std[70759c8f55707aa4]::thread::lifecycle::spawn_unchecked<attach[246c6d453981a4a3]::keybinding_partial_match_nostrip::{closure#0}, ()>::{closure#1} as core[df12db4294e9bfd3]::ops::function::FnOnce<()>>::call_once::{shim:vtable#0}
[INFO] [stdout]   16:     0x6422014a0ee9 - <std[70759c8f55707aa4]::sys::thread::unix::Thread>::new::thread_start
[INFO] [stdout]   17:     0x79db0cc18dfa - <unknown>
[INFO] [stdout]   18:     0x79db0ccac3d4 - clone
[INFO] [stdout]   19:                0x0 - <unknown>
[INFO] [stdout] 
[INFO] [stdout] ---- keybinding_partial_match_nostrip_split stdout ----
[INFO] [stdout] 
[INFO] [stdout] thread '<unnamed>' (2505) panicked at tests/support/daemon.rs:114:72:
[INFO] [stdout] called `Result::unwrap()` on an `Err` value: cargo invocation failed
[INFO] [stdout] 
[INFO] [stdout] Stack backtrace:
[INFO] [stdout]    0: <anyhow::Error>::msg::<&str>
[INFO] [stdout]    1: attach::support::shpool_bin
[INFO] [stdout]    2: <attach::support::daemon::Proc>::new::<&str>
[INFO] [stdout]    3: attach::keybinding_partial_match_nostrip_split::ntest_callback
[INFO] [stdout]    4: std::sys::backtrace::__rust_begin_short_backtrace::<attach::keybinding_partial_match_nostrip_split::{closure#0}, ()>
[INFO] [stdout]    5: <std::thread::lifecycle::spawn_unchecked<attach::keybinding_partial_match_nostrip_split::{closure#0}, ()>::{closure#1} as core::ops::function::FnOnce<()>>::call_once::{shim:vtable#0}
[INFO] [stdout]    6: <std::sys::thread::unix::Thread>::new::thread_start
[INFO] [stdout]    7: <unknown>
[INFO] [stdout]    8: clone
[INFO] [stdout] stack backtrace:
[INFO] [stdout]    0:     0x6422014a1bb1 - <<std[70759c8f55707aa4]::sys::backtrace::BacktraceLock>::print::DisplayBacktrace as core[df12db4294e9bfd3]::fmt::Display>::fmt
[INFO] [stdout]    1:     0x6422014b849a - core[df12db4294e9bfd3]::fmt::write
[INFO] [stdout]    2:     0x6422014a69fc - <alloc[2182bb758b4b3781]::vec::Vec<u8> as core[df12db4294e9bfd3]::io::write::Write>::write_fmt
[INFO] [stdout]    3:     0x64220147b066 - std[70759c8f55707aa4]::panicking::default_hook::{closure#0}
[INFO] [stdout]    4:     0x642201498e69 - std[70759c8f55707aa4]::panicking::default_hook
[INFO] [stdout]    5:     0x642201367130 - test[9d35eded1c95d3be]::test_main_inner::<test[9d35eded1c95d3be]::test_main_static::{closure#0}>::{closure#0}
[INFO] [stdout]    6:     0x642201499192 - std[70759c8f55707aa4]::panicking::panic_with_hook
[INFO] [stdout]    7:     0x64220147b112 - std[70759c8f55707aa4]::panicking::panic_handler::{closure#0}
[INFO] [stdout]    8:     0x642201473629 - std[70759c8f55707aa4]::sys::backtrace::__rust_end_short_backtrace::<std[70759c8f55707aa4]::panicking::panic_handler::{closure#0}, !>
[INFO] [stdout]    9:     0x64220147be1d - __rustc[8fa7c3cbc660c2b3]::rust_begin_unwind
[INFO] [stdout]   10:     0x6422014b8c7c - core[df12db4294e9bfd3]::panicking::panic_fmt
[INFO] [stdout]   11:     0x6422014b8a52 - core[df12db4294e9bfd3]::result::unwrap_failed
[INFO] [stdout]   12:     0x642201332ed6 - <attach[246c6d453981a4a3]::support::daemon::Proc>::new::<&str>
[INFO] [stdout]   13:     0x6422012f5bcf - attach[246c6d453981a4a3]::keybinding_partial_match_nostrip_split::ntest_callback
[INFO] [stdout]   14:     0x64220133094f - std[70759c8f55707aa4]::sys::backtrace::__rust_begin_short_backtrace::<attach[246c6d453981a4a3]::keybinding_partial_match_nostrip_split::{closure#0}, ()>
[INFO] [stdout]   15:     0x642201327f3b - <std[70759c8f55707aa4]::thread::lifecycle::spawn_unchecked<attach[246c6d453981a4a3]::keybinding_partial_match_nostrip_split::{closure#0}, ()>::{closure#1} as core[df12db4294e9bfd3]::ops::function::FnOnce<()>>::call_once::{shim:vtable#0}
[INFO] [stdout]   16:     0x6422014a0ee9 - <std[70759c8f55707aa4]::sys::thread::unix::Thread>::new::thread_start
[INFO] [stdout]   17:     0x79db0cc18dfa - <unknown>
[INFO] [stdout]   18:     0x79db0ccac3d4 - clone
[INFO] [stdout]   19:                0x0 - <unknown>
[INFO] [stdout] 
[INFO] [stdout] ---- keybinding_strip_keys stdout ----
[INFO] [stdout] 
[INFO] [stdout] thread '<unnamed>' (2515) panicked at tests/support/daemon.rs:114:72:
[INFO] [stdout] called `Result::unwrap()` on an `Err` value: cargo invocation failed
[INFO] [stdout] 
[INFO] [stdout] Stack backtrace:
[INFO] [stdout]    0: <anyhow::Error>::msg::<&str>
[INFO] [stdout]    1: attach::support::shpool_bin
[INFO] [stdout]    2: <attach::support::daemon::Proc>::new::<&str>
[INFO] [stdout]    3: attach::keybinding_strip_keys::ntest_callback
[INFO] [stdout]    4: std::sys::backtrace::__rust_begin_short_backtrace::<attach::keybinding_strip_keys::{closure#0}, ()>
[INFO] [stdout]    5: <std::thread::lifecycle::spawn_unchecked<attach::keybinding_strip_keys::{closure#0}, ()>::{closure#1} as core::ops::function::FnOnce<()>>::call_once::{shim:vtable#0}
[INFO] [stdout]    6: <std::sys::thread::unix::Thread>::new::thread_start
[INFO] [stdout]    7: <unknown>
[INFO] [stdout]    8: clone
[INFO] [stdout] stack backtrace:
[INFO] [stdout]    0:     0x6422014a1bb1 - <<std[70759c8f55707aa4]::sys::backtrace::BacktraceLock>::print::DisplayBacktrace as core[df12db4294e9bfd3]::fmt::Display>::fmt
[INFO] [stdout]    1:     0x6422014b849a - core[df12db4294e9bfd3]::fmt::write
[INFO] [stdout]    2:     0x6422014a69fc - <alloc[2182bb758b4b3781]::vec::Vec<u8> as core[df12db4294e9bfd3]::io::write::Write>::write_fmt
[INFO] [stdout]    3:     0x64220147b066 - std[70759c8f55707aa4]::panicking::default_hook::{closure#0}
[INFO] [stdout]    4:     0x642201498e69 - std[70759c8f55707aa4]::panicking::default_hook
[INFO] [stdout]    5:     0x642201367130 - test[9d35eded1c95d3be]::test_main_inner::<test[9d35eded1c95d3be]::test_main_static::{closure#0}>::{closure#0}
[INFO] [stdout]    6:     0x642201499192 - std[70759c8f55707aa4]::panicking::panic_with_hook
[INFO] [stdout]    7:     0x64220147b112 - std[70759c8f55707aa4]::panicking::panic_handler::{closure#0}
[INFO] [stdout]    8:     0x642201473629 - std[70759c8f55707aa4]::sys::backtrace::__rust_end_short_backtrace::<std[70759c8f55707aa4]::panicking::panic_handler::{closure#0}, !>
[INFO] [stderr] error: test failed, to rerun pass `--test attach`
[INFO] [stdout]    9:     0x64220147be1d - __rustc[8fa7c3cbc660c2b3]::rust_begin_unwind
[INFO] [stdout]   10:     0x6422014b8c7c - core[df12db4294e9bfd3]::panicking::panic_fmt
[INFO] [stdout]   11:     0x6422014b8a52 - core[df12db4294e9bfd3]::result::unwrap_failed
[INFO] [stdout]   12:     0x642201332ed6 - <attach[246c6d453981a4a3]::support::daemon::Proc>::new::<&str>
[INFO] [stdout]   13:     0x6422012e5ca5 - attach[246c6d453981a4a3]::keybinding_strip_keys::ntest_callback
[INFO] [stdout]   14:     0x64220132dcbf - std[70759c8f55707aa4]::sys::backtrace::__rust_begin_short_backtrace::<attach[246c6d453981a4a3]::keybinding_strip_keys::{closure#0}, ()>
[INFO] [stdout]   15:     0x64220132549b - <std[70759c8f55707aa4]::thread::lifecycle::spawn_unchecked<attach[246c6d453981a4a3]::keybinding_strip_keys::{closure#0}, ()>::{closure#1} as core[df12db4294e9bfd3]::ops::function::FnOnce<()>>::call_once::{shim:vtable#0}
[INFO] [stdout]   16:     0x6422014a0ee9 - <std[70759c8f55707aa4]::sys::thread::unix::Thread>::new::thread_start
[INFO] [stdout]   17:     0x79db0cc18dfa - <unknown>
[INFO] [stdout]   18:     0x79db0ccac3d4 - clone
[INFO] [stdout]   19:                0x0 - <unknown>
[INFO] [stdout] 
[INFO] [stdout] ---- keybinding_strip_keys_split stdout ----
[INFO] [stdout] 
[INFO] [stdout] thread '<unnamed>' (2527) panicked at tests/support/daemon.rs:114:72:
[INFO] [stdout] called `Result::unwrap()` on an `Err` value: cargo invocation failed
[INFO] [stdout] 
[INFO] [stdout] Stack backtrace:
[INFO] [stdout]    0: <anyhow::Error>::msg::<&str>
[INFO] [stdout]    1: attach::support::shpool_bin
[INFO] [stdout]    2: <attach::support::daemon::Proc>::new::<&str>
[INFO] [stdout]    3: attach::keybinding_strip_keys_split::ntest_callback
[INFO] [stdout]    4: std::sys::backtrace::__rust_begin_short_backtrace::<attach::keybinding_strip_keys_split::{closure#0}, ()>
[INFO] [stdout]    5: <std::thread::lifecycle::spawn_unchecked<attach::keybinding_strip_keys_split::{closure#0}, ()>::{closure#1} as core::ops::function::FnOnce<()>>::call_once::{shim:vtable#0}
[INFO] [stdout]    6: <std::sys::thread::unix::Thread>::new::thread_start
[INFO] [stdout]    7: <unknown>
[INFO] [stdout]    8: clone
[INFO] [stdout] stack backtrace:
[INFO] [stdout]    0:     0x6422014a1bb1 - <<std[70759c8f55707aa4]::sys::backtrace::BacktraceLock>::print::DisplayBacktrace as core[df12db4294e9bfd3]::fmt::Display>::fmt
[INFO] [stdout]    1:     0x6422014b849a - core[df12db4294e9bfd3]::fmt::write
[INFO] [stdout]    2:     0x6422014a69fc - <alloc[2182bb758b4b3781]::vec::Vec<u8> as core[df12db4294e9bfd3]::io::write::Write>::write_fmt
[INFO] [stdout]    3:     0x64220147b066 - std[70759c8f55707aa4]::panicking::default_hook::{closure#0}
[INFO] [stdout]    4:     0x642201498e69 - std[70759c8f55707aa4]::panicking::default_hook
[INFO] [stdout]    5:     0x642201367130 - test[9d35eded1c95d3be]::test_main_inner::<test[9d35eded1c95d3be]::test_main_static::{closure#0}>::{closure#0}
[INFO] [stdout]    6:     0x642201499192 - std[70759c8f55707aa4]::panicking::panic_with_hook
[INFO] [stdout]    7:     0x64220147b112 - std[70759c8f55707aa4]::panicking::panic_handler::{closure#0}
[INFO] [stdout]    8:     0x642201473629 - std[70759c8f55707aa4]::sys::backtrace::__rust_end_short_backtrace::<std[70759c8f55707aa4]::panicking::panic_handler::{closure#0}, !>
[INFO] [stdout]    9:     0x64220147be1d - __rustc[8fa7c3cbc660c2b3]::rust_begin_unwind
[INFO] [stdout]   10:     0x6422014b8c7c - core[df12db4294e9bfd3]::panicking::panic_fmt
[INFO] [stdout]   11:     0x6422014b8a52 - core[df12db4294e9bfd3]::result::unwrap_failed
[INFO] [stdout]   12:     0x642201332ed6 - <attach[246c6d453981a4a3]::support::daemon::Proc>::new::<&str>
[INFO] [stdout]   13:     0x6422012ed82f - attach[246c6d453981a4a3]::keybinding_strip_keys_split::ntest_callback
[INFO] [stdout]   14:     0x64220132f52f - std[70759c8f55707aa4]::sys::backtrace::__rust_begin_short_backtrace::<attach[246c6d453981a4a3]::keybinding_strip_keys_split::{closure#0}, ()>
[INFO] [stdout]   15:     0x642201326bfb - <std[70759c8f55707aa4]::thread::lifecycle::spawn_unchecked<attach[246c6d453981a4a3]::keybinding_strip_keys_split::{closure#0}, ()>::{closure#1} as core[df12db4294e9bfd3]::ops::function::FnOnce<()>>::call_once::{shim:vtable#0}
[INFO] [stdout]   16:     0x6422014a0ee9 - <std[70759c8f55707aa4]::sys::thread::unix::Thread>::new::thread_start
[INFO] [stdout]   17:     0x79db0cc18dfa - <unknown>
[INFO] [stdout]   18:     0x79db0ccac3d4 - clone
[INFO] [stdout]   19:                0x0 - <unknown>
[INFO] [stdout] 
[INFO] [stdout] ---- lines_big_chunk_restore stdout ----
[INFO] [stdout] 
[INFO] [stdout] thread '<unnamed>' (2538) panicked at tests/support/daemon.rs:114:72:
[INFO] [stdout] called `Result::unwrap()` on an `Err` value: cargo invocation failed
[INFO] [stdout] 
[INFO] [stdout] Stack backtrace:
[INFO] [stdout]    0: <anyhow::Error>::msg::<&str>
[INFO] [stdout]    1: attach::support::shpool_bin
[INFO] [stdout]    2: <attach::support::daemon::Proc>::new::<&str>
[INFO] [stdout]    3: attach::lines_big_chunk_restore::ntest_callback
[INFO] [stdout]    4: std::sys::backtrace::__rust_begin_short_backtrace::<attach::lines_big_chunk_restore::{closure#0}, ()>
[INFO] [stdout]    5: <std::thread::lifecycle::spawn_unchecked<attach::lines_big_chunk_restore::{closure#0}, ()>::{closure#1} as core::ops::function::FnOnce<()>>::call_once::{shim:vtable#0}
[INFO] [stdout]    6: <std::sys::thread::unix::Thread>::new::thread_start
[INFO] [stdout]    7: <unknown>
[INFO] [stdout]    8: clone
[INFO] [stdout] stack backtrace:
[INFO] [stdout]    0:     0x6422014a1bb1 - <<std[70759c8f55707aa4]::sys::backtrace::BacktraceLock>::print::DisplayBacktrace as core[df12db4294e9bfd3]::fmt::Display>::fmt
[INFO] [stdout]    1:     0x6422014b849a - core[df12db4294e9bfd3]::fmt::write
[INFO] [stdout]    2:     0x6422014a69fc - <alloc[2182bb758b4b3781]::vec::Vec<u8> as core[df12db4294e9bfd3]::io::write::Write>::write_fmt
[INFO] [stdout]    3:     0x64220147b066 - std[70759c8f55707aa4]::panicking::default_hook::{closure#0}
[INFO] [stdout]    4:     0x642201498e69 - std[70759c8f55707aa4]::panicking::default_hook
[INFO] [stdout]    5:     0x642201367130 - test[9d35eded1c95d3be]::test_main_inner::<test[9d35eded1c95d3be]::test_main_static::{closure#0}>::{closure#0}
[INFO] [stdout]    6:     0x642201499192 - std[70759c8f55707aa4]::panicking::panic_with_hook
[INFO] [stdout]    7:     0x64220147b112 - std[70759c8f55707aa4]::panicking::panic_handler::{closure#0}
[INFO] [stdout]    8:     0x642201473629 - std[70759c8f55707aa4]::sys::backtrace::__rust_end_short_backtrace::<std[70759c8f55707aa4]::panicking::panic_handler::{closure#0}, !>
[INFO] [stdout]    9:     0x64220147be1d - __rustc[8fa7c3cbc660c2b3]::rust_begin_unwind
[INFO] [stdout]   10:     0x6422014b8c7c - core[df12db4294e9bfd3]::panicking::panic_fmt
[INFO] [stdout]   11:     0x6422014b8a52 - core[df12db4294e9bfd3]::result::unwrap_failed
[INFO] [stdout]   12:     0x642201332ed6 - <attach[246c6d453981a4a3]::support::daemon::Proc>::new::<&str>
[INFO] [stdout]   13:     0x6422012e9376 - attach[246c6d453981a4a3]::lines_big_chunk_restore::ntest_callback
[INFO] [stdout]   14:     0x64220132e9af - std[70759c8f55707aa4]::sys::backtrace::__rust_begin_short_backtrace::<attach[246c6d453981a4a3]::lines_big_chunk_restore::{closure#0}, ()>
[INFO] [stdout]   15:     0x6422013260fb - <std[70759c8f55707aa4]::thread::lifecycle::spawn_unchecked<attach[246c6d453981a4a3]::lines_big_chunk_restore::{closure#0}, ()>::{closure#1} as core[df12db4294e9bfd3]::ops::function::FnOnce<()>>::call_once::{shim:vtable#0}
[INFO] [stdout]   16:     0x6422014a0ee9 - <std[70759c8f55707aa4]::sys::thread::unix::Thread>::new::thread_start
[INFO] [stdout]   17:     0x79db0cc18dfa - <unknown>
[INFO] [stdout]   18:     0x79db0ccac3d4 - clone
[INFO] [stdout]   19:                0x0 - <unknown>
[INFO] [stdout] 
[INFO] [stdout] ---- lines_restore stdout ----
[INFO] [stdout] 
[INFO] [stdout] thread '<unnamed>' (2549) panicked at tests/support/daemon.rs:114:72:
[INFO] [stdout] called `Result::unwrap()` on an `Err` value: cargo invocation failed
[INFO] [stdout] 
[INFO] [stdout] Stack backtrace:
[INFO] [stdout]    0: <anyhow::Error>::msg::<&str>
[INFO] [stdout]    1: attach::support::shpool_bin
[INFO] [stdout]    2: <attach::support::daemon::Proc>::new::<&str>
[INFO] [stdout]    3: attach::lines_restore::ntest_callback
[INFO] [stdout]    4: std::sys::backtrace::__rust_begin_short_backtrace::<attach::lines_restore::{closure#0}, ()>
[INFO] [stdout]    5: <std::thread::lifecycle::spawn_unchecked<attach::lines_restore::{closure#0}, ()>::{closure#1} as core::ops::function::FnOnce<()>>::call_once::{shim:vtable#0}
[INFO] [stdout]    6: <std::sys::thread::unix::Thread>::new::thread_start
[INFO] [stdout]    7: <unknown>
[INFO] [stdout]    8: clone
[INFO] [stdout] stack backtrace:
[INFO] [stdout]    0:     0x6422014a1bb1 - <<std[70759c8f55707aa4]::sys::backtrace::BacktraceLock>::print::DisplayBacktrace as core[df12db4294e9bfd3]::fmt::Display>::fmt
[INFO] [stdout]    1:     0x6422014b849a - core[df12db4294e9bfd3]::fmt::write
[INFO] [stdout]    2:     0x6422014a69fc - <alloc[2182bb758b4b3781]::vec::Vec<u8> as core[df12db4294e9bfd3]::io::write::Write>::write_fmt
[INFO] [stdout]    3:     0x64220147b066 - std[70759c8f55707aa4]::panicking::default_hook::{closure#0}
[INFO] [stdout]    4:     0x642201498e69 - std[70759c8f55707aa4]::panicking::default_hook
[INFO] [stdout]    5:     0x642201367130 - test[9d35eded1c95d3be]::test_main_inner::<test[9d35eded1c95d3be]::test_main_static::{closure#0}>::{closure#0}
[INFO] [stdout]    6:     0x642201499192 - std[70759c8f55707aa4]::panicking::panic_with_hook
[INFO] [stdout]    7:     0x64220147b112 - std[70759c8f55707aa4]::panicking::panic_handler::{closure#0}
[INFO] [stdout]    8:     0x642201473629 - std[70759c8f55707aa4]::sys::backtrace::__rust_end_short_backtrace::<std[70759c8f55707aa4]::panicking::panic_handler::{closure#0}, !>
[INFO] [stdout]    9:     0x64220147be1d - __rustc[8fa7c3cbc660c2b3]::rust_begin_unwind
[INFO] [stdout]   10:     0x6422014b8c7c - core[df12db4294e9bfd3]::panicking::panic_fmt
[INFO] [stdout]   11:     0x6422014b8a52 - core[df12db4294e9bfd3]::result::unwrap_failed
[INFO] [stdout]   12:     0x642201332ed6 - <attach[246c6d453981a4a3]::support::daemon::Proc>::new::<&str>
[INFO] [stdout]   13:     0x6422012dd3f6 - attach[246c6d453981a4a3]::lines_restore::ntest_callback
[INFO] [stdout]   14:     0x64220132c5bf - std[70759c8f55707aa4]::sys::backtrace::__rust_begin_short_backtrace::<attach[246c6d453981a4a3]::lines_restore::{closure#0}, ()>
[INFO] [stdout]   15:     0x642201323e9b - <std[70759c8f55707aa4]::thread::lifecycle::spawn_unchecked<attach[246c6d453981a4a3]::lines_restore::{closure#0}, ()>::{closure#1} as core[df12db4294e9bfd3]::ops::function::FnOnce<()>>::call_once::{shim:vtable#0}
[INFO] [stdout]   16:     0x6422014a0ee9 - <std[70759c8f55707aa4]::sys::thread::unix::Thread>::new::thread_start
[INFO] [stdout]   17:     0x79db0cc18dfa - <unknown>
[INFO] [stdout]   18:     0x79db0ccac3d4 - clone
[INFO] [stdout]   19:                0x0 - <unknown>
[INFO] [stdout] 
[INFO] [stdout] ---- missing_ssh_auth_sock stdout ----
[INFO] [stdout] 
[INFO] [stdout] thread '<unnamed>' (2568) panicked at tests/support/daemon.rs:114:72:
[INFO] [stdout] called `Result::unwrap()` on an `Err` value: cargo invocation failed
[INFO] [stdout] 
[INFO] [stdout] Stack backtrace:
[INFO] [stdout]    0: <anyhow::Error>::msg::<&str>
[INFO] [stdout]    1: attach::support::shpool_bin
[INFO] [stdout]    2: <attach::support::daemon::Proc>::new::<&str>
[INFO] [stdout]    3: attach::missing_ssh_auth_sock::ntest_callback
[INFO] [stdout]    4: std::sys::backtrace::__rust_begin_short_backtrace::<attach::missing_ssh_auth_sock::{closure#0}, ()>
[INFO] [stdout]    5: <std::thread::lifecycle::spawn_unchecked<attach::missing_ssh_auth_sock::{closure#0}, ()>::{closure#1} as core::ops::function::FnOnce<()>>::call_once::{shim:vtable#0}
[INFO] [stdout]    6: <std::sys::thread::unix::Thread>::new::thread_start
[INFO] [stdout]    7: <unknown>
[INFO] [stdout]    8: clone
[INFO] [stdout] stack backtrace:
[INFO] [stdout]    0:     0x6422014a1bb1 - <<std[70759c8f55707aa4]::sys::backtrace::BacktraceLock>::print::DisplayBacktrace as core[df12db4294e9bfd3]::fmt::Display>::fmt
[INFO] [stdout]    1:     0x6422014b849a - core[df12db4294e9bfd3]::fmt::write
[INFO] [stdout]    2:     0x6422014a69fc - <alloc[2182bb758b4b3781]::vec::Vec<u8> as core[df12db4294e9bfd3]::io::write::Write>::write_fmt
[INFO] [stdout]    3:     0x64220147b066 - std[70759c8f55707aa4]::panicking::default_hook::{closure#0}
[INFO] [stdout]    4:     0x642201498e69 - std[70759c8f55707aa4]::panicking::default_hook
[INFO] [stdout]    5:     0x642201367130 - test[9d35eded1c95d3be]::test_main_inner::<test[9d35eded1c95d3be]::test_main_static::{closure#0}>::{closure#0}
[INFO] [stdout]    6:     0x642201499192 - std[70759c8f55707aa4]::panicking::panic_with_hook
[INFO] [stdout]    7:     0x64220147b112 - std[70759c8f55707aa4]::panicking::panic_handler::{closure#0}
[INFO] [stdout]    8:     0x642201473629 - std[70759c8f55707aa4]::sys::backtrace::__rust_end_short_backtrace::<std[70759c8f55707aa4]::panicking::panic_handler::{closure#0}, !>
[INFO] [stdout]    9:     0x64220147be1d - __rustc[8fa7c3cbc660c2b3]::rust_begin_unwind
[INFO] [stdout]   10:     0x6422014b8c7c - core[df12db4294e9bfd3]::panicking::panic_fmt
[INFO] [stdout]   11:     0x6422014b8a52 - core[df12db4294e9bfd3]::result::unwrap_failed
[INFO] [stdout]   12:     0x642201332ed6 - <attach[246c6d453981a4a3]::support::daemon::Proc>::new::<&str>
[INFO] [stdout]   13:     0x6422012e60bf - attach[246c6d453981a4a3]::missing_ssh_auth_sock::ntest_callback
[INFO] [stdout]   14:     0x64220132de2f - std[70759c8f55707aa4]::sys::backtrace::__rust_begin_short_backtrace::<attach[246c6d453981a4a3]::missing_ssh_auth_sock::{closure#0}, ()>
[INFO] [stdout]   15:     0x6422013255fb - <std[70759c8f55707aa4]::thread::lifecycle::spawn_unchecked<attach[246c6d453981a4a3]::missing_ssh_auth_sock::{closure#0}, ()>::{closure#1} as core[df12db4294e9bfd3]::ops::function::FnOnce<()>>::call_once::{shim:vtable#0}
[INFO] [stdout]   16:     0x6422014a0ee9 - <std[70759c8f55707aa4]::sys::thread::unix::Thread>::new::thread_start
[INFO] [stdout]   17:     0x79db0cc18dfa - <unknown>
[INFO] [stdout]   18:     0x79db0ccac3d4 - clone
[INFO] [stdout]   19:                0x0 - <unknown>
[INFO] [stdout] 
[INFO] [stdout] ---- motd_pager stdout ----
[INFO] [stdout] building config in "/tmp/shpool-test/GNpBzeLZTKwQpCYJH74P"
[INFO] [stdout] 
[INFO] [stdout] thread '<unnamed>' (2587) panicked at tests/support/daemon.rs:114:72:
[INFO] [stdout] called `Result::unwrap()` on an `Err` value: cargo invocation failed
[INFO] [stdout] 
[INFO] [stdout] Stack backtrace:
[INFO] [stdout]    0: <anyhow::Error>::msg::<&str>
[INFO] [stdout]    1: attach::support::shpool_bin
[INFO] [stdout]    2: <attach::support::daemon::Proc>::new::<&std::path::PathBuf>
[INFO] [stdout]    3: attach::motd_pager::ntest_callback
[INFO] [stdout]    4: std::sys::backtrace::__rust_begin_short_backtrace::<attach::motd_pager::{closure#0}, ()>
[INFO] [stdout]    5: <std::thread::lifecycle::spawn_unchecked<attach::motd_pager::{closure#0}, ()>::{closure#1} as core::ops::function::FnOnce<()>>::call_once::{shim:vtable#0}
[INFO] [stdout]    6: <std::sys::thread::unix::Thread>::new::thread_start
[INFO] [stdout]    7: <unknown>
[INFO] [stdout]    8: clone
[INFO] [stdout] stack backtrace:
[INFO] [stdout]    0:     0x6422014a1bb1 - <<std[70759c8f55707aa4]::sys::backtrace::BacktraceLock>::print::DisplayBacktrace as core[df12db4294e9bfd3]::fmt::Display>::fmt
[INFO] [stdout]    1:     0x6422014b849a - core[df12db4294e9bfd3]::fmt::write
[INFO] [stdout]    2:     0x6422014a69fc - <alloc[2182bb758b4b3781]::vec::Vec<u8> as core[df12db4294e9bfd3]::io::write::Write>::write_fmt
[INFO] [stdout]    3:     0x64220147b066 - std[70759c8f55707aa4]::panicking::default_hook::{closure#0}
[INFO] [stdout]    4:     0x642201498e69 - std[70759c8f55707aa4]::panicking::default_hook
[INFO] [stdout]    5:     0x642201367130 - test[9d35eded1c95d3be]::test_main_inner::<test[9d35eded1c95d3be]::test_main_static::{closure#0}>::{closure#0}
[INFO] [stdout]    6:     0x642201499192 - std[70759c8f55707aa4]::panicking::panic_with_hook
[INFO] [stdout]    7:     0x64220147b112 - std[70759c8f55707aa4]::panicking::panic_handler::{closure#0}
[INFO] [stdout]    8:     0x642201473629 - std[70759c8f55707aa4]::sys::backtrace::__rust_end_short_backtrace::<std[70759c8f55707aa4]::panicking::panic_handler::{closure#0}, !>
[INFO] [stdout]    9:     0x64220147be1d - __rustc[8fa7c3cbc660c2b3]::rust_begin_unwind
[INFO] [stdout]   10:     0x6422014b8c7c - core[df12db4294e9bfd3]::panicking::panic_fmt
[INFO] [stdout]   11:     0x6422014b8a52 - core[df12db4294e9bfd3]::result::unwrap_failed
[INFO] [stdout]   12:     0x6422013320c6 - <attach[246c6d453981a4a3]::support::daemon::Proc>::new::<&std[70759c8f55707aa4]::path::PathBuf>
[INFO] [stdout]   13:     0x6422012d8c06 - attach[246c6d453981a4a3]::motd_pager::ntest_callback
[INFO] [stdout]   14:     0x64220132b75f - std[70759c8f55707aa4]::sys::backtrace::__rust_begin_short_backtrace::<attach[246c6d453981a4a3]::motd_pager::{closure#0}, ()>
[INFO] [stdout]   15:     0x6422013230db - <std[70759c8f55707aa4]::thread::lifecycle::spawn_unchecked<attach[246c6d453981a4a3]::motd_pager::{closure#0}, ()>::{closure#1} as core[df12db4294e9bfd3]::ops::function::FnOnce<()>>::call_once::{shim:vtable#0}
[INFO] [stdout]   16:     0x6422014a0ee9 - <std[70759c8f55707aa4]::sys::thread::unix::Thread>::new::thread_start
[INFO] [stdout]   17:     0x79db0cc18dfa - <unknown>
[INFO] [stdout]   18:     0x79db0ccac3d4 - clone
[INFO] [stdout]   19:                0x0 - <unknown>
[INFO] [stdout] 
[INFO] [stdout] ---- output_flood stdout ----
[INFO] [stdout] 
[INFO] [stdout] thread '<unnamed>' (2590) panicked at tests/support/daemon.rs:114:72:
[INFO] [stdout] called `Result::unwrap()` on an `Err` value: cargo invocation failed
[INFO] [stdout] 
[INFO] [stdout] Stack backtrace:
[INFO] [stdout]    0: <anyhow::Error>::msg::<&str>
[INFO] [stdout]    1: attach::support::shpool_bin
[INFO] [stdout]    2: <attach::support::daemon::Proc>::new::<&str>
[INFO] [stdout]    3: attach::output_flood::ntest_callback
[INFO] [stdout]    4: std::sys::backtrace::__rust_begin_short_backtrace::<attach::output_flood::{closure#0}, ()>
[INFO] [stdout]    5: <std::thread::lifecycle::spawn_unchecked<attach::output_flood::{closure#0}, ()>::{closure#1} as core::ops::function::FnOnce<()>>::call_once::{shim:vtable#0}
[INFO] [stdout]    6: <std::sys::thread::unix::Thread>::new::thread_start
[INFO] [stdout]    7: <unknown>
[INFO] [stdout]    8: clone
[INFO] [stdout] stack backtrace:
[INFO] [stdout]    0:     0x6422014a1bb1 - <<std[70759c8f55707aa4]::sys::backtrace::BacktraceLock>::print::DisplayBacktrace as core[df12db4294e9bfd3]::fmt::Display>::fmt
[INFO] [stdout]    1:     0x6422014b849a - core[df12db4294e9bfd3]::fmt::write
[INFO] [stdout]    2:     0x6422014a69fc - <alloc[2182bb758b4b3781]::vec::Vec<u8> as core[df12db4294e9bfd3]::io::write::Write>::write_fmt
[INFO] [stdout]    3:     0x64220147b066 - std[70759c8f55707aa4]::panicking::default_hook::{closure#0}
[INFO] [stdout]    4:     0x642201498e69 - std[70759c8f55707aa4]::panicking::default_hook
[INFO] [stdout]    5:     0x642201367130 - test[9d35eded1c95d3be]::test_main_inner::<test[9d35eded1c95d3be]::test_main_static::{closure#0}>::{closure#0}
[INFO] [stdout]    6:     0x642201499192 - std[70759c8f55707aa4]::panicking::panic_with_hook
[INFO] [stdout]    7:     0x64220147b112 - std[70759c8f55707aa4]::panicking::panic_handler::{closure#0}
[INFO] [stdout]    8:     0x642201473629 - std[70759c8f55707aa4]::sys::backtrace::__rust_end_short_backtrace::<std[70759c8f55707aa4]::panicking::panic_handler::{closure#0}, !>
[INFO] [stdout]    9:     0x64220147be1d - __rustc[8fa7c3cbc660c2b3]::rust_begin_unwind
[INFO] [stdout]   10:     0x6422014b8c7c - core[df12db4294e9bfd3]::panicking::panic_fmt
[INFO] [stdout]   11:     0x6422014b8a52 - core[df12db4294e9bfd3]::result::unwrap_failed
[INFO] [stdout]   12:     0x642201332ed6 - <attach[246c6d453981a4a3]::support::daemon::Proc>::new::<&str>
[INFO] [stdout]   13:     0x6422012dc2d4 - attach[246c6d453981a4a3]::output_flood::ntest_callback
[INFO] [stdout]   14:     0x64220132c16f - std[70759c8f55707aa4]::sys::backtrace::__rust_begin_short_backtrace::<attach[246c6d453981a4a3]::output_flood::{closure#0}, ()>
[INFO] [stdout]   15:     0x642201323a7b - <std[70759c8f55707aa4]::thread::lifecycle::spawn_unchecked<attach[246c6d453981a4a3]::output_flood::{closure#0}, ()>::{closure#1} as core[df12db4294e9bfd3]::ops::function::FnOnce<()>>::call_once::{shim:vtable#0}
[INFO] [stdout]   16:     0x6422014a0ee9 - <std[70759c8f55707aa4]::sys::thread::unix::Thread>::new::thread_start
[INFO] [stdout]   17:     0x79db0cc18dfa - <unknown>
[INFO] [stdout]   18:     0x79db0ccac3d4 - clone
[INFO] [stdout]   19:                0x0 - <unknown>
[INFO] [stdout] 
[INFO] [stdout] ---- prompt_prefix_bash stdout ----
[INFO] [stdout] 
[INFO] [stdout] thread '<unnamed>' (2601) panicked at tests/support/daemon.rs:114:72:
[INFO] [stdout] called `Result::unwrap()` on an `Err` value: cargo invocation failed
[INFO] [stdout] 
[INFO] [stdout] Stack backtrace:
[INFO] [stdout]    0: <anyhow::Error>::msg::<&str>
[INFO] [stdout]    1: attach::support::shpool_bin
[INFO] [stdout]    2: <attach::support::daemon::Proc>::new::<&str>
[INFO] [stdout]    3: attach::prompt_prefix_bash::ntest_callback
[INFO] [stdout]    4: std::sys::backtrace::__rust_begin_short_backtrace::<attach::prompt_prefix_bash::{closure#0}, ()>
[INFO] [stdout]    5: <std::thread::lifecycle::spawn_unchecked<attach::prompt_prefix_bash::{closure#0}, ()>::{closure#1} as core::ops::function::FnOnce<()>>::call_once::{shim:vtable#0}
[INFO] [stdout]    6: <std::sys::thread::unix::Thread>::new::thread_start
[INFO] [stdout]    7: <unknown>
[INFO] [stdout]    8: clone
[INFO] [stdout] stack backtrace:
[INFO] [stdout]    0:     0x6422014a1bb1 - <<std[70759c8f55707aa4]::sys::backtrace::BacktraceLock>::print::DisplayBacktrace as core[df12db4294e9bfd3]::fmt::Display>::fmt
[INFO] [stdout]    1:     0x6422014b849a - core[df12db4294e9bfd3]::fmt::write
[INFO] [stdout]    2:     0x6422014a69fc - <alloc[2182bb758b4b3781]::vec::Vec<u8> as core[df12db4294e9bfd3]::io::write::Write>::write_fmt
[INFO] [stdout]    3:     0x64220147b066 - std[70759c8f55707aa4]::panicking::default_hook::{closure#0}
[INFO] [stdout]    4:     0x642201498e69 - std[70759c8f55707aa4]::panicking::default_hook
[INFO] [stdout]    5:     0x642201367130 - test[9d35eded1c95d3be]::test_main_inner::<test[9d35eded1c95d3be]::test_main_static::{closure#0}>::{closure#0}
[INFO] [stdout]    6:     0x642201499192 - std[70759c8f55707aa4]::panicking::panic_with_hook
[INFO] [stdout]    7:     0x64220147b112 - std[70759c8f55707aa4]::panicking::panic_handler::{closure#0}
[INFO] [stdout]    8:     0x642201473629 - std[70759c8f55707aa4]::sys::backtrace::__rust_end_short_backtrace::<std[70759c8f55707aa4]::panicking::panic_handler::{closure#0}, !>
[INFO] [stdout]    9:     0x64220147be1d - __rustc[8fa7c3cbc660c2b3]::rust_begin_unwind
[INFO] [stdout]   10:     0x6422014b8c7c - core[df12db4294e9bfd3]::panicking::panic_fmt
[INFO] [stdout]   11:     0x6422014b8a52 - core[df12db4294e9bfd3]::result::unwrap_failed
[INFO] [stdout]   12:     0x642201332ed6 - <attach[246c6d453981a4a3]::support::daemon::Proc>::new::<&str>
[INFO] [stdout]   13:     0x6422012e1415 - attach[246c6d453981a4a3]::prompt_prefix_bash::ntest_callback
[INFO] [stdout]   14:     0x64220132cfcf - std[70759c8f55707aa4]::sys::backtrace::__rust_begin_short_backtrace::<attach[246c6d453981a4a3]::prompt_prefix_bash::{closure#0}, ()>
[INFO] [stdout]   15:     0x64220132483b - <std[70759c8f55707aa4]::thread::lifecycle::spawn_unchecked<attach[246c6d453981a4a3]::prompt_prefix_bash::{closure#0}, ()>::{closure#1} as core[df12db4294e9bfd3]::ops::function::FnOnce<()>>::call_once::{shim:vtable#0}
[INFO] [stdout]   16:     0x6422014a0ee9 - <std[70759c8f55707aa4]::sys::thread::unix::Thread>::new::thread_start
[INFO] [stdout]   17:     0x79db0cc18dfa - <unknown>
[INFO] [stdout]   18:     0x79db0ccac3d4 - clone
[INFO] [stdout]   19:                0x0 - <unknown>
[INFO] [stdout] 
[INFO] [stdout] ---- prompt_prefix_zsh stdout ----
[INFO] [stdout] 
[INFO] [stdout] thread '<unnamed>' (2612) panicked at tests/support/daemon.rs:114:72:
[INFO] [stdout] called `Result::unwrap()` on an `Err` value: cargo invocation failed
[INFO] [stdout] 
[INFO] [stdout] Stack backtrace:
[INFO] [stdout]    0: <anyhow::Error>::msg::<&str>
[INFO] [stdout]    1: attach::support::shpool_bin
[INFO] [stdout]    2: <attach::support::daemon::Proc>::new::<&str>
[INFO] [stdout]    3: attach::prompt_prefix_zsh::ntest_callback
[INFO] [stdout]    4: std::sys::backtrace::__rust_begin_short_backtrace::<attach::prompt_prefix_zsh::{closure#0}, ()>
[INFO] [stdout]    5: <std::thread::lifecycle::spawn_unchecked<attach::prompt_prefix_zsh::{closure#0}, ()>::{closure#1} as core::ops::function::FnOnce<()>>::call_once::{shim:vtable#0}
[INFO] [stdout]    6: <std::sys::thread::unix::Thread>::new::thread_start
[INFO] [stdout]    7: <unknown>
[INFO] [stdout]    8: clone
[INFO] [stdout] stack backtrace:
[INFO] [stdout]    0:     0x6422014a1bb1 - <<std[70759c8f55707aa4]::sys::backtrace::BacktraceLock>::print::DisplayBacktrace as core[df12db4294e9bfd3]::fmt::Display>::fmt
[INFO] [stdout]    1:     0x6422014b849a - core[df12db4294e9bfd3]::fmt::write
[INFO] [stdout]    2:     0x6422014a69fc - <alloc[2182bb758b4b3781]::vec::Vec<u8> as core[df12db4294e9bfd3]::io::write::Write>::write_fmt
[INFO] [stdout]    3:     0x64220147b066 - std[70759c8f55707aa4]::panicking::default_hook::{closure#0}
[INFO] [stdout]    4:     0x642201498e69 - std[70759c8f55707aa4]::panicking::default_hook
[INFO] [stdout]    5:     0x642201367130 - test[9d35eded1c95d3be]::test_main_inner::<test[9d35eded1c95d3be]::test_main_static::{closure#0}>::{closure#0}
[INFO] [stdout]    6:     0x642201499192 - std[70759c8f55707aa4]::panicking::panic_with_hook
[INFO] [stdout]    7:     0x64220147b112 - std[70759c8f55707aa4]::panicking::panic_handler::{closure#0}
[INFO] [stdout]    8:     0x642201473629 - std[70759c8f55707aa4]::sys::backtrace::__rust_end_short_backtrace::<std[70759c8f55707aa4]::panicking::panic_handler::{closure#0}, !>
[INFO] [stdout]    9:     0x64220147be1d - __rustc[8fa7c3cbc660c2b3]::rust_begin_unwind
[INFO] [stdout]   10:     0x6422014b8c7c - core[df12db4294e9bfd3]::panicking::panic_fmt
[INFO] [stdout]   11:     0x6422014b8a52 - core[df12db4294e9bfd3]::result::unwrap_failed
[INFO] [stdout]   12:     0x642201332ed6 - <attach[246c6d453981a4a3]::support::daemon::Proc>::new::<&str>
[INFO] [stdout]   13:     0x6422012e09a5 - attach[246c6d453981a4a3]::prompt_prefix_zsh::ntest_callback
[INFO] [stdout]   14:     0x64220132ccef - std[70759c8f55707aa4]::sys::backtrace::__rust_begin_short_backtrace::<attach[246c6d453981a4a3]::prompt_prefix_zsh::{closure#0}, ()>
[INFO] [stdout]   15:     0x64220132457b - <std[70759c8f55707aa4]::thread::lifecycle::spawn_unchecked<attach[246c6d453981a4a3]::prompt_prefix_zsh::{closure#0}, ()>::{closure#1} as core[df12db4294e9bfd3]::ops::function::FnOnce<()>>::call_once::{shim:vtable#0}
[INFO] [stdout]   16:     0x6422014a0ee9 - <std[70759c8f55707aa4]::sys::thread::unix::Thread>::new::thread_start
[INFO] [stdout]   17:     0x79db0cc18dfa - <unknown>
[INFO] [stdout]   18:     0x79db0ccac3d4 - clone
[INFO] [stdout]   19:                0x0 - <unknown>
[INFO] [stdout] 
[INFO] [stdout] ---- screen_restore stdout ----
[INFO] [stdout] 
[INFO] [stdout] thread '<unnamed>' (2623) panicked at tests/support/daemon.rs:114:72:
[INFO] [stdout] called `Result::unwrap()` on an `Err` value: cargo invocation failed
[INFO] [stdout] 
[INFO] [stdout] Stack backtrace:
[INFO] [stdout]    0: <anyhow::Error>::msg::<&str>
[INFO] [stdout]    1: attach::support::shpool_bin
[INFO] [stdout]    2: <attach::support::daemon::Proc>::new::<&str>
[INFO] [stdout]    3: attach::screen_restore::ntest_callback
[INFO] [stdout]    4: std::sys::backtrace::__rust_begin_short_backtrace::<attach::screen_restore::{closure#0}, ()>
[INFO] [stdout]    5: <std::thread::lifecycle::spawn_unchecked<attach::screen_restore::{closure#0}, ()>::{closure#1} as core::ops::function::FnOnce<()>>::call_once::{shim:vtable#0}
[INFO] [stdout]    6: <std::sys::thread::unix::Thread>::new::thread_start
[INFO] [stdout]    7: <unknown>
[INFO] [stdout]    8: clone
[INFO] [stdout] stack backtrace:
[INFO] [stdout]    0:     0x6422014a1bb1 - <<std[70759c8f55707aa4]::sys::backtrace::BacktraceLock>::print::DisplayBacktrace as core[df12db4294e9bfd3]::fmt::Display>::fmt
[INFO] [stdout]    1:     0x6422014b849a - core[df12db4294e9bfd3]::fmt::write
[INFO] [stdout]    2:     0x6422014a69fc - <alloc[2182bb758b4b3781]::vec::Vec<u8> as core[df12db4294e9bfd3]::io::write::Write>::write_fmt
[INFO] [stdout]    3:     0x64220147b066 - std[70759c8f55707aa4]::panicking::default_hook::{closure#0}
[INFO] [stdout]    4:     0x642201498e69 - std[70759c8f55707aa4]::panicking::default_hook
[INFO] [stdout]    5:     0x642201367130 - test[9d35eded1c95d3be]::test_main_inner::<test[9d35eded1c95d3be]::test_main_static::{closure#0}>::{closure#0}
[INFO] [stdout]    6:     0x642201499192 - std[70759c8f55707aa4]::panicking::panic_with_hook
[INFO] [stdout]    7:     0x64220147b112 - std[70759c8f55707aa4]::panicking::panic_handler::{closure#0}
[INFO] [stdout]    8:     0x642201473629 - std[70759c8f55707aa4]::sys::backtrace::__rust_end_short_backtrace::<std[70759c8f55707aa4]::panicking::panic_handler::{closure#0}, !>
[INFO] [stdout]    9:     0x64220147be1d - __rustc[8fa7c3cbc660c2b3]::rust_begin_unwind
[INFO] [stdout]   10:     0x6422014b8c7c - core[df12db4294e9bfd3]::panicking::panic_fmt
[INFO] [stdout]   11:     0x6422014b8a52 - core[df12db4294e9bfd3]::result::unwrap_failed
[INFO] [stdout]   12:     0x642201332ed6 - <attach[246c6d453981a4a3]::support::daemon::Proc>::new::<&str>
[INFO] [stdout]   13:     0x6422012ddc26 - attach[246c6d453981a4a3]::screen_restore::ntest_callback
[INFO] [stdout]   14:     0x64220132c72f - std[70759c8f55707aa4]::sys::backtrace::__rust_begin_short_backtrace::<attach[246c6d453981a4a3]::screen_restore::{closure#0}, ()>
[INFO] [stdout]   15:     0x642201323ffb - <std[70759c8f55707aa4]::thread::lifecycle::spawn_unchecked<attach[246c6d453981a4a3]::screen_restore::{closure#0}, ()>::{closure#1} as core[df12db4294e9bfd3]::ops::function::FnOnce<()>>::call_once::{shim:vtable#0}
[INFO] [stdout]   16:     0x6422014a0ee9 - <std[70759c8f55707aa4]::sys::thread::unix::Thread>::new::thread_start
[INFO] [stdout]   17:     0x79db0cc18dfa - <unknown>
[INFO] [stdout]   18:     0x79db0ccac3d4 - clone
[INFO] [stdout]   19:                0x0 - <unknown>
[INFO] [stdout] 
[INFO] [stdout] ---- injects_local_env_vars stdout ----
[INFO] [stdout] 
[INFO] [stdout] thread '<unnamed>' (2461) panicked at tests/support/daemon.rs:114:72:
[INFO] [stdout] called `Result::unwrap()` on an `Err` value: cargo invocation failed
[INFO] [stdout] 
[INFO] [stdout] Stack backtrace:
[INFO] [stdout]    0: <anyhow::Error>::msg::<&str>
[INFO] [stdout]    1: attach::support::shpool_bin
[INFO] [stdout]    2: <attach::support::daemon::Proc>::new::<&str>
[INFO] [stdout]    3: attach::injects_local_env_vars::ntest_callback
[INFO] [stdout]    4: std::sys::backtrace::__rust_begin_short_backtrace::<attach::injects_local_env_vars::{closure#0}, ()>
[INFO] [stdout]    5: <std::thread::lifecycle::spawn_unchecked<attach::injects_local_env_vars::{closure#0}, ()>::{closure#1} as core::ops::function::FnOnce<()>>::call_once::{shim:vtable#0}
[INFO] [stdout]    6: <std::sys::thread::unix::Thread>::new::thread_start
[INFO] [stdout]    7: <unknown>
[INFO] [stdout]    8: clone
[INFO] [stdout] stack backtrace:
[INFO] [stdout]    0:     0x6422014a1bb1 - <<std[70759c8f55707aa4]::sys::backtrace::BacktraceLock>::print::DisplayBacktrace as core[df12db4294e9bfd3]::fmt::Display>::fmt
[INFO] [stdout]    1:     0x6422014b849a - core[df12db4294e9bfd3]::fmt::write
[INFO] [stdout]    2:     0x6422014a69fc - <alloc[2182bb758b4b3781]::vec::Vec<u8> as core[df12db4294e9bfd3]::io::write::Write>::write_fmt
[INFO] [stdout]    3:     0x64220147b066 - std[70759c8f55707aa4]::panicking::default_hook::{closure#0}
[INFO] [stdout]    4:     0x642201498e69 - std[70759c8f55707aa4]::panicking::default_hook
[INFO] [stdout]    5:     0x642201367130 - test[9d35eded1c95d3be]::test_main_inner::<test[9d35eded1c95d3be]::test_main_static::{closure#0}>::{closure#0}
[INFO] [stdout]    6:     0x642201499192 - std[70759c8f55707aa4]::panicking::panic_with_hook
[INFO] [stdout]    7:     0x64220147b112 - std[70759c8f55707aa4]::panicking::panic_handler::{closure#0}
[INFO] [stdout]    8:     0x642201473629 - std[70759c8f55707aa4]::sys::backtrace::__rust_end_short_backtrace::<std[70759c8f55707aa4]::panicking::panic_handler::{closure#0}, !>
[INFO] [stdout]    9:     0x64220147be1d - __rustc[8fa7c3cbc660c2b3]::rust_begin_unwind
[INFO] [stdout]   10:     0x6422014b8c7c - core[df12db4294e9bfd3]::panicking::panic_fmt
[INFO] [stdout]   11:     0x6422014b8a52 - core[df12db4294e9bfd3]::result::unwrap_failed
[INFO] [stdout]   12:     0x642201332ed6 - <attach[246c6d453981a4a3]::support::daemon::Proc>::new::<&str>
[INFO] [stdout]   13:     0x6422012e7de5 - attach[246c6d453981a4a3]::injects_local_env_vars::ntest_callback
[INFO] [stdout]   14:     0x64220132e55f - std[70759c8f55707aa4]::sys::backtrace::__rust_begin_short_backtrace::<attach[246c6d453981a4a3]::injects_local_env_vars::{closure#0}, ()>
[INFO] [stdout]   15:     0x642201325cdb - <std[70759c8f55707aa4]::thread::lifecycle::spawn_unchecked<attach[246c6d453981a4a3]::injects_local_env_vars::{closure#0}, ()>::{closure#1} as core[df12db4294e9bfd3]::ops::function::FnOnce<()>>::call_once::{shim:vtable#0}
[INFO] [stdout]   16:     0x6422014a0ee9 - <std[70759c8f55707aa4]::sys::thread::unix::Thread>::new::thread_start
[INFO] [stdout]   17:     0x79db0cc18dfa - <unknown>
[INFO] [stdout]   18:     0x79db0ccac3d4 - clone
[INFO] [stdout]   19:                0x0 - <unknown>
[INFO] [stdout] 
[INFO] [stdout] ---- slash_session_not_allowed stdout ----
[INFO] [stdout] 
[INFO] [stdout] thread '<unnamed>' (2664) panicked at tests/support/daemon.rs:114:72:
[INFO] [stdout] called `Result::unwrap()` on an `Err` value: cargo invocation failed
[INFO] [stdout] 
[INFO] [stdout] Stack backtrace:
[INFO] [stdout]    0: <anyhow::Error>::msg::<&str>
[INFO] [stdout]    1: attach::support::shpool_bin
[INFO] [stdout]    2: <attach::support::daemon::Proc>::new::<&str>
[INFO] [stdout]    3: attach::slash_session_not_allowed::ntest_callback
[INFO] [stdout]    4: std::sys::backtrace::__rust_begin_short_backtrace::<attach::slash_session_not_allowed::{closure#0}, ()>
[INFO] [stdout]    5: <std::thread::lifecycle::spawn_unchecked<attach::slash_session_not_allowed::{closure#0}, ()>::{closure#1} as core::ops::function::FnOnce<()>>::call_once::{shim:vtable#0}
[INFO] [stdout]    6: <std::sys::thread::unix::Thread>::new::thread_start
[INFO] [stdout]    7: <unknown>
[INFO] [stdout]    8: clone
[INFO] [stdout] stack backtrace:
[INFO] [stdout]    0:     0x6422014a1bb1 - <<std[70759c8f55707aa4]::sys::backtrace::BacktraceLock>::print::DisplayBacktrace as core[df12db4294e9bfd3]::fmt::Display>::fmt
[INFO] [stdout]    1:     0x6422014b849a - core[df12db4294e9bfd3]::fmt::write
[INFO] [stdout]    2:     0x6422014a69fc - <alloc[2182bb758b4b3781]::vec::Vec<u8> as core[df12db4294e9bfd3]::io::write::Write>::write_fmt
[INFO] [stdout]    3:     0x64220147b066 - std[70759c8f55707aa4]::panicking::default_hook::{closure#0}
[INFO] [stdout]    4:     0x642201498e69 - std[70759c8f55707aa4]::panicking::default_hook
[INFO] [stdout]    5:     0x642201367130 - test[9d35eded1c95d3be]::test_main_inner::<test[9d35eded1c95d3be]::test_main_static::{closure#0}>::{closure#0}
[INFO] [stdout]    6:     0x642201499192 - std[70759c8f55707aa4]::panicking::panic_with_hook
[INFO] [stdout]    7:     0x64220147b112 - std[70759c8f55707aa4]::panicking::panic_handler::{closure#0}
[INFO] [stdout]    8:     0x642201473629 - std[70759c8f55707aa4]::sys::backtrace::__rust_end_short_backtrace::<std[70759c8f55707aa4]::panicking::panic_handler::{closure#0}, !>
[INFO] [stdout]    9:     0x64220147be1d - __rustc[8fa7c3cbc660c2b3]::rust_begin_unwind
[INFO] [stdout]   10:     0x6422014b8c7c - core[df12db4294e9bfd3]::panicking::panic_fmt
[INFO] [stdout]   11:     0x6422014b8a52 - core[df12db4294e9bfd3]::result::unwrap_failed
[INFO] [stdout]   12:     0x642201332ed6 - <attach[246c6d453981a4a3]::support::daemon::Proc>::new::<&str>
[INFO] [stdout]   13:     0x6422012eb82f - attach[246c6d453981a4a3]::slash_session_not_allowed::ntest_callback
[INFO] [stdout]   14:     0x64220132f0df - std[70759c8f55707aa4]::sys::backtrace::__rust_begin_short_backtrace::<attach[246c6d453981a4a3]::slash_session_not_allowed::{closure#0}, ()>
[INFO] [stdout]   15:     0x6422013267db - <std[70759c8f55707aa4]::thread::lifecycle::spawn_unchecked<attach[246c6d453981a4a3]::slash_session_not_allowed::{closure#0}, ()>::{closure#1} as core[df12db4294e9bfd3]::ops::function::FnOnce<()>>::call_once::{shim:vtable#0}
[INFO] [stdout]   16:     0x6422014a0ee9 - <std[70759c8f55707aa4]::sys::thread::unix::Thread>::new::thread_start
[INFO] [stdout]   17:     0x79db0cc18dfa - <unknown>
[INFO] [stdout]   18:     0x79db0ccac3d4 - clone
[INFO] [stdout]   19:                0x0 - <unknown>
[INFO] [stdout] 
[INFO] [stdout] ---- start_cmd stdout ----
[INFO] [stdout] 
[INFO] [stdout] thread '<unnamed>' (2667) panicked at tests/support/daemon.rs:114:72:
[INFO] [stdout] called `Result::unwrap()` on an `Err` value: cargo invocation failed
[INFO] [stdout] 
[INFO] [stdout] Stack backtrace:
[INFO] [stdout]    0: <anyhow::Error>::msg::<&str>
[INFO] [stdout]    1: attach::support::shpool_bin
[INFO] [stdout]    2: <attach::support::daemon::Proc>::new::<&str>
[INFO] [stdout]    3: attach::start_cmd::ntest_callback
[INFO] [stdout]    4: std::sys::backtrace::__rust_begin_short_backtrace::<attach::start_cmd::{closure#0}, ()>
[INFO] [stdout]    5: <std::thread::lifecycle::spawn_unchecked<attach::start_cmd::{closure#0}, ()>::{closure#1} as core::ops::function::FnOnce<()>>::call_once::{shim:vtable#0}
[INFO] [stdout]    6: <std::sys::thread::unix::Thread>::new::thread_start
[INFO] [stdout]    7: <unknown>
[INFO] [stdout]    8: clone
[INFO] [stdout] stack backtrace:
[INFO] [stdout]    0:     0x6422014a1bb1 - <<std[70759c8f55707aa4]::sys::backtrace::BacktraceLock>::print::DisplayBacktrace as core[df12db4294e9bfd3]::fmt::Display>::fmt
[INFO] [stdout]    1:     0x6422014b849a - core[df12db4294e9bfd3]::fmt::write
[INFO] [stdout]    2:     0x6422014a69fc - <alloc[2182bb758b4b3781]::vec::Vec<u8> as core[df12db4294e9bfd3]::io::write::Write>::write_fmt
[INFO] [stdout]    3:     0x64220147b066 - std[70759c8f55707aa4]::panicking::default_hook::{closure#0}
[INFO] [stdout]    4:     0x642201498e69 - std[70759c8f55707aa4]::panicking::default_hook
[INFO] [stdout]    5:     0x642201367130 - test[9d35eded1c95d3be]::test_main_inner::<test[9d35eded1c95d3be]::test_main_static::{closure#0}>::{closure#0}
[INFO] [stdout]    6:     0x642201499192 - std[70759c8f55707aa4]::panicking::panic_with_hook
[INFO] [stdout]    7:     0x64220147b112 - std[70759c8f55707aa4]::panicking::panic_handler::{closure#0}
[INFO] [stdout]    8:     0x642201473629 - std[70759c8f55707aa4]::sys::backtrace::__rust_end_short_backtrace::<std[70759c8f55707aa4]::panicking::panic_handler::{closure#0}, !>
[INFO] [stdout]    9:     0x64220147be1d - __rustc[8fa7c3cbc660c2b3]::rust_begin_unwind
[INFO] [stdout]   10:     0x6422014b8c7c - core[df12db4294e9bfd3]::panicking::panic_fmt
[INFO] [stdout]   11:     0x6422014b8a52 - core[df12db4294e9bfd3]::result::unwrap_failed
[INFO] [stdout]   12:     0x642201332ed6 - <attach[246c6d453981a4a3]::support::daemon::Proc>::new::<&str>
[INFO] [stdout]   13:     0x6422012f8c35 - attach[246c6d453981a4a3]::start_cmd::ntest_callback
[INFO] [stdout]   14:     0x64220133135f - std[70759c8f55707aa4]::sys::backtrace::__rust_begin_short_backtrace::<attach[246c6d453981a4a3]::start_cmd::{closure#0}, ()>
[INFO] [stdout]   15:     0x6422013288db - <std[70759c8f55707aa4]::thread::lifecycle::spawn_unchecked<attach[246c6d453981a4a3]::start_cmd::{closure#0}, ()>::{closure#1} as core[df12db4294e9bfd3]::ops::function::FnOnce<()>>::call_once::{shim:vtable#0}
[INFO] [stdout]   16:     0x6422014a0ee9 - <std[70759c8f55707aa4]::sys::thread::unix::Thread>::new::thread_start
[INFO] [stdout]   17:     0x79db0cc18dfa - <unknown>
[INFO] [stdout]   18:     0x79db0ccac3d4 - clone
[INFO] [stdout]   19:                0x0 - <unknown>
[INFO] [stdout] 
[INFO] [stdout] ---- start_cmd_template stdout ----
[INFO] [stdout] 
[INFO] [stdout] thread '<unnamed>' (2678) panicked at tests/support/daemon.rs:114:72:
[INFO] [stdout] called `Result::unwrap()` on an `Err` value: cargo invocation failed
[INFO] [stdout] 
[INFO] [stdout] Stack backtrace:
[INFO] [stdout]    0: <anyhow::Error>::msg::<&str>
[INFO] [stdout]    1: attach::support::shpool_bin
[INFO] [stdout]    2: <attach::support::daemon::Proc>::new::<&str>
[INFO] [stdout]    3: attach::start_cmd_template::ntest_callback
[INFO] [stdout]    4: std::sys::backtrace::__rust_begin_short_backtrace::<attach::start_cmd_template::{closure#0}, ()>
[INFO] [stdout]    5: <std::thread::lifecycle::spawn_unchecked<attach::start_cmd_template::{closure#0}, ()>::{closure#1} as core::ops::function::FnOnce<()>>::call_once::{shim:vtable#0}
[INFO] [stdout]    6: <std::sys::thread::unix::Thread>::new::thread_start
[INFO] [stdout]    7: <unknown>
[INFO] [stdout]    8: clone
[INFO] [stdout] stack backtrace:
[INFO] [stdout]    0:     0x6422014a1bb1 - <<std[70759c8f55707aa4]::sys::backtrace::BacktraceLock>::print::DisplayBacktrace as core[df12db4294e9bfd3]::fmt::Display>::fmt
[INFO] [stdout]    1:     0x6422014b849a - core[df12db4294e9bfd3]::fmt::write
[INFO] [stdout]    2:     0x6422014a69fc - <alloc[2182bb758b4b3781]::vec::Vec<u8> as core[df12db4294e9bfd3]::io::write::Write>::write_fmt
[INFO] [stdout]    3:     0x64220147b066 - std[70759c8f55707aa4]::panicking::default_hook::{closure#0}
[INFO] [stdout]    4:     0x642201498e69 - std[70759c8f55707aa4]::panicking::default_hook
[INFO] [stdout]    5:     0x642201367130 - test[9d35eded1c95d3be]::test_main_inner::<test[9d35eded1c95d3be]::test_main_static::{closure#0}>::{closure#0}
[INFO] [stdout]    6:     0x642201499192 - std[70759c8f55707aa4]::panicking::panic_with_hook
[INFO] [stdout]    7:     0x64220147b112 - std[70759c8f55707aa4]::panicking::panic_handler::{closure#0}
[INFO] [stdout]    8:     0x642201473629 - std[70759c8f55707aa4]::sys::backtrace::__rust_end_short_backtrace::<std[70759c8f55707aa4]::panicking::panic_handler::{closure#0}, !>
[INFO] [stdout]    9:     0x64220147be1d - __rustc[8fa7c3cbc660c2b3]::rust_begin_unwind
[INFO] [stdout]   10:     0x6422014b8c7c - core[df12db4294e9bfd3]::panicking::panic_fmt
[INFO] [stdout]   11:     0x6422014b8a52 - core[df12db4294e9bfd3]::result::unwrap_failed
[INFO] [stdout]   12:     0x642201332ed6 - <attach[246c6d453981a4a3]::support::daemon::Proc>::new::<&str>
[INFO] [stdout]   13:     0x6422012e2395 - attach[246c6d453981a4a3]::start_cmd_template::ntest_callback
[INFO] [stdout]   14:     0x64220132d2af - std[70759c8f55707aa4]::sys::backtrace::__rust_begin_short_backtrace::<attach[246c6d453981a4a3]::start_cmd_template::{closure#0}, ()>
[INFO] [stdout]   15:     0x642201324afb - <std[70759c8f55707aa4]::thread::lifecycle::spawn_unchecked<attach[246c6d453981a4a3]::start_cmd_template::{closure#0}, ()>::{closure#1} as core[df12db4294e9bfd3]::ops::function::FnOnce<()>>::call_once::{shim:vtable#0}
[INFO] [stdout]   16:     0x6422014a0ee9 - <std[70759c8f55707aa4]::sys::thread::unix::Thread>::new::thread_start
[INFO] [stdout]   17:     0x79db0cc18dfa - <unknown>
[INFO] [stdout]   18:     0x79db0ccac3d4 - clone
[INFO] [stdout]   19:                0x0 - <unknown>
[INFO] [stdout] 
[INFO] [stdout] ---- symlink_ssh_auth_sock stdout ----
[INFO] [stdout] 
[INFO] [stdout] thread '<unnamed>' (2689) panicked at tests/support/daemon.rs:114:72:
[INFO] [stdout] called `Result::unwrap()` on an `Err` value: cargo invocation failed
[INFO] [stdout] 
[INFO] [stdout] Stack backtrace:
[INFO] [stdout]    0: <anyhow::Error>::msg::<&str>
[INFO] [stdout]    1: attach::support::shpool_bin
[INFO] [stdout]    2: <attach::support::daemon::Proc>::new::<&str>
[INFO] [stdout]    3: attach::symlink_ssh_auth_sock::ntest_callback
[INFO] [stdout]    4: std::sys::backtrace::__rust_begin_short_backtrace::<attach::symlink_ssh_auth_sock::{closure#0}, ()>
[INFO] [stdout]    5: <std::thread::lifecycle::spawn_unchecked<attach::symlink_ssh_auth_sock::{closure#0}, ()>::{closure#1} as core::ops::function::FnOnce<()>>::call_once::{shim:vtable#0}
[INFO] [stdout]    6: <std::sys::thread::unix::Thread>::new::thread_start
[INFO] [stdout]    7: <unknown>
[INFO] [stdout]    8: clone
[INFO] [stdout] stack backtrace:
[INFO] [stdout]    0:     0x6422014a1bb1 - <<std[70759c8f55707aa4]::sys::backtrace::BacktraceLock>::print::DisplayBacktrace as core[df12db4294e9bfd3]::fmt::Display>::fmt
[INFO] [stdout]    1:     0x6422014b849a - core[df12db4294e9bfd3]::fmt::write
[INFO] [stdout]    2:     0x6422014a69fc - <alloc[2182bb758b4b3781]::vec::Vec<u8> as core[df12db4294e9bfd3]::io::write::Write>::write_fmt
[INFO] [stdout]    3:     0x64220147b066 - std[70759c8f55707aa4]::panicking::default_hook::{closure#0}
[INFO] [stdout]    4:     0x642201498e69 - std[70759c8f55707aa4]::panicking::default_hook
[INFO] [stdout]    5:     0x642201367130 - test[9d35eded1c95d3be]::test_main_inner::<test[9d35eded1c95d3be]::test_main_static::{closure#0}>::{closure#0}
[INFO] [stdout]    6:     0x642201499192 - std[70759c8f55707aa4]::panicking::panic_with_hook
[INFO] [stdout]    7:     0x64220147b112 - std[70759c8f55707aa4]::panicking::panic_handler::{closure#0}
[INFO] [stdout]    8:     0x642201473629 - std[70759c8f55707aa4]::sys::backtrace::__rust_end_short_backtrace::<std[70759c8f55707aa4]::panicking::panic_handler::{closure#0}, !>
[INFO] [stdout]    9:     0x64220147be1d - __rustc[8fa7c3cbc660c2b3]::rust_begin_unwind
[INFO] [stdout]   10:     0x6422014b8c7c - core[df12db4294e9bfd3]::panicking::panic_fmt
[INFO] [stdout]   11:     0x6422014b8a52 - core[df12db4294e9bfd3]::result::unwrap_failed
[INFO] [stdout]   12:     0x642201332ed6 - <attach[246c6d453981a4a3]::support::daemon::Proc>::new::<&str>
[INFO] [stdout]   13:     0x6422012e6646 - attach[246c6d453981a4a3]::symlink_ssh_auth_sock::ntest_callback
[INFO] [stdout]   14:     0x64220132df9f - std[70759c8f55707aa4]::sys::backtrace::__rust_begin_short_backtrace::<attach[246c6d453981a4a3]::symlink_ssh_auth_sock::{closure#0}, ()>
[INFO] [stdout]   15:     0x64220132575b - <std[70759c8f55707aa4]::thread::lifecycle::spawn_unchecked<attach[246c6d453981a4a3]::symlink_ssh_auth_sock::{closure#0}, ()>::{closure#1} as core[df12db4294e9bfd3]::ops::function::FnOnce<()>>::call_once::{shim:vtable#0}
[INFO] [stdout]   16:     0x6422014a0ee9 - <std[70759c8f55707aa4]::sys::thread::unix::Thread>::new::thread_start
[INFO] [stdout]   17:     0x79db0cc18dfa - <unknown>
[INFO] [stdout]   18:     0x79db0ccac3d4 - clone
[INFO] [stdout]   19:                0x0 - <unknown>
[INFO] [stdout] 
[INFO] [stdout] ---- templated_session_name_no_switch_on_unrelated_var stdout ----
[INFO] [stdout] 
[INFO] [stdout] thread '<unnamed>' (2700) panicked at tests/support/daemon.rs:114:72:
[INFO] [stdout] called `Result::unwrap()` on an `Err` value: cargo invocation failed
[INFO] [stdout] 
[INFO] [stdout] Stack backtrace:
[INFO] [stdout]    0: <anyhow::Error>::msg::<&str>
[INFO] [stdout]    1: attach::support::shpool_bin
[INFO] [stdout]    2: <attach::support::daemon::Proc>::new::<&str>
[INFO] [stdout]    3: attach::templated_session_name_no_switch_on_unrelated_var::ntest_callback
[INFO] [stdout]    4: std::sys::backtrace::__rust_begin_short_backtrace::<attach::templated_session_name_no_switch_on_unrelated_var::{closure#0}, ()>
[INFO] [stdout]    5: <std::thread::lifecycle::spawn_unchecked<attach::templated_session_name_no_switch_on_unrelated_var::{closure#0}, ()>::{closure#1} as core::ops::function::FnOnce<()>>::call_once::{shim:vtable#0}
[INFO] [stdout]    6: <std::sys::thread::unix::Thread>::new::thread_start
[INFO] [stdout]    7: <unknown>
[INFO] [stdout]    8: clone
[INFO] [stdout] stack backtrace:
[INFO] [stdout]    0:     0x6422014a1bb1 - <<std[70759c8f55707aa4]::sys::backtrace::BacktraceLock>::print::DisplayBacktrace as core[df12db4294e9bfd3]::fmt::Display>::fmt
[INFO] [stdout]    1:     0x6422014b849a - core[df12db4294e9bfd3]::fmt::write
[INFO] [stdout]    2:     0x6422014a69fc - <alloc[2182bb758b4b3781]::vec::Vec<u8> as core[df12db4294e9bfd3]::io::write::Write>::write_fmt
[INFO] [stdout]    3:     0x64220147b066 - std[70759c8f55707aa4]::panicking::default_hook::{closure#0}
[INFO] [stdout]    4:     0x642201498e69 - std[70759c8f55707aa4]::panicking::default_hook
[INFO] [stdout]    5:     0x642201367130 - test[9d35eded1c95d3be]::test_main_inner::<test[9d35eded1c95d3be]::test_main_static::{closure#0}>::{closure#0}
[INFO] [stdout]    6:     0x642201499192 - std[70759c8f55707aa4]::panicking::panic_with_hook
[INFO] [stdout]    7:     0x64220147b112 - std[70759c8f55707aa4]::panicking::panic_handler::{closure#0}
[INFO] [stdout]    8:     0x642201473629 - std[70759c8f55707aa4]::sys::backtrace::__rust_end_short_backtrace::<std[70759c8f55707aa4]::panicking::panic_handler::{closure#0}, !>
[INFO] [stdout]    9:     0x64220147be1d - __rustc[8fa7c3cbc660c2b3]::rust_begin_unwind
[INFO] [stdout]   10:     0x6422014b8c7c - core[df12db4294e9bfd3]::panicking::panic_fmt
[INFO] [stdout]   11:     0x6422014b8a52 - core[df12db4294e9bfd3]::result::unwrap_failed
[INFO] [stdout]   12:     0x642201332ed6 - <attach[246c6d453981a4a3]::support::daemon::Proc>::new::<&str>
[INFO] [stdout]   13:     0x6422012f6d02 - attach[246c6d453981a4a3]::templated_session_name_no_switch_on_unrelated_var::ntest_callback
[INFO] [stdout]   14:     0x642201330d9f - std[70759c8f55707aa4]::sys::backtrace::__rust_begin_short_backtrace::<attach[246c6d453981a4a3]::templated_session_name_no_switch_on_unrelated_var::{closure#0}, ()>
[INFO] [stdout]   15:     0x64220132835b - <std[70759c8f55707aa4]::thread::lifecycle::spawn_unchecked<attach[246c6d453981a4a3]::templated_session_name_no_switch_on_unrelated_var::{closure#0}, ()>::{closure#1} as core[df12db4294e9bfd3]::ops::function::FnOnce<()>>::call_once::{shim:vtable#0}
[INFO] [stdout]   16:     0x6422014a0ee9 - <std[70759c8f55707aa4]::sys::thread::unix::Thread>::new::thread_start
[INFO] [stdout]   17:     0x79db0cc18dfa - <unknown>
[INFO] [stdout]   18:     0x79db0ccac3d4 - clone
[INFO] [stdout]   19:                0x0 - <unknown>
[INFO] [stdout] 
[INFO] [stdout] ---- templated_session_name_switch stdout ----
[INFO] [stdout] 
[INFO] [stdout] thread '<unnamed>' (2711) panicked at tests/support/daemon.rs:114:72:
[INFO] [stdout] called `Result::unwrap()` on an `Err` value: cargo invocation failed
[INFO] [stdout] 
[INFO] [stdout] Stack backtrace:
[INFO] [stdout]    0: <anyhow::Error>::msg::<&str>
[INFO] [stdout]    1: attach::support::shpool_bin
[INFO] [stdout]    2: <attach::support::daemon::Proc>::new::<&str>
[INFO] [stdout]    3: attach::templated_session_name_switch::ntest_callback
[INFO] [stdout]    4: std::sys::backtrace::__rust_begin_short_backtrace::<attach::templated_session_name_switch::{closure#0}, ()>
[INFO] [stdout]    5: <std::thread::lifecycle::spawn_unchecked<attach::templated_session_name_switch::{closure#0}, ()>::{closure#1} as core::ops::function::FnOnce<()>>::call_once::{shim:vtable#0}
[INFO] [stdout]    6: <std::sys::thread::unix::Thread>::new::thread_start
[INFO] [stdout]    7: <unknown>
[INFO] [stdout]    8: clone
[INFO] [stdout] stack backtrace:
[INFO] [stdout]    0:     0x6422014a1bb1 - <<std[70759c8f55707aa4]::sys::backtrace::BacktraceLock>::print::DisplayBacktrace as core[df12db4294e9bfd3]::fmt::Display>::fmt
[INFO] [stdout]    1:     0x6422014b849a - core[df12db4294e9bfd3]::fmt::write
[INFO] [stdout]    2:     0x6422014a69fc - <alloc[2182bb758b4b3781]::vec::Vec<u8> as core[df12db4294e9bfd3]::io::write::Write>::write_fmt
[INFO] [stdout]    3:     0x64220147b066 - std[70759c8f55707aa4]::panicking::default_hook::{closure#0}
[INFO] [stdout]    4:     0x642201498e69 - std[70759c8f55707aa4]::panicking::default_hook
[INFO] [stdout]    5:     0x642201367130 - test[9d35eded1c95d3be]::test_main_inner::<test[9d35eded1c95d3be]::test_main_static::{closure#0}>::{closure#0}
[INFO] [stdout]    6:     0x642201499192 - std[70759c8f55707aa4]::panicking::panic_with_hook
[INFO] [stdout]    7:     0x64220147b112 - std[70759c8f55707aa4]::panicking::panic_handler::{closure#0}
[INFO] [stdout]    8:     0x642201473629 - std[70759c8f55707aa4]::sys::backtrace::__rust_end_short_backtrace::<std[70759c8f55707aa4]::panicking::panic_handler::{closure#0}, !>
[INFO] [stdout]    9:     0x64220147be1d - __rustc[8fa7c3cbc660c2b3]::rust_begin_unwind
[INFO] [stdout]   10:     0x6422014b8c7c - core[df12db4294e9bfd3]::panicking::panic_fmt
[INFO] [stdout]   11:     0x6422014b8a52 - core[df12db4294e9bfd3]::result::unwrap_failed
[INFO] [stdout]   12:     0x642201332ed6 - <attach[246c6d453981a4a3]::support::daemon::Proc>::new::<&str>
[INFO] [stdout]   13:     0x6422012f1566 - attach[246c6d453981a4a3]::templated_session_name_switch::ntest_callback
[INFO] [stdout]   14:     0x64220132faef - std[70759c8f55707aa4]::sys::backtrace::__rust_begin_short_backtrace::<attach[246c6d453981a4a3]::templated_session_name_switch::{closure#0}, ()>
[INFO] [stdout]   15:     0x64220132717b - <std[70759c8f55707aa4]::thread::lifecycle::spawn_unchecked<attach[246c6d453981a4a3]::templated_session_name_switch::{closure#0}, ()>::{closure#1} as core[df12db4294e9bfd3]::ops::function::FnOnce<()>>::call_once::{shim:vtable#0}
[INFO] [stdout]   16:     0x6422014a0ee9 - <std[70759c8f55707aa4]::sys::thread::unix::Thread>::new::thread_start
[INFO] [stdout]   17:     0x79db0cc18dfa - <unknown>
[INFO] [stdout]   18:     0x79db0ccac3d4 - clone
[INFO] [stdout]   19:                0x0 - <unknown>
[INFO] [stdout] 
[INFO] [stdout] ---- ttl_hangup stdout ----
[INFO] [stdout] 
[INFO] [stdout] thread '<unnamed>' (2722) panicked at tests/support/daemon.rs:114:72:
[INFO] [stdout] called `Result::unwrap()` on an `Err` value: cargo invocation failed
[INFO] [stdout] 
[INFO] [stdout] Stack backtrace:
[INFO] [stdout]    0: <anyhow::Error>::msg::<&str>
[INFO] [stdout]    1: attach::support::shpool_bin
[INFO] [stdout]    2: <attach::support::daemon::Proc>::new::<&str>
[INFO] [stdout]    3: attach::ttl_hangup::ntest_callback
[INFO] [stdout]    4: std::sys::backtrace::__rust_begin_short_backtrace::<attach::ttl_hangup::{closure#0}, ()>
[INFO] [stdout]    5: <std::thread::lifecycle::spawn_unchecked<attach::ttl_hangup::{closure#0}, ()>::{closure#1} as core::ops::function::FnOnce<()>>::call_once::{shim:vtable#0}
[INFO] [stdout]    6: <std::sys::thread::unix::Thread>::new::thread_start
[INFO] [stdout]    7: <unknown>
[INFO] [stdout]    8: clone
[INFO] [stdout] stack backtrace:
[INFO] [stdout]    0:     0x6422014a1bb1 - <<std[70759c8f55707aa4]::sys::backtrace::BacktraceLock>::print::DisplayBacktrace as core[df12db4294e9bfd3]::fmt::Display>::fmt
[INFO] [stdout]    1:     0x6422014b849a - core[df12db4294e9bfd3]::fmt::write
[INFO] [stdout]    2:     0x6422014a69fc - <alloc[2182bb758b4b3781]::vec::Vec<u8> as core[df12db4294e9bfd3]::io::write::Write>::write_fmt
[INFO] [stdout]    3:     0x64220147b066 - std[70759c8f55707aa4]::panicking::default_hook::{closure#0}
[INFO] [stdout]    4:     0x642201498e69 - std[70759c8f55707aa4]::panicking::default_hook
[INFO] [stdout]    5:     0x642201367130 - test[9d35eded1c95d3be]::test_main_inner::<test[9d35eded1c95d3be]::test_main_static::{closure#0}>::{closure#0}
[INFO] [stdout]    6:     0x642201499192 - std[70759c8f55707aa4]::panicking::panic_with_hook
[INFO] [stdout]    7:     0x64220147b112 - std[70759c8f55707aa4]::panicking::panic_handler::{closure#0}
[INFO] [stdout]    8:     0x642201473629 - std[70759c8f55707aa4]::sys::backtrace::__rust_end_short_backtrace::<std[70759c8f55707aa4]::panicking::panic_handler::{closure#0}, !>
[INFO] [stdout]    9:     0x64220147be1d - __rustc[8fa7c3cbc660c2b3]::rust_begin_unwind
[INFO] [stdout]   10:     0x6422014b8c7c - core[df12db4294e9bfd3]::panicking::panic_fmt
[INFO] [stdout]   11:     0x6422014b8a52 - core[df12db4294e9bfd3]::result::unwrap_failed
[INFO] [stdout]   12:     0x642201332ed6 - <attach[246c6d453981a4a3]::support::daemon::Proc>::new::<&str>
[INFO] [stdout]   13:     0x6422012d93b5 - attach[246c6d453981a4a3]::ttl_hangup::ntest_callback
[INFO] [stdout]   14:     0x64220132b8cf - std[70759c8f55707aa4]::sys::backtrace::__rust_begin_short_backtrace::<attach[246c6d453981a4a3]::ttl_hangup::{closure#0}, ()>
[INFO] [stdout]   15:     0x64220132323b - <std[70759c8f55707aa4]::thread::lifecycle::spawn_unchecked<attach[246c6d453981a4a3]::ttl_hangup::{closure#0}, ()>::{closure#1} as core[df12db4294e9bfd3]::ops::function::FnOnce<()>>::call_once::{shim:vtable#0}
[INFO] [stdout]   16:     0x6422014a0ee9 - <std[70759c8f55707aa4]::sys::thread::unix::Thread>::new::thread_start
[INFO] [stdout]   17:     0x79db0cc18dfa - <unknown>
[INFO] [stdout]   18:     0x79db0ccac3d4 - clone
[INFO] [stdout]   19:                0x0 - <unknown>
[INFO] [stdout] 
[INFO] [stdout] ---- ttl_no_hangup_yet stdout ----
[INFO] [stdout] 
[INFO] [stdout] thread '<unnamed>' (2733) panicked at tests/support/daemon.rs:114:72:
[INFO] [stdout] called `Result::unwrap()` on an `Err` value: cargo invocation failed
[INFO] [stdout] 
[INFO] [stdout] Stack backtrace:
[INFO] [stdout]    0: <anyhow::Error>::msg::<&str>
[INFO] [stdout]    1: attach::support::shpool_bin
[INFO] [stdout]    2: <attach::support::daemon::Proc>::new::<&str>
[INFO] [stdout]    3: attach::ttl_no_hangup_yet::ntest_callback
[INFO] [stdout]    4: std::sys::backtrace::__rust_begin_short_backtrace::<attach::ttl_no_hangup_yet::{closure#0}, ()>
[INFO] [stdout]    5: <std::thread::lifecycle::spawn_unchecked<attach::ttl_no_hangup_yet::{closure#0}, ()>::{closure#1} as core::ops::function::FnOnce<()>>::call_once::{shim:vtable#0}
[INFO] [stdout]    6: <std::sys::thread::unix::Thread>::new::thread_start
[INFO] [stdout]    7: <unknown>
[INFO] [stdout]    8: clone
[INFO] [stdout] stack backtrace:
[INFO] [stdout]    0:     0x6422014a1bb1 - <<std[70759c8f55707aa4]::sys::backtrace::BacktraceLock>::print::DisplayBacktrace as core[df12db4294e9bfd3]::fmt::Display>::fmt
[INFO] [stdout]    1:     0x6422014b849a - core[df12db4294e9bfd3]::fmt::write
[INFO] [stdout]    2:     0x6422014a69fc - <alloc[2182bb758b4b3781]::vec::Vec<u8> as core[df12db4294e9bfd3]::io::write::Write>::write_fmt
[INFO] [stdout]    3:     0x64220147b066 - std[70759c8f55707aa4]::panicking::default_hook::{closure#0}
[INFO] [stdout]    4:     0x642201498e69 - std[70759c8f55707aa4]::panicking::default_hook
[INFO] [stdout]    5:     0x642201367130 - test[9d35eded1c95d3be]::test_main_inner::<test[9d35eded1c95d3be]::test_main_static::{closure#0}>::{closure#0}
[INFO] [stdout]    6:     0x642201499192 - std[70759c8f55707aa4]::panicking::panic_with_hook
[INFO] [stdout]    7:     0x64220147b112 - std[70759c8f55707aa4]::panicking::panic_handler::{closure#0}
[INFO] [stdout]    8:     0x642201473629 - std[70759c8f55707aa4]::sys::backtrace::__rust_end_short_backtrace::<std[70759c8f55707aa4]::panicking::panic_handler::{closure#0}, !>
[INFO] [stdout]    9:     0x64220147be1d - __rustc[8fa7c3cbc660c2b3]::rust_begin_unwind
[INFO] [stdout]   10:     0x6422014b8c7c - core[df12db4294e9bfd3]::panicking::panic_fmt
[INFO] [stdout]   11:     0x6422014b8a52 - core[df12db4294e9bfd3]::result::unwrap_failed
[INFO] [stdout]   12:     0x642201332ed6 - <attach[246c6d453981a4a3]::support::daemon::Proc>::new::<&str>
[INFO] [stdout]   13:     0x6422012e0ea5 - attach[246c6d453981a4a3]::ttl_no_hangup_yet::ntest_callback
[INFO] [stdout]   14:     0x64220132ce5f - std[70759c8f55707aa4]::sys::backtrace::__rust_begin_short_backtrace::<attach[246c6d453981a4a3]::ttl_no_hangup_yet::{closure#0}, ()>
[INFO] [stdout]   15:     0x6422013246db - <std[70759c8f55707aa4]::thread::lifecycle::spawn_unchecked<attach[246c6d453981a4a3]::ttl_no_hangup_yet::{closure#0}, ()>::{closure#1} as core[df12db4294e9bfd3]::ops::function::FnOnce<()>>::call_once::{shim:vtable#0}
[INFO] [stdout]   16:     0x6422014a0ee9 - <std[70759c8f55707aa4]::sys::thread::unix::Thread>::new::thread_start
[INFO] [stdout]   17:     0x79db0cc18dfa - <unknown>
[INFO] [stdout]   18:     0x79db0ccac3d4 - clone
[INFO] [stdout]   19:                0x0 - <unknown>
[INFO] [stdout] 
[INFO] [stdout] ---- two_at_once stdout ----
[INFO] [stdout] 
[INFO] [stdout] thread '<unnamed>' (2744) panicked at tests/support/daemon.rs:114:72:
[INFO] [stdout] called `Result::unwrap()` on an `Err` value: cargo invocation failed
[INFO] [stdout] 
[INFO] [stdout] Stack backtrace:
[INFO] [stdout]    0: <anyhow::Error>::msg::<&str>
[INFO] [stdout]    1: attach::support::shpool_bin
[INFO] [stdout]    2: <attach::support::daemon::Proc>::new::<&str>
[INFO] [stdout]    3: attach::two_at_once::ntest_callback
[INFO] [stdout]    4: std::sys::backtrace::__rust_begin_short_backtrace::<attach::two_at_once::{closure#0}, ()>
[INFO] [stdout]    5: <std::thread::lifecycle::spawn_unchecked<attach::two_at_once::{closure#0}, ()>::{closure#1} as core::ops::function::FnOnce<()>>::call_once::{shim:vtable#0}
[INFO] [stdout]    6: <std::sys::thread::unix::Thread>::new::thread_start
[INFO] [stdout]    7: <unknown>
[INFO] [stdout]    8: clone
[INFO] [stdout] stack backtrace:
[INFO] [stdout]    0:     0x6422014a1bb1 - <<std[70759c8f55707aa4]::sys::backtrace::BacktraceLock>::print::DisplayBacktrace as core[df12db4294e9bfd3]::fmt::Display>::fmt
[INFO] [stdout]    1:     0x6422014b849a - core[df12db4294e9bfd3]::fmt::write
[INFO] [stdout]    2:     0x6422014a69fc - <alloc[2182bb758b4b3781]::vec::Vec<u8> as core[df12db4294e9bfd3]::io::write::Write>::write_fmt
[INFO] [stdout]    3:     0x64220147b066 - std[70759c8f55707aa4]::panicking::default_hook::{closure#0}
[INFO] [stdout]    4:     0x642201498e69 - std[70759c8f55707aa4]::panicking::default_hook
[INFO] [stdout]    5:     0x642201367130 - test[9d35eded1c95d3be]::test_main_inner::<test[9d35eded1c95d3be]::test_main_static::{closure#0}>::{closure#0}
[INFO] [stdout]    6:     0x642201499192 - std[70759c8f55707aa4]::panicking::panic_with_hook
[INFO] [stdout]    7:     0x64220147b112 - std[70759c8f55707aa4]::panicking::panic_handler::{closure#0}
[INFO] [stdout]    8:     0x642201473629 - std[70759c8f55707aa4]::sys::backtrace::__rust_end_short_backtrace::<std[70759c8f55707aa4]::panicking::panic_handler::{closure#0}, !>
[INFO] [stdout]    9:     0x64220147be1d - __rustc[8fa7c3cbc660c2b3]::rust_begin_unwind
[INFO] [stdout]   10:     0x6422014b8c7c - core[df12db4294e9bfd3]::panicking::panic_fmt
[INFO] [stdout]   11:     0x6422014b8a52 - core[df12db4294e9bfd3]::result::unwrap_failed
[INFO] [stdout]   12:     0x642201332ed6 - <attach[246c6d453981a4a3]::support::daemon::Proc>::new::<&str>
[INFO] [stdout]   13:     0x6422012dadd5 - attach[246c6d453981a4a3]::two_at_once::ntest_callback
[INFO] [stdout]   14:     0x64220132bd1f - std[70759c8f55707aa4]::sys::backtrace::__rust_begin_short_backtrace::<attach[246c6d453981a4a3]::two_at_once::{closure#0}, ()>
[INFO] [stdout]   15:     0x64220132365b - <std[70759c8f55707aa4]::thread::lifecycle::spawn_unchecked<attach[246c6d453981a4a3]::two_at_once::{closure#0}, ()>::{closure#1} as core[df12db4294e9bfd3]::ops::function::FnOnce<()>>::call_once::{shim:vtable#0}
[INFO] [stdout]   16:     0x6422014a0ee9 - <std[70759c8f55707aa4]::sys::thread::unix::Thread>::new::thread_start
[INFO] [stdout]   17:     0x79db0cc18dfa - <unknown>
[INFO] [stdout]   18:     0x79db0ccac3d4 - clone
[INFO] [stdout]   19:                0x0 - <unknown>
[INFO] [stdout] 
[INFO] [stdout] ---- version_mismatch_client_newer stdout ----
[INFO] [stdout] 
[INFO] [stdout] thread '<unnamed>' (2755) panicked at tests/support/daemon.rs:114:72:
[INFO] [stdout] called `Result::unwrap()` on an `Err` value: cargo invocation failed
[INFO] [stdout] 
[INFO] [stdout] Stack backtrace:
[INFO] [stdout]    0: <anyhow::Error>::msg::<&str>
[INFO] [stdout]    1: attach::support::shpool_bin
[INFO] [stdout]    2: <attach::support::daemon::Proc>::new::<&str>
[INFO] [stdout]    3: attach::version_mismatch_client_newer::ntest_callback
[INFO] [stdout]    4: std::sys::backtrace::__rust_begin_short_backtrace::<attach::version_mismatch_client_newer::{closure#0}, ()>
[INFO] [stdout]    5: <std::thread::lifecycle::spawn_unchecked<attach::version_mismatch_client_newer::{closure#0}, ()>::{closure#1} as core::ops::function::FnOnce<()>>::call_once::{shim:vtable#0}
[INFO] [stdout]    6: <std::sys::thread::unix::Thread>::new::thread_start
[INFO] [stdout]    7: <unknown>
[INFO] [stdout]    8: clone
[INFO] [stdout] stack backtrace:
[INFO] [stdout]    0:     0x6422014a1bb1 - <<std[70759c8f55707aa4]::sys::backtrace::BacktraceLock>::print::DisplayBacktrace as core[df12db4294e9bfd3]::fmt::Display>::fmt
[INFO] [stdout]    1:     0x6422014b849a - core[df12db4294e9bfd3]::fmt::write
[INFO] [stdout]    2:     0x6422014a69fc - <alloc[2182bb758b4b3781]::vec::Vec<u8> as core[df12db4294e9bfd3]::io::write::Write>::write_fmt
[INFO] [stdout]    3:     0x64220147b066 - std[70759c8f55707aa4]::panicking::default_hook::{closure#0}
[INFO] [stdout]    4:     0x642201498e69 - std[70759c8f55707aa4]::panicking::default_hook
[INFO] [stdout]    5:     0x642201367130 - test[9d35eded1c95d3be]::test_main_inner::<test[9d35eded1c95d3be]::test_main_static::{closure#0}>::{closure#0}
[INFO] [stdout]    6:     0x642201499192 - std[70759c8f55707aa4]::panicking::panic_with_hook
[INFO] [stdout]    7:     0x64220147b112 - std[70759c8f55707aa4]::panicking::panic_handler::{closure#0}
[INFO] [stdout]    8:     0x642201473629 - std[70759c8f55707aa4]::sys::backtrace::__rust_end_short_backtrace::<std[70759c8f55707aa4]::panicking::panic_handler::{closure#0}, !>
[INFO] [stdout]    9:     0x64220147be1d - __rustc[8fa7c3cbc660c2b3]::rust_begin_unwind
[INFO] [stdout]   10:     0x6422014b8c7c - core[df12db4294e9bfd3]::panicking::panic_fmt
[INFO] [stdout]   11:     0x6422014b8a52 - core[df12db4294e9bfd3]::result::unwrap_failed
[INFO] [stdout]   12:     0x642201332ed6 - <attach[246c6d453981a4a3]::support::daemon::Proc>::new::<&str>
[INFO] [stdout]   13:     0x6422012f2073 - attach[246c6d453981a4a3]::version_mismatch_client_newer::ntest_callback
[INFO] [stdout]   14:     0x64220132fc5f - std[70759c8f55707aa4]::sys::backtrace::__rust_begin_short_backtrace::<attach[246c6d453981a4a3]::version_mismatch_client_newer::{closure#0}, ()>
[INFO] [stdout]   15:     0x6422013272db - <std[70759c8f55707aa4]::thread::lifecycle::spawn_unchecked<attach[246c6d453981a4a3]::version_mismatch_client_newer::{closure#0}, ()>::{closure#1} as core[df12db4294e9bfd3]::ops::function::FnOnce<()>>::call_once::{shim:vtable#0}
[INFO] [stdout]   16:     0x6422014a0ee9 - <std[70759c8f55707aa4]::sys::thread::unix::Thread>::new::thread_start
[INFO] [stdout]   17:     0x79db0cc18dfa - <unknown>
[INFO] [stdout]   18:     0x79db0ccac3d4 - clone
[INFO] [stdout]   19:                0x0 - <unknown>
[INFO] [stdout] 
[INFO] [stdout] ---- whitespace_session_not_allowed stdout ----
[INFO] [stdout] 
[INFO] [stdout] thread '<unnamed>' (2766) panicked at tests/support/daemon.rs:114:72:
[INFO] [stdout] called `Result::unwrap()` on an `Err` value: cargo invocation failed
[INFO] [stdout] 
[INFO] [stdout] Stack backtrace:
[INFO] [stdout]    0: <anyhow::Error>::msg::<&str>
[INFO] [stdout]    1: attach::support::shpool_bin
[INFO] [stdout]    2: <attach::support::daemon::Proc>::new::<&str>
[INFO] [stdout]    3: attach::whitespace_session_not_allowed::ntest_callback
[INFO] [stdout]    4: std::sys::backtrace::__rust_begin_short_backtrace::<attach::whitespace_session_not_allowed::{closure#0}, ()>
[INFO] [stdout]    5: <std::thread::lifecycle::spawn_unchecked<attach::whitespace_session_not_allowed::{closure#0}, ()>::{closure#1} as core::ops::function::FnOnce<()>>::call_once::{shim:vtable#0}
[INFO] [stdout]    6: <std::sys::thread::unix::Thread>::new::thread_start
[INFO] [stdout]    7: <unknown>
[INFO] [stdout]    8: clone
[INFO] [stdout] stack backtrace:
[INFO] [stdout]    0:     0x6422014a1bb1 - <<std[70759c8f55707aa4]::sys::backtrace::BacktraceLock>::print::DisplayBacktrace as core[df12db4294e9bfd3]::fmt::Display>::fmt
[INFO] [stdout]    1:     0x6422014b849a - core[df12db4294e9bfd3]::fmt::write
[INFO] [stdout]    2:     0x6422014a69fc - <alloc[2182bb758b4b3781]::vec::Vec<u8> as core[df12db4294e9bfd3]::io::write::Write>::write_fmt
[INFO] [stdout]    3:     0x64220147b066 - std[70759c8f55707aa4]::panicking::default_hook::{closure#0}
[INFO] [stdout]    4:     0x642201498e69 - std[70759c8f55707aa4]::panicking::default_hook
[INFO] [stdout]    5:     0x642201367130 - test[9d35eded1c95d3be]::test_main_inner::<test[9d35eded1c95d3be]::test_main_static::{closure#0}>::{closure#0}
[INFO] [stdout]    6:     0x642201499192 - std[70759c8f55707aa4]::panicking::panic_with_hook
[INFO] [stdout]    7:     0x64220147b112 - std[70759c8f55707aa4]::panicking::panic_handler::{closure#0}
[INFO] [stdout]    8:     0x642201473629 - std[70759c8f55707aa4]::sys::backtrace::__rust_end_short_backtrace::<std[70759c8f55707aa4]::panicking::panic_handler::{closure#0}, !>
[INFO] [stdout]    9:     0x64220147be1d - __rustc[8fa7c3cbc660c2b3]::rust_begin_unwind
[INFO] [stdout]   10:     0x6422014b8c7c - core[df12db4294e9bfd3]::panicking::panic_fmt
[INFO] [stdout]   11:     0x6422014b8a52 - core[df12db4294e9bfd3]::result::unwrap_failed
[INFO] [stdout]   12:     0x642201332ed6 - <attach[246c6d453981a4a3]::support::daemon::Proc>::new::<&str>
[INFO] [stdout]   13:     0x6422012f3c6f - attach[246c6d453981a4a3]::whitespace_session_not_allowed::ntest_callback
[INFO] [stdout]   14:     0x6422013300af - std[70759c8f55707aa4]::sys::backtrace::__rust_begin_short_backtrace::<attach[246c6d453981a4a3]::whitespace_session_not_allowed::{closure#0}, ()>
[INFO] [stdout]   15:     0x6422013276fb - <std[70759c8f55707aa4]::thread::lifecycle::spawn_unchecked<attach[246c6d453981a4a3]::whitespace_session_not_allowed::{closure#0}, ()>::{closure#1} as core[df12db4294e9bfd3]::ops::function::FnOnce<()>>::call_once::{shim:vtable#0}
[INFO] [stdout]   16:     0x6422014a0ee9 - <std[70759c8f55707aa4]::sys::thread::unix::Thread>::new::thread_start
[INFO] [stdout]   17:     0x79db0cc18dfa - <unknown>
[INFO] [stdout]   18:     0x79db0ccac3d4 - clone
[INFO] [stdout]   19:                0x0 - <unknown>
[INFO] [stdout] 
[INFO] [stdout] 
[INFO] [stdout] failures:
[INFO] [stdout]     background_custom_cmd
[INFO] [stdout]     blank_session_not_allowed
[INFO] [stdout]     bounce
[INFO] [stdout]     busy
[INFO] [stdout]     busy_background
[INFO] [stdout]     busy_background_force
[INFO] [stdout]     cli_tmp_dir
[INFO] [stdout]     config_disable_symlink_ssh_auth_sock
[INFO] [stdout]     config_tmp_default_dir
[INFO] [stdout]     custom_cmd
[INFO] [stdout]     custom_cmd_template
[INFO] [stdout]     custom_keybinding_detach
[INFO] [stdout]     daemon_hangup
[INFO] [stdout]     default_keybinding_detach
[INFO] [stdout]     detaches_on_null_stdin
[INFO] [stdout]     dir_template
[INFO] [stdout]     dot_session_not_allowed
[INFO] [stdout]     dynamic_config_change
[INFO] [stdout]     dynamic_session_restore_mode
[INFO] [stdout]     exits_with_same_status_as_shell
[INFO] [stdout]     explicit_exit
[INFO] [stdout]     force_attach
[INFO] [stdout]     forward_env
[INFO] [stdout]     forward_env_all
[INFO] [stdout]     forward_env_live_reload_bash
[INFO] [stdout]     forward_env_live_reload_fish
[INFO] [stdout]     forward_env_live_reload_zsh
[INFO] [stdout]     forward_env_none
[INFO] [stdout]     fresh_shell_does_not_have_prompt_setup_code
[INFO] [stdout]     fresh_shell_draws_prompt
[INFO] [stdout]     happy_path
[INFO] [stdout]     has_right_default_path
[INFO] [stdout]     high_byte_input_does_not_kill_session
[INFO] [stdout]     injects_local_env_vars
[INFO] [stdout]     injects_term_even_with_env_config
[INFO] [stdout]     keybinding_input_shear
[INFO] [stdout]     keybinding_partial_match_nostrip
[INFO] [stdout]     keybinding_partial_match_nostrip_split
[INFO] [stdout]     keybinding_strip_keys
[INFO] [stdout]     keybinding_strip_keys_split
[INFO] [stdout]     lines_big_chunk_restore
[INFO] [stdout]     lines_restore
[INFO] [stdout]     missing_ssh_auth_sock
[INFO] [stdout]     motd_debounced_pager_debounces
[INFO] [stdout]     motd_debounced_pager_unbounces
[INFO] [stdout]     motd_dump
[INFO] [stdout]     motd_env_test_pager_preserves_term_env_var
[INFO] [stdout]     motd_pager
[INFO] [stdout]     output_flood
[INFO] [stdout]     prompt_prefix_bash
[INFO] [stdout]     prompt_prefix_zsh
[INFO] [stdout]     screen_restore
[INFO] [stdout]     screen_restore_input_modes
[INFO] [stdout]     screen_wide_restore
[INFO] [stdout]     slash_session_not_allowed
[INFO] [stdout]     start_cmd
[INFO] [stdout]     start_cmd_template
[INFO] [stdout]     symlink_ssh_auth_sock
[INFO] [stdout]     templated_session_name_no_switch_on_unrelated_var
[INFO] [stdout]     templated_session_name_switch
[INFO] [stdout]     ttl_hangup
[INFO] [stdout]     ttl_no_hangup_yet
[INFO] [stdout]     two_at_once
[INFO] [stdout]     version_mismatch_client_newer
[INFO] [stdout]     whitespace_session_not_allowed
[INFO] [stdout] 
[INFO] [stdout] test result: FAILED. 0 passed; 65 failed; 3 ignored; 0 measured; 0 filtered out; finished in 3.89s
[INFO] [stdout] 
[INFO] running `Command { std: "docker" "inspect" "063aa44c8f844a44398e3821dc0c5cf2806dee6ea336962eeb271d407e344415", kill_on_drop: false }`
[INFO] running `Command { std: "docker" "rm" "-f" "063aa44c8f844a44398e3821dc0c5cf2806dee6ea336962eeb271d407e344415", kill_on_drop: false }`
[INFO] [stdout] 063aa44c8f844a44398e3821dc0c5cf2806dee6ea336962eeb271d407e344415
