[INFO] fetching crate shojiku-authoring 0.2.0...
[INFO] testing shojiku-authoring-0.2.0 against 1.100.0-beta.1+cargoflags=--release for beta-release-1.100-2
[INFO] extracting crate shojiku-authoring 0.2.0 into /workspace/builds/worker-3-tc2/source
[INFO] started tweaking crates.io crate shojiku-authoring 0.2.0
[INFO] finished tweaking crates.io crate shojiku-authoring 0.2.0
[INFO] tweaked toml for crates.io crate shojiku-authoring 0.2.0 written to /workspace/builds/worker-3-tc2/source/Cargo.toml
[INFO] validating manifest of crates.io crate shojiku-authoring 0.2.0 on toolchain 1.100.0-beta.1
[INFO] running `Command { std: CARGO_HOME="/workspace/cargo-home" RUSTUP_HOME="/workspace/rustup-home" "/workspace/cargo-home/bin/cargo" "+1.100.0-beta.1" "metadata" "--manifest-path" "Cargo.toml" "--no-deps", kill_on_drop: false }`
[INFO] crate crates.io crate shojiku-authoring 0.2.0 already has a lockfile, it will not be regenerated
[INFO] running `Command { std: CARGO_HOME="/workspace/cargo-home" RUSTUP_HOME="/workspace/rustup-home" "/workspace/cargo-home/bin/cargo" "+1.100.0-beta.1" "fetch" "--manifest-path" "Cargo.toml", kill_on_drop: false }`
[INFO] running `Command { std: "docker" "create" "-v" "/var/lib/crater-agent-workspace/builds/worker-3-tc2/source:/opt/rustwide/workdir:ro,Z" "-v" "/var/lib/crater-agent-workspace/builds/worker-3-tc2/target:/opt/rustwide/target:rw,Z" "-v" "/var/lib/crater-agent-workspace/cargo-home:/opt/rustwide/cargo-home:ro,Z" "-v" "/var/lib/crater-agent-workspace/rustup-home:/opt/rustwide/rustup-home:ro,Z" "-m" "1610612736" "--network" "none" "ghcr.io/rust-lang/crates-build-env/linux@sha256:77db811e55d90add9212f6832c23229e3de5f1c1f9905e8cb07319ea15df73ac" "sleep" "infinity", kill_on_drop: false }`
[INFO] [stdout] 6fb4d774f094df9f4bc377f88078fc977db4122f5af4b7f2cfc4fe4ba80df7e9
[INFO] running `Command { std: "docker" "start" "6fb4d774f094df9f4bc377f88078fc977db4122f5af4b7f2cfc4fe4ba80df7e9", kill_on_drop: false }`
[INFO] running `Command { std: "docker" "inspect" "6fb4d774f094df9f4bc377f88078fc977db4122f5af4b7f2cfc4fe4ba80df7e9", kill_on_drop: false }`
[INFO] running `Command { std: "docker" "exec" "-e" "SOURCE_DIR=/opt/rustwide/workdir" "-e" "CARGO_HOME=/opt/rustwide/cargo-home" "-e" "RUSTUP_HOME=/opt/rustwide/rustup-home" "-e" "CARGO_TARGET_DIR=/opt/rustwide/target" "-w" "/opt/rustwide/workdir" "--user" "0:0" "6fb4d774f094df9f4bc377f88078fc977db4122f5af4b7f2cfc4fe4ba80df7e9" "/opt/rustwide/cargo-home/bin/cargo" "+1.100.0-beta.1" "metadata" "--no-deps" "--format-version=1", kill_on_drop: false }`
[INFO] running `Command { std: "docker" "inspect" "6fb4d774f094df9f4bc377f88078fc977db4122f5af4b7f2cfc4fe4ba80df7e9", kill_on_drop: false }`
[INFO] running `Command { std: "docker" "exec" "-e" "SOURCE_DIR=/opt/rustwide/workdir" "-e" "CARGO_HOME=/opt/rustwide/cargo-home" "-e" "RUSTUP_HOME=/opt/rustwide/rustup-home" "-e" "CARGO_TARGET_DIR=/opt/rustwide/target" "-e" "CARGO_INCREMENTAL=0" "-e" "RUST_BACKTRACE=full" "-e" "RUSTFLAGS=--cap-lints=warn" "-e" "RUSTDOCFLAGS=--cap-lints=warn" "-w" "/opt/rustwide/workdir" "--user" "0:0" "6fb4d774f094df9f4bc377f88078fc977db4122f5af4b7f2cfc4fe4ba80df7e9" "/opt/rustwide/cargo-home/bin/cargo" "+1.100.0-beta.1" "build" "--frozen" "--message-format=json" "--release", kill_on_drop: false }`
[INFO] [stderr]    Compiling writeable v0.6.3
[INFO] [stderr]    Compiling hybrid-array v0.4.13
[INFO] [stderr]    Compiling icu_locale_data v2.2.0
[INFO] [stderr]    Compiling litemap v0.8.2
[INFO] [stderr]    Compiling polycool v0.4.0
[INFO] [stderr]    Compiling icu_segmenter_data v2.2.0
[INFO] [stderr]    Compiling syn v3.0.2
[INFO] [stderr]    Compiling serde_json v1.0.151
[INFO] [stderr]    Compiling serde_path_to_error v0.1.20
[INFO] [stderr]    Compiling flate2 v1.1.9
[INFO] [stderr]    Compiling bytemuck_derive v1.11.0
[INFO] [stderr]    Compiling zerovec-derive v0.11.3
[INFO] [stderr]    Compiling byteorder-lite v0.1.0
[INFO] [stderr]    Compiling zerofrom v0.1.8
[INFO] [stderr]    Compiling color_quant v1.1.0
[INFO] [stderr]    Compiling quick-error v2.0.1
[INFO] [stderr]    Compiling weezl v0.1.12
[INFO] [stderr]    Compiling yoke v0.8.3
[INFO] [stderr]    Compiling zune-core v0.5.1
[INFO] [stderr]    Compiling kurbo v0.13.1
[INFO] [stderr]    Compiling roxmltree v0.21.1
[INFO] [stderr]    Compiling strict-num v0.1.1
[INFO] [stderr]    Compiling imagesize v0.15.0
[INFO] [stderr]    Compiling image-webp v0.2.4
[INFO] [stderr]    Compiling gif v0.14.2
[INFO] [stderr]    Compiling zune-jpeg v0.5.15
[INFO] [stderr]    Compiling qrcodegen v1.8.0
[INFO] [stderr]    Compiling crypto-common v0.2.2
[INFO] [stderr]    Compiling block-buffer v0.12.1
[INFO] [stderr]    Compiling png v0.18.1
[INFO] [stderr]    Compiling zerovec v0.11.6
[INFO] [stderr]    Compiling bytemuck v1.25.2
[INFO] [stderr]    Compiling font-types v0.12.2
[INFO] [stderr]    Compiling digest v0.11.3
[INFO] [stderr]    Compiling sha2 v0.11.0
[INFO] [stderr]    Compiling tiny-skia-path v0.12.0
[INFO] [stderr]    Compiling svgtypes v0.16.1
[INFO] [stderr]    Compiling read-fonts v0.41.0
[INFO] [stderr]    Compiling read-fonts v0.42.1
[INFO] [stderr]    Compiling tiny-skia v0.12.0
[INFO] [stderr]    Compiling potential_utf v0.1.5
[INFO] [stderr]    Compiling serde_derive v1.0.229
[INFO] [stderr]    Compiling displaydoc v0.2.7
[INFO] [stderr]    Compiling thiserror-impl v2.0.19
[INFO] [stderr]    Compiling tinystr v0.8.3
[INFO] [stderr]    Compiling zerotrie v0.2.4
[INFO] [stderr]    Compiling icu_collections v2.2.0
[INFO] [stderr]    Compiling thiserror v2.0.19
[INFO] [stderr]    Compiling icu_locale_core v2.2.0
[INFO] [stderr]    Compiling icu_provider v2.2.0
[INFO] [stderr]    Compiling icu_locale v2.2.0
[INFO] [stderr]    Compiling serde v1.0.229
[INFO] [stderr]    Compiling serde_yaml v0.9.34+deprecated
[INFO] [stderr]    Compiling shojiku-diagnostics v0.2.0
[INFO] [stderr]    Compiling icu_segmenter v2.2.0
[INFO] [stderr]    Compiling shojiku-core v0.2.0
[INFO] [stderr]    Compiling skrifa v0.45.1
[INFO] [stderr]    Compiling harfrust v0.12.0
[INFO] [stderr]    Compiling shojiku-image v0.2.0
[INFO] [stderr]    Compiling shojiku-formatter v0.2.0
[INFO] [stderr]    Compiling shojiku-layout-box v0.2.0
[INFO] [stderr]    Compiling shojiku-layout v0.2.0
[INFO] [stderr]    Compiling shojiku-render-png v0.2.0
[INFO] [stderr]    Compiling shojiku-authoring v0.2.0 (/opt/rustwide/workdir)
[INFO] [stderr]     Finished `release` profile [optimized] target(s) in 1m 02s
[INFO] running `Command { std: "docker" "inspect" "6fb4d774f094df9f4bc377f88078fc977db4122f5af4b7f2cfc4fe4ba80df7e9", kill_on_drop: false }`
[INFO] running `Command { std: "docker" "exec" "-e" "SOURCE_DIR=/opt/rustwide/workdir" "-e" "CARGO_HOME=/opt/rustwide/cargo-home" "-e" "RUSTUP_HOME=/opt/rustwide/rustup-home" "-e" "CARGO_TARGET_DIR=/opt/rustwide/target" "-e" "CARGO_INCREMENTAL=0" "-e" "RUST_BACKTRACE=full" "-e" "RUSTFLAGS=--cap-lints=warn" "-e" "RUSTDOCFLAGS=--cap-lints=warn" "-w" "/opt/rustwide/workdir" "--user" "0:0" "6fb4d774f094df9f4bc377f88078fc977db4122f5af4b7f2cfc4fe4ba80df7e9" "/opt/rustwide/cargo-home/bin/cargo" "+1.100.0-beta.1" "test" "--frozen" "--no-run" "--message-format=json" "--release", kill_on_drop: false }`
[INFO] [stderr]    Compiling shojiku-authoring v0.2.0 (/opt/rustwide/workdir)
[INFO] [stderr]     Finished `release` profile [optimized] target(s) in 1.87s
[INFO] running `Command { std: "docker" "inspect" "6fb4d774f094df9f4bc377f88078fc977db4122f5af4b7f2cfc4fe4ba80df7e9", kill_on_drop: false }`
[INFO] running `Command { std: "docker" "exec" "-e" "SOURCE_DIR=/opt/rustwide/workdir" "-e" "CARGO_HOME=/opt/rustwide/cargo-home" "-e" "RUSTUP_HOME=/opt/rustwide/rustup-home" "-e" "CARGO_TARGET_DIR=/opt/rustwide/target" "-e" "CARGO_INCREMENTAL=0" "-e" "RUST_BACKTRACE=full" "-e" "RUSTFLAGS=--cap-lints=warn" "-e" "RUSTDOCFLAGS=--cap-lints=warn" "-w" "/opt/rustwide/workdir" "--user" "0:0" "6fb4d774f094df9f4bc377f88078fc977db4122f5af4b7f2cfc4fe4ba80df7e9" "/opt/rustwide/cargo-home/bin/cargo" "+1.100.0-beta.1" "test" "--frozen" "--release", kill_on_drop: false }`
[INFO] [stderr]     Finished `release` profile [optimized] target(s) in 0.11s
[INFO] [stderr]      Running unittests src/lib.rs (/opt/rustwide/target/release/build/shojiku-authoring/a23a00455d5fb275/out/shojiku_authoring-a23a00455d5fb275)
[INFO] [stdout] 
[INFO] [stdout] running 56 tests
[INFO] [stdout] test fs::tests::locale_ids_with_hostile_characters_are_rejected ... ok
[INFO] [stdout] test fs::tests::builtin_locale_needs_no_file ... ok
[INFO] [stdout] test fs::tests::font_and_locale_search_lists_are_additive ... ok
[INFO] [stdout] test fs::tests::unknown_locale_error_lists_builtins_and_dirs ... ok
[INFO] [stdout] test capabilities::list::tests::no_capability_key_is_declared_twice ... ok
[INFO] [stdout] test fs::tests::find_locale_file_picks_first_existing_else_none ... ok
[INFO] [stdout] test fs::tests::locale_file_overlays_the_builtin_per_key ... ok
[INFO] [stdout] test fs::tests::non_builtin_locale_loads_its_file_standalone ... ok
[INFO] [stdout] test fs::tests::malformed_overlay_file_is_a_pack_error ... ok
[INFO] [stdout] test capabilities::tests::engine_info_reports_version_capabilities_and_locales ... ok
[INFO] [stdout] test locale::tests::load_pack_parses_a_standalone_overlay_for_a_non_builtin ... ok
[INFO] [stdout] test capabilities::list::tests::the_registry_is_every_concerns_keys_concatenated_in_wire_order ... ok
[INFO] [stdout] test capabilities::tests::run_capabilities_emits_camelcase_json ... ok
[INFO] [stdout] test locale::tests::valid_locale_id_accepts_tags_and_rejects_junk ... ok
[INFO] [stdout] test locale::tests::load_pack_deep_merges_an_overlay_over_a_builtin ... ok
[INFO] [stdout] test locale::tests::load_pack_is_not_found_for_a_non_builtin_without_overlay ... ok
[INFO] [stdout] test locale::tests::load_pack_surfaces_a_builtin_overlay_parse_error ... ok
[INFO] [stdout] test fs::tests::unreadable_overlay_file_is_an_io_error ... ok
[INFO] [stdout] test locale::tests::load_pack_returns_a_builtin ... ok
[INFO] [stdout] test locale::tests::load_pack_surfaces_a_standalone_parse_error ... ok
[INFO] [stdout] test inspect::tests::inspect_json_has_the_four_top_level_keys ... FAILED
[INFO] [stdout] test inspect::tests::boxes_carry_a_structural_path_for_id_less_items ... FAILED
[INFO] [stdout] test prepare::tests::lays_out_a_valid_template_with_the_default_title ... FAILED
[INFO] [stdout] test capabilities::list::tests::every_concern_contributes_keys ... ok
[INFO] [stdout] test locale::tests::resolve_prefers_explicit_then_template_then_default ... ok
[INFO] [stdout] test inspect::tests::envelope_carries_engine_document_boxes_and_margin ... FAILED
[INFO] [stdout] test preview::tests::preview_page_matches_the_all_pages_entry ... FAILED
[INFO] [stdout] test inspect::tests::the_document_carries_its_resolved_metadata ... FAILED
[INFO] [stdout] test preview::tests::preview_raw_propagates_render_errors ... FAILED
[INFO] [stdout] test preview::tests::preview_pages_propagates_render_errors ... FAILED
[INFO] [stdout] test reference::tests::every_named_object_shape_is_closed ... ok
[INFO] [stdout] test prepare::tests::uses_the_template_name_as_title_and_accepts_prebuilt_assets ... FAILED
[INFO] [stdout] test prepare::tests::gates_injected_asset_errors ... FAILED
[INFO] [stdout] test preview::tests::preview_page_rejects_an_out_of_range_index ... FAILED
[INFO] [stdout] test prepare::tests::walks_injected_bundled_assets ... FAILED
[INFO] [stdout] test reference::tests::a_closed_enum_lists_exactly_the_accepted_values ... ok
[INFO] [stdout] test preview::tests::preview_page_propagates_render_errors ... FAILED
[INFO] [stdout] test preview::tests::preview_pages_returns_one_png_per_page ... FAILED
[INFO] [stdout] test reference::tests::no_developer_prose_survives_into_the_shapes ... ok
[INFO] [stdout] test prepare::tests::gates_validation_errors ... FAILED
[INFO] [stdout] test sources::tests::load_sources_rejects_a_malformed_template ... ok
[INFO] [stdout] test sources::tests::load_sources_rejects_malformed_params ... ok
[INFO] [stdout] test preview::tests::preview_raw_returns_one_rgba_page_per_page ... FAILED
[INFO] [stdout] test prepare::tests::gates_asset_errors ... FAILED
[INFO] [stdout] test sources::tests::load_sources_rejects_malformed_definitions ... ok
[INFO] [stdout] test reference::tests::the_definitions_root_resolves_every_ref_it_reaches ... ok
[INFO] [stdout] test reference::tests::the_template_root_resolves_every_ref_it_reaches ... ok
[INFO] [stdout] test sources::tests::load_sources_builds_a_catalog_from_definitions ... ok
[INFO] [stdout] test sources::tests::load_sources_parses_and_validates_without_definitions ... ok
[INFO] [stdout] test reference::tests::the_recursive_item_shape_is_a_ref_not_an_inline_copy ... ok
[INFO] [stdout] test reference::tests::required_lists_the_demanded_keys_and_only_those ... ok
[INFO] [stdout] test sources::tests::validate_strings_surfaces_a_params_parse_error ... ok
[INFO] [stdout] test sources::tests::validate_strings_surfaces_a_definitions_parse_error ... ok
[INFO] [stdout] test sources::tests::validate_strings_reports_a_clean_template ... ok
[INFO] [stdout] test sources::tests::validate_strings_surfaces_a_template_parse_error_as_a_diagnostic ... ok
[INFO] [stdout] test prepare::tests::gates_layout_errors ... FAILED
[INFO] [stdout] 
[INFO] [stdout] failures:
[INFO] [stdout] 
[INFO] [stdout] ---- inspect::tests::inspect_json_has_the_four_top_level_keys stdout ----
[INFO] [stdout] 
[INFO] [stdout] thread 'inspect::tests::inspect_json_has_the_four_top_level_keys' (1434) panicked at src/test_support.rs:27:64:
[INFO] [stdout] load ja fonts: Pack(NotFound(Echo("biz-ud")))
[INFO] [stdout] stack backtrace:
[INFO] [stdout]    0:     0x58ad52050d41 - <<std[617be2ca0a6fd877]::sys::backtrace::BacktraceLock>::print::DisplayBacktrace as core[a373ad73a504971]::fmt::Display>::fmt
[INFO] [stdout]    1:     0x58ad52068b7a - core[a373ad73a504971]::fmt::write
[INFO] [stdout]    2:     0x58ad5205502c - <alloc[2e1b2a31b91974c5]::vec::Vec<u8> as core[a373ad73a504971]::io::write::Write>::write_fmt
[INFO] [stdout]    3:     0x58ad5202b846 - std[617be2ca0a6fd877]::panicking::default_hook::{closure#0}
[INFO] [stdout]    4:     0x58ad520487b9 - std[617be2ca0a6fd877]::panicking::default_hook
[INFO] [stdout]    5:     0x58ad51bc4680 - test[aada8e7e76ba119b]::test_main_inner::{closure#0}
[INFO] [stdout]    6:     0x58ad52048972 - std[617be2ca0a6fd877]::panicking::panic_with_hook
[INFO] [stdout]    7:     0x58ad5202b8f2 - std[617be2ca0a6fd877]::panicking::panic_handler::{closure#0}
[INFO] [stdout]    8:     0x58ad52024199 - std[617be2ca0a6fd877]::sys::backtrace::__rust_end_short_backtrace::<std[617be2ca0a6fd877]::panicking::panic_handler::{closure#0}, !>
[INFO] [stdout]    9:     0x58ad5202c71d - __rustc[ea4f61d10b84890b]::rust_begin_unwind
[INFO] [stdout]   10:     0x58ad520692ac - core[a373ad73a504971]::panicking::panic_fmt
[INFO] [stdout]   11:     0x58ad52069082 - core[a373ad73a504971]::result::unwrap_failed
[INFO] [stdout]   12:     0x58ad51b9d7f6 - <std[617be2ca0a6fd877]::sync::once::Once>::call_once_force::<<std[617be2ca0a6fd877]::sync::once_lock::OnceLock<shojiku_layout[135f682f355049ea]::font::FontStore>>::initialize<<std[617be2ca0a6fd877]::sync::once_lock::OnceLock<shojiku_layout[135f682f355049ea]::font::FontStore>>::get_or_init<shojiku_authoring[923015a20e1cb395]::test_support::ja_fonts::{closure#0}>::{closure#0}, !>::{closure#0}>::{closure#0}
[INFO] [stdout]   13:     0x58ad52031649 - <std[617be2ca0a6fd877]::sys::sync::once::futex::Once>::call
[INFO] [stdout]   14:     0x58ad51b9bd74 - <std[617be2ca0a6fd877]::sync::once_lock::OnceLock<shojiku_layout[135f682f355049ea]::font::FontStore>>::initialize::<<std[617be2ca0a6fd877]::sync::once_lock::OnceLock<shojiku_layout[135f682f355049ea]::font::FontStore>>::get_or_init<shojiku_authoring[923015a20e1cb395]::test_support::ja_fonts::{closure#0}>::{closure#0}, !>
[INFO] [stdout]   15:     0x58ad51baa626 - shojiku_authoring[923015a20e1cb395]::test_support::run
[INFO] [stdout]   16:     0x58ad51b9ee52 - <shojiku_authoring[923015a20e1cb395]::inspect::tests::inspect_json_has_the_four_top_level_keys::{closure#0} as core[a373ad73a504971]::ops::function::FnOnce<()>>::call_once
[INFO] [stdout]   17:     0x58ad51bb7acb - test[aada8e7e76ba119b]::__rust_begin_short_backtrace::<core[a373ad73a504971]::result::Result<(), alloc[2e1b2a31b91974c5]::string::String>, fn() -> core[a373ad73a504971]::result::Result<(), alloc[2e1b2a31b91974c5]::string::String>>
[INFO] [stdout]   18:     0x58ad51bc4ca5 - test[aada8e7e76ba119b]::run_test::{closure#0}
[INFO] [stdout]   19:     0x58ad51bbe594 - std[617be2ca0a6fd877]::sys::backtrace::__rust_begin_short_backtrace::<test[aada8e7e76ba119b]::run_test::{closure#1}, ()>
[INFO] [stdout]   20:     0x58ad51bc7d32 - <std[617be2ca0a6fd877]::thread::lifecycle::spawn_unchecked<test[aada8e7e76ba119b]::run_test::{closure#1}, ()>::{closure#1} as core[a373ad73a504971]::ops::function::FnOnce<()>>::call_once::{shim:vtable#0}
[INFO] [stdout]   21:     0x58ad5204fd4f - <std[617be2ca0a6fd877]::sys::thread::unix::Thread>::new::thread_start
[INFO] [stdout]   22:     0x75f437145dfa - <unknown>
[INFO] [stdout]   23:     0x75f4371d93d4 - clone
[INFO] [stdout]   24:                0x0 - <unknown>
[INFO] [stdout] 
[INFO] [stdout] ---- inspect::tests::boxes_carry_a_structural_path_for_id_less_items stdout ----
[INFO] [stdout] 
[INFO] [stdout] thread 'inspect::tests::boxes_carry_a_structural_path_for_id_less_items' (1432) panicked at src/test_support.rs:27:64:
[INFO] [stdout] load ja fonts: Pack(NotFound(Echo("biz-ud")))
[INFO] [stdout] stack backtrace:
[INFO] [stdout]    0:     0x58ad52050d41 - <<std[617be2ca0a6fd877]::sys::backtrace::BacktraceLock>::print::DisplayBacktrace as core[a373ad73a504971]::fmt::Display>::fmt
[INFO] [stdout]    1:     0x58ad52068b7a - core[a373ad73a504971]::fmt::write
[INFO] [stdout]    2:     0x58ad5205502c - <alloc[2e1b2a31b91974c5]::vec::Vec<u8> as core[a373ad73a504971]::io::write::Write>::write_fmt
[INFO] [stdout]    3:     0x58ad5202b846 - std[617be2ca0a6fd877]::panicking::default_hook::{closure#0}
[INFO] [stdout]    4:     0x58ad520487b9 - std[617be2ca0a6fd877]::panicking::default_hook
[INFO] [stdout]    5:     0x58ad51bc4680 - test[aada8e7e76ba119b]::test_main_inner::{closure#0}
[INFO] [stdout]    6:     0x58ad52048972 - std[617be2ca0a6fd877]::panicking::panic_with_hook
[INFO] [stdout]    7:     0x58ad5202b8f2 - std[617be2ca0a6fd877]::panicking::panic_handler::{closure#0}
[INFO] [stdout]    8:     0x58ad52024199 - std[617be2ca0a6fd877]::sys::backtrace::__rust_end_short_backtrace::<std[617be2ca0a6fd877]::panicking::panic_handler::{closure#0}, !>
[INFO] [stdout]    9:     0x58ad5202c71d - __rustc[ea4f61d10b84890b]::rust_begin_unwind
[INFO] [stdout]   10:     0x58ad520692ac - core[a373ad73a504971]::panicking::panic_fmt
[INFO] [stdout]   11:     0x58ad52069082 - core[a373ad73a504971]::result::unwrap_failed
[INFO] [stdout]   12:     0x58ad51b9d7f6 - <std[617be2ca0a6fd877]::sync::once::Once>::call_once_force::<<std[617be2ca0a6fd877]::sync::once_lock::OnceLock<shojiku_layout[135f682f355049ea]::font::FontStore>>::initialize<<std[617be2ca0a6fd877]::sync::once_lock::OnceLock<shojiku_layout[135f682f355049ea]::font::FontStore>>::get_or_init<shojiku_authoring[923015a20e1cb395]::test_support::ja_fonts::{closure#0}>::{closure#0}, !>::{closure#0}>::{closure#0}
[INFO] [stdout]   13:     0x58ad52031649 - <std[617be2ca0a6fd877]::sys::sync::once::futex::Once>::call
[INFO] [stdout]   14:     0x58ad51b9bd74 - <std[617be2ca0a6fd877]::sync::once_lock::OnceLock<shojiku_layout[135f682f355049ea]::font::FontStore>>::initialize::<<std[617be2ca0a6fd877]::sync::once_lock::OnceLock<shojiku_layout[135f682f355049ea]::font::FontStore>>::get_or_init<shojiku_authoring[923015a20e1cb395]::test_support::ja_fonts::{closure#0}>::{closure#0}, !>
[INFO] [stdout]   15:     0x58ad51baa626 - shojiku_authoring[923015a20e1cb395]::test_support::run
[INFO] [stdout]   16:     0x58ad51b9f674 - <shojiku_authoring[923015a20e1cb395]::inspect::tests::boxes_carry_a_structural_path_for_id_less_items::{closure#0} as core[a373ad73a504971]::ops::function::FnOnce<()>>::call_once
[INFO] [stdout]   17:     0x58ad51bb7acb - test[aada8e7e76ba119b]::__rust_begin_short_backtrace::<core[a373ad73a504971]::result::Result<(), alloc[2e1b2a31b91974c5]::string::String>, fn() -> core[a373ad73a504971]::result::Result<(), alloc[2e1b2a31b91974c5]::string::String>>
[INFO] [stdout]   18:     0x58ad51bc4ca5 - test[aada8e7e76ba119b]::run_test::{closure#0}
[INFO] [stdout]   19:     0x58ad51bbe594 - std[617be2ca0a6fd877]::sys::backtrace::__rust_begin_short_backtrace::<test[aada8e7e76ba119b]::run_test::{closure#1}, ()>
[INFO] [stdout]   20:     0x58ad51bc7d32 - <std[617be2ca0a6fd877]::thread::lifecycle::spawn_unchecked<test[aada8e7e76ba119b]::run_test::{closure#1}, ()>::{closure#1} as core[a373ad73a504971]::ops::function::FnOnce<()>>::call_once::{shim:vtable#0}
[INFO] [stdout]   21:     0x58ad5204fd4f - <std[617be2ca0a6fd877]::sys::thread::unix::Thread>::new::thread_start
[INFO] [stdout]   22:     0x75f437145dfa - <unknown>
[INFO] [stdout]   23:     0x75f4371d93d4 - clone
[INFO] [stdout]   24:                0x0 - <unknown>
[INFO] [stdout] 
[INFO] [stdout] ---- prepare::tests::lays_out_a_valid_template_with_the_default_title stdout ----
[INFO] [stdout] 
[INFO] [stdout] thread 'prepare::tests::lays_out_a_valid_template_with_the_default_title' (1448) panicked at src/test_support.rs:27:64:
[INFO] [stdout] load ja fonts: Pack(NotFound(Echo("biz-ud")))
[INFO] [stdout] stack backtrace:
[INFO] [stdout]    0:     0x58ad52050d41 - <<std[617be2ca0a6fd877]::sys::backtrace::BacktraceLock>::print::DisplayBacktrace as core[a373ad73a504971]::fmt::Display>::fmt
[INFO] [stdout]    1:     0x58ad52068b7a - core[a373ad73a504971]::fmt::write
[INFO] [stdout]    2:     0x58ad5205502c - <alloc[2e1b2a31b91974c5]::vec::Vec<u8> as core[a373ad73a504971]::io::write::Write>::write_fmt
[INFO] [stdout]    3:     0x58ad5202b846 - std[617be2ca0a6fd877]::panicking::default_hook::{closure#0}
[INFO] [stdout]    4:     0x58ad520487b9 - std[617be2ca0a6fd877]::panicking::default_hook
[INFO] [stdout]    5:     0x58ad51bc4680 - test[aada8e7e76ba119b]::test_main_inner::{closure#0}
[INFO] [stdout]    6:     0x58ad52048972 - std[617be2ca0a6fd877]::panicking::panic_with_hook
[INFO] [stdout]    7:     0x58ad5202b8f2 - std[617be2ca0a6fd877]::panicking::panic_handler::{closure#0}
[INFO] [stdout]    8:     0x58ad52024199 - std[617be2ca0a6fd877]::sys::backtrace::__rust_end_short_backtrace::<std[617be2ca0a6fd877]::panicking::panic_handler::{closure#0}, !>
[INFO] [stdout]    9:     0x58ad5202c71d - __rustc[ea4f61d10b84890b]::rust_begin_unwind
[INFO] [stdout]   10:     0x58ad520692ac - core[a373ad73a504971]::panicking::panic_fmt
[INFO] [stdout]   11:     0x58ad52069082 - core[a373ad73a504971]::result::unwrap_failed
[INFO] [stdout]   12:     0x58ad51b9d7f6 - <std[617be2ca0a6fd877]::sync::once::Once>::call_once_force::<<std[617be2ca0a6fd877]::sync::once_lock::OnceLock<shojiku_layout[135f682f355049ea]::font::FontStore>>::initialize<<std[617be2ca0a6fd877]::sync::once_lock::OnceLock<shojiku_layout[135f682f355049ea]::font::FontStore>>::get_or_init<shojiku_authoring[923015a20e1cb395]::test_support::ja_fonts::{closure#0}>::{closure#0}, !>::{closure#0}>::{closure#0}
[INFO] [stdout]   13:     0x58ad52031649 - <std[617be2ca0a6fd877]::sys::sync::once::futex::Once>::call
[INFO] [stdout]   14:     0x58ad51b9bd74 - <std[617be2ca0a6fd877]::sync::once_lock::OnceLock<shojiku_layout[135f682f355049ea]::font::FontStore>>::initialize::<<std[617be2ca0a6fd877]::sync::once_lock::OnceLock<shojiku_layout[135f682f355049ea]::font::FontStore>>::get_or_init<shojiku_authoring[923015a20e1cb395]::test_support::ja_fonts::{closure#0}>::{closure#0}, !>
[INFO] [stdout]   15:     0x58ad51baa626 - shojiku_authoring[923015a20e1cb395]::test_support::run
[INFO] [stdout]   16:     0x58ad51bad301 - <shojiku_authoring[923015a20e1cb395]::prepare::tests::lays_out_a_valid_template_with_the_default_title::{closure#0} as core[a373ad73a504971]::ops::function::FnOnce<()>>::call_once
[INFO] [stdout]   17:     0x58ad51bb7acb - test[aada8e7e76ba119b]::__rust_begin_short_backtrace::<core[a373ad73a504971]::result::Result<(), alloc[2e1b2a31b91974c5]::string::String>, fn() -> core[a373ad73a504971]::result::Result<(), alloc[2e1b2a31b91974c5]::string::String>>
[INFO] [stdout]   18:     0x58ad51bc4ca5 - test[aada8e7e76ba119b]::run_test::{closure#0}
[INFO] [stdout]   19:     0x58ad51bbe594 - std[617be2ca0a6fd877]::sys::backtrace::__rust_begin_short_backtrace::<test[aada8e7e76ba119b]::run_test::{closure#1}, ()>
[INFO] [stdout]   20:     0x58ad51bc7d32 - <std[617be2ca0a6fd877]::thread::lifecycle::spawn_unchecked<test[aada8e7e76ba119b]::run_test::{closure#1}, ()>::{closure#1} as core[a373ad73a504971]::ops::function::FnOnce<()>>::call_once::{shim:vtable#0}
[INFO] [stdout]   21:     0x58ad5204fd4f - <std[617be2ca0a6fd877]::sys::thread::unix::Thread>::new::thread_start
[INFO] [stdout]   22:     0x75f437145dfa - <unknown>
[INFO] [stdout]   23:     0x75f4371d93d4 - clone
[INFO] [stdout]   24:                0x0 - <unknown>
[INFO] [stdout] 
[INFO] [stdout] ---- inspect::tests::envelope_carries_engine_document_boxes_and_margin stdout ----
[INFO] [stdout] 
[INFO] [stdout] thread 'inspect::tests::envelope_carries_engine_document_boxes_and_margin' (1433) panicked at src/test_support.rs:27:64:
[INFO] [stdout] load ja fonts: Pack(NotFound(Echo("biz-ud")))
[INFO] [stdout] stack backtrace:
[INFO] [stdout]    0:     0x58ad52050d41 - <<std[617be2ca0a6fd877]::sys::backtrace::BacktraceLock>::print::DisplayBacktrace as core[a373ad73a504971]::fmt::Display>::fmt
[INFO] [stdout]    1:     0x58ad52068b7a - core[a373ad73a504971]::fmt::write
[INFO] [stdout]    2:     0x58ad5205502c - <alloc[2e1b2a31b91974c5]::vec::Vec<u8> as core[a373ad73a504971]::io::write::Write>::write_fmt
[INFO] [stdout]    3:     0x58ad5202b846 - std[617be2ca0a6fd877]::panicking::default_hook::{closure#0}
[INFO] [stdout]    4:     0x58ad520487b9 - std[617be2ca0a6fd877]::panicking::default_hook
[INFO] [stdout]    5:     0x58ad51bc4680 - test[aada8e7e76ba119b]::test_main_inner::{closure#0}
[INFO] [stdout]    6:     0x58ad52048972 - std[617be2ca0a6fd877]::panicking::panic_with_hook
[INFO] [stdout]    7:     0x58ad5202b8f2 - std[617be2ca0a6fd877]::panicking::panic_handler::{closure#0}
[INFO] [stdout]    8:     0x58ad52024199 - std[617be2ca0a6fd877]::sys::backtrace::__rust_end_short_backtrace::<std[617be2ca0a6fd877]::panicking::panic_handler::{closure#0}, !>
[INFO] [stdout]    9:     0x58ad5202c71d - __rustc[ea4f61d10b84890b]::rust_begin_unwind
[INFO] [stdout]   10:     0x58ad520692ac - core[a373ad73a504971]::panicking::panic_fmt
[INFO] [stdout]   11:     0x58ad52069082 - core[a373ad73a504971]::result::unwrap_failed
[INFO] [stdout]   12:     0x58ad51b9d7f6 - <std[617be2ca0a6fd877]::sync::once::Once>::call_once_force::<<std[617be2ca0a6fd877]::sync::once_lock::OnceLock<shojiku_layout[135f682f355049ea]::font::FontStore>>::initialize<<std[617be2ca0a6fd877]::sync::once_lock::OnceLock<shojiku_layout[135f682f355049ea]::font::FontStore>>::get_or_init<shojiku_authoring[923015a20e1cb395]::test_support::ja_fonts::{closure#0}>::{closure#0}, !>::{closure#0}>::{closure#0}
[INFO] [stdout]   13:     0x58ad52031649 - <std[617be2ca0a6fd877]::sys::sync::once::futex::Once>::call
[INFO] [stdout]   14:     0x58ad51b9bd74 - <std[617be2ca0a6fd877]::sync::once_lock::OnceLock<shojiku_layout[135f682f355049ea]::font::FontStore>>::initialize::<<std[617be2ca0a6fd877]::sync::once_lock::OnceLock<shojiku_layout[135f682f355049ea]::font::FontStore>>::get_or_init<shojiku_authoring[923015a20e1cb395]::test_support::ja_fonts::{closure#0}>::{closure#0}, !>
[INFO] [stdout]   15:     0x58ad51baa626 - shojiku_authoring[923015a20e1cb395]::test_support::run
[INFO] [stdout]   16:     0x58ad51b9f9ce - <shojiku_authoring[923015a20e1cb395]::inspect::tests::envelope_carries_engine_document_boxes_and_margin::{closure#0} as core[a373ad73a504971]::ops::function::FnOnce<()>>::call_once
[INFO] [stdout]   17:     0x58ad51bb7acb - test[aada8e7e76ba119b]::__rust_begin_short_backtrace::<core[a373ad73a504971]::result::Result<(), alloc[2e1b2a31b91974c5]::string::String>, fn() -> core[a373ad73a504971]::result::Result<(), alloc[2e1b2a31b91974c5]::string::String>>
[INFO] [stdout]   18:     0x58ad51bc4ca5 - test[aada8e7e76ba119b]::run_test::{closure#0}
[INFO] [stdout]   19:     0x58ad51bbe594 - std[617be2ca0a6fd877]::sys::backtrace::__rust_begin_short_backtrace::<test[aada8e7e76ba119b]::run_test::{closure#1}, ()>
[INFO] [stdout]   20:     0x58ad51bc7d32 - <std[617be2ca0a6fd877]::thread::lifecycle::spawn_unchecked<test[aada8e7e76ba119b]::run_test::{closure#1}, ()>::{closure#1} as core[a373ad73a504971]::ops::function::FnOnce<()>>::call_once::{shim:vtable#0}
[INFO] [stdout]   21:     0x58ad5204fd4f - <std[617be2ca0a6fd877]::sys::thread::unix::Thread>::new::thread_start
[INFO] [stdout]   22:     0x75f437145dfa - <unknown>
[INFO] [stdout]   23:     0x75f4371d93d4 - clone
[INFO] [stdout]   24:                0x0 - <unknown>
[INFO] [stdout] 
[INFO] [stdout] ---- preview::tests::preview_page_matches_the_all_pages_entry stdout ----
[INFO] [stdout] 
[INFO] [stdout] thread 'preview::tests::preview_page_matches_the_all_pages_entry' (1451) panicked at src/test_support.rs:27:64:
[INFO] [stdout] load ja fonts: Pack(NotFound(Echo("biz-ud")))
[INFO] [stdout] stack backtrace:
[INFO] [stdout]    0:     0x58ad52050d41 - <<std[617be2ca0a6fd877]::sys::backtrace::BacktraceLock>::print::DisplayBacktrace as core[a373ad73a504971]::fmt::Display>::fmt
[INFO] [stdout]    1:     0x58ad52068b7a - core[a373ad73a504971]::fmt::write
[INFO] [stdout]    2:     0x58ad5205502c - <alloc[2e1b2a31b91974c5]::vec::Vec<u8> as core[a373ad73a504971]::io::write::Write>::write_fmt
[INFO] [stdout]    3:     0x58ad5202b846 - std[617be2ca0a6fd877]::panicking::default_hook::{closure#0}
[INFO] [stdout]    4:     0x58ad520487b9 - std[617be2ca0a6fd877]::panicking::default_hook
[INFO] [stdout]    5:     0x58ad51bc4680 - test[aada8e7e76ba119b]::test_main_inner::{closure#0}
[INFO] [stdout]    6:     0x58ad52048972 - std[617be2ca0a6fd877]::panicking::panic_with_hook
[INFO] [stdout]    7:     0x58ad5202b8f2 - std[617be2ca0a6fd877]::panicking::panic_handler::{closure#0}
[INFO] [stdout]    8:     0x58ad52024199 - std[617be2ca0a6fd877]::sys::backtrace::__rust_end_short_backtrace::<std[617be2ca0a6fd877]::panicking::panic_handler::{closure#0}, !>
[INFO] [stdout]    9:     0x58ad5202c71d - __rustc[ea4f61d10b84890b]::rust_begin_unwind
[INFO] [stdout]   10:     0x58ad520692ac - core[a373ad73a504971]::panicking::panic_fmt
[INFO] [stdout]   11:     0x58ad52069082 - core[a373ad73a504971]::result::unwrap_failed
[INFO] [stdout]   12:     0x58ad51b9d7f6 - <std[617be2ca0a6fd877]::sync::once::Once>::call_once_force::<<std[617be2ca0a6fd877]::sync::once_lock::OnceLock<shojiku_layout[135f682f355049ea]::font::FontStore>>::initialize<<std[617be2ca0a6fd877]::sync::once_lock::OnceLock<shojiku_layout[135f682f355049ea]::font::FontStore>>::get_or_init<shojiku_authoring[923015a20e1cb395]::test_support::ja_fonts::{closure#0}>::{closure#0}, !>::{closure#0}>::{closure#0}
[INFO] [stdout]   13:     0x58ad52031649 - <std[617be2ca0a6fd877]::sys::sync::once::futex::Once>::call
[INFO] [stdout]   14:     0x58ad51b9bd74 - <std[617be2ca0a6fd877]::sync::once_lock::OnceLock<shojiku_layout[135f682f355049ea]::font::FontStore>>::initialize::<<std[617be2ca0a6fd877]::sync::once_lock::OnceLock<shojiku_layout[135f682f355049ea]::font::FontStore>>::get_or_init<shojiku_authoring[923015a20e1cb395]::test_support::ja_fonts::{closure#0}>::{closure#0}, !>
[INFO] [stdout]   15:     0x58ad51baa626 - shojiku_authoring[923015a20e1cb395]::test_support::run
[INFO] [stdout]   16:     0x58ad51ba04f9 - <shojiku_authoring[923015a20e1cb395]::preview::tests::preview_page_matches_the_all_pages_entry::{closure#0} as core[a373ad73a504971]::ops::function::FnOnce<()>>::call_once
[INFO] [stdout]   17:     0x58ad51bb7acb - test[aada8e7e76ba119b]::__rust_begin_short_backtrace::<core[a373ad73a504971]::result::Result<(), alloc[2e1b2a31b91974c5]::string::String>, fn() -> core[a373ad73a504971]::result::Result<(), alloc[2e1b2a31b91974c5]::string::String>>
[INFO] [stdout]   18:     0x58ad51bc4ca5 - test[aada8e7e76ba119b]::run_test::{closure#0}
[INFO] [stdout]   19:     0x58ad51bbe594 - std[617be2ca0a6fd877]::sys::backtrace::__rust_begin_short_backtrace::<test[aada8e7e76ba119b]::run_test::{closure#1}, ()>
[INFO] [stdout]   20:     0x58ad51bc7d32 - <std[617be2ca0a6fd877]::thread::lifecycle::spawn_unchecked<test[aada8e7e76ba119b]::run_test::{closure#1}, ()>::{closure#1} as core[a373ad73a504971]::ops::function::FnOnce<()>>::call_once::{shim:vtable#0}
[INFO] [stdout]   21:     0x58ad5204fd4f - <std[617be2ca0a6fd877]::sys::thread::unix::Thread>::new::thread_start
[INFO] [stdout]   22:     0x75f437145dfa - <unknown>
[INFO] [stdout]   23:     0x75f4371d93d4 - clone
[INFO] [stdout]   24:                0x0 - <unknown>
[INFO] [stdout] 
[INFO] [stdout] ---- inspect::tests::the_document_carries_its_resolved_metadata stdout ----
[INFO] [stdout] 
[INFO] [stdout] thread 'inspect::tests::the_document_carries_its_resolved_metadata' (1435) panicked at src/test_support.rs:27:64:
[INFO] [stdout] load ja fonts: Pack(NotFound(Echo("biz-ud")))
[INFO] [stdout] stack backtrace:
[INFO] [stdout]    0:     0x58ad52050d41 - <<std[617be2ca0a6fd877]::sys::backtrace::BacktraceLock>::print::DisplayBacktrace as core[a373ad73a504971]::fmt::Display>::fmt
[INFO] [stdout]    1:     0x58ad52068b7a - core[a373ad73a504971]::fmt::write
[INFO] [stdout]    2:     0x58ad5205502c - <alloc[2e1b2a31b91974c5]::vec::Vec<u8> as core[a373ad73a504971]::io::write::Write>::write_fmt
[INFO] [stdout]    3:     0x58ad5202b846 - std[617be2ca0a6fd877]::panicking::default_hook::{closure#0}
[INFO] [stdout]    4:     0x58ad520487b9 - std[617be2ca0a6fd877]::panicking::default_hook
[INFO] [stdout]    5:     0x58ad51bc4680 - test[aada8e7e76ba119b]::test_main_inner::{closure#0}
[INFO] [stdout]    6:     0x58ad52048972 - std[617be2ca0a6fd877]::panicking::panic_with_hook
[INFO] [stdout]    7:     0x58ad5202b8f2 - std[617be2ca0a6fd877]::panicking::panic_handler::{closure#0}
[INFO] [stdout]    8:     0x58ad52024199 - std[617be2ca0a6fd877]::sys::backtrace::__rust_end_short_backtrace::<std[617be2ca0a6fd877]::panicking::panic_handler::{closure#0}, !>
[INFO] [stdout]    9:     0x58ad5202c71d - __rustc[ea4f61d10b84890b]::rust_begin_unwind
[INFO] [stdout]   10:     0x58ad520692ac - core[a373ad73a504971]::panicking::panic_fmt
[INFO] [stdout]   11:     0x58ad52069082 - core[a373ad73a504971]::result::unwrap_failed
[INFO] [stdout]   12:     0x58ad51b9d7f6 - <std[617be2ca0a6fd877]::sync::once::Once>::call_once_force::<<std[617be2ca0a6fd877]::sync::once_lock::OnceLock<shojiku_layout[135f682f355049ea]::font::FontStore>>::initialize<<std[617be2ca0a6fd877]::sync::once_lock::OnceLock<shojiku_layout[135f682f355049ea]::font::FontStore>>::get_or_init<shojiku_authoring[923015a20e1cb395]::test_support::ja_fonts::{closure#0}>::{closure#0}, !>::{closure#0}>::{closure#0}
[INFO] [stdout]   13:     0x58ad52031649 - <std[617be2ca0a6fd877]::sys::sync::once::futex::Once>::call
[INFO] [stdout]   14:     0x58ad51b9bd74 - <std[617be2ca0a6fd877]::sync::once_lock::OnceLock<shojiku_layout[135f682f355049ea]::font::FontStore>>::initialize::<<std[617be2ca0a6fd877]::sync::once_lock::OnceLock<shojiku_layout[135f682f355049ea]::font::FontStore>>::get_or_init<shojiku_authoring[923015a20e1cb395]::test_support::ja_fonts::{closure#0}>::{closure#0}, !>
[INFO] [stdout]   15:     0x58ad51baa626 - shojiku_authoring[923015a20e1cb395]::test_support::run
[INFO] [stdout]   16:     0x58ad51b9f2b6 - <shojiku_authoring[923015a20e1cb395]::inspect::tests::the_document_carries_its_resolved_metadata::{closure#0} as core[a373ad73a504971]::ops::function::FnOnce<()>>::call_once
[INFO] [stdout]   17:     0x58ad51bb7acb - test[aada8e7e76ba119b]::__rust_begin_short_backtrace::<core[a373ad73a504971]::result::Result<(), alloc[2e1b2a31b91974c5]::string::String>, fn() -> core[a373ad73a504971]::result::Result<(), alloc[2e1b2a31b91974c5]::string::String>>
[INFO] [stdout]   18:     0x58ad51bc4ca5 - test[aada8e7e76ba119b]::run_test::{closure#0}
[INFO] [stdout]   19:     0x58ad51bbe594 - std[617be2ca0a6fd877]::sys::backtrace::__rust_begin_short_backtrace::<test[aada8e7e76ba119b]::run_test::{closure#1}, ()>
[INFO] [stdout]   20:     0x58ad51bc7d32 - <std[617be2ca0a6fd877]::thread::lifecycle::spawn_unchecked<test[aada8e7e76ba119b]::run_test::{closure#1}, ()>::{closure#1} as core[a373ad73a504971]::ops::function::FnOnce<()>>::call_once::{shim:vtable#0}
[INFO] [stdout]   21:     0x58ad5204fd4f - <std[617be2ca0a6fd877]::sys::thread::unix::Thread>::new::thread_start
[INFO] [stdout]   22:     0x75f437145dfa - <unknown>
[INFO] [stdout]   23:     0x75f4371d93d4 - clone
[INFO] [stdout]   24:                0x0 - <unknown>
[INFO] [stdout] 
[INFO] [stdout] ---- preview::tests::preview_raw_propagates_render_errors stdout ----
[INFO] [stdout] 
[INFO] [stdout] thread 'preview::tests::preview_raw_propagates_render_errors' (1456) panicked at src/test_support.rs:27:64:
[INFO] [stdout] load ja fonts: Pack(NotFound(Echo("biz-ud")))
[INFO] [stdout] stack backtrace:
[INFO] [stdout]    0:     0x58ad52050d41 - <<std[617be2ca0a6fd877]::sys::backtrace::BacktraceLock>::print::DisplayBacktrace as core[a373ad73a504971]::fmt::Display>::fmt
[INFO] [stdout]    1:     0x58ad52068b7a - core[a373ad73a504971]::fmt::write
[INFO] [stdout]    2:     0x58ad5205502c - <alloc[2e1b2a31b91974c5]::vec::Vec<u8> as core[a373ad73a504971]::io::write::Write>::write_fmt
[INFO] [stdout]    3:     0x58ad5202b846 - std[617be2ca0a6fd877]::panicking::default_hook::{closure#0}
[INFO] [stdout]    4:     0x58ad520487b9 - std[617be2ca0a6fd877]::panicking::default_hook
[INFO] [stdout]    5:     0x58ad51bc4680 - test[aada8e7e76ba119b]::test_main_inner::{closure#0}
[INFO] [stdout]    6:     0x58ad52048972 - std[617be2ca0a6fd877]::panicking::panic_with_hook
[INFO] [stdout]    7:     0x58ad5202b8f2 - std[617be2ca0a6fd877]::panicking::panic_handler::{closure#0}
[INFO] [stdout]    8:     0x58ad52024199 - std[617be2ca0a6fd877]::sys::backtrace::__rust_end_short_backtrace::<std[617be2ca0a6fd877]::panicking::panic_handler::{closure#0}, !>
[INFO] [stdout]    9:     0x58ad5202c71d - __rustc[ea4f61d10b84890b]::rust_begin_unwind
[INFO] [stdout]   10:     0x58ad520692ac - core[a373ad73a504971]::panicking::panic_fmt
[INFO] [stdout]   11:     0x58ad52069082 - core[a373ad73a504971]::result::unwrap_failed
[INFO] [stdout]   12:     0x58ad51b9d7f6 - <std[617be2ca0a6fd877]::sync::once::Once>::call_once_force::<<std[617be2ca0a6fd877]::sync::once_lock::OnceLock<shojiku_layout[135f682f355049ea]::font::FontStore>>::initialize<<std[617be2ca0a6fd877]::sync::once_lock::OnceLock<shojiku_layout[135f682f355049ea]::font::FontStore>>::get_or_init<shojiku_authoring[923015a20e1cb395]::test_support::ja_fonts::{closure#0}>::{closure#0}, !>::{closure#0}>::{closure#0}
[INFO] [stdout]   13:     0x58ad52031649 - <std[617be2ca0a6fd877]::sys::sync::once::futex::Once>::call
[INFO] [stdout]   14:     0x58ad51b9bd74 - <std[617be2ca0a6fd877]::sync::once_lock::OnceLock<shojiku_layout[135f682f355049ea]::font::FontStore>>::initialize::<<std[617be2ca0a6fd877]::sync::once_lock::OnceLock<shojiku_layout[135f682f355049ea]::font::FontStore>>::get_or_init<shojiku_authoring[923015a20e1cb395]::test_support::ja_fonts::{closure#0}>::{closure#0}, !>
[INFO] [stdout]   15:     0x58ad51baa626 - shojiku_authoring[923015a20e1cb395]::test_support::run
[INFO] [stdout]   16:     0x58ad51b9fba0 - <shojiku_authoring[923015a20e1cb395]::preview::tests::preview_raw_propagates_render_errors::{closure#0} as core[a373ad73a504971]::ops::function::FnOnce<()>>::call_once
[INFO] [stdout]   17:     0x58ad51bb7acb - test[aada8e7e76ba119b]::__rust_begin_short_backtrace::<core[a373ad73a504971]::result::Result<(), alloc[2e1b2a31b91974c5]::string::String>, fn() -> core[a373ad73a504971]::result::Result<(), alloc[2e1b2a31b91974c5]::string::String>>
[INFO] [stdout]   18:     0x58ad51bc4ca5 - test[aada8e7e76ba119b]::run_test::{closure#0}
[INFO] [stdout]   19:     0x58ad51bbe594 - std[617be2ca0a6fd877]::sys::backtrace::__rust_begin_short_backtrace::<test[aada8e7e76ba119b]::run_test::{closure#1}, ()>
[INFO] [stdout]   20:     0x58ad51bc7d32 - <std[617be2ca0a6fd877]::thread::lifecycle::spawn_unchecked<test[aada8e7e76ba119b]::run_test::{closure#1}, ()>::{closure#1} as core[a373ad73a504971]::ops::function::FnOnce<()>>::call_once::{shim:vtable#0}
[INFO] [stdout]   21:     0x58ad5204fd4f - <std[617be2ca0a6fd877]::sys::thread::unix::Thread>::new::thread_start
[INFO] [stdout]   22:     0x75f437145dfa - <unknown>
[INFO] [stdout]   23:     0x75f4371d93d4 - clone
[INFO] [stdout]   24:                0x0 - <unknown>
[INFO] [stdout] 
[INFO] [stdout] ---- preview::tests::preview_pages_propagates_render_errors stdout ----
[INFO] [stdout] 
[INFO] [stdout] thread 'preview::tests::preview_pages_propagates_render_errors' (1454) panicked at src/test_support.rs:27:64:
[INFO] [stdout] load ja fonts: Pack(NotFound(Echo("biz-ud")))
[INFO] [stdout] stack backtrace:
[INFO] [stdout]    0:     0x58ad52050d41 - <<std[617be2ca0a6fd877]::sys::backtrace::BacktraceLock>::print::DisplayBacktrace as core[a373ad73a504971]::fmt::Display>::fmt
[INFO] [stdout]    1:     0x58ad52068b7a - core[a373ad73a504971]::fmt::write
[INFO] [stdout]    2:     0x58ad5205502c - <alloc[2e1b2a31b91974c5]::vec::Vec<u8> as core[a373ad73a504971]::io::write::Write>::write_fmt
[INFO] [stdout]    3:     0x58ad5202b846 - std[617be2ca0a6fd877]::panicking::default_hook::{closure#0}
[INFO] [stdout]    4:     0x58ad520487b9 - std[617be2ca0a6fd877]::panicking::default_hook
[INFO] [stdout]    5:     0x58ad51bc4680 - test[aada8e7e76ba119b]::test_main_inner::{closure#0}
[INFO] [stdout]    6:     0x58ad52048972 - std[617be2ca0a6fd877]::panicking::panic_with_hook
[INFO] [stdout]    7:     0x58ad5202b8f2 - std[617be2ca0a6fd877]::panicking::panic_handler::{closure#0}
[INFO] [stdout]    8:     0x58ad52024199 - std[617be2ca0a6fd877]::sys::backtrace::__rust_end_short_backtrace::<std[617be2ca0a6fd877]::panicking::panic_handler::{closure#0}, !>
[INFO] [stdout]    9:     0x58ad5202c71d - __rustc[ea4f61d10b84890b]::rust_begin_unwind
[INFO] [stdout]   10:     0x58ad520692ac - core[a373ad73a504971]::panicking::panic_fmt
[INFO] [stdout]   11:     0x58ad52069082 - core[a373ad73a504971]::result::unwrap_failed
[INFO] [stdout]   12:     0x58ad51b9d7f6 - <std[617be2ca0a6fd877]::sync::once::Once>::call_once_force::<<std[617be2ca0a6fd877]::sync::once_lock::OnceLock<shojiku_layout[135f682f355049ea]::font::FontStore>>::initialize<<std[617be2ca0a6fd877]::sync::once_lock::OnceLock<shojiku_layout[135f682f355049ea]::font::FontStore>>::get_or_init<shojiku_authoring[923015a20e1cb395]::test_support::ja_fonts::{closure#0}>::{closure#0}, !>::{closure#0}>::{closure#0}
[INFO] [stdout]   13:     0x58ad52031649 - <std[617be2ca0a6fd877]::sys::sync::once::futex::Once>::call
[INFO] [stdout]   14:     0x58ad51b9bd74 - <std[617be2ca0a6fd877]::sync::once_lock::OnceLock<shojiku_layout[135f682f355049ea]::font::FontStore>>::initialize::<<std[617be2ca0a6fd877]::sync::once_lock::OnceLock<shojiku_layout[135f682f355049ea]::font::FontStore>>::get_or_init<shojiku_authoring[923015a20e1cb395]::test_support::ja_fonts::{closure#0}>::{closure#0}, !>
[INFO] [stdout]   15:     0x58ad51baa626 - shojiku_authoring[923015a20e1cb395]::test_support::run
[INFO] [stdout]   16:     0x58ad51ba0050 - <shojiku_authoring[923015a20e1cb395]::preview::tests::preview_pages_propagates_render_errors::{closure#0} as core[a373ad73a504971]::ops::function::FnOnce<()>>::call_once
[INFO] [stdout]   17:     0x58ad51bb7acb - test[aada8e7e76ba119b]::__rust_begin_short_backtrace::<core[a373ad73a504971]::result::Result<(), alloc[2e1b2a31b91974c5]::string::String>, fn() -> core[a373ad73a504971]::result::Result<(), alloc[2e1b2a31b91974c5]::string::String>>
[INFO] [stdout]   18:     0x58ad51bc4ca5 - test[aada8e7e76ba119b]::run_test::{closure#0}
[INFO] [stdout]   19:     0x58ad51bbe594 - std[617be2ca0a6fd877]::sys::backtrace::__rust_begin_short_backtrace::<test[aada8e7e76ba119b]::run_test::{closure#1}, ()>
[INFO] [stdout]   20:     0x58ad51bc7d32 - <std[617be2ca0a6fd877]::thread::lifecycle::spawn_unchecked<test[aada8e7e76ba119b]::run_test::{closure#1}, ()>::{closure#1} as core[a373ad73a504971]::ops::function::FnOnce<()>>::call_once::{shim:vtable#0}
[INFO] [stdout]   21:     0x58ad5204fd4f - <std[617be2ca0a6fd877]::sys::thread::unix::Thread>::new::thread_start
[INFO] [stdout]   22:     0x75f437145dfa - <unknown>
[INFO] [stdout]   23:     0x75f4371d93d4 - clone
[INFO] [stdout]   24:                0x0 - <unknown>
[INFO] [stdout] 
[INFO] [stdout] ---- prepare::tests::uses_the_template_name_as_title_and_accepts_prebuilt_assets stdout ----
[INFO] [stdout] 
[INFO] [stdout] thread 'prepare::tests::uses_the_template_name_as_title_and_accepts_prebuilt_assets' (1449) panicked at src/test_support.rs:27:64:
[INFO] [stdout] load ja fonts: Pack(NotFound(Echo("biz-ud")))
[INFO] [stdout] stack backtrace:
[INFO] [stdout]    0:     0x58ad52050d41 - <<std[617be2ca0a6fd877]::sys::backtrace::BacktraceLock>::print::DisplayBacktrace as core[a373ad73a504971]::fmt::Display>::fmt
[INFO] [stdout]    1:     0x58ad52068b7a - core[a373ad73a504971]::fmt::write
[INFO] [stdout]    2:     0x58ad5205502c - <alloc[2e1b2a31b91974c5]::vec::Vec<u8> as core[a373ad73a504971]::io::write::Write>::write_fmt
[INFO] [stdout]    3:     0x58ad5202b846 - std[617be2ca0a6fd877]::panicking::default_hook::{closure#0}
[INFO] [stdout]    4:     0x58ad520487b9 - std[617be2ca0a6fd877]::panicking::default_hook
[INFO] [stdout]    5:     0x58ad51bc4680 - test[aada8e7e76ba119b]::test_main_inner::{closure#0}
[INFO] [stdout]    6:     0x58ad52048972 - std[617be2ca0a6fd877]::panicking::panic_with_hook
[INFO] [stdout]    7:     0x58ad5202b8f2 - std[617be2ca0a6fd877]::panicking::panic_handler::{closure#0}
[INFO] [stdout]    8:     0x58ad52024199 - std[617be2ca0a6fd877]::sys::backtrace::__rust_end_short_backtrace::<std[617be2ca0a6fd877]::panicking::panic_handler::{closure#0}, !>
[INFO] [stdout]    9:     0x58ad5202c71d - __rustc[ea4f61d10b84890b]::rust_begin_unwind
[INFO] [stdout]   10:     0x58ad520692ac - core[a373ad73a504971]::panicking::panic_fmt
[INFO] [stdout]   11:     0x58ad52069082 - core[a373ad73a504971]::result::unwrap_failed
[INFO] [stdout]   12:     0x58ad51b9d7f6 - <std[617be2ca0a6fd877]::sync::once::Once>::call_once_force::<<std[617be2ca0a6fd877]::sync::once_lock::OnceLock<shojiku_layout[135f682f355049ea]::font::FontStore>>::initialize<<std[617be2ca0a6fd877]::sync::once_lock::OnceLock<shojiku_layout[135f682f355049ea]::font::FontStore>>::get_or_init<shojiku_authoring[923015a20e1cb395]::test_support::ja_fonts::{closure#0}>::{closure#0}, !>::{closure#0}>::{closure#0}
[INFO] [stdout]   13:     0x58ad52031649 - <std[617be2ca0a6fd877]::sys::sync::once::futex::Once>::call
[INFO] [stdout]   14:     0x58ad51b9bd74 - <std[617be2ca0a6fd877]::sync::once_lock::OnceLock<shojiku_layout[135f682f355049ea]::font::FontStore>>::initialize::<<std[617be2ca0a6fd877]::sync::once_lock::OnceLock<shojiku_layout[135f682f355049ea]::font::FontStore>>::get_or_init<shojiku_authoring[923015a20e1cb395]::test_support::ja_fonts::{closure#0}>::{closure#0}, !>
[INFO] [stdout]   15:     0x58ad51bad667 - <shojiku_authoring[923015a20e1cb395]::prepare::tests::uses_the_template_name_as_title_and_accepts_prebuilt_assets::{closure#0} as core[a373ad73a504971]::ops::function::FnOnce<()>>::call_once
[INFO] [stdout]   16:     0x58ad51bb7acb - test[aada8e7e76ba119b]::__rust_begin_short_backtrace::<core[a373ad73a504971]::result::Result<(), alloc[2e1b2a31b91974c5]::string::String>, fn() -> core[a373ad73a504971]::result::Result<(), alloc[2e1b2a31b91974c5]::string::String>>
[INFO] [stdout]   17:     0x58ad51bc4ca5 - test[aada8e7e76ba119b]::run_test::{closure#0}
[INFO] [stdout]   18:     0x58ad51bbe594 - std[617be2ca0a6fd877]::sys::backtrace::__rust_begin_short_backtrace::<test[aada8e7e76ba119b]::run_test::{closure#1}, ()>
[INFO] [stdout]   19:     0x58ad51bc7d32 - <std[617be2ca0a6fd877]::thread::lifecycle::spawn_unchecked<test[aada8e7e76ba119b]::run_test::{closure#1}, ()>::{closure#1} as core[a373ad73a504971]::ops::function::FnOnce<()>>::call_once::{shim:vtable#0}
[INFO] [stdout]   20:     0x58ad5204fd4f - <std[617be2ca0a6fd877]::sys::thread::unix::Thread>::new::thread_start
[INFO] [stdout]   21:     0x75f437145dfa - <unknown>
[INFO] [stdout]   22:     0x75f4371d93d4 - clone
[INFO] [stdout]   23:                0x0 - <unknown>
[INFO] [stdout] 
[INFO] [stdout] ---- prepare::tests::gates_injected_asset_errors stdout ----
[INFO] [stdout] 
[INFO] [stdout] thread 'prepare::tests::gates_injected_asset_errors' (1445) panicked at src/test_support.rs:27:64:
[INFO] [stdout] load ja fonts: Pack(NotFound(Echo("biz-ud")))
[INFO] [stdout] stack backtrace:
[INFO] [stdout]    0:     0x58ad52050d41 - <<std[617be2ca0a6fd877]::sys::backtrace::BacktraceLock>::print::DisplayBacktrace as core[a373ad73a504971]::fmt::Display>::fmt
[INFO] [stdout]    1:     0x58ad52068b7a - core[a373ad73a504971]::fmt::write
[INFO] [stdout]    2:     0x58ad5205502c - <alloc[2e1b2a31b91974c5]::vec::Vec<u8> as core[a373ad73a504971]::io::write::Write>::write_fmt
[INFO] [stdout]    3:     0x58ad5202b846 - std[617be2ca0a6fd877]::panicking::default_hook::{closure#0}
[INFO] [stdout]    4:     0x58ad520487b9 - std[617be2ca0a6fd877]::panicking::default_hook
[INFO] [stdout]    5:     0x58ad51bc4680 - test[aada8e7e76ba119b]::test_main_inner::{closure#0}
[INFO] [stdout]    6:     0x58ad52048972 - std[617be2ca0a6fd877]::panicking::panic_with_hook
[INFO] [stdout]    7:     0x58ad5202b8f2 - std[617be2ca0a6fd877]::panicking::panic_handler::{closure#0}
[INFO] [stdout]    8:     0x58ad52024199 - std[617be2ca0a6fd877]::sys::backtrace::__rust_end_short_backtrace::<std[617be2ca0a6fd877]::panicking::panic_handler::{closure#0}, !>
[INFO] [stdout]    9:     0x58ad5202c71d - __rustc[ea4f61d10b84890b]::rust_begin_unwind
[INFO] [stdout]   10:     0x58ad520692ac - core[a373ad73a504971]::panicking::panic_fmt
[INFO] [stdout]   11:     0x58ad52069082 - core[a373ad73a504971]::result::unwrap_failed
[INFO] [stdout]   12:     0x58ad51b9d7f6 - <std[617be2ca0a6fd877]::sync::once::Once>::call_once_force::<<std[617be2ca0a6fd877]::sync::once_lock::OnceLock<shojiku_layout[135f682f355049ea]::font::FontStore>>::initialize<<std[617be2ca0a6fd877]::sync::once_lock::OnceLock<shojiku_layout[135f682f355049ea]::font::FontStore>>::get_or_init<shojiku_authoring[923015a20e1cb395]::test_support::ja_fonts::{closure#0}>::{closure#0}, !>::{closure#0}>::{closure#0}
[INFO] [stdout]   13:     0x58ad52031649 - <std[617be2ca0a6fd877]::sys::sync::once::futex::Once>::call
[INFO] [stdout]   14:     0x58ad51b9bd74 - <std[617be2ca0a6fd877]::sync::once_lock::OnceLock<shojiku_layout[135f682f355049ea]::font::FontStore>>::initialize::<<std[617be2ca0a6fd877]::sync::once_lock::OnceLock<shojiku_layout[135f682f355049ea]::font::FontStore>>::get_or_init<shojiku_authoring[923015a20e1cb395]::test_support::ja_fonts::{closure#0}>::{closure#0}, !>
[INFO] [stdout]   15:     0x58ad51bacc73 - <shojiku_authoring[923015a20e1cb395]::prepare::tests::gates_injected_asset_errors::{closure#0} as core[a373ad73a504971]::ops::function::FnOnce<()>>::call_once
[INFO] [stdout]   16:     0x58ad51bb7acb - test[aada8e7e76ba119b]::__rust_begin_short_backtrace::<core[a373ad73a504971]::result::Result<(), alloc[2e1b2a31b91974c5]::string::String>, fn() -> core[a373ad73a504971]::result::Result<(), alloc[2e1b2a31b91974c5]::string::String>>
[INFO] [stdout]   17:     0x58ad51bc4ca5 - test[aada8e7e76ba119b]::run_test::{closure#0}
[INFO] [stdout]   18:     0x58ad51bbe594 - std[617be2ca0a6fd877]::sys::backtrace::__rust_begin_short_backtrace::<test[aada8e7e76ba119b]::run_test::{closure#1}, ()>
[INFO] [stdout]   19:     0x58ad51bc7d32 - <std[617be2ca0a6fd877]::thread::lifecycle::spawn_unchecked<test[aada8e7e76ba119b]::run_test::{closure#1}, ()>::{closure#1} as core[a373ad73a504971]::ops::function::FnOnce<()>>::call_once::{shim:vtable#0}
[INFO] [stdout]   20:     0x58ad5204fd4f - <std[617be2ca0a6fd877]::sys::thread::unix::Thread>::new::thread_start
[INFO] [stdout]   21:     0x75f437145dfa - <unknown>
[INFO] [stdout]   22:     0x75f4371d93d4 - clone
[INFO] [stdout]   23:                0x0 - <unknown>
[INFO] [stdout] 
[INFO] [stdout] ---- preview::tests::preview_page_rejects_an_out_of_range_index stdout ----
[INFO] [stdout] 
[INFO] [stdout] thread 'preview::tests::preview_page_rejects_an_out_of_range_index' (1453) panicked at src/test_support.rs:27:64:
[INFO] [stdout] load ja fonts: Pack(NotFound(Echo("biz-ud")))
[INFO] [stdout] stack backtrace:
[INFO] [stdout]    0:     0x58ad52050d41 - <<std[617be2ca0a6fd877]::sys::backtrace::BacktraceLock>::print::DisplayBacktrace as core[a373ad73a504971]::fmt::Display>::fmt
[INFO] [stdout]    1:     0x58ad52068b7a - core[a373ad73a504971]::fmt::write
[INFO] [stdout]    2:     0x58ad5205502c - <alloc[2e1b2a31b91974c5]::vec::Vec<u8> as core[a373ad73a504971]::io::write::Write>::write_fmt
[INFO] [stdout]    3:     0x58ad5202b846 - std[617be2ca0a6fd877]::panicking::default_hook::{closure#0}
[INFO] [stdout]    4:     0x58ad520487b9 - std[617be2ca0a6fd877]::panicking::default_hook
[INFO] [stdout]    5:     0x58ad51bc4680 - test[aada8e7e76ba119b]::test_main_inner::{closure#0}
[INFO] [stdout]    6:     0x58ad52048972 - std[617be2ca0a6fd877]::panicking::panic_with_hook
[INFO] [stdout]    7:     0x58ad5202b8f2 - std[617be2ca0a6fd877]::panicking::panic_handler::{closure#0}
[INFO] [stdout]    8:     0x58ad52024199 - std[617be2ca0a6fd877]::sys::backtrace::__rust_end_short_backtrace::<std[617be2ca0a6fd877]::panicking::panic_handler::{closure#0}, !>
[INFO] [stdout]    9:     0x58ad5202c71d - __rustc[ea4f61d10b84890b]::rust_begin_unwind
[INFO] [stdout]   10:     0x58ad520692ac - core[a373ad73a504971]::panicking::panic_fmt
[INFO] [stdout]   11:     0x58ad52069082 - core[a373ad73a504971]::result::unwrap_failed
[INFO] [stdout]   12:     0x58ad51b9d7f6 - <std[617be2ca0a6fd877]::sync::once::Once>::call_once_force::<<std[617be2ca0a6fd877]::sync::once_lock::OnceLock<shojiku_layout[135f682f355049ea]::font::FontStore>>::initialize<<std[617be2ca0a6fd877]::sync::once_lock::OnceLock<shojiku_layout[135f682f355049ea]::font::FontStore>>::get_or_init<shojiku_authoring[923015a20e1cb395]::test_support::ja_fonts::{closure#0}>::{closure#0}, !>::{closure#0}>::{closure#0}
[INFO] [stdout]   13:     0x58ad52031649 - <std[617be2ca0a6fd877]::sys::sync::once::futex::Once>::call
[INFO] [stdout]   14:     0x58ad51b9bd74 - <std[617be2ca0a6fd877]::sync::once_lock::OnceLock<shojiku_layout[135f682f355049ea]::font::FontStore>>::initialize::<<std[617be2ca0a6fd877]::sync::once_lock::OnceLock<shojiku_layout[135f682f355049ea]::font::FontStore>>::get_or_init<shojiku_authoring[923015a20e1cb395]::test_support::ja_fonts::{closure#0}>::{closure#0}, !>
[INFO] [stdout]   15:     0x58ad51baa626 - shojiku_authoring[923015a20e1cb395]::test_support::run
[INFO] [stdout]   16:     0x58ad51ba0b84 - <shojiku_authoring[923015a20e1cb395]::preview::tests::preview_page_rejects_an_out_of_range_index::{closure#0} as core[a373ad73a504971]::ops::function::FnOnce<()>>::call_once
[INFO] [stdout]   17:     0x58ad51bb7acb - test[aada8e7e76ba119b]::__rust_begin_short_backtrace::<core[a373ad73a504971]::result::Result<(), alloc[2e1b2a31b91974c5]::string::String>, fn() -> core[a373ad73a504971]::result::Result<(), alloc[2e1b2a31b91974c5]::string::String>>
[INFO] [stdout]   18:     0x58ad51bc4ca5 - test[aada8e7e76ba119b]::run_test::{closure#0}
[INFO] [stdout]   19:     0x58ad51bbe594 - std[617be2ca0a6fd877]::sys::backtrace::__rust_begin_short_backtrace::<test[aada8e7e76ba119b]::run_test::{closure#1}, ()>
[INFO] [stdout]   20:     0x58ad51bc7d32 - <std[617be2ca0a6fd877]::thread::lifecycle::spawn_unchecked<test[aada8e7e76ba119b]::run_test::{closure#1}, ()>::{closure#1} as core[a373ad73a504971]::ops::function::FnOnce<()>>::call_once::{shim:vtable#0}
[INFO] [stdout]   21:     0x58ad5204fd4f - <std[617be2ca0a6fd877]::sys::thread::unix::Thread>::new::thread_start
[INFO] [stdout]   22:     0x75f437145dfa - <unknown>
[INFO] [stdout]   23:     0x75f4371d93d4 - clone
[INFO] [stdout]   24:                0x0 - <unknown>
[INFO] [stdout] 
[INFO] [stdout] ---- prepare::tests::walks_injected_bundled_assets stdout ----
[INFO] [stdout] 
[INFO] [stdout] thread 'prepare::tests::walks_injected_bundled_assets' (1450) panicked at src/test_support.rs:27:64:
[INFO] [stdout] load ja fonts: Pack(NotFound(Echo("biz-ud")))
[INFO] [stdout] stack backtrace:
[INFO] [stdout]    0:     0x58ad52050d41 - <<std[617be2ca0a6fd877]::sys::backtrace::BacktraceLock>::print::DisplayBacktrace as core[a373ad73a504971]::fmt::Display>::fmt
[INFO] [stdout]    1:     0x58ad52068b7a - core[a373ad73a504971]::fmt::write
[INFO] [stdout]    2:     0x58ad5205502c - <alloc[2e1b2a31b91974c5]::vec::Vec<u8> as core[a373ad73a504971]::io::write::Write>::write_fmt
[INFO] [stdout]    3:     0x58ad5202b846 - std[617be2ca0a6fd877]::panicking::default_hook::{closure#0}
[INFO] [stdout]    4:     0x58ad520487b9 - std[617be2ca0a6fd877]::panicking::default_hook
[INFO] [stdout]    5:     0x58ad51bc4680 - test[aada8e7e76ba119b]::test_main_inner::{closure#0}
[INFO] [stdout]    6:     0x58ad52048972 - std[617be2ca0a6fd877]::panicking::panic_with_hook
[INFO] [stdout]    7:     0x58ad5202b8f2 - std[617be2ca0a6fd877]::panicking::panic_handler::{closure#0}
[INFO] [stdout]    8:     0x58ad52024199 - std[617be2ca0a6fd877]::sys::backtrace::__rust_end_short_backtrace::<std[617be2ca0a6fd877]::panicking::panic_handler::{closure#0}, !>
[INFO] [stdout]    9:     0x58ad5202c71d - __rustc[ea4f61d10b84890b]::rust_begin_unwind
[INFO] [stdout]   10:     0x58ad520692ac - core[a373ad73a504971]::panicking::panic_fmt
[INFO] [stdout]   11:     0x58ad52069082 - core[a373ad73a504971]::result::unwrap_failed
[INFO] [stdout]   12:     0x58ad51b9d7f6 - <std[617be2ca0a6fd877]::sync::once::Once>::call_once_force::<<std[617be2ca0a6fd877]::sync::once_lock::OnceLock<shojiku_layout[135f682f355049ea]::font::FontStore>>::initialize<<std[617be2ca0a6fd877]::sync::once_lock::OnceLock<shojiku_layout[135f682f355049ea]::font::FontStore>>::get_or_init<shojiku_authoring[923015a20e1cb395]::test_support::ja_fonts::{closure#0}>::{closure#0}, !>::{closure#0}>::{closure#0}
[INFO] [stdout]   13:     0x58ad52031649 - <std[617be2ca0a6fd877]::sys::sync::once::futex::Once>::call
[INFO] [stdout]   14:     0x58ad51b9bd74 - <std[617be2ca0a6fd877]::sync::once_lock::OnceLock<shojiku_layout[135f682f355049ea]::font::FontStore>>::initialize::<<std[617be2ca0a6fd877]::sync::once_lock::OnceLock<shojiku_layout[135f682f355049ea]::font::FontStore>>::get_or_init<shojiku_authoring[923015a20e1cb395]::test_support::ja_fonts::{closure#0}>::{closure#0}, !>
[INFO] [stdout]   15:     0x58ad51bad167 - <shojiku_authoring[923015a20e1cb395]::prepare::tests::walks_injected_bundled_assets::{closure#0} as core[a373ad73a504971]::ops::function::FnOnce<()>>::call_once
[INFO] [stdout]   16:     0x58ad51bb7acb - test[aada8e7e76ba119b]::__rust_begin_short_backtrace::<core[a373ad73a504971]::result::Result<(), alloc[2e1b2a31b91974c5]::string::String>, fn() -> core[a373ad73a504971]::result::Result<(), alloc[2e1b2a31b91974c5]::string::String>>
[INFO] [stdout]   17:     0x58ad51bc4ca5 - test[aada8e7e76ba119b]::run_test::{closure#0}
[INFO] [stdout]   18:     0x58ad51bbe594 - std[617be2ca0a6fd877]::sys::backtrace::__rust_begin_short_backtrace::<test[aada8e7e76ba119b]::run_test::{closure#1}, ()>
[INFO] [stdout]   19:     0x58ad51bc7d32 - <std[617be2ca0a6fd877]::thread::lifecycle::spawn_unchecked<test[aada8e7e76ba119b]::run_test::{closure#1}, ()>::{closure#1} as core[a373ad73a504971]::ops::function::FnOnce<()>>::call_once::{shim:vtable#0}
[INFO] [stdout]   20:     0x58ad5204fd4f - <std[617be2ca0a6fd877]::sys::thread::unix::Thread>::new::thread_start
[INFO] [stdout]   21:     0x75f437145dfa - <unknown>
[INFO] [stdout]   22:     0x75f4371d93d4 - clone
[INFO] [stdout]   23:                0x0 - <unknown>
[INFO] [stdout] 
[INFO] [stdout] ---- preview::tests::preview_page_propagates_render_errors stdout ----
[INFO] [stdout] 
[INFO] [stdout] thread 'preview::tests::preview_page_propagates_render_errors' (1452) panicked at src/test_support.rs:27:64:
[INFO] [stdout] load ja fonts: Pack(NotFound(Echo("biz-ud")))
[INFO] [stdout] stack backtrace:
[INFO] [stdout]    0:     0x58ad52050d41 - <<std[617be2ca0a6fd877]::sys::backtrace::BacktraceLock>::print::DisplayBacktrace as core[a373ad73a504971]::fmt::Display>::fmt
[INFO] [stdout]    1:     0x58ad52068b7a - core[a373ad73a504971]::fmt::write
[INFO] [stdout]    2:     0x58ad5205502c - <alloc[2e1b2a31b91974c5]::vec::Vec<u8> as core[a373ad73a504971]::io::write::Write>::write_fmt
[INFO] [stdout]    3:     0x58ad5202b846 - std[617be2ca0a6fd877]::panicking::default_hook::{closure#0}
[INFO] [stdout]    4:     0x58ad520487b9 - std[617be2ca0a6fd877]::panicking::default_hook
[INFO] [stdout]    5:     0x58ad51bc4680 - test[aada8e7e76ba119b]::test_main_inner::{closure#0}
[INFO] [stdout]    6:     0x58ad52048972 - std[617be2ca0a6fd877]::panicking::panic_with_hook
[INFO] [stdout]    7:     0x58ad5202b8f2 - std[617be2ca0a6fd877]::panicking::panic_handler::{closure#0}
[INFO] [stdout]    8:     0x58ad52024199 - std[617be2ca0a6fd877]::sys::backtrace::__rust_end_short_backtrace::<std[617be2ca0a6fd877]::panicking::panic_handler::{closure#0}, !>
[INFO] [stdout]    9:     0x58ad5202c71d - __rustc[ea4f61d10b84890b]::rust_begin_unwind
[INFO] [stdout]   10:     0x58ad520692ac - core[a373ad73a504971]::panicking::panic_fmt
[INFO] [stdout]   11:     0x58ad52069082 - core[a373ad73a504971]::result::unwrap_failed
[INFO] [stdout]   12:     0x58ad51b9d7f6 - <std[617be2ca0a6fd877]::sync::once::Once>::call_once_force::<<std[617be2ca0a6fd877]::sync::once_lock::OnceLock<shojiku_layout[135f682f355049ea]::font::FontStore>>::initialize<<std[617be2ca0a6fd877]::sync::once_lock::OnceLock<shojiku_layout[135f682f355049ea]::font::FontStore>>::get_or_init<shojiku_authoring[923015a20e1cb395]::test_support::ja_fonts::{closure#0}>::{closure#0}, !>::{closure#0}>::{closure#0}
[INFO] [stdout]   13:     0x58ad52031649 - <std[617be2ca0a6fd877]::sys::sync::once::futex::Once>::call
[INFO] [stdout]   14:     0x58ad51b9bd74 - <std[617be2ca0a6fd877]::sync::once_lock::OnceLock<shojiku_layout[135f682f355049ea]::font::FontStore>>::initialize::<<std[617be2ca0a6fd877]::sync::once_lock::OnceLock<shojiku_layout[135f682f355049ea]::font::FontStore>>::get_or_init<shojiku_authoring[923015a20e1cb395]::test_support::ja_fonts::{closure#0}>::{closure#0}, !>
[INFO] [stdout]   15:     0x58ad51baa626 - shojiku_authoring[923015a20e1cb395]::test_support::run
[INFO] [stdout]   16:     0x58ad51b9fd84 - <shojiku_authoring[923015a20e1cb395]::preview::tests::preview_page_propagates_render_errors::{closure#0} as core[a373ad73a504971]::ops::function::FnOnce<()>>::call_once
[INFO] [stdout]   17:     0x58ad51bb7acb - test[aada8e7e76ba119b]::__rust_begin_short_backtrace::<core[a373ad73a504971]::result::Result<(), alloc[2e1b2a31b91974c5]::string::String>, fn() -> core[a373ad73a504971]::result::Result<(), alloc[2e1b2a31b91974c5]::string::String>>
[INFO] [stdout]   18:     0x58ad51bc4ca5 - test[aada8e7e76ba119b]::run_test::{closure#0}
[INFO] [stdout]   19:     0x58ad51bbe594 - std[617be2ca0a6fd877]::sys::backtrace::__rust_begin_short_backtrace::<test[aada8e7e76ba119b]::run_test::{closure#1}, ()>
[INFO] [stdout]   20:     0x58ad51bc7d32 - <std[617be2ca0a6fd877]::thread::lifecycle::spawn_unchecked<test[aada8e7e76ba119b]::run_test::{closure#1}, ()>::{closure#1} as core[a373ad73a504971]::ops::function::FnOnce<()>>::call_once::{shim:vtable#0}
[INFO] [stdout]   21:     0x58ad5204fd4f - <std[617be2ca0a6fd877]::sys::thread::unix::Thread>::new::thread_start
[INFO] [stdout]   22:     0x75f437145dfa - <unknown>
[INFO] [stdout]   23:     0x75f4371d93d4 - clone
[INFO] [stdout]   24:                0x0 - <unknown>
[INFO] [stdout] 
[INFO] [stdout] ---- preview::tests::preview_pages_returns_one_png_per_page stdout ----
[INFO] [stdout] 
[INFO] [stdout] thread 'preview::tests::preview_pages_returns_one_png_per_page' (1455) panicked at src/test_support.rs:27:64:
[INFO] [stdout] load ja fonts: Pack(NotFound(Echo("biz-ud")))
[INFO] [stdout] stack backtrace:
[INFO] [stdout]    0:     0x58ad52050d41 - <<std[617be2ca0a6fd877]::sys::backtrace::BacktraceLock>::print::DisplayBacktrace as core[a373ad73a504971]::fmt::Display>::fmt
[INFO] [stdout]    1:     0x58ad52068b7a - core[a373ad73a504971]::fmt::write
[INFO] [stdout]    2:     0x58ad5205502c - <alloc[2e1b2a31b91974c5]::vec::Vec<u8> as core[a373ad73a504971]::io::write::Write>::write_fmt
[INFO] [stdout]    3:     0x58ad5202b846 - std[617be2ca0a6fd877]::panicking::default_hook::{closure#0}
[INFO] [stdout]    4:     0x58ad520487b9 - std[617be2ca0a6fd877]::panicking::default_hook
[INFO] [stdout]    5:     0x58ad51bc4680 - test[aada8e7e76ba119b]::test_main_inner::{closure#0}
[INFO] [stdout]    6:     0x58ad52048972 - std[617be2ca0a6fd877]::panicking::panic_with_hook
[INFO] [stdout]    7:     0x58ad5202b8f2 - std[617be2ca0a6fd877]::panicking::panic_handler::{closure#0}
[INFO] [stdout]    8:     0x58ad52024199 - std[617be2ca0a6fd877]::sys::backtrace::__rust_end_short_backtrace::<std[617be2ca0a6fd877]::panicking::panic_handler::{closure#0}, !>
[INFO] [stdout]    9:     0x58ad5202c71d - __rustc[ea4f61d10b84890b]::rust_begin_unwind
[INFO] [stdout]   10:     0x58ad520692ac - core[a373ad73a504971]::panicking::panic_fmt
[INFO] [stdout]   11:     0x58ad52069082 - core[a373ad73a504971]::result::unwrap_failed
[INFO] [stdout]   12:     0x58ad51b9d7f6 - <std[617be2ca0a6fd877]::sync::once::Once>::call_once_force::<<std[617be2ca0a6fd877]::sync::once_lock::OnceLock<shojiku_layout[135f682f355049ea]::font::FontStore>>::initialize<<std[617be2ca0a6fd877]::sync::once_lock::OnceLock<shojiku_layout[135f682f355049ea]::font::FontStore>>::get_or_init<shojiku_authoring[923015a20e1cb395]::test_support::ja_fonts::{closure#0}>::{closure#0}, !>::{closure#0}>::{closure#0}
[INFO] [stdout]   13:     0x58ad52031649 - <std[617be2ca0a6fd877]::sys::sync::once::futex::Once>::call
[INFO] [stdout]   14:     0x58ad51b9bd74 - <std[617be2ca0a6fd877]::sync::once_lock::OnceLock<shojiku_layout[135f682f355049ea]::font::FontStore>>::initialize::<<std[617be2ca0a6fd877]::sync::once_lock::OnceLock<shojiku_layout[135f682f355049ea]::font::FontStore>>::get_or_init<shojiku_authoring[923015a20e1cb395]::test_support::ja_fonts::{closure#0}>::{closure#0}, !>
[INFO] [stdout]   15:     0x58ad51baa626 - shojiku_authoring[923015a20e1cb395]::test_support::run
[INFO] [stdout]   16:     0x58ad51ba0236 - <shojiku_authoring[923015a20e1cb395]::preview::tests::preview_pages_returns_one_png_per_page::{closure#0} as core[a373ad73a504971]::ops::function::FnOnce<()>>::call_once
[INFO] [stdout]   17:     0x58ad51bb7acb - test[aada8e7e76ba119b]::__rust_begin_short_backtrace::<core[a373ad73a504971]::result::Result<(), alloc[2e1b2a31b91974c5]::string::String>, fn() -> core[a373ad73a504971]::result::Result<(), alloc[2e1b2a31b91974c5]::string::String>>
[INFO] [stdout]   18:     0x58ad51bc4ca5 - test[aada8e7e76ba119b]::run_test::{closure#0}
[INFO] [stdout]   19:     0x58ad51bbe594 - std[617be2ca0a6fd877]::sys::backtrace::__rust_begin_short_backtrace::<test[aada8e7e76ba119b]::run_test::{closure#1}, ()>
[INFO] [stdout]   20:     0x58ad51bc7d32 - <std[617be2ca0a6fd877]::thread::lifecycle::spawn_unchecked<test[aada8e7e76ba119b]::run_test::{closure#1}, ()>::{closure#1} as core[a373ad73a504971]::ops::function::FnOnce<()>>::call_once::{shim:vtable#0}
[INFO] [stdout]   21:     0x58ad5204fd4f - <std[617be2ca0a6fd877]::sys::thread::unix::Thread>::new::thread_start
[INFO] [stdout]   22:     0x75f437145dfa - <unknown>
[INFO] [stdout]   23:     0x75f4371d93d4 - clone
[INFO] [stdout]   24:                0x0 - <unknown>
[INFO] [stdout] 
[INFO] [stdout] ---- prepare::tests::gates_validation_errors stdout ----
[INFO] [stdout] 
[INFO] [stdout] thread 'prepare::tests::gates_validation_errors' (1447) panicked at src/test_support.rs:27:64:
[INFO] [stdout] load ja fonts: Pack(NotFound(Echo("biz-ud")))
[INFO] [stdout] stack backtrace:
[INFO] [stdout]    0:     0x58ad52050d41 - <<std[617be2ca0a6fd877]::sys::backtrace::BacktraceLock>::print::DisplayBacktrace as core[a373ad73a504971]::fmt::Display>::fmt
[INFO] [stdout]    1:     0x58ad52068b7a - core[a373ad73a504971]::fmt::write
[INFO] [stdout]    2:     0x58ad5205502c - <alloc[2e1b2a31b91974c5]::vec::Vec<u8> as core[a373ad73a504971]::io::write::Write>::write_fmt
[INFO] [stdout]    3:     0x58ad5202b846 - std[617be2ca0a6fd877]::panicking::default_hook::{closure#0}
[INFO] [stdout]    4:     0x58ad520487b9 - std[617be2ca0a6fd877]::panicking::default_hook
[INFO] [stdout]    5:     0x58ad51bc4680 - test[aada8e7e76ba119b]::test_main_inner::{closure#0}
[INFO] [stdout]    6:     0x58ad52048972 - std[617be2ca0a6fd877]::panicking::panic_with_hook
[INFO] [stdout]    7:     0x58ad5202b8f2 - std[617be2ca0a6fd877]::panicking::panic_handler::{closure#0}
[INFO] [stdout]    8:     0x58ad52024199 - std[617be2ca0a6fd877]::sys::backtrace::__rust_end_short_backtrace::<std[617be2ca0a6fd877]::panicking::panic_handler::{closure#0}, !>
[INFO] [stdout]    9:     0x58ad5202c71d - __rustc[ea4f61d10b84890b]::rust_begin_unwind
[INFO] [stdout]   10:     0x58ad520692ac - core[a373ad73a504971]::panicking::panic_fmt
[INFO] [stdout]   11:     0x58ad52069082 - core[a373ad73a504971]::result::unwrap_failed
[INFO] [stdout]   12:     0x58ad51b9d7f6 - <std[617be2ca0a6fd877]::sync::once::Once>::call_once_force::<<std[617be2ca0a6fd877]::sync::once_lock::OnceLock<shojiku_layout[135f682f355049ea]::font::FontStore>>::initialize<<std[617be2ca0a6fd877]::sync::once_lock::OnceLock<shojiku_layout[135f682f355049ea]::font::FontStore>>::get_or_init<shojiku_authoring[923015a20e1cb395]::test_support::ja_fonts::{closure#0}>::{closure#0}, !>::{closure#0}>::{closure#0}
[INFO] [stdout]   13:     0x58ad52031649 - <std[617be2ca0a6fd877]::sys::sync::once::futex::Once>::call
[INFO] [stdout]   14:     0x58ad51b9bd74 - <std[617be2ca0a6fd877]::sync::once_lock::OnceLock<shojiku_layout[135f682f355049ea]::font::FontStore>>::initialize::<<std[617be2ca0a6fd877]::sync::once_lock::OnceLock<shojiku_layout[135f682f355049ea]::font::FontStore>>::get_or_init<shojiku_authoring[923015a20e1cb395]::test_support::ja_fonts::{closure#0}>::{closure#0}, !>
[INFO] [stdout]   15:     0x58ad51baa626 - shojiku_authoring[923015a20e1cb395]::test_support::run
[INFO] [stdout]   16:     0x58ad51bac842 - <shojiku_authoring[923015a20e1cb395]::prepare::tests::gates_validation_errors::{closure#0} as core[a373ad73a504971]::ops::function::FnOnce<()>>::call_once
[INFO] [stdout]   17:     0x58ad51bb7acb - test[aada8e7e76ba119b]::__rust_begin_short_backtrace::<core[a373ad73a504971]::result::Result<(), alloc[2e1b2a31b91974c5]::string::String>, fn() -> core[a373ad73a504971]::result::Result<(), alloc[2e1b2a31b91974c5]::string::String>>
[INFO] [stdout]   18:     0x58ad51bc4ca5 - test[aada8e7e76ba119b]::run_test::{closure#0}
[INFO] [stdout]   19:     0x58ad51bbe594 - std[617be2ca0a6fd877]::sys::backtrace::__rust_begin_short_backtrace::<test[aada8e7e76ba119b]::run_test::{closure#1}, ()>
[INFO] [stdout]   20:     0x58ad51bc7d32 - <std[617be2ca0a6fd877]::thread::lifecycle::spawn_unchecked<test[aada8e7e76ba119b]::run_test::{closure#1}, ()>::{closure#1} as core[a373ad73a504971]::ops::function::FnOnce<()>>::call_once::{shim:vtable#0}
[INFO] [stdout]   21:     0x58ad5204fd4f - <std[617be2ca0a6fd877]::sys::thread::unix::Thread>::new::thread_start
[INFO] [stdout]   22:     0x75f437145dfa - <unknown>
[INFO] [stdout]   23:     0x75f4371d93d4 - clone
[INFO] [stdout]   24:                0x0 - <unknown>
[INFO] [stdout] 
[INFO] [stdout] ---- preview::tests::preview_raw_returns_one_rgba_page_per_page stdout ----
[INFO] [stdout] 
[INFO] [stdout] thread 'preview::tests::preview_raw_returns_one_rgba_page_per_page' (1457) panicked at src/test_support.rs:27:64:
[INFO] [stdout] load ja fonts: Pack(NotFound(Echo("biz-ud")))
[INFO] [stdout] stack backtrace:
[INFO] [stdout]    0:     0x58ad52050d41 - <<std[617be2ca0a6fd877]::sys::backtrace::BacktraceLock>::print::DisplayBacktrace as core[a373ad73a504971]::fmt::Display>::fmt
[INFO] [stdout]    1:     0x58ad52068b7a - core[a373ad73a504971]::fmt::write
[INFO] [stdout]    2:     0x58ad5205502c - <alloc[2e1b2a31b91974c5]::vec::Vec<u8> as core[a373ad73a504971]::io::write::Write>::write_fmt
[INFO] [stdout]    3:     0x58ad5202b846 - std[617be2ca0a6fd877]::panicking::default_hook::{closure#0}
[INFO] [stdout]    4:     0x58ad520487b9 - std[617be2ca0a6fd877]::panicking::default_hook
[INFO] [stdout]    5:     0x58ad51bc4680 - test[aada8e7e76ba119b]::test_main_inner::{closure#0}
[INFO] [stdout]    6:     0x58ad52048972 - std[617be2ca0a6fd877]::panicking::panic_with_hook
[INFO] [stdout]    7:     0x58ad5202b8f2 - std[617be2ca0a6fd877]::panicking::panic_handler::{closure#0}
[INFO] [stdout]    8:     0x58ad52024199 - std[617be2ca0a6fd877]::sys::backtrace::__rust_end_short_backtrace::<std[617be2ca0a6fd877]::panicking::panic_handler::{closure#0}, !>
[INFO] [stdout]    9:     0x58ad5202c71d - __rustc[ea4f61d10b84890b]::rust_begin_unwind
[INFO] [stdout]   10:     0x58ad520692ac - core[a373ad73a504971]::panicking::panic_fmt
[INFO] [stdout]   11:     0x58ad52069082 - core[a373ad73a504971]::result::unwrap_failed
[INFO] [stdout]   12:     0x58ad51b9d7f6 - <std[617be2ca0a6fd877]::sync::once::Once>::call_once_force::<<std[617be2ca0a6fd877]::sync::once_lock::OnceLock<shojiku_layout[135f682f355049ea]::font::FontStore>>::initialize<<std[617be2ca0a6fd877]::sync::once_lock::OnceLock<shojiku_layout[135f682f355049ea]::font::FontStore>>::get_or_init<shojiku_authoring[923015a20e1cb395]::test_support::ja_fonts::{closure#0}>::{closure#0}, !>::{closure#0}>::{closure#0}
[INFO] [stdout]   13:     0x58ad52031649 - <std[617be2ca0a6fd877]::sys::sync::once::futex::Once>::call
[INFO] [stdout]   14:     0x58ad51b9bd74 - <std[617be2ca0a6fd877]::sync::once_lock::OnceLock<shojiku_layout[135f682f355049ea]::font::FontStore>>::initialize::<<std[617be2ca0a6fd877]::sync::once_lock::OnceLock<shojiku_layout[135f682f355049ea]::font::FontStore>>::get_or_init<shojiku_authoring[923015a20e1cb395]::test_support::ja_fonts::{closure#0}>::{closure#0}, !>
[INFO] [stdout]   15:     0x58ad51baa626 - shojiku_authoring[923015a20e1cb395]::test_support::run
[INFO] [stdout]   16:     0x58ad51ba0de6 - <shojiku_authoring[923015a20e1cb395]::preview::tests::preview_raw_returns_one_rgba_page_per_page::{closure#0} as core[a373ad73a504971]::ops::function::FnOnce<()>>::call_once
[INFO] [stdout]   17:     0x58ad51bb7acb - test[aada8e7e76ba119b]::__rust_begin_short_backtrace::<core[a373ad73a504971]::result::Result<(), alloc[2e1b2a31b91974c5]::string::String>, fn() -> core[a373ad73a504971]::result::Result<(), alloc[2e1b2a31b91974c5]::string::String>>
[INFO] [stdout]   18:     0x58ad51bc4ca5 - test[aada8e7e76ba119b]::run_test::{closure#0}
[INFO] [stdout]   19:     0x58ad51bbe594 - std[617be2ca0a6fd877]::sys::backtrace::__rust_begin_short_backtrace::<test[aada8e7e76ba119b]::run_test::{closure#1}, ()>
[INFO] [stdout]   20:     0x58ad51bc7d32 - <std[617be2ca0a6fd877]::thread::lifecycle::spawn_unchecked<test[aada8e7e76ba119b]::run_test::{closure#1}, ()>::{closure#1} as core[a373ad73a504971]::ops::function::FnOnce<()>>::call_once::{shim:vtable#0}
[INFO] [stdout]   21:     0x58ad5204fd4f - <std[617be2ca0a6fd877]::sys::thread::unix::Thread>::new::thread_start
[INFO] [stdout]   22:     0x75f437145dfa - <unknown>
[INFO] [stdout]   23:     0x75f4371d93d4 - clone
[INFO] [stdout]   24:                0x0 - <unknown>
[INFO] [stdout] 
[INFO] [stdout] ---- prepare::tests::gates_asset_errors stdout ----
[INFO] [stdout] 
[INFO] [stdout] thread 'prepare::tests::gates_asset_errors' (1444) panicked at src/test_support.rs:27:64:
[INFO] [stdout] load ja fonts: Pack(NotFound(Echo("biz-ud")))
[INFO] [stdout] stack backtrace:
[INFO] [stdout]    0:     0x58ad52050d41 - <<std[617be2ca0a6fd877]::sys::backtrace::BacktraceLock>::print::DisplayBacktrace as core[a373ad73a504971]::fmt::Display>::fmt
[INFO] [stdout]    1:     0x58ad52068b7a - core[a373ad73a504971]::fmt::write
[INFO] [stdout]    2:     0x58ad5205502c - <alloc[2e1b2a31b91974c5]::vec::Vec<u8> as core[a373ad73a504971]::io::write::Write>::write_fmt
[INFO] [stdout]    3:     0x58ad5202b846 - std[617be2ca0a6fd877]::panicking::default_hook::{closure#0}
[INFO] [stdout]    4:     0x58ad520487b9 - std[617be2ca0a6fd877]::panicking::default_hook
[INFO] [stdout]    5:     0x58ad51bc4680 - test[aada8e7e76ba119b]::test_main_inner::{closure#0}
[INFO] [stdout]    6:     0x58ad52048972 - std[617be2ca0a6fd877]::panicking::panic_with_hook
[INFO] [stdout]    7:     0x58ad5202b8f2 - std[617be2ca0a6fd877]::panicking::panic_handler::{closure#0}
[INFO] [stdout]    8:     0x58ad52024199 - std[617be2ca0a6fd877]::sys::backtrace::__rust_end_short_backtrace::<std[617be2ca0a6fd877]::panicking::panic_handler::{closure#0}, !>
[INFO] [stdout]    9:     0x58ad5202c71d - __rustc[ea4f61d10b84890b]::rust_begin_unwind
[INFO] [stdout]   10:     0x58ad520692ac - core[a373ad73a504971]::panicking::panic_fmt
[INFO] [stdout]   11:     0x58ad52069082 - core[a373ad73a504971]::result::unwrap_failed
[INFO] [stdout]   12:     0x58ad51b9d7f6 - <std[617be2ca0a6fd877]::sync::once::Once>::call_once_force::<<std[617be2ca0a6fd877]::sync::once_lock::OnceLock<shojiku_layout[135f682f355049ea]::font::FontStore>>::initialize<<std[617be2ca0a6fd877]::sync::once_lock::OnceLock<shojiku_layout[135f682f355049ea]::font::FontStore>>::get_or_init<shojiku_authoring[923015a20e1cb395]::test_support::ja_fonts::{closure#0}>::{closure#0}, !>::{closure#0}>::{closure#0}
[INFO] [stdout]   13:     0x58ad52031649 - <std[617be2ca0a6fd877]::sys::sync::once::futex::Once>::call
[INFO] [stdout]   14:     0x58ad51b9bd74 - <std[617be2ca0a6fd877]::sync::once_lock::OnceLock<shojiku_layout[135f682f355049ea]::font::FontStore>>::initialize::<<std[617be2ca0a6fd877]::sync::once_lock::OnceLock<shojiku_layout[135f682f355049ea]::font::FontStore>>::get_or_init<shojiku_authoring[923015a20e1cb395]::test_support::ja_fonts::{closure#0}>::{closure#0}, !>
[INFO] [stdout]   15:     0x58ad51baa626 - shojiku_authoring[923015a20e1cb395]::test_support::run
[INFO] [stdout]   16:     0x58ad51bac332 - <shojiku_authoring[923015a20e1cb395]::prepare::tests::gates_asset_errors::{closure#0} as core[a373ad73a504971]::ops::function::FnOnce<()>>::call_once
[INFO] [stdout]   17:     0x58ad51bb7acb - test[aada8e7e76ba119b]::__rust_begin_short_backtrace::<core[a373ad73a504971]::result::Result<(), alloc[2e1b2a31b91974c5]::string::String>, fn() -> core[a373ad73a504971]::result::Result<(), alloc[2e1b2a31b91974c5]::string::String>>
[INFO] [stdout]   18:     0x58ad51bc4ca5 - test[aada8e7e76ba119b]::run_test::{closure#0}
[INFO] [stdout]   19:     0x58ad51bbe594 - std[617be2ca0a6fd877]::sys::backtrace::__rust_begin_short_backtrace::<test[aada8e7e76ba119b]::run_test::{closure#1}, ()>
[INFO] [stdout]   20:     0x58ad51bc7d32 - <std[617be2ca0a6fd877]::thread::lifecycle::spawn_unchecked<test[aada8e7e76ba119b]::run_test::{closure#1}, ()>::{closure#1} as core[a373ad73a504971]::ops::function::FnOnce<()>>::call_once::{shim:vtable#0}
[INFO] [stdout]   21:     0x58ad5204fd4f - <std[617be2ca0a6fd877]::sys::thread::unix::Thread>::new::thread_start
[INFO] [stdout]   22:     0x75f437145dfa - <unknown>
[INFO] [stdout]   23:     0x75f4371d93d4 - clone
[INFO] [stdout]   24:                0x0 - <unknown>
[INFO] [stdout] 
[INFO] [stdout] ---- prepare::tests::gates_layout_errors stdout ----
[INFO] [stdout] 
[INFO] [stdout] thread 'prepare::tests::gates_layout_errors' (1446) panicked at src/test_support.rs:27:64:
[INFO] [stdout] load ja fonts: Pack(NotFound(Echo("biz-ud")))
[INFO] [stdout] stack backtrace:
[INFO] [stdout]    0:     0x58ad52050d41 - <<std[617be2ca0a6fd877]::sys::backtrace::BacktraceLock>::print::DisplayBacktrace as core[a373ad73a504971]::fmt::Display>::fmt
[INFO] [stdout]    1:     0x58ad52068b7a - core[a373ad73a504971]::fmt::write
[INFO] [stdout]    2:     0x58ad5205502c - <alloc[2e1b2a31b91974c5]::vec::Vec<u8> as core[a373ad73a504971]::io::write::Write>::write_fmt
[INFO] [stdout]    3:     0x58ad5202b846 - std[617be2ca0a6fd877]::panicking::default_hook::{closure#0}
[INFO] [stdout]    4:     0x58ad520487b9 - std[617be2ca0a6fd877]::panicking::default_hook
[INFO] [stdout]    5:     0x58ad51bc4680 - test[aada8e7e76ba119b]::test_main_inner::{closure#0}
[INFO] [stdout]    6:     0x58ad52048972 - std[617be2ca0a6fd877]::panicking::panic_with_hook
[INFO] [stdout]    7:     0x58ad5202b8f2 - std[617be2ca0a6fd877]::panicking::panic_handler::{closure#0}
[INFO] [stdout]    8:     0x58ad52024199 - std[617be2ca0a6fd877]::sys::backtrace::__rust_end_short_backtrace::<std[617be2ca0a6fd877]::panicking::panic_handler::{closure#0}, !>
[INFO] [stdout]    9:     0x58ad5202c71d - __rustc[ea4f61d10b84890b]::rust_begin_unwind
[INFO] [stdout]   10:     0x58ad520692ac - core[a373ad73a504971]::panicking::panic_fmt
[INFO] [stdout]   11:     0x58ad52069082 - core[a373ad73a504971]::result::unwrap_failed
[INFO] [stdout]   12:     0x58ad51b9d7f6 - <std[617be2ca0a6fd877]::sync::once::Once>::call_once_force::<<std[617be2ca0a6fd877]::sync::once_lock::OnceLock<shojiku_layout[135f682f355049ea]::font::FontStore>>::initialize<<std[617be2ca0a6fd877]::sync::once_lock::OnceLock<shojiku_layout[135f682f355049ea]::font::FontStore>>::get_or_init<shojiku_authoring[923015a20e1cb395]::test_support::ja_fonts::{closure#0}>::{closure#0}, !>::{closure#0}>::{closure#0}
[INFO] [stdout]   13:     0x58ad52031649 - <std[617be2ca0a6fd877]::sys::sync::once::futex::Once>::call
[INFO] [stdout]   14:     0x58ad51b9bd74 - <std[617be2ca0a6fd877]::sync::once_lock::OnceLock<shojiku_layout[135f682f355049ea]::font::FontStore>>::initialize::<<std[617be2ca0a6fd877]::sync::once_lock::OnceLock<shojiku_layout[135f682f355049ea]::font::FontStore>>::get_or_init<shojiku_authoring[923015a20e1cb395]::test_support::ja_fonts::{closure#0}>::{closure#0}, !>
[INFO] [stdout]   15:     0x58ad51baa626 - shojiku_authoring[923015a20e1cb395]::test_support::run
[INFO] [stdout]   16:     0x58ad51bac599 - <shojiku_authoring[923015a20e1cb395]::prepare::tests::gates_layout_errors::{closure#0} as core[a373ad73a504971]::ops::function::FnOnce<()>>::call_once
[INFO] [stdout]   17:     0x58ad51bb7acb - test[aada8e7e76ba119b]::__rust_begin_short_backtrace::<core[a373ad73a504971]::result::Result<(), alloc[2e1b2a31b91974c5]::string::String>, fn() -> core[a373ad73a504971]::result::Result<(), alloc[2e1b2a31b91974c5]::string::String>>
[INFO] [stdout]   18:     0x58ad51bc4ca5 - test[aada8e7e76ba119b]::run_test::{closure#0}
[INFO] [stdout]   19:     0x58ad51bbe594 - std[617be2ca0a6fd877]::sys::backtrace::__rust_begin_short_backtrace::<test[aada8e7e76ba119b]::run_test::{closure#1}, ()>
[INFO] [stdout]   20:     0x58ad51bc7d32 - <std[617be2ca0a6fd877]::thread::lifecycle::spawn_unchecked<test[aada8e7e76ba119b]::run_test::{closure#1}, ()>::{closure#1} as core[a373ad73a504971]::ops::function::FnOnce<()>>::call_once::{shim:vtable#0}
[INFO] [stdout]   21:     0x58ad5204fd4f - <std[617be2ca0a6fd877]::sys::thread::unix::Thread>::new::thread_start
[INFO] [stdout]   22:     0x75f437145dfa - <unknown>
[INFO] [stdout]   23:     0x75f4371d93d4 - clone
[INFO] [stdout]   24:                0x0 - <unknown>
[INFO] [stdout] 
[INFO] [stdout] 
[INFO] [stdout] failures:
[INFO] [stdout]     inspect::tests::boxes_carry_a_structural_path_for_id_less_items
[INFO] [stdout]     inspect::tests::envelope_carries_engine_document_boxes_and_margin
[INFO] [stdout]     inspect::tests::inspect_json_has_the_four_top_level_keys
[INFO] [stdout]     inspect::tests::the_document_carries_its_resolved_metadata
[INFO] [stdout]     prepare::tests::gates_asset_errors
[INFO] [stdout]     prepare::tests::gates_injected_asset_errors
[INFO] [stdout]     prepare::tests::gates_layout_errors
[INFO] [stdout]     prepare::tests::gates_validation_errors
[INFO] [stdout]     prepare::tests::lays_out_a_valid_template_with_the_default_title
[INFO] [stdout]     prepare::tests::uses_the_template_name_as_title_and_accepts_prebuilt_assets
[INFO] [stdout]     prepare::tests::walks_injected_bundled_assets
[INFO] [stdout]     preview::tests::preview_page_matches_the_all_pages_entry
[INFO] [stdout]     preview::tests::preview_page_propagates_render_errors
[INFO] [stdout]     preview::tests::preview_page_rejects_an_out_of_range_index
[INFO] [stdout]     preview::tests::preview_pages_propagates_render_errors
[INFO] [stdout]     preview::tests::preview_pages_returns_one_png_per_page
[INFO] [stdout]     preview::tests::preview_raw_propagates_render_errors
[INFO] [stdout]     preview::tests::preview_raw_returns_one_rgba_page_per_page
[INFO] [stdout] 
[INFO] [stdout] test result: FAILED. 38 passed; 18 failed; 0 ignored; 0 measured; 0 filtered out; finished in 0.04s
[INFO] [stdout] 
[INFO] [stderr] error: test failed, to rerun pass `--lib`
[INFO] running `Command { std: "docker" "inspect" "6fb4d774f094df9f4bc377f88078fc977db4122f5af4b7f2cfc4fe4ba80df7e9", kill_on_drop: false }`
[INFO] running `Command { std: "docker" "rm" "-f" "6fb4d774f094df9f4bc377f88078fc977db4122f5af4b7f2cfc4fe4ba80df7e9", kill_on_drop: false }`
[INFO] [stdout] 6fb4d774f094df9f4bc377f88078fc977db4122f5af4b7f2cfc4fe4ba80df7e9
