[INFO] fetching crate shogiesa-usi 0.11.6...
[INFO] testing shogiesa-usi-0.11.6 against 1.99.0-beta.8+cargoflags=--release for beta-release-1.100-2
[INFO] extracting crate shogiesa-usi 0.11.6 into /workspace/builds/worker-6-tc1/source
[INFO] started tweaking crates.io crate shogiesa-usi 0.11.6
[INFO] removed 0 missing tests
[INFO] finished tweaking crates.io crate shogiesa-usi 0.11.6
[INFO] tweaked toml for crates.io crate shogiesa-usi 0.11.6 written to /workspace/builds/worker-6-tc1/source/Cargo.toml
[INFO] validating manifest of crates.io crate shogiesa-usi 0.11.6 on toolchain 1.99.0-beta.8
[INFO] running `Command { std: CARGO_HOME="/workspace/cargo-home" RUSTUP_HOME="/workspace/rustup-home" "/workspace/cargo-home/bin/cargo" "+1.99.0-beta.8" "metadata" "--manifest-path" "Cargo.toml" "--no-deps", kill_on_drop: false }`
[INFO] crate crates.io crate shogiesa-usi 0.11.6 already has a lockfile, it will not be regenerated
[INFO] running `Command { std: CARGO_HOME="/workspace/cargo-home" RUSTUP_HOME="/workspace/rustup-home" "/workspace/cargo-home/bin/cargo" "+1.99.0-beta.8" "fetch" "--manifest-path" "Cargo.toml", kill_on_drop: false }`
[INFO] [stderr]     Updating crates.io index
[INFO] [stderr]  Downloading crates ...
[INFO] [stderr]   Downloaded shogiesa-core v0.11.6
[INFO] [stderr]   Downloaded bstr v1.12.3
[INFO] running `Command { std: "docker" "create" "-v" "/var/lib/crater-agent-workspace/builds/worker-6-tc1/source:/opt/rustwide/workdir:ro,Z" "-v" "/var/lib/crater-agent-workspace/builds/worker-6-tc1/target:/opt/rustwide/target:rw,Z" "-v" "/var/lib/crater-agent-workspace/cargo-home:/opt/rustwide/cargo-home:ro,Z" "-v" "/var/lib/crater-agent-workspace/rustup-home:/opt/rustwide/rustup-home:ro,Z" "-m" "1610612736" "--network" "none" "ghcr.io/rust-lang/crates-build-env/linux@sha256:77db811e55d90add9212f6832c23229e3de5f1c1f9905e8cb07319ea15df73ac" "sleep" "infinity", kill_on_drop: false }`
[INFO] [stdout] 396a5adf9cb15f2170f0e78edb3160f88bb6fcde283d9cafa7e56cac1dd6eaa4
[INFO] running `Command { std: "docker" "start" "396a5adf9cb15f2170f0e78edb3160f88bb6fcde283d9cafa7e56cac1dd6eaa4", kill_on_drop: false }`
[INFO] running `Command { std: "docker" "inspect" "396a5adf9cb15f2170f0e78edb3160f88bb6fcde283d9cafa7e56cac1dd6eaa4", kill_on_drop: false }`
[INFO] running `Command { std: "docker" "exec" "-e" "SOURCE_DIR=/opt/rustwide/workdir" "-e" "CARGO_HOME=/opt/rustwide/cargo-home" "-e" "RUSTUP_HOME=/opt/rustwide/rustup-home" "-e" "CARGO_TARGET_DIR=/opt/rustwide/target" "-w" "/opt/rustwide/workdir" "--user" "0:0" "396a5adf9cb15f2170f0e78edb3160f88bb6fcde283d9cafa7e56cac1dd6eaa4" "/opt/rustwide/cargo-home/bin/cargo" "+1.99.0-beta.8" "metadata" "--no-deps" "--format-version=1", kill_on_drop: false }`
[INFO] running `Command { std: "docker" "inspect" "396a5adf9cb15f2170f0e78edb3160f88bb6fcde283d9cafa7e56cac1dd6eaa4", kill_on_drop: false }`
[INFO] running `Command { std: "docker" "exec" "-e" "SOURCE_DIR=/opt/rustwide/workdir" "-e" "CARGO_HOME=/opt/rustwide/cargo-home" "-e" "RUSTUP_HOME=/opt/rustwide/rustup-home" "-e" "CARGO_TARGET_DIR=/opt/rustwide/target" "-e" "CARGO_INCREMENTAL=0" "-e" "RUST_BACKTRACE=full" "-e" "RUSTFLAGS=--cap-lints=warn" "-e" "RUSTDOCFLAGS=--cap-lints=warn" "-w" "/opt/rustwide/workdir" "--user" "0:0" "396a5adf9cb15f2170f0e78edb3160f88bb6fcde283d9cafa7e56cac1dd6eaa4" "/opt/rustwide/cargo-home/bin/cargo" "+1.99.0-beta.8" "build" "--frozen" "--message-format=json" "--release", kill_on_drop: false }`
[INFO] [stderr]    Compiling memchr v2.8.2
[INFO] [stderr]    Compiling syn v2.0.118
[INFO] [stderr]    Compiling thiserror-impl v2.0.21
[INFO] [stderr]    Compiling serde_derive v1.0.229
[INFO] [stderr]    Compiling digest v0.11.3
[INFO] [stderr]    Compiling sha2 v0.11.0
[INFO] [stderr]    Compiling serde_json v1.0.151
[INFO] [stderr]    Compiling thiserror v2.0.21
[INFO] [stderr]    Compiling serde v1.0.229
[INFO] [stderr]    Compiling shogiesa-core v0.11.6
[INFO] [stderr]    Compiling tracing-attributes v0.1.31
[INFO] [stderr]    Compiling tracing v0.1.44
[INFO] [stderr]    Compiling shogiesa-usi v0.11.6 (/opt/rustwide/workdir)
[INFO] [stderr]     Finished `release` profile [optimized] target(s) in 11.48s
[INFO] running `Command { std: "docker" "inspect" "396a5adf9cb15f2170f0e78edb3160f88bb6fcde283d9cafa7e56cac1dd6eaa4", kill_on_drop: false }`
[INFO] running `Command { std: "docker" "exec" "-e" "SOURCE_DIR=/opt/rustwide/workdir" "-e" "CARGO_HOME=/opt/rustwide/cargo-home" "-e" "RUSTUP_HOME=/opt/rustwide/rustup-home" "-e" "CARGO_TARGET_DIR=/opt/rustwide/target" "-e" "CARGO_INCREMENTAL=0" "-e" "RUST_BACKTRACE=full" "-e" "RUSTFLAGS=--cap-lints=warn" "-e" "RUSTDOCFLAGS=--cap-lints=warn" "-w" "/opt/rustwide/workdir" "--user" "0:0" "396a5adf9cb15f2170f0e78edb3160f88bb6fcde283d9cafa7e56cac1dd6eaa4" "/opt/rustwide/cargo-home/bin/cargo" "+1.99.0-beta.8" "test" "--frozen" "--no-run" "--message-format=json" "--release", kill_on_drop: false }`
[INFO] [stderr]    Compiling regex-automata v0.4.14
[INFO] [stderr]    Compiling predicates v3.1.4
[INFO] [stderr]    Compiling bstr v1.12.3
[INFO] [stderr]    Compiling assert_cmd v2.2.2
[INFO] [stderr]    Compiling shogiesa-usi v0.11.6 (/opt/rustwide/workdir)
[INFO] [stderr]     Finished `release` profile [optimized] target(s) in 5.44s
[INFO] running `Command { std: "docker" "inspect" "396a5adf9cb15f2170f0e78edb3160f88bb6fcde283d9cafa7e56cac1dd6eaa4", kill_on_drop: false }`
[INFO] running `Command { std: "docker" "exec" "-e" "SOURCE_DIR=/opt/rustwide/workdir" "-e" "CARGO_HOME=/opt/rustwide/cargo-home" "-e" "RUSTUP_HOME=/opt/rustwide/rustup-home" "-e" "CARGO_TARGET_DIR=/opt/rustwide/target" "-e" "CARGO_INCREMENTAL=0" "-e" "RUST_BACKTRACE=full" "-e" "RUSTFLAGS=--cap-lints=warn" "-e" "RUSTDOCFLAGS=--cap-lints=warn" "-w" "/opt/rustwide/workdir" "--user" "0:0" "396a5adf9cb15f2170f0e78edb3160f88bb6fcde283d9cafa7e56cac1dd6eaa4" "/opt/rustwide/cargo-home/bin/cargo" "+1.99.0-beta.8" "test" "--frozen" "--release", kill_on_drop: false }`
[INFO] [stderr]     Finished `release` profile [optimized] target(s) in 0.05s
[INFO] [stderr]      Running unittests src/lib.rs (/opt/rustwide/target/release/deps/shogiesa_usi-ed77f7acfdd89095)
[INFO] [stdout] 
[INFO] [stdout] running 11 tests
[INFO] [stdout] test tests::parse_info_detects_lowerbound ... ok
[INFO] [stdout] test tests::classify_bestmove_recognizes_all_three_special_tokens ... ok
[INFO] [stdout] test tests::classify_bestmove_is_none_for_an_ordinary_move ... ok
[INFO] [stdout] test tests::parse_info_multipv ... ok
[INFO] [stdout] test tests::parse_info_mate ... ok
[INFO] [stdout] test tests::parse_info_detects_upperbound ... ok
[INFO] [stdout] test tests::parse_info_no_multipv_token_is_none ... ok
[INFO] [stdout] test tests::parse_info_rejects_non_info ... ok
[INFO] [stdout] test tests::policy_margin_saturates_after_wide_boundary_subtraction ... ok
[INFO] [stdout] test tests::parse_info_seldepth_nps_hashfull ... ok
[INFO] [stdout] test tests::parse_info_cp ... ok
[INFO] [stdout] 
[INFO] [stdout] test result: ok. 11 passed; 0 failed; 0 ignored; 0 measured; 0 filtered out; finished in 0.06s
[INFO] [stdout] 
[INFO] [stderr]      Running tests/usi_test.rs (/opt/rustwide/target/release/deps/usi_test-d35dd672fa5be2bb)
[INFO] [stdout] 
[INFO] [stdout] running 18 tests
[INFO] [stderr] error: package ID specification `fake-usi-engine` did not match any packages
[INFO] [stdout] test analyse_classifies_resign_bestmove ... FAILED
[INFO] [stderr] error: package ID specification `fake-usi-engine` did not match any packages
[INFO] [stdout] test timeout_grace_period_recovers_a_real_bestmove ... FAILED
[INFO] [stderr] error: package ID specification `fake-usi-engine` did not match any packages
[INFO] [stdout] test analyse_includes_pv ... FAILED
[INFO] [stderr] error: package ID specification `fake-usi-engine` did not match any packages
[INFO] [stdout] test analyse_returns_cp_score ... FAILED
[INFO] [stderr] error: package ID specification `fake-usi-engine` did not match any packages
[INFO] [stdout] test handshake_succeeds ... FAILED
[INFO] [stderr] error: package ID specification `fake-usi-engine` did not match any packages
[INFO] [stdout] test analyse_ignores_bound_tagged_runner_up ... FAILED
[INFO] [stderr] error: package ID specification `fake-usi-engine` did not match any packages
[INFO] [stdout] test analyse_without_multipv_has_no_margin ... FAILED
[INFO] [stderr] error: package ID specification `fake-usi-engine` did not match any packages
[INFO] [stdout] test analyse_reports_actual_depth_when_engine_stops_early ... FAILED
[INFO] [stderr] error: package ID specification `fake-usi-engine` did not match any packages
[INFO] [stdout] test strict_detects_goless_bestmove ... FAILED
[INFO] [stderr] error: package ID specification `fake-usi-engine` did not match any packages
[INFO] [stdout] test strict_detects_duplicate_bestmove ... FAILED
[INFO] [stderr] error: package ID specification `fake-usi-engine` did not match any packages
[INFO] [stdout] test timeout_salvages_last_known_depth_when_no_bestmove_ever_arrives ... FAILED
[INFO] [stderr] error: package ID specification `fake-usi-engine` did not match any packages
[INFO] [stdout] test strict_detects_delayed_bestmove_after_timeout ... FAILED
[INFO] [stderr] error: package ID specification `fake-usi-engine` did not match any packages
[INFO] [stdout] test analyse_ignores_bound_tagged_bestmove ... FAILED
[INFO] [stderr] error: package ID specification `fake-usi-engine` did not match any packages
[INFO] [stdout] test analyse_returns_all_multipv_candidates ... FAILED
[INFO] [stderr] error: package ID specification `fake-usi-engine` did not match any packages
[INFO] [stdout] test analyse_computes_policy_margin_from_multipv ... FAILED
[INFO] [stderr] error: package ID specification `fake-usi-engine` did not match any packages
[INFO] [stdout] test strict_off_leaves_duplicate_bestmove_undetected ... FAILED
[INFO] [stderr] error: package ID specification `fake-usi-engine` did not match any packages
[INFO] [stdout] test analyse_returns_correct_depth ... FAILED
[INFO] [stderr] error: package ID specification `fake-usi-engine` did not match any packages
[INFO] [stdout] test timeout_returns_error ... FAILED
[INFO] [stdout] 
[INFO] [stdout] failures:
[INFO] [stdout] 
[INFO] [stdout] ---- analyse_classifies_resign_bestmove stdout ----
[INFO] [stdout] 
[INFO] [stdout] thread 'analyse_classifies_resign_bestmove' (526) panicked at tests/usi_test.rs:21:9:
[INFO] [stdout] failed to build fake-usi-engine
[INFO] [stdout] stack backtrace:
[INFO] [stdout]    0:     0x64d251e31e61 - <<std[70759c8f55707aa4]::sys::backtrace::BacktraceLock>::print::DisplayBacktrace as core[df12db4294e9bfd3]::fmt::Display>::fmt
[INFO] [stdout]    1:     0x64d251e4621a - core[df12db4294e9bfd3]::fmt::write
[INFO] [stdout]    2:     0x64d251e363dc - <alloc[2182bb758b4b3781]::vec::Vec<u8> as core[df12db4294e9bfd3]::io::write::Write>::write_fmt
[INFO] [stdout]    3:     0x64d251e0dc16 - std[70759c8f55707aa4]::panicking::default_hook::{closure#0}
[INFO] [stdout]    4:     0x64d251e2a5c9 - std[70759c8f55707aa4]::panicking::default_hook
[INFO] [stdout]    5:     0x64d251db39b0 - test[9d35eded1c95d3be]::test_main_inner::<test[9d35eded1c95d3be]::test_main_static::{closure#0}>::{closure#0}
[INFO] [stdout]    6:     0x64d251e2a782 - std[70759c8f55707aa4]::panicking::panic_with_hook
[INFO] [stdout]    7:     0x64d251e0dcf4 - std[70759c8f55707aa4]::panicking::panic_handler::{closure#0}
[INFO] [stdout]    8:     0x64d251e06a49 - std[70759c8f55707aa4]::sys::backtrace::__rust_end_short_backtrace::<std[70759c8f55707aa4]::panicking::panic_handler::{closure#0}, !>
[INFO] [stdout]    9:     0x64d251e0e8bd - __rustc[8fa7c3cbc660c2b3]::rust_begin_unwind
[INFO] [stdout]   10:     0x64d251e4694c - core[df12db4294e9bfd3]::panicking::panic_fmt
[INFO] [stdout]   11:     0x64d251da6395 - <std[70759c8f55707aa4]::sync::once::Once>::call_once_force::<<std[70759c8f55707aa4]::sync::once_lock::OnceLock<()>>::initialize<<std[70759c8f55707aa4]::sync::once_lock::OnceLock<()>>::get_or_init<usi_test[f60f29aac73d7d77]::fake_usi_engine_bin::{closure#0}>::{closure#0}, !>::{closure#0}>::{closure#0}
[INFO] [stdout]   12:     0x64d251e13809 - <std[70759c8f55707aa4]::sys::sync::once::futex::Once>::call
[INFO] [stdout]   13:     0x64d251da581d - <std[70759c8f55707aa4]::sync::once_lock::OnceLock<()>>::initialize::<<std[70759c8f55707aa4]::sync::once_lock::OnceLock<()>>::get_or_init<usi_test[f60f29aac73d7d77]::fake_usi_engine_bin::{closure#0}>::{closure#0}, !>
[INFO] [stdout]   14:     0x64d251da207d - <usi_test[f60f29aac73d7d77]::analyse_classifies_resign_bestmove::{closure#0} as core[df12db4294e9bfd3]::ops::function::FnOnce<()>>::call_once
[INFO] [stdout]   15:     0x64d251da6c9b - test[9d35eded1c95d3be]::__rust_begin_short_backtrace::<core[df12db4294e9bfd3]::result::Result<(), alloc[2182bb758b4b3781]::string::String>, fn() -> core[df12db4294e9bfd3]::result::Result<(), alloc[2182bb758b4b3781]::string::String>>
[INFO] [stdout]   16:     0x64d251db4305 - test[9d35eded1c95d3be]::run_test::{closure#0}
[INFO] [stdout]   17:     0x64d251dadbc4 - std[70759c8f55707aa4]::sys::backtrace::__rust_begin_short_backtrace::<test[9d35eded1c95d3be]::run_test::{closure#1}, ()>
[INFO] [stdout]   18:     0x64d251db7462 - <std[70759c8f55707aa4]::thread::lifecycle::spawn_unchecked<test[9d35eded1c95d3be]::run_test::{closure#1}, ()>::{closure#1} as core[df12db4294e9bfd3]::ops::function::FnOnce<()>>::call_once::{shim:vtable#0}
[INFO] [stdout]   19:     0x64d251e31739 - <std[70759c8f55707aa4]::sys::thread::unix::Thread>::new::thread_start
[INFO] [stdout]   20:     0x7ed1dba70dfa - <unknown>
[INFO] [stdout]   21:     0x7ed1dbb043d4 - clone
[INFO] [stdout]   22:                0x0 - <unknown>
[INFO] [stdout] 
[INFO] [stdout] ---- timeout_grace_period_recovers_a_real_bestmove stdout ----
[INFO] [stdout] 
[INFO] [stdout] thread 'timeout_grace_period_recovers_a_real_bestmove' (542) panicked at tests/usi_test.rs:21:9:
[INFO] [stdout] failed to build fake-usi-engine
[INFO] [stdout] stack backtrace:
[INFO] [stdout]    0:     0x64d251e31e61 - <<std[70759c8f55707aa4]::sys::backtrace::BacktraceLock>::print::DisplayBacktrace as core[df12db4294e9bfd3]::fmt::Display>::fmt
[INFO] [stdout]    1:     0x64d251e4621a - core[df12db4294e9bfd3]::fmt::write
[INFO] [stdout]    2:     0x64d251e363dc - <alloc[2182bb758b4b3781]::vec::Vec<u8> as core[df12db4294e9bfd3]::io::write::Write>::write_fmt
[INFO] [stdout]    3:     0x64d251e0dc16 - std[70759c8f55707aa4]::panicking::default_hook::{closure#0}
[INFO] [stdout]    4:     0x64d251e2a5c9 - std[70759c8f55707aa4]::panicking::default_hook
[INFO] [stdout]    5:     0x64d251db39b0 - test[9d35eded1c95d3be]::test_main_inner::<test[9d35eded1c95d3be]::test_main_static::{closure#0}>::{closure#0}
[INFO] [stdout]    6:     0x64d251e2a782 - std[70759c8f55707aa4]::panicking::panic_with_hook
[INFO] [stdout]    7:     0x64d251e0dcf4 - std[70759c8f55707aa4]::panicking::panic_handler::{closure#0}
[INFO] [stdout]    8:     0x64d251e06a49 - std[70759c8f55707aa4]::sys::backtrace::__rust_end_short_backtrace::<std[70759c8f55707aa4]::panicking::panic_handler::{closure#0}, !>
[INFO] [stdout]    9:     0x64d251e0e8bd - __rustc[8fa7c3cbc660c2b3]::rust_begin_unwind
[INFO] [stdout]   10:     0x64d251e4694c - core[df12db4294e9bfd3]::panicking::panic_fmt
[INFO] [stdout]   11:     0x64d251da6395 - <std[70759c8f55707aa4]::sync::once::Once>::call_once_force::<<std[70759c8f55707aa4]::sync::once_lock::OnceLock<()>>::initialize<<std[70759c8f55707aa4]::sync::once_lock::OnceLock<()>>::get_or_init<usi_test[f60f29aac73d7d77]::fake_usi_engine_bin::{closure#0}>::{closure#0}, !>::{closure#0}>::{closure#0}
[INFO] [stdout]   12:     0x64d251e13809 - <std[70759c8f55707aa4]::sys::sync::once::futex::Once>::call
[INFO] [stdout]   13:     0x64d251da581d - <std[70759c8f55707aa4]::sync::once_lock::OnceLock<()>>::initialize::<<std[70759c8f55707aa4]::sync::once_lock::OnceLock<()>>::get_or_init<usi_test[f60f29aac73d7d77]::fake_usi_engine_bin::{closure#0}>::{closure#0}, !>
[INFO] [stdout]   14:     0x64d251da3c2d - <usi_test[f60f29aac73d7d77]::timeout_grace_period_recovers_a_real_bestmove::{closure#0} as core[df12db4294e9bfd3]::ops::function::FnOnce<()>>::call_once
[INFO] [stdout]   15:     0x64d251da6c9b - test[9d35eded1c95d3be]::__rust_begin_short_backtrace::<core[df12db4294e9bfd3]::result::Result<(), alloc[2182bb758b4b3781]::string::String>, fn() -> core[df12db4294e9bfd3]::result::Result<(), alloc[2182bb758b4b3781]::string::String>>
[INFO] [stdout]   16:     0x64d251db4305 - test[9d35eded1c95d3be]::run_test::{closure#0}
[INFO] [stdout]   17:     0x64d251dadbc4 - std[70759c8f55707aa4]::sys::backtrace::__rust_begin_short_backtrace::<test[9d35eded1c95d3be]::run_test::{closure#1}, ()>
[INFO] [stdout]   18:     0x64d251db7462 - <std[70759c8f55707aa4]::thread::lifecycle::spawn_unchecked<test[9d35eded1c95d3be]::run_test::{closure#1}, ()>::{closure#1} as core[df12db4294e9bfd3]::ops::function::FnOnce<()>>::call_once::{shim:vtable#0}
[INFO] [stdout]   19:     0x64d251e31739 - <std[70759c8f55707aa4]::sys::thread::unix::Thread>::new::thread_start
[INFO] [stdout]   20:     0x7ed1dba70dfa - <unknown>
[INFO] [stdout]   21:     0x7ed1dbb043d4 - clone
[INFO] [stdout]   22:                0x0 - <unknown>
[INFO] [stdout] 
[INFO] [stdout] ---- analyse_includes_pv stdout ----
[INFO] [stdout] 
[INFO] [stdout] thread 'analyse_includes_pv' (530) panicked at tests/usi_test.rs:21:9:
[INFO] [stdout] failed to build fake-usi-engine
[INFO] [stdout] stack backtrace:
[INFO] [stdout]    0:     0x64d251e31e61 - <<std[70759c8f55707aa4]::sys::backtrace::BacktraceLock>::print::DisplayBacktrace as core[df12db4294e9bfd3]::fmt::Display>::fmt
[INFO] [stdout]    1:     0x64d251e4621a - core[df12db4294e9bfd3]::fmt::write
[INFO] [stdout]    2:     0x64d251e363dc - <alloc[2182bb758b4b3781]::vec::Vec<u8> as core[df12db4294e9bfd3]::io::write::Write>::write_fmt
[INFO] [stdout]    3:     0x64d251e0dc16 - std[70759c8f55707aa4]::panicking::default_hook::{closure#0}
[INFO] [stdout]    4:     0x64d251e2a5c9 - std[70759c8f55707aa4]::panicking::default_hook
[INFO] [stdout]    5:     0x64d251db39b0 - test[9d35eded1c95d3be]::test_main_inner::<test[9d35eded1c95d3be]::test_main_static::{closure#0}>::{closure#0}
[INFO] [stdout]    6:     0x64d251e2a782 - std[70759c8f55707aa4]::panicking::panic_with_hook
[INFO] [stdout]    7:     0x64d251e0dcf4 - std[70759c8f55707aa4]::panicking::panic_handler::{closure#0}
[INFO] [stdout]    8:     0x64d251e06a49 - std[70759c8f55707aa4]::sys::backtrace::__rust_end_short_backtrace::<std[70759c8f55707aa4]::panicking::panic_handler::{closure#0}, !>
[INFO] [stdout]    9:     0x64d251e0e8bd - __rustc[8fa7c3cbc660c2b3]::rust_begin_unwind
[INFO] [stdout]   10:     0x64d251e4694c - core[df12db4294e9bfd3]::panicking::panic_fmt
[INFO] [stdout]   11:     0x64d251da6395 - <std[70759c8f55707aa4]::sync::once::Once>::call_once_force::<<std[70759c8f55707aa4]::sync::once_lock::OnceLock<()>>::initialize<<std[70759c8f55707aa4]::sync::once_lock::OnceLock<()>>::get_or_init<usi_test[f60f29aac73d7d77]::fake_usi_engine_bin::{closure#0}>::{closure#0}, !>::{closure#0}>::{closure#0}
[INFO] [stdout]   12:     0x64d251e13809 - <std[70759c8f55707aa4]::sys::sync::once::futex::Once>::call
[INFO] [stdout]   13:     0x64d251da581d - <std[70759c8f55707aa4]::sync::once_lock::OnceLock<()>>::initialize::<<std[70759c8f55707aa4]::sync::once_lock::OnceLock<()>>::get_or_init<usi_test[f60f29aac73d7d77]::fake_usi_engine_bin::{closure#0}>::{closure#0}, !>
[INFO] [stdout]   14:     0x64d251da0abe - usi_test[f60f29aac73d7d77]::fake_engine
[INFO] [stdout]   15:     0x64d251da0da4 - <usi_test[f60f29aac73d7d77]::analyse_includes_pv::{closure#0} as core[df12db4294e9bfd3]::ops::function::FnOnce<()>>::call_once
[INFO] [stdout]   16:     0x64d251da6c9b - test[9d35eded1c95d3be]::__rust_begin_short_backtrace::<core[df12db4294e9bfd3]::result::Result<(), alloc[2182bb758b4b3781]::string::String>, fn() -> core[df12db4294e9bfd3]::result::Result<(), alloc[2182bb758b4b3781]::string::String>>
[INFO] [stdout]   17:     0x64d251db4305 - test[9d35eded1c95d3be]::run_test::{closure#0}
[INFO] [stdout]   18:     0x64d251dadbc4 - std[70759c8f55707aa4]::sys::backtrace::__rust_begin_short_backtrace::<test[9d35eded1c95d3be]::run_test::{closure#1}, ()>
[INFO] [stdout]   19:     0x64d251db7462 - <std[70759c8f55707aa4]::thread::lifecycle::spawn_unchecked<test[9d35eded1c95d3be]::run_test::{closure#1}, ()>::{closure#1} as core[df12db4294e9bfd3]::ops::function::FnOnce<()>>::call_once::{shim:vtable#0}
[INFO] [stdout]   20:     0x64d251e31739 - <std[70759c8f55707aa4]::sys::thread::unix::Thread>::new::thread_start
[INFO] [stdout]   21:     0x7ed1dba70dfa - <unknown>
[INFO] [stdout]   22:     0x7ed1dbb043d4 - clone
[INFO] [stdout]   23:                0x0 - <unknown>
[INFO] [stdout] 
[INFO] [stdout] ---- analyse_returns_cp_score stdout ----
[INFO] [stdout] 
[INFO] [stdout] thread 'analyse_returns_cp_score' (535) panicked at tests/usi_test.rs:21:9:
[INFO] [stdout] failed to build fake-usi-engine
[INFO] [stdout] stack backtrace:
[INFO] [stdout]    0:     0x64d251e31e61 - <<std[70759c8f55707aa4]::sys::backtrace::BacktraceLock>::print::DisplayBacktrace as core[df12db4294e9bfd3]::fmt::Display>::fmt
[INFO] [stdout]    1:     0x64d251e4621a - core[df12db4294e9bfd3]::fmt::write
[INFO] [stdout]    2:     0x64d251e363dc - <alloc[2182bb758b4b3781]::vec::Vec<u8> as core[df12db4294e9bfd3]::io::write::Write>::write_fmt
[INFO] [stdout]    3:     0x64d251e0dc16 - std[70759c8f55707aa4]::panicking::default_hook::{closure#0}
[INFO] [stdout]    4:     0x64d251e2a5c9 - std[70759c8f55707aa4]::panicking::default_hook
[INFO] [stdout]    5:     0x64d251db39b0 - test[9d35eded1c95d3be]::test_main_inner::<test[9d35eded1c95d3be]::test_main_static::{closure#0}>::{closure#0}
[INFO] [stdout]    6:     0x64d251e2a782 - std[70759c8f55707aa4]::panicking::panic_with_hook
[INFO] [stdout]    7:     0x64d251e0dcf4 - std[70759c8f55707aa4]::panicking::panic_handler::{closure#0}
[INFO] [stdout]    8:     0x64d251e06a49 - std[70759c8f55707aa4]::sys::backtrace::__rust_end_short_backtrace::<std[70759c8f55707aa4]::panicking::panic_handler::{closure#0}, !>
[INFO] [stdout]    9:     0x64d251e0e8bd - __rustc[8fa7c3cbc660c2b3]::rust_begin_unwind
[INFO] [stdout]   10:     0x64d251e4694c - core[df12db4294e9bfd3]::panicking::panic_fmt
[INFO] [stdout]   11:     0x64d251da6395 - <std[70759c8f55707aa4]::sync::once::Once>::call_once_force::<<std[70759c8f55707aa4]::sync::once_lock::OnceLock<()>>::initialize<<std[70759c8f55707aa4]::sync::once_lock::OnceLock<()>>::get_or_init<usi_test[f60f29aac73d7d77]::fake_usi_engine_bin::{closure#0}>::{closure#0}, !>::{closure#0}>::{closure#0}
[INFO] [stdout]   12:     0x64d251e13809 - <std[70759c8f55707aa4]::sys::sync::once::futex::Once>::call
[INFO] [stdout]   13:     0x64d251da581d - <std[70759c8f55707aa4]::sync::once_lock::OnceLock<()>>::initialize::<<std[70759c8f55707aa4]::sync::once_lock::OnceLock<()>>::get_or_init<usi_test[f60f29aac73d7d77]::fake_usi_engine_bin::{closure#0}>::{closure#0}, !>
[INFO] [stdout]   14:     0x64d251da0abe - usi_test[f60f29aac73d7d77]::fake_engine
[INFO] [stdout]   15:     0x64d251da137d - <usi_test[f60f29aac73d7d77]::analyse_returns_cp_score::{closure#0} as core[df12db4294e9bfd3]::ops::function::FnOnce<()>>::call_once
[INFO] [stdout]   16:     0x64d251da6c9b - test[9d35eded1c95d3be]::__rust_begin_short_backtrace::<core[df12db4294e9bfd3]::result::Result<(), alloc[2182bb758b4b3781]::string::String>, fn() -> core[df12db4294e9bfd3]::result::Result<(), alloc[2182bb758b4b3781]::string::String>>
[INFO] [stdout]   17:     0x64d251db4305 - test[9d35eded1c95d3be]::run_test::{closure#0}
[INFO] [stdout]   18:     0x64d251dadbc4 - std[70759c8f55707aa4]::sys::backtrace::__rust_begin_short_backtrace::<test[9d35eded1c95d3be]::run_test::{closure#1}, ()>
[INFO] [stdout]   19:     0x64d251db7462 - <std[70759c8f55707aa4]::thread::lifecycle::spawn_unchecked<test[9d35eded1c95d3be]::run_test::{closure#1}, ()>::{closure#1} as core[df12db4294e9bfd3]::ops::function::FnOnce<()>>::call_once::{shim:vtable#0}
[INFO] [stdout]   20:     0x64d251e31739 - <std[70759c8f55707aa4]::sys::thread::unix::Thread>::new::thread_start
[INFO] [stdout]   21:     0x7ed1dba70dfa - <unknown>
[INFO] [stdout]   22:     0x7ed1dbb043d4 - clone
[INFO] [stdout]   23:                0x0 - <unknown>
[INFO] [stdout] 
[INFO] [stdout] ---- handshake_succeeds stdout ----
[INFO] [stdout] 
[INFO] [stdout] thread 'handshake_succeeds' (537) panicked at tests/usi_test.rs:21:9:
[INFO] [stdout] failed to build fake-usi-engine
[INFO] [stdout] stack backtrace:
[INFO] [stdout]    0:     0x64d251e31e61 - <<std[70759c8f55707aa4]::sys::backtrace::BacktraceLock>::print::DisplayBacktrace as core[df12db4294e9bfd3]::fmt::Display>::fmt
[INFO] [stdout]    1:     0x64d251e4621a - core[df12db4294e9bfd3]::fmt::write
[INFO] [stdout]    2:     0x64d251e363dc - <alloc[2182bb758b4b3781]::vec::Vec<u8> as core[df12db4294e9bfd3]::io::write::Write>::write_fmt
[INFO] [stdout]    3:     0x64d251e0dc16 - std[70759c8f55707aa4]::panicking::default_hook::{closure#0}
[INFO] [stdout]    4:     0x64d251e2a5c9 - std[70759c8f55707aa4]::panicking::default_hook
[INFO] [stdout]    5:     0x64d251db39b0 - test[9d35eded1c95d3be]::test_main_inner::<test[9d35eded1c95d3be]::test_main_static::{closure#0}>::{closure#0}
[INFO] [stdout]    6:     0x64d251e2a782 - std[70759c8f55707aa4]::panicking::panic_with_hook
[INFO] [stdout]    7:     0x64d251e0dcf4 - std[70759c8f55707aa4]::panicking::panic_handler::{closure#0}
[INFO] [stdout]    8:     0x64d251e06a49 - std[70759c8f55707aa4]::sys::backtrace::__rust_end_short_backtrace::<std[70759c8f55707aa4]::panicking::panic_handler::{closure#0}, !>
[INFO] [stdout]    9:     0x64d251e0e8bd - __rustc[8fa7c3cbc660c2b3]::rust_begin_unwind
[INFO] [stdout]   10:     0x64d251e4694c - core[df12db4294e9bfd3]::panicking::panic_fmt
[INFO] [stdout]   11:     0x64d251da6395 - <std[70759c8f55707aa4]::sync::once::Once>::call_once_force::<<std[70759c8f55707aa4]::sync::once_lock::OnceLock<()>>::initialize<<std[70759c8f55707aa4]::sync::once_lock::OnceLock<()>>::get_or_init<usi_test[f60f29aac73d7d77]::fake_usi_engine_bin::{closure#0}>::{closure#0}, !>::{closure#0}>::{closure#0}
[INFO] [stdout]   12:     0x64d251e13809 - <std[70759c8f55707aa4]::sys::sync::once::futex::Once>::call
[INFO] [stdout]   13:     0x64d251da581d - <std[70759c8f55707aa4]::sync::once_lock::OnceLock<()>>::initialize::<<std[70759c8f55707aa4]::sync::once_lock::OnceLock<()>>::get_or_init<usi_test[f60f29aac73d7d77]::fake_usi_engine_bin::{closure#0}>::{closure#0}, !>
[INFO] [stdout]   14:     0x64d251da0abe - usi_test[f60f29aac73d7d77]::fake_engine
[INFO] [stdout]   15:     0x64d251da0ce5 - <usi_test[f60f29aac73d7d77]::handshake_succeeds::{closure#0} as core[df12db4294e9bfd3]::ops::function::FnOnce<()>>::call_once
[INFO] [stdout]   16:     0x64d251da6c9b - test[9d35eded1c95d3be]::__rust_begin_short_backtrace::<core[df12db4294e9bfd3]::result::Result<(), alloc[2182bb758b4b3781]::string::String>, fn() -> core[df12db4294e9bfd3]::result::Result<(), alloc[2182bb758b4b3781]::string::String>>
[INFO] [stdout]   17:     0x64d251db4305 - test[9d35eded1c95d3be]::run_test::{closure#0}
[INFO] [stdout]   18:     0x64d251dadbc4 - std[70759c8f55707aa4]::sys::backtrace::__rust_begin_short_backtrace::<test[9d35eded1c95d3be]::run_test::{closure#1}, ()>
[INFO] [stdout]   19:     0x64d251db7462 - <std[70759c8f55707aa4]::thread::lifecycle::spawn_unchecked<test[9d35eded1c95d3be]::run_test::{closure#1}, ()>::{closure#1} as core[df12db4294e9bfd3]::ops::function::FnOnce<()>>::call_once::{shim:vtable#0}
[INFO] [stdout]   20:     0x64d251e31739 - <std[70759c8f55707aa4]::sys::thread::unix::Thread>::new::thread_start
[INFO] [stdout]   21:     0x7ed1dba70dfa - <unknown>
[INFO] [stdout]   22:     0x7ed1dbb043d4 - clone
[INFO] [stdout]   23:                0x0 - <unknown>
[INFO] [stdout] 
[INFO] [stdout] ---- analyse_ignores_bound_tagged_runner_up stdout ----
[INFO] [stdout] 
[INFO] [stdout] thread 'analyse_ignores_bound_tagged_runner_up' (529) panicked at tests/usi_test.rs:21:9:
[INFO] [stdout] failed to build fake-usi-engine
[INFO] [stdout] stack backtrace:
[INFO] [stdout]    0:     0x64d251e31e61 - <<std[70759c8f55707aa4]::sys::backtrace::BacktraceLock>::print::DisplayBacktrace as core[df12db4294e9bfd3]::fmt::Display>::fmt
[INFO] [stdout]    1:     0x64d251e4621a - core[df12db4294e9bfd3]::fmt::write
[INFO] [stdout]    2:     0x64d251e363dc - <alloc[2182bb758b4b3781]::vec::Vec<u8> as core[df12db4294e9bfd3]::io::write::Write>::write_fmt
[INFO] [stdout]    3:     0x64d251e0dc16 - std[70759c8f55707aa4]::panicking::default_hook::{closure#0}
[INFO] [stdout]    4:     0x64d251e2a5c9 - std[70759c8f55707aa4]::panicking::default_hook
[INFO] [stdout]    5:     0x64d251db39b0 - test[9d35eded1c95d3be]::test_main_inner::<test[9d35eded1c95d3be]::test_main_static::{closure#0}>::{closure#0}
[INFO] [stdout]    6:     0x64d251e2a782 - std[70759c8f55707aa4]::panicking::panic_with_hook
[INFO] [stdout]    7:     0x64d251e0dcf4 - std[70759c8f55707aa4]::panicking::panic_handler::{closure#0}
[INFO] [stdout]    8:     0x64d251e06a49 - std[70759c8f55707aa4]::sys::backtrace::__rust_end_short_backtrace::<std[70759c8f55707aa4]::panicking::panic_handler::{closure#0}, !>
[INFO] [stdout]    9:     0x64d251e0e8bd - __rustc[8fa7c3cbc660c2b3]::rust_begin_unwind
[INFO] [stdout]   10:     0x64d251e4694c - core[df12db4294e9bfd3]::panicking::panic_fmt
[INFO] [stdout]   11:     0x64d251da6395 - <std[70759c8f55707aa4]::sync::once::Once>::call_once_force::<<std[70759c8f55707aa4]::sync::once_lock::OnceLock<()>>::initialize<<std[70759c8f55707aa4]::sync::once_lock::OnceLock<()>>::get_or_init<usi_test[f60f29aac73d7d77]::fake_usi_engine_bin::{closure#0}>::{closure#0}, !>::{closure#0}>::{closure#0}
[INFO] [stdout]   12:     0x64d251e13809 - <std[70759c8f55707aa4]::sys::sync::once::futex::Once>::call
[INFO] [stdout]   13:     0x64d251da581d - <std[70759c8f55707aa4]::sync::once_lock::OnceLock<()>>::initialize::<<std[70759c8f55707aa4]::sync::once_lock::OnceLock<()>>::get_or_init<usi_test[f60f29aac73d7d77]::fake_usi_engine_bin::{closure#0}>::{closure#0}, !>
[INFO] [stdout]   14:     0x64d251da290d - <usi_test[f60f29aac73d7d77]::analyse_ignores_bound_tagged_runner_up::{closure#0} as core[df12db4294e9bfd3]::ops::function::FnOnce<()>>::call_once
[INFO] [stdout]   15:     0x64d251da6c9b - test[9d35eded1c95d3be]::__rust_begin_short_backtrace::<core[df12db4294e9bfd3]::result::Result<(), alloc[2182bb758b4b3781]::string::String>, fn() -> core[df12db4294e9bfd3]::result::Result<(), alloc[2182bb758b4b3781]::string::String>>
[INFO] [stdout]   16:     0x64d251db4305 - test[9d35eded1c95d3be]::run_test::{closure#0}
[INFO] [stdout]   17:     0x64d251dadbc4 - std[70759c8f55707aa4]::sys::backtrace::__rust_begin_short_backtrace::<test[9d35eded1c95d3be]::run_test::{closure#1}, ()>
[INFO] [stdout]   18:     0x64d251db7462 - <std[70759c8f55707aa4]::thread::lifecycle::spawn_unchecked<test[9d35eded1c95d3be]::run_test::{closure#1}, ()>::{closure#1} as core[df12db4294e9bfd3]::ops::function::FnOnce<()>>::call_once::{shim:vtable#0}
[INFO] [stdout]   19:     0x64d251e31739 - <std[70759c8f55707aa4]::sys::thread::unix::Thread>::new::thread_start
[INFO] [stdout]   20:     0x7ed1dba70dfa - <unknown>
[INFO] [stdout]   21:     0x7ed1dbb043d4 - clone
[INFO] [stdout]   22:                0x0 - <unknown>
[INFO] [stdout] 
[INFO] [stdout] ---- analyse_without_multipv_has_no_margin stdout ----
[INFO] [stdout] 
[INFO] [stdout] thread 'analyse_without_multipv_has_no_margin' (536) panicked at tests/usi_test.rs:21:9:
[INFO] [stdout] failed to build fake-usi-engine
[INFO] [stdout] stack backtrace:
[INFO] [stdout]    0:     0x64d251e31e61 - <<std[70759c8f55707aa4]::sys::backtrace::BacktraceLock>::print::DisplayBacktrace as core[df12db4294e9bfd3]::fmt::Display>::fmt
[INFO] [stdout]    1:     0x64d251e4621a - core[df12db4294e9bfd3]::fmt::write
[INFO] [stdout]    2:     0x64d251e363dc - <alloc[2182bb758b4b3781]::vec::Vec<u8> as core[df12db4294e9bfd3]::io::write::Write>::write_fmt
[INFO] [stdout]    3:     0x64d251e0dc16 - std[70759c8f55707aa4]::panicking::default_hook::{closure#0}
[INFO] [stdout]    4:     0x64d251e2a5c9 - std[70759c8f55707aa4]::panicking::default_hook
[INFO] [stdout]    5:     0x64d251db39b0 - test[9d35eded1c95d3be]::test_main_inner::<test[9d35eded1c95d3be]::test_main_static::{closure#0}>::{closure#0}
[INFO] [stdout]    6:     0x64d251e2a782 - std[70759c8f55707aa4]::panicking::panic_with_hook
[INFO] [stdout]    7:     0x64d251e0dcf4 - std[70759c8f55707aa4]::panicking::panic_handler::{closure#0}
[INFO] [stdout]    8:     0x64d251e06a49 - std[70759c8f55707aa4]::sys::backtrace::__rust_end_short_backtrace::<std[70759c8f55707aa4]::panicking::panic_handler::{closure#0}, !>
[INFO] [stdout]    9:     0x64d251e0e8bd - __rustc[8fa7c3cbc660c2b3]::rust_begin_unwind
[INFO] [stdout]   10:     0x64d251e4694c - core[df12db4294e9bfd3]::panicking::panic_fmt
[INFO] [stdout]   11:     0x64d251da6395 - <std[70759c8f55707aa4]::sync::once::Once>::call_once_force::<<std[70759c8f55707aa4]::sync::once_lock::OnceLock<()>>::initialize<<std[70759c8f55707aa4]::sync::once_lock::OnceLock<()>>::get_or_init<usi_test[f60f29aac73d7d77]::fake_usi_engine_bin::{closure#0}>::{closure#0}, !>::{closure#0}>::{closure#0}
[INFO] [stdout]   12:     0x64d251e13809 - <std[70759c8f55707aa4]::sys::sync::once::futex::Once>::call
[INFO] [stdout]   13:     0x64d251da581d - <std[70759c8f55707aa4]::sync::once_lock::OnceLock<()>>::initialize::<<std[70759c8f55707aa4]::sync::once_lock::OnceLock<()>>::get_or_init<usi_test[f60f29aac73d7d77]::fake_usi_engine_bin::{closure#0}>::{closure#0}, !>
[INFO] [stdout]   14:     0x64d251da0abe - usi_test[f60f29aac73d7d77]::fake_engine
[INFO] [stdout]   15:     0x64d251da25bd - <usi_test[f60f29aac73d7d77]::analyse_without_multipv_has_no_margin::{closure#0} as core[df12db4294e9bfd3]::ops::function::FnOnce<()>>::call_once
[INFO] [stdout]   16:     0x64d251da6c9b - test[9d35eded1c95d3be]::__rust_begin_short_backtrace::<core[df12db4294e9bfd3]::result::Result<(), alloc[2182bb758b4b3781]::string::String>, fn() -> core[df12db4294e9bfd3]::result::Result<(), alloc[2182bb758b4b3781]::string::String>>
[INFO] [stdout]   17:     0x64d251db4305 - test[9d35eded1c95d3be]::run_test::{closure#0}
[INFO] [stdout]   18:     0x64d251dadbc4 - std[70759c8f55707aa4]::sys::backtrace::__rust_begin_short_backtrace::<test[9d35eded1c95d3be]::run_test::{closure#1}, ()>
[INFO] [stdout]   19:     0x64d251db7462 - <std[70759c8f55707aa4]::thread::lifecycle::spawn_unchecked<test[9d35eded1c95d3be]::run_test::{closure#1}, ()>::{closure#1} as core[df12db4294e9bfd3]::ops::function::FnOnce<()>>::call_once::{shim:vtable#0}
[INFO] [stdout]   20:     0x64d251e31739 - <std[70759c8f55707aa4]::sys::thread::unix::Thread>::new::thread_start
[INFO] [stdout]   21:     0x7ed1dba70dfa - <unknown>
[INFO] [stdout]   22:     0x7ed1dbb043d4 - clone
[INFO] [stdout]   23:                0x0 - <unknown>
[INFO] [stdout] 
[INFO] [stdout] ---- analyse_reports_actual_depth_when_engine_stops_early stdout ----
[INFO] [stdout] 
[INFO] [stdout] thread 'analyse_reports_actual_depth_when_engine_stops_early' (532) panicked at tests/usi_test.rs:21:9:
[INFO] [stdout] failed to build fake-usi-engine
[INFO] [stdout] stack backtrace:
[INFO] [stdout]    0:     0x64d251e31e61 - <<std[70759c8f55707aa4]::sys::backtrace::BacktraceLock>::print::DisplayBacktrace as core[df12db4294e9bfd3]::fmt::Display>::fmt
[INFO] [stdout]    1:     0x64d251e4621a - core[df12db4294e9bfd3]::fmt::write
[INFO] [stdout]    2:     0x64d251e363dc - <alloc[2182bb758b4b3781]::vec::Vec<u8> as core[df12db4294e9bfd3]::io::write::Write>::write_fmt
[INFO] [stdout]    3:     0x64d251e0dc16 - std[70759c8f55707aa4]::panicking::default_hook::{closure#0}
[INFO] [stdout]    4:     0x64d251e2a5c9 - std[70759c8f55707aa4]::panicking::default_hook
[INFO] [stdout]    5:     0x64d251db39b0 - test[9d35eded1c95d3be]::test_main_inner::<test[9d35eded1c95d3be]::test_main_static::{closure#0}>::{closure#0}
[INFO] [stdout]    6:     0x64d251e2a782 - std[70759c8f55707aa4]::panicking::panic_with_hook
[INFO] [stdout]    7:     0x64d251e0dcf4 - std[70759c8f55707aa4]::panicking::panic_handler::{closure#0}
[INFO] [stdout]    8:     0x64d251e06a49 - std[70759c8f55707aa4]::sys::backtrace::__rust_end_short_backtrace::<std[70759c8f55707aa4]::panicking::panic_handler::{closure#0}, !>
[INFO] [stdout]    9:     0x64d251e0e8bd - __rustc[8fa7c3cbc660c2b3]::rust_begin_unwind
[INFO] [stdout]   10:     0x64d251e4694c - core[df12db4294e9bfd3]::panicking::panic_fmt
[INFO] [stdout]   11:     0x64d251da6395 - <std[70759c8f55707aa4]::sync::once::Once>::call_once_force::<<std[70759c8f55707aa4]::sync::once_lock::OnceLock<()>>::initialize<<std[70759c8f55707aa4]::sync::once_lock::OnceLock<()>>::get_or_init<usi_test[f60f29aac73d7d77]::fake_usi_engine_bin::{closure#0}>::{closure#0}, !>::{closure#0}>::{closure#0}
[INFO] [stdout]   12:     0x64d251e13809 - <std[70759c8f55707aa4]::sys::sync::once::futex::Once>::call
[INFO] [stdout]   13:     0x64d251da581d - <std[70759c8f55707aa4]::sync::once_lock::OnceLock<()>>::initialize::<<std[70759c8f55707aa4]::sync::once_lock::OnceLock<()>>::get_or_init<usi_test[f60f29aac73d7d77]::fake_usi_engine_bin::{closure#0}>::{closure#0}, !>
[INFO] [stdout]   14:     0x64d251da4317 - <usi_test[f60f29aac73d7d77]::analyse_reports_actual_depth_when_engine_stops_early::{closure#0} as core[df12db4294e9bfd3]::ops::function::FnOnce<()>>::call_once
[INFO] [stdout]   15:     0x64d251da6c9b - test[9d35eded1c95d3be]::__rust_begin_short_backtrace::<core[df12db4294e9bfd3]::result::Result<(), alloc[2182bb758b4b3781]::string::String>, fn() -> core[df12db4294e9bfd3]::result::Result<(), alloc[2182bb758b4b3781]::string::String>>
[INFO] [stdout]   16:     0x64d251db4305 - test[9d35eded1c95d3be]::run_test::{closure#0}
[INFO] [stdout]   17:     0x64d251dadbc4 - std[70759c8f55707aa4]::sys::backtrace::__rust_begin_short_backtrace::<test[9d35eded1c95d3be]::run_test::{closure#1}, ()>
[INFO] [stdout]   18:     0x64d251db7462 - <std[70759c8f55707aa4]::thread::lifecycle::spawn_unchecked<test[9d35eded1c95d3be]::run_test::{closure#1}, ()>::{closure#1} as core[df12db4294e9bfd3]::ops::function::FnOnce<()>>::call_once::{shim:vtable#0}
[INFO] [stdout]   19:     0x64d251e31739 - <std[70759c8f55707aa4]::sys::thread::unix::Thread>::new::thread_start
[INFO] [stdout]   20:     0x7ed1dba70dfa - <unknown>
[INFO] [stdout]   21:     0x7ed1dbb043d4 - clone
[INFO] [stdout]   22:                0x0 - <unknown>
[INFO] [stdout] 
[INFO] [stdout] ---- strict_detects_goless_bestmove stdout ----
[INFO] [stdout] 
[INFO] [stdout] thread 'strict_detects_goless_bestmove' (540) panicked at tests/usi_test.rs:21:9:
[INFO] [stdout] failed to build fake-usi-engine
[INFO] [stdout] stack backtrace:
[INFO] [stdout]    0:     0x64d251e31e61 - <<std[70759c8f55707aa4]::sys::backtrace::BacktraceLock>::print::DisplayBacktrace as core[df12db4294e9bfd3]::fmt::Display>::fmt
[INFO] [stdout]    1:     0x64d251e4621a - core[df12db4294e9bfd3]::fmt::write
[INFO] [stdout]    2:     0x64d251e363dc - <alloc[2182bb758b4b3781]::vec::Vec<u8> as core[df12db4294e9bfd3]::io::write::Write>::write_fmt
[INFO] [stdout]    3:     0x64d251e0dc16 - std[70759c8f55707aa4]::panicking::default_hook::{closure#0}
[INFO] [stdout]    4:     0x64d251e2a5c9 - std[70759c8f55707aa4]::panicking::default_hook
[INFO] [stdout]    5:     0x64d251db39b0 - test[9d35eded1c95d3be]::test_main_inner::<test[9d35eded1c95d3be]::test_main_static::{closure#0}>::{closure#0}
[INFO] [stdout]    6:     0x64d251e2a782 - std[70759c8f55707aa4]::panicking::panic_with_hook
[INFO] [stdout]    7:     0x64d251e0dcf4 - std[70759c8f55707aa4]::panicking::panic_handler::{closure#0}
[INFO] [stdout]    8:     0x64d251e06a49 - std[70759c8f55707aa4]::sys::backtrace::__rust_end_short_backtrace::<std[70759c8f55707aa4]::panicking::panic_handler::{closure#0}, !>
[INFO] [stdout]    9:     0x64d251e0e8bd - __rustc[8fa7c3cbc660c2b3]::rust_begin_unwind
[INFO] [stdout]   10:     0x64d251e4694c - core[df12db4294e9bfd3]::panicking::panic_fmt
[INFO] [stdout]   11:     0x64d251da6395 - <std[70759c8f55707aa4]::sync::once::Once>::call_once_force::<<std[70759c8f55707aa4]::sync::once_lock::OnceLock<()>>::initialize<<std[70759c8f55707aa4]::sync::once_lock::OnceLock<()>>::get_or_init<usi_test[f60f29aac73d7d77]::fake_usi_engine_bin::{closure#0}>::{closure#0}, !>::{closure#0}>::{closure#0}
[INFO] [stdout]   12:     0x64d251e13809 - <std[70759c8f55707aa4]::sys::sync::once::futex::Once>::call
[INFO] [stdout]   13:     0x64d251da581d - <std[70759c8f55707aa4]::sync::once_lock::OnceLock<()>>::initialize::<<std[70759c8f55707aa4]::sync::once_lock::OnceLock<()>>::get_or_init<usi_test[f60f29aac73d7d77]::fake_usi_engine_bin::{closure#0}>::{closure#0}, !>
[INFO] [stdout]   14:     0x64d251da19b3 - <usi_test[f60f29aac73d7d77]::strict_detects_goless_bestmove::{closure#0} as core[df12db4294e9bfd3]::ops::function::FnOnce<()>>::call_once
[INFO] [stdout]   15:     0x64d251da6c9b - test[9d35eded1c95d3be]::__rust_begin_short_backtrace::<core[df12db4294e9bfd3]::result::Result<(), alloc[2182bb758b4b3781]::string::String>, fn() -> core[df12db4294e9bfd3]::result::Result<(), alloc[2182bb758b4b3781]::string::String>>
[INFO] [stdout]   16:     0x64d251db4305 - test[9d35eded1c95d3be]::run_test::{closure#0}
[INFO] [stdout]   17:     0x64d251dadbc4 - std[70759c8f55707aa4]::sys::backtrace::__rust_begin_short_backtrace::<test[9d35eded1c95d3be]::run_test::{closure#1}, ()>
[INFO] [stdout]   18:     0x64d251db7462 - <std[70759c8f55707aa4]::thread::lifecycle::spawn_unchecked<test[9d35eded1c95d3be]::run_test::{closure#1}, ()>::{closure#1} as core[df12db4294e9bfd3]::ops::function::FnOnce<()>>::call_once::{shim:vtable#0}
[INFO] [stdout]   19:     0x64d251e31739 - <std[70759c8f55707aa4]::sys::thread::unix::Thread>::new::thread_start
[INFO] [stdout]   20:     0x7ed1dba70dfa - <unknown>
[INFO] [stdout]   21:     0x7ed1dbb043d4 - clone
[INFO] [stdout]   22:                0x0 - <unknown>
[INFO] [stdout] 
[INFO] [stdout] ---- strict_detects_duplicate_bestmove stdout ----
[INFO] [stdout] 
[INFO] [stdout] thread 'strict_detects_duplicate_bestmove' (539) panicked at tests/usi_test.rs:21:9:
[INFO] [stdout] failed to build fake-usi-engine
[INFO] [stdout] stack backtrace:
[INFO] [stdout]    0:     0x64d251e31e61 - <<std[70759c8f55707aa4]::sys::backtrace::BacktraceLock>::print::DisplayBacktrace as core[df12db4294e9bfd3]::fmt::Display>::fmt
[INFO] [stdout]    1:     0x64d251e4621a - core[df12db4294e9bfd3]::fmt::write
[INFO] [stdout]    2:     0x64d251e363dc - <alloc[2182bb758b4b3781]::vec::Vec<u8> as core[df12db4294e9bfd3]::io::write::Write>::write_fmt
[INFO] [stdout]    3:     0x64d251e0dc16 - std[70759c8f55707aa4]::panicking::default_hook::{closure#0}
[INFO] [stdout]    4:     0x64d251e2a5c9 - std[70759c8f55707aa4]::panicking::default_hook
[INFO] [stdout]    5:     0x64d251db39b0 - test[9d35eded1c95d3be]::test_main_inner::<test[9d35eded1c95d3be]::test_main_static::{closure#0}>::{closure#0}
[INFO] [stdout]    6:     0x64d251e2a782 - std[70759c8f55707aa4]::panicking::panic_with_hook
[INFO] [stdout]    7:     0x64d251e0dcf4 - std[70759c8f55707aa4]::panicking::panic_handler::{closure#0}
[INFO] [stdout]    8:     0x64d251e06a49 - std[70759c8f55707aa4]::sys::backtrace::__rust_end_short_backtrace::<std[70759c8f55707aa4]::panicking::panic_handler::{closure#0}, !>
[INFO] [stdout]    9:     0x64d251e0e8bd - __rustc[8fa7c3cbc660c2b3]::rust_begin_unwind
[INFO] [stdout]   10:     0x64d251e4694c - core[df12db4294e9bfd3]::panicking::panic_fmt
[INFO] [stdout]   11:     0x64d251da6395 - <std[70759c8f55707aa4]::sync::once::Once>::call_once_force::<<std[70759c8f55707aa4]::sync::once_lock::OnceLock<()>>::initialize<<std[70759c8f55707aa4]::sync::once_lock::OnceLock<()>>::get_or_init<usi_test[f60f29aac73d7d77]::fake_usi_engine_bin::{closure#0}>::{closure#0}, !>::{closure#0}>::{closure#0}
[INFO] [stdout]   12:     0x64d251e13809 - <std[70759c8f55707aa4]::sys::sync::once::futex::Once>::call
[INFO] [stdout]   13:     0x64d251da581d - <std[70759c8f55707aa4]::sync::once_lock::OnceLock<()>>::initialize::<<std[70759c8f55707aa4]::sync::once_lock::OnceLock<()>>::get_or_init<usi_test[f60f29aac73d7d77]::fake_usi_engine_bin::{closure#0}>::{closure#0}, !>
[INFO] [stdout]   14:     0x64d251da1ccd - <usi_test[f60f29aac73d7d77]::strict_detects_duplicate_bestmove::{closure#0} as core[df12db4294e9bfd3]::ops::function::FnOnce<()>>::call_once
[INFO] [stdout]   15:     0x64d251da6c9b - test[9d35eded1c95d3be]::__rust_begin_short_backtrace::<core[df12db4294e9bfd3]::result::Result<(), alloc[2182bb758b4b3781]::string::String>, fn() -> core[df12db4294e9bfd3]::result::Result<(), alloc[2182bb758b4b3781]::string::String>>
[INFO] [stdout]   16:     0x64d251db4305 - test[9d35eded1c95d3be]::run_test::{closure#0}
[INFO] [stdout]   17:     0x64d251dadbc4 - std[70759c8f55707aa4]::sys::backtrace::__rust_begin_short_backtrace::<test[9d35eded1c95d3be]::run_test::{closure#1}, ()>
[INFO] [stdout]   18:     0x64d251db7462 - <std[70759c8f55707aa4]::thread::lifecycle::spawn_unchecked<test[9d35eded1c95d3be]::run_test::{closure#1}, ()>::{closure#1} as core[df12db4294e9bfd3]::ops::function::FnOnce<()>>::call_once::{shim:vtable#0}
[INFO] [stdout]   19:     0x64d251e31739 - <std[70759c8f55707aa4]::sys::thread::unix::Thread>::new::thread_start
[INFO] [stdout]   20:     0x7ed1dba70dfa - <unknown>
[INFO] [stdout]   21:     0x7ed1dbb043d4 - clone
[INFO] [stdout]   22:                0x0 - <unknown>
[INFO] [stdout] 
[INFO] [stdout] ---- timeout_salvages_last_known_depth_when_no_bestmove_ever_arrives stdout ----
[INFO] [stdout] 
[INFO] [stdout] thread 'timeout_salvages_last_known_depth_when_no_bestmove_ever_arrives' (548) panicked at tests/usi_test.rs:21:9:
[INFO] [stdout] failed to build fake-usi-engine
[INFO] [stdout] stack backtrace:
[INFO] [stdout]    0:     0x64d251e31e61 - <<std[70759c8f55707aa4]::sys::backtrace::BacktraceLock>::print::DisplayBacktrace as core[df12db4294e9bfd3]::fmt::Display>::fmt
[INFO] [stdout]    1:     0x64d251e4621a - core[df12db4294e9bfd3]::fmt::write
[INFO] [stdout]    2:     0x64d251e363dc - <alloc[2182bb758b4b3781]::vec::Vec<u8> as core[df12db4294e9bfd3]::io::write::Write>::write_fmt
[INFO] [stdout]    3:     0x64d251e0dc16 - std[70759c8f55707aa4]::panicking::default_hook::{closure#0}
[INFO] [stdout]    4:     0x64d251e2a5c9 - std[70759c8f55707aa4]::panicking::default_hook
[INFO] [stdout]    5:     0x64d251db39b0 - test[9d35eded1c95d3be]::test_main_inner::<test[9d35eded1c95d3be]::test_main_static::{closure#0}>::{closure#0}
[INFO] [stdout]    6:     0x64d251e2a782 - std[70759c8f55707aa4]::panicking::panic_with_hook
[INFO] [stdout]    7:     0x64d251e0dcf4 - std[70759c8f55707aa4]::panicking::panic_handler::{closure#0}
[INFO] [stdout]    8:     0x64d251e06a49 - std[70759c8f55707aa4]::sys::backtrace::__rust_end_short_backtrace::<std[70759c8f55707aa4]::panicking::panic_handler::{closure#0}, !>
[INFO] [stdout]    9:     0x64d251e0e8bd - __rustc[8fa7c3cbc660c2b3]::rust_begin_unwind
[INFO] [stdout]   10:     0x64d251e4694c - core[df12db4294e9bfd3]::panicking::panic_fmt
[INFO] [stdout]   11:     0x64d251da6395 - <std[70759c8f55707aa4]::sync::once::Once>::call_once_force::<<std[70759c8f55707aa4]::sync::once_lock::OnceLock<()>>::initialize<<std[70759c8f55707aa4]::sync::once_lock::OnceLock<()>>::get_or_init<usi_test[f60f29aac73d7d77]::fake_usi_engine_bin::{closure#0}>::{closure#0}, !>::{closure#0}>::{closure#0}
[INFO] [stdout]   12:     0x64d251e13809 - <std[70759c8f55707aa4]::sys::sync::once::futex::Once>::call
[INFO] [stdout]   13:     0x64d251da581d - <std[70759c8f55707aa4]::sync::once_lock::OnceLock<()>>::initialize::<<std[70759c8f55707aa4]::sync::once_lock::OnceLock<()>>::get_or_init<usi_test[f60f29aac73d7d77]::fake_usi_engine_bin::{closure#0}>::{closure#0}, !>
[INFO] [stdout]   14:     0x64d251da46ef - <usi_test[f60f29aac73d7d77]::timeout_salvages_last_known_depth_when_no_bestmove_ever_arrives::{closure#0} as core[df12db4294e9bfd3]::ops::function::FnOnce<()>>::call_once
[INFO] [stdout]   15:     0x64d251da6c9b - test[9d35eded1c95d3be]::__rust_begin_short_backtrace::<core[df12db4294e9bfd3]::result::Result<(), alloc[2182bb758b4b3781]::string::String>, fn() -> core[df12db4294e9bfd3]::result::Result<(), alloc[2182bb758b4b3781]::string::String>>
[INFO] [stdout]   16:     0x64d251db4305 - test[9d35eded1c95d3be]::run_test::{closure#0}
[INFO] [stdout]   17:     0x64d251dadbc4 - std[70759c8f55707aa4]::sys::backtrace::__rust_begin_short_backtrace::<test[9d35eded1c95d3be]::run_test::{closure#1}, ()>
[INFO] [stdout]   18:     0x64d251db7462 - <std[70759c8f55707aa4]::thread::lifecycle::spawn_unchecked<test[9d35eded1c95d3be]::run_test::{closure#1}, ()>::{closure#1} as core[df12db4294e9bfd3]::ops::function::FnOnce<()>>::call_once::{shim:vtable#0}
[INFO] [stdout]   19:     0x64d251e31739 - <std[70759c8f55707aa4]::sys::thread::unix::Thread>::new::thread_start
[INFO] [stdout]   20:     0x7ed1dba70dfa - <unknown>
[INFO] [stdout]   21:     0x7ed1dbb043d4 - clone
[INFO] [stdout]   22:                0x0 - <unknown>
[INFO] [stdout] 
[INFO] [stdout] ---- strict_detects_delayed_bestmove_after_timeout stdout ----
[INFO] [stdout] 
[INFO] [stdout] thread 'strict_detects_delayed_bestmove_after_timeout' (538) panicked at tests/usi_test.rs:21:9:
[INFO] [stdout] failed to build fake-usi-engine
[INFO] [stdout] stack backtrace:
[INFO] [stdout]    0:     0x64d251e31e61 - <<std[70759c8f55707aa4]::sys::backtrace::BacktraceLock>::print::DisplayBacktrace as core[df12db4294e9bfd3]::fmt::Display>::fmt
[INFO] [stdout]    1:     0x64d251e4621a - core[df12db4294e9bfd3]::fmt::write
[INFO] [stdout]    2:     0x64d251e363dc - <alloc[2182bb758b4b3781]::vec::Vec<u8> as core[df12db4294e9bfd3]::io::write::Write>::write_fmt
[INFO] [stdout]    3:     0x64d251e0dc16 - std[70759c8f55707aa4]::panicking::default_hook::{closure#0}
[INFO] [stdout]    4:     0x64d251e2a5c9 - std[70759c8f55707aa4]::panicking::default_hook
[INFO] [stdout]    5:     0x64d251db39b0 - test[9d35eded1c95d3be]::test_main_inner::<test[9d35eded1c95d3be]::test_main_static::{closure#0}>::{closure#0}
[INFO] [stdout]    6:     0x64d251e2a782 - std[70759c8f55707aa4]::panicking::panic_with_hook
[INFO] [stdout]    7:     0x64d251e0dcf4 - std[70759c8f55707aa4]::panicking::panic_handler::{closure#0}
[INFO] [stdout]    8:     0x64d251e06a49 - std[70759c8f55707aa4]::sys::backtrace::__rust_end_short_backtrace::<std[70759c8f55707aa4]::panicking::panic_handler::{closure#0}, !>
[INFO] [stdout]    9:     0x64d251e0e8bd - __rustc[8fa7c3cbc660c2b3]::rust_begin_unwind
[INFO] [stdout]   10:     0x64d251e4694c - core[df12db4294e9bfd3]::panicking::panic_fmt
[INFO] [stdout]   11:     0x64d251da6395 - <std[70759c8f55707aa4]::sync::once::Once>::call_once_force::<<std[70759c8f55707aa4]::sync::once_lock::OnceLock<()>>::initialize<<std[70759c8f55707aa4]::sync::once_lock::OnceLock<()>>::get_or_init<usi_test[f60f29aac73d7d77]::fake_usi_engine_bin::{closure#0}>::{closure#0}, !>::{closure#0}>::{closure#0}
[INFO] [stdout]   12:     0x64d251e13809 - <std[70759c8f55707aa4]::sys::sync::once::futex::Once>::call
[INFO] [stdout]   13:     0x64d251da581d - <std[70759c8f55707aa4]::sync::once_lock::OnceLock<()>>::initialize::<<std[70759c8f55707aa4]::sync::once_lock::OnceLock<()>>::get_or_init<usi_test[f60f29aac73d7d77]::fake_usi_engine_bin::{closure#0}>::{closure#0}, !>
[INFO] [stdout]   14:     0x64d251da36f8 - <usi_test[f60f29aac73d7d77]::strict_detects_delayed_bestmove_after_timeout::{closure#0} as core[df12db4294e9bfd3]::ops::function::FnOnce<()>>::call_once
[INFO] [stdout]   15:     0x64d251da6c9b - test[9d35eded1c95d3be]::__rust_begin_short_backtrace::<core[df12db4294e9bfd3]::result::Result<(), alloc[2182bb758b4b3781]::string::String>, fn() -> core[df12db4294e9bfd3]::result::Result<(), alloc[2182bb758b4b3781]::string::String>>
[INFO] [stdout]   16:     0x64d251db4305 - test[9d35eded1c95d3be]::run_test::{closure#0}
[INFO] [stdout]   17:     0x64d251dadbc4 - std[70759c8f55707aa4]::sys::backtrace::__rust_begin_short_backtrace::<test[9d35eded1c95d3be]::run_test::{closure#1}, ()>
[INFO] [stdout]   18:     0x64d251db7462 - <std[70759c8f55707aa4]::thread::lifecycle::spawn_unchecked<test[9d35eded1c95d3be]::run_test::{closure#1}, ()>::{closure#1} as core[df12db4294e9bfd3]::ops::function::FnOnce<()>>::call_once::{shim:vtable#0}
[INFO] [stdout]   19:     0x64d251e31739 - <std[70759c8f55707aa4]::sys::thread::unix::Thread>::new::thread_start
[INFO] [stdout]   20:     0x7ed1dba70dfa - <unknown>
[INFO] [stdout]   21:     0x7ed1dbb043d4 - clone
[INFO] [stdout]   22:                0x0 - <unknown>
[INFO] [stdout] 
[INFO] [stdout] ---- analyse_ignores_bound_tagged_bestmove stdout ----
[INFO] [stdout] 
[INFO] [stdout] thread 'analyse_ignores_bound_tagged_bestmove' (528) panicked at tests/usi_test.rs:21:9:
[INFO] [stdout] failed to build fake-usi-engine
[INFO] [stdout] stack backtrace:
[INFO] [stdout]    0:     0x64d251e31e61 - <<std[70759c8f55707aa4]::sys::backtrace::BacktraceLock>::print::DisplayBacktrace as core[df12db4294e9bfd3]::fmt::Display>::fmt
[INFO] [stdout]    1:     0x64d251e4621a - core[df12db4294e9bfd3]::fmt::write
[INFO] [stdout]    2:     0x64d251e363dc - <alloc[2182bb758b4b3781]::vec::Vec<u8> as core[df12db4294e9bfd3]::io::write::Write>::write_fmt
[INFO] [stdout]    3:     0x64d251e0dc16 - std[70759c8f55707aa4]::panicking::default_hook::{closure#0}
[INFO] [stdout]    4:     0x64d251e2a5c9 - std[70759c8f55707aa4]::panicking::default_hook
[INFO] [stdout]    5:     0x64d251db39b0 - test[9d35eded1c95d3be]::test_main_inner::<test[9d35eded1c95d3be]::test_main_static::{closure#0}>::{closure#0}
[INFO] [stdout]    6:     0x64d251e2a782 - std[70759c8f55707aa4]::panicking::panic_with_hook
[INFO] [stdout]    7:     0x64d251e0dcf4 - std[70759c8f55707aa4]::panicking::panic_handler::{closure#0}
[INFO] [stdout]    8:     0x64d251e06a49 - std[70759c8f55707aa4]::sys::backtrace::__rust_end_short_backtrace::<std[70759c8f55707aa4]::panicking::panic_handler::{closure#0}, !>
[INFO] [stdout]    9:     0x64d251e0e8bd - __rustc[8fa7c3cbc660c2b3]::rust_begin_unwind
[INFO] [stdout]   10:     0x64d251e4694c - core[df12db4294e9bfd3]::panicking::panic_fmt
[INFO] [stdout]   11:     0x64d251da6395 - <std[70759c8f55707aa4]::sync::once::Once>::call_once_force::<<std[70759c8f55707aa4]::sync::once_lock::OnceLock<()>>::initialize<<std[70759c8f55707aa4]::sync::once_lock::OnceLock<()>>::get_or_init<usi_test[f60f29aac73d7d77]::fake_usi_engine_bin::{closure#0}>::{closure#0}, !>::{closure#0}>::{closure#0}
[INFO] [stdout]   12:     0x64d251e13809 - <std[70759c8f55707aa4]::sys::sync::once::futex::Once>::call
[INFO] [stdout]   13:     0x64d251da581d - <std[70759c8f55707aa4]::sync::once_lock::OnceLock<()>>::initialize::<<std[70759c8f55707aa4]::sync::once_lock::OnceLock<()>>::get_or_init<usi_test[f60f29aac73d7d77]::fake_usi_engine_bin::{closure#0}>::{closure#0}, !>
[INFO] [stdout]   14:     0x64d251da241f - <usi_test[f60f29aac73d7d77]::analyse_ignores_bound_tagged_bestmove::{closure#0} as core[df12db4294e9bfd3]::ops::function::FnOnce<()>>::call_once
[INFO] [stdout]   15:     0x64d251da6c9b - test[9d35eded1c95d3be]::__rust_begin_short_backtrace::<core[df12db4294e9bfd3]::result::Result<(), alloc[2182bb758b4b3781]::string::String>, fn() -> core[df12db4294e9bfd3]::result::Result<(), alloc[2182bb758b4b3781]::string::String>>
[INFO] [stdout]   16:     0x64d251db4305 - test[9d35eded1c95d3be]::run_test::{closure#0}
[INFO] [stdout]   17:     0x64d251dadbc4 - std[70759c8f55707aa4]::sys::backtrace::__rust_begin_short_backtrace::<test[9d35eded1c95d3be]::run_test::{closure#1}, ()>
[INFO] [stdout]   18:     0x64d251db7462 - <std[70759c8f55707aa4]::thread::lifecycle::spawn_unchecked<test[9d35eded1c95d3be]::run_test::{closure#1}, ()>::{closure#1} as core[df12db4294e9bfd3]::ops::function::FnOnce<()>>::call_once::{shim:vtable#0}
[INFO] [stdout]   19:     0x64d251e31739 - <std[70759c8f55707aa4]::sys::thread::unix::Thread>::new::thread_start
[INFO] [stdout]   20:     0x7ed1dba70dfa - <unknown>
[INFO] [stdout]   21:     0x7ed1dbb043d4 - clone
[INFO] [stdout]   22:                0x0 - <unknown>
[INFO] [stdout] 
[INFO] [stdout] ---- analyse_returns_all_multipv_candidates stdout ----
[INFO] [stdout] 
[INFO] [stdout] thread 'analyse_returns_all_multipv_candidates' (533) panicked at tests/usi_test.rs:21:9:
[INFO] [stdout] failed to build fake-usi-engine
[INFO] [stdout] stack backtrace:
[INFO] [stdout]    0:     0x64d251e31e61 - <<std[70759c8f55707aa4]::sys::backtrace::BacktraceLock>::print::DisplayBacktrace as core[df12db4294e9bfd3]::fmt::Display>::fmt
[INFO] [stdout]    1:     0x64d251e4621a - core[df12db4294e9bfd3]::fmt::write
[INFO] [stdout]    2:     0x64d251e363dc - <alloc[2182bb758b4b3781]::vec::Vec<u8> as core[df12db4294e9bfd3]::io::write::Write>::write_fmt
[INFO] [stdout]    3:     0x64d251e0dc16 - std[70759c8f55707aa4]::panicking::default_hook::{closure#0}
[INFO] [stdout]    4:     0x64d251e2a5c9 - std[70759c8f55707aa4]::panicking::default_hook
[INFO] [stdout]    5:     0x64d251db39b0 - test[9d35eded1c95d3be]::test_main_inner::<test[9d35eded1c95d3be]::test_main_static::{closure#0}>::{closure#0}
[INFO] [stdout]    6:     0x64d251e2a782 - std[70759c8f55707aa4]::panicking::panic_with_hook
[INFO] [stdout]    7:     0x64d251e0dcf4 - std[70759c8f55707aa4]::panicking::panic_handler::{closure#0}
[INFO] [stdout]    8:     0x64d251e06a49 - std[70759c8f55707aa4]::sys::backtrace::__rust_end_short_backtrace::<std[70759c8f55707aa4]::panicking::panic_handler::{closure#0}, !>
[INFO] [stdout]    9:     0x64d251e0e8bd - __rustc[8fa7c3cbc660c2b3]::rust_begin_unwind
[INFO] [stdout]   10:     0x64d251e4694c - core[df12db4294e9bfd3]::panicking::panic_fmt
[INFO] [stdout]   11:     0x64d251da6395 - <std[70759c8f55707aa4]::sync::once::Once>::call_once_force::<<std[70759c8f55707aa4]::sync::once_lock::OnceLock<()>>::initialize<<std[70759c8f55707aa4]::sync::once_lock::OnceLock<()>>::get_or_init<usi_test[f60f29aac73d7d77]::fake_usi_engine_bin::{closure#0}>::{closure#0}, !>::{closure#0}>::{closure#0}
[INFO] [stdout]   12:     0x64d251e13809 - <std[70759c8f55707aa4]::sys::sync::once::futex::Once>::call
[INFO] [stdout]   13:     0x64d251da581d - <std[70759c8f55707aa4]::sync::once_lock::OnceLock<()>>::initialize::<<std[70759c8f55707aa4]::sync::once_lock::OnceLock<()>>::get_or_init<usi_test[f60f29aac73d7d77]::fake_usi_engine_bin::{closure#0}>::{closure#0}, !>
[INFO] [stdout]   14:     0x64d251da2e21 - <usi_test[f60f29aac73d7d77]::analyse_returns_all_multipv_candidates::{closure#0} as core[df12db4294e9bfd3]::ops::function::FnOnce<()>>::call_once
[INFO] [stdout]   15:     0x64d251da6c9b - test[9d35eded1c95d3be]::__rust_begin_short_backtrace::<core[df12db4294e9bfd3]::result::Result<(), alloc[2182bb758b4b3781]::string::String>, fn() -> core[df12db4294e9bfd3]::result::Result<(), alloc[2182bb758b4b3781]::string::String>>
[INFO] [stdout]   16:     0x64d251db4305 - test[9d35eded1c95d3be]::run_test::{closure#0}
[INFO] [stdout]   17:     0x64d251dadbc4 - std[70759c8f55707aa4]::sys::backtrace::__rust_begin_short_backtrace::<test[9d35eded1c95d3be]::run_test::{closure#1}, ()>
[INFO] [stdout]   18:     0x64d251db7462 - <std[70759c8f55707aa4]::thread::lifecycle::spawn_unchecked<test[9d35eded1c95d3be]::run_test::{closure#1}, ()>::{closure#1} as core[df12db4294e9bfd3]::ops::function::FnOnce<()>>::call_once::{shim:vtable#0}
[INFO] [stderr] error: test failed, to rerun pass `--test usi_test`
[INFO] [stdout]   19:     0x64d251e31739 - <std[70759c8f55707aa4]::sys::thread::unix::Thread>::new::thread_start
[INFO] [stdout]   20:     0x7ed1dba70dfa - <unknown>
[INFO] [stdout]   21:     0x7ed1dbb043d4 - clone
[INFO] [stdout]   22:                0x0 - <unknown>
[INFO] [stdout] 
[INFO] [stdout] ---- analyse_computes_policy_margin_from_multipv stdout ----
[INFO] [stdout] 
[INFO] [stdout] thread 'analyse_computes_policy_margin_from_multipv' (527) panicked at tests/usi_test.rs:21:9:
[INFO] [stdout] failed to build fake-usi-engine
[INFO] [stdout] stack backtrace:
[INFO] [stdout]    0:     0x64d251e31e61 - <<std[70759c8f55707aa4]::sys::backtrace::BacktraceLock>::print::DisplayBacktrace as core[df12db4294e9bfd3]::fmt::Display>::fmt
[INFO] [stdout]    1:     0x64d251e4621a - core[df12db4294e9bfd3]::fmt::write
[INFO] [stdout]    2:     0x64d251e363dc - <alloc[2182bb758b4b3781]::vec::Vec<u8> as core[df12db4294e9bfd3]::io::write::Write>::write_fmt
[INFO] [stdout]    3:     0x64d251e0dc16 - std[70759c8f55707aa4]::panicking::default_hook::{closure#0}
[INFO] [stdout]    4:     0x64d251e2a5c9 - std[70759c8f55707aa4]::panicking::default_hook
[INFO] [stdout]    5:     0x64d251db39b0 - test[9d35eded1c95d3be]::test_main_inner::<test[9d35eded1c95d3be]::test_main_static::{closure#0}>::{closure#0}
[INFO] [stdout]    6:     0x64d251e2a782 - std[70759c8f55707aa4]::panicking::panic_with_hook
[INFO] [stdout]    7:     0x64d251e0dcf4 - std[70759c8f55707aa4]::panicking::panic_handler::{closure#0}
[INFO] [stdout]    8:     0x64d251e06a49 - std[70759c8f55707aa4]::sys::backtrace::__rust_end_short_backtrace::<std[70759c8f55707aa4]::panicking::panic_handler::{closure#0}, !>
[INFO] [stdout]    9:     0x64d251e0e8bd - __rustc[8fa7c3cbc660c2b3]::rust_begin_unwind
[INFO] [stdout]   10:     0x64d251e4694c - core[df12db4294e9bfd3]::panicking::panic_fmt
[INFO] [stdout]   11:     0x64d251da6395 - <std[70759c8f55707aa4]::sync::once::Once>::call_once_force::<<std[70759c8f55707aa4]::sync::once_lock::OnceLock<()>>::initialize<<std[70759c8f55707aa4]::sync::once_lock::OnceLock<()>>::get_or_init<usi_test[f60f29aac73d7d77]::fake_usi_engine_bin::{closure#0}>::{closure#0}, !>::{closure#0}>::{closure#0}
[INFO] [stdout]   12:     0x64d251e13809 - <std[70759c8f55707aa4]::sys::sync::once::futex::Once>::call
[INFO] [stdout]   13:     0x64d251da581d - <std[70759c8f55707aa4]::sync::once_lock::OnceLock<()>>::initialize::<<std[70759c8f55707aa4]::sync::once_lock::OnceLock<()>>::get_or_init<usi_test[f60f29aac73d7d77]::fake_usi_engine_bin::{closure#0}>::{closure#0}, !>
[INFO] [stdout]   14:     0x64d251da31df - <usi_test[f60f29aac73d7d77]::analyse_computes_policy_margin_from_multipv::{closure#0} as core[df12db4294e9bfd3]::ops::function::FnOnce<()>>::call_once
[INFO] [stdout]   15:     0x64d251da6c9b - test[9d35eded1c95d3be]::__rust_begin_short_backtrace::<core[df12db4294e9bfd3]::result::Result<(), alloc[2182bb758b4b3781]::string::String>, fn() -> core[df12db4294e9bfd3]::result::Result<(), alloc[2182bb758b4b3781]::string::String>>
[INFO] [stdout]   16:     0x64d251db4305 - test[9d35eded1c95d3be]::run_test::{closure#0}
[INFO] [stdout]   17:     0x64d251dadbc4 - std[70759c8f55707aa4]::sys::backtrace::__rust_begin_short_backtrace::<test[9d35eded1c95d3be]::run_test::{closure#1}, ()>
[INFO] [stdout]   18:     0x64d251db7462 - <std[70759c8f55707aa4]::thread::lifecycle::spawn_unchecked<test[9d35eded1c95d3be]::run_test::{closure#1}, ()>::{closure#1} as core[df12db4294e9bfd3]::ops::function::FnOnce<()>>::call_once::{shim:vtable#0}
[INFO] [stdout]   19:     0x64d251e31739 - <std[70759c8f55707aa4]::sys::thread::unix::Thread>::new::thread_start
[INFO] [stdout]   20:     0x7ed1dba70dfa - <unknown>
[INFO] [stdout]   21:     0x7ed1dbb043d4 - clone
[INFO] [stdout]   22:                0x0 - <unknown>
[INFO] [stdout] 
[INFO] [stdout] ---- strict_off_leaves_duplicate_bestmove_undetected stdout ----
[INFO] [stdout] 
[INFO] [stdout] thread 'strict_off_leaves_duplicate_bestmove_undetected' (541) panicked at tests/usi_test.rs:21:9:
[INFO] [stdout] failed to build fake-usi-engine
[INFO] [stdout] stack backtrace:
[INFO] [stdout]    0:     0x64d251e31e61 - <<std[70759c8f55707aa4]::sys::backtrace::BacktraceLock>::print::DisplayBacktrace as core[df12db4294e9bfd3]::fmt::Display>::fmt
[INFO] [stdout]    1:     0x64d251e4621a - core[df12db4294e9bfd3]::fmt::write
[INFO] [stdout]    2:     0x64d251e363dc - <alloc[2182bb758b4b3781]::vec::Vec<u8> as core[df12db4294e9bfd3]::io::write::Write>::write_fmt
[INFO] [stdout]    3:     0x64d251e0dc16 - std[70759c8f55707aa4]::panicking::default_hook::{closure#0}
[INFO] [stdout]    4:     0x64d251e2a5c9 - std[70759c8f55707aa4]::panicking::default_hook
[INFO] [stdout]    5:     0x64d251db39b0 - test[9d35eded1c95d3be]::test_main_inner::<test[9d35eded1c95d3be]::test_main_static::{closure#0}>::{closure#0}
[INFO] [stdout]    6:     0x64d251e2a782 - std[70759c8f55707aa4]::panicking::panic_with_hook
[INFO] [stdout]    7:     0x64d251e0dcf4 - std[70759c8f55707aa4]::panicking::panic_handler::{closure#0}
[INFO] [stdout]    8:     0x64d251e06a49 - std[70759c8f55707aa4]::sys::backtrace::__rust_end_short_backtrace::<std[70759c8f55707aa4]::panicking::panic_handler::{closure#0}, !>
[INFO] [stdout]    9:     0x64d251e0e8bd - __rustc[8fa7c3cbc660c2b3]::rust_begin_unwind
[INFO] [stdout]   10:     0x64d251e4694c - core[df12db4294e9bfd3]::panicking::panic_fmt
[INFO] [stdout]   11:     0x64d251da6395 - <std[70759c8f55707aa4]::sync::once::Once>::call_once_force::<<std[70759c8f55707aa4]::sync::once_lock::OnceLock<()>>::initialize<<std[70759c8f55707aa4]::sync::once_lock::OnceLock<()>>::get_or_init<usi_test[f60f29aac73d7d77]::fake_usi_engine_bin::{closure#0}>::{closure#0}, !>::{closure#0}>::{closure#0}
[INFO] [stdout]   12:     0x64d251e13809 - <std[70759c8f55707aa4]::sys::sync::once::futex::Once>::call
[INFO] [stdout]   13:     0x64d251da581d - <std[70759c8f55707aa4]::sync::once_lock::OnceLock<()>>::initialize::<<std[70759c8f55707aa4]::sync::once_lock::OnceLock<()>>::get_or_init<usi_test[f60f29aac73d7d77]::fake_usi_engine_bin::{closure#0}>::{closure#0}, !>
[INFO] [stdout]   14:     0x64d251da401d - <usi_test[f60f29aac73d7d77]::strict_off_leaves_duplicate_bestmove_undetected::{closure#0} as core[df12db4294e9bfd3]::ops::function::FnOnce<()>>::call_once
[INFO] [stdout]   15:     0x64d251da6c9b - test[9d35eded1c95d3be]::__rust_begin_short_backtrace::<core[df12db4294e9bfd3]::result::Result<(), alloc[2182bb758b4b3781]::string::String>, fn() -> core[df12db4294e9bfd3]::result::Result<(), alloc[2182bb758b4b3781]::string::String>>
[INFO] [stdout]   16:     0x64d251db4305 - test[9d35eded1c95d3be]::run_test::{closure#0}
[INFO] [stdout]   17:     0x64d251dadbc4 - std[70759c8f55707aa4]::sys::backtrace::__rust_begin_short_backtrace::<test[9d35eded1c95d3be]::run_test::{closure#1}, ()>
[INFO] [stdout]   18:     0x64d251db7462 - <std[70759c8f55707aa4]::thread::lifecycle::spawn_unchecked<test[9d35eded1c95d3be]::run_test::{closure#1}, ()>::{closure#1} as core[df12db4294e9bfd3]::ops::function::FnOnce<()>>::call_once::{shim:vtable#0}
[INFO] [stdout]   19:     0x64d251e31739 - <std[70759c8f55707aa4]::sys::thread::unix::Thread>::new::thread_start
[INFO] [stdout]   20:     0x7ed1dba70dfa - <unknown>
[INFO] [stdout]   21:     0x7ed1dbb043d4 - clone
[INFO] [stdout]   22:                0x0 - <unknown>
[INFO] [stdout] 
[INFO] [stdout] ---- analyse_returns_correct_depth stdout ----
[INFO] [stdout] 
[INFO] [stdout] thread 'analyse_returns_correct_depth' (534) panicked at tests/usi_test.rs:21:9:
[INFO] [stdout] failed to build fake-usi-engine
[INFO] [stdout] stack backtrace:
[INFO] [stdout]    0:     0x64d251e31e61 - <<std[70759c8f55707aa4]::sys::backtrace::BacktraceLock>::print::DisplayBacktrace as core[df12db4294e9bfd3]::fmt::Display>::fmt
[INFO] [stdout]    1:     0x64d251e4621a - core[df12db4294e9bfd3]::fmt::write
[INFO] [stdout]    2:     0x64d251e363dc - <alloc[2182bb758b4b3781]::vec::Vec<u8> as core[df12db4294e9bfd3]::io::write::Write>::write_fmt
[INFO] [stdout]    3:     0x64d251e0dc16 - std[70759c8f55707aa4]::panicking::default_hook::{closure#0}
[INFO] [stdout]    4:     0x64d251e2a5c9 - std[70759c8f55707aa4]::panicking::default_hook
[INFO] [stdout]    5:     0x64d251db39b0 - test[9d35eded1c95d3be]::test_main_inner::<test[9d35eded1c95d3be]::test_main_static::{closure#0}>::{closure#0}
[INFO] [stdout]    6:     0x64d251e2a782 - std[70759c8f55707aa4]::panicking::panic_with_hook
[INFO] [stdout]    7:     0x64d251e0dcf4 - std[70759c8f55707aa4]::panicking::panic_handler::{closure#0}
[INFO] [stdout]    8:     0x64d251e06a49 - std[70759c8f55707aa4]::sys::backtrace::__rust_end_short_backtrace::<std[70759c8f55707aa4]::panicking::panic_handler::{closure#0}, !>
[INFO] [stdout]    9:     0x64d251e0e8bd - __rustc[8fa7c3cbc660c2b3]::rust_begin_unwind
[INFO] [stdout]   10:     0x64d251e4694c - core[df12db4294e9bfd3]::panicking::panic_fmt
[INFO] [stdout]   11:     0x64d251da6395 - <std[70759c8f55707aa4]::sync::once::Once>::call_once_force::<<std[70759c8f55707aa4]::sync::once_lock::OnceLock<()>>::initialize<<std[70759c8f55707aa4]::sync::once_lock::OnceLock<()>>::get_or_init<usi_test[f60f29aac73d7d77]::fake_usi_engine_bin::{closure#0}>::{closure#0}, !>::{closure#0}>::{closure#0}
[INFO] [stdout]   12:     0x64d251e13809 - <std[70759c8f55707aa4]::sys::sync::once::futex::Once>::call
[INFO] [stdout]   13:     0x64d251da581d - <std[70759c8f55707aa4]::sync::once_lock::OnceLock<()>>::initialize::<<std[70759c8f55707aa4]::sync::once_lock::OnceLock<()>>::get_or_init<usi_test[f60f29aac73d7d77]::fake_usi_engine_bin::{closure#0}>::{closure#0}, !>
[INFO] [stdout]   14:     0x64d251da0abe - usi_test[f60f29aac73d7d77]::fake_engine
[INFO] [stdout]   15:     0x64d251da157d - <usi_test[f60f29aac73d7d77]::analyse_returns_correct_depth::{closure#0} as core[df12db4294e9bfd3]::ops::function::FnOnce<()>>::call_once
[INFO] [stdout]   16:     0x64d251da6c9b - test[9d35eded1c95d3be]::__rust_begin_short_backtrace::<core[df12db4294e9bfd3]::result::Result<(), alloc[2182bb758b4b3781]::string::String>, fn() -> core[df12db4294e9bfd3]::result::Result<(), alloc[2182bb758b4b3781]::string::String>>
[INFO] [stdout]   17:     0x64d251db4305 - test[9d35eded1c95d3be]::run_test::{closure#0}
[INFO] [stdout]   18:     0x64d251dadbc4 - std[70759c8f55707aa4]::sys::backtrace::__rust_begin_short_backtrace::<test[9d35eded1c95d3be]::run_test::{closure#1}, ()>
[INFO] [stdout]   19:     0x64d251db7462 - <std[70759c8f55707aa4]::thread::lifecycle::spawn_unchecked<test[9d35eded1c95d3be]::run_test::{closure#1}, ()>::{closure#1} as core[df12db4294e9bfd3]::ops::function::FnOnce<()>>::call_once::{shim:vtable#0}
[INFO] [stdout]   20:     0x64d251e31739 - <std[70759c8f55707aa4]::sys::thread::unix::Thread>::new::thread_start
[INFO] [stdout]   21:     0x7ed1dba70dfa - <unknown>
[INFO] [stdout]   22:     0x7ed1dbb043d4 - clone
[INFO] [stdout]   23:                0x0 - <unknown>
[INFO] [stdout] 
[INFO] [stdout] ---- timeout_returns_error stdout ----
[INFO] [stdout] 
[INFO] [stdout] thread 'timeout_returns_error' (545) panicked at tests/usi_test.rs:21:9:
[INFO] [stdout] failed to build fake-usi-engine
[INFO] [stdout] stack backtrace:
[INFO] [stdout]    0:     0x64d251e31e61 - <<std[70759c8f55707aa4]::sys::backtrace::BacktraceLock>::print::DisplayBacktrace as core[df12db4294e9bfd3]::fmt::Display>::fmt
[INFO] [stdout]    1:     0x64d251e4621a - core[df12db4294e9bfd3]::fmt::write
[INFO] [stdout]    2:     0x64d251e363dc - <alloc[2182bb758b4b3781]::vec::Vec<u8> as core[df12db4294e9bfd3]::io::write::Write>::write_fmt
[INFO] [stdout]    3:     0x64d251e0dc16 - std[70759c8f55707aa4]::panicking::default_hook::{closure#0}
[INFO] [stdout]    4:     0x64d251e2a5c9 - std[70759c8f55707aa4]::panicking::default_hook
[INFO] [stdout]    5:     0x64d251db39b0 - test[9d35eded1c95d3be]::test_main_inner::<test[9d35eded1c95d3be]::test_main_static::{closure#0}>::{closure#0}
[INFO] [stdout]    6:     0x64d251e2a782 - std[70759c8f55707aa4]::panicking::panic_with_hook
[INFO] [stdout]    7:     0x64d251e0dcf4 - std[70759c8f55707aa4]::panicking::panic_handler::{closure#0}
[INFO] [stdout]    8:     0x64d251e06a49 - std[70759c8f55707aa4]::sys::backtrace::__rust_end_short_backtrace::<std[70759c8f55707aa4]::panicking::panic_handler::{closure#0}, !>
[INFO] [stdout]    9:     0x64d251e0e8bd - __rustc[8fa7c3cbc660c2b3]::rust_begin_unwind
[INFO] [stdout]   10:     0x64d251e4694c - core[df12db4294e9bfd3]::panicking::panic_fmt
[INFO] [stdout]   11:     0x64d251da6395 - <std[70759c8f55707aa4]::sync::once::Once>::call_once_force::<<std[70759c8f55707aa4]::sync::once_lock::OnceLock<()>>::initialize<<std[70759c8f55707aa4]::sync::once_lock::OnceLock<()>>::get_or_init<usi_test[f60f29aac73d7d77]::fake_usi_engine_bin::{closure#0}>::{closure#0}, !>::{closure#0}>::{closure#0}
[INFO] [stdout]   12:     0x64d251e13809 - <std[70759c8f55707aa4]::sys::sync::once::futex::Once>::call
[INFO] [stdout]   13:     0x64d251da581d - <std[70759c8f55707aa4]::sync::once_lock::OnceLock<()>>::initialize::<<std[70759c8f55707aa4]::sync::once_lock::OnceLock<()>>::get_or_init<usi_test[f60f29aac73d7d77]::fake_usi_engine_bin::{closure#0}>::{closure#0}, !>
[INFO] [stdout]   14:     0x64d251da128b - <usi_test[f60f29aac73d7d77]::timeout_returns_error::{closure#0} as core[df12db4294e9bfd3]::ops::function::FnOnce<()>>::call_once
[INFO] [stdout]   15:     0x64d251da6c9b - test[9d35eded1c95d3be]::__rust_begin_short_backtrace::<core[df12db4294e9bfd3]::result::Result<(), alloc[2182bb758b4b3781]::string::String>, fn() -> core[df12db4294e9bfd3]::result::Result<(), alloc[2182bb758b4b3781]::string::String>>
[INFO] [stdout]   16:     0x64d251db4305 - test[9d35eded1c95d3be]::run_test::{closure#0}
[INFO] [stdout]   17:     0x64d251dadbc4 - std[70759c8f55707aa4]::sys::backtrace::__rust_begin_short_backtrace::<test[9d35eded1c95d3be]::run_test::{closure#1}, ()>
[INFO] [stdout]   18:     0x64d251db7462 - <std[70759c8f55707aa4]::thread::lifecycle::spawn_unchecked<test[9d35eded1c95d3be]::run_test::{closure#1}, ()>::{closure#1} as core[df12db4294e9bfd3]::ops::function::FnOnce<()>>::call_once::{shim:vtable#0}
[INFO] [stdout]   19:     0x64d251e31739 - <std[70759c8f55707aa4]::sys::thread::unix::Thread>::new::thread_start
[INFO] [stdout]   20:     0x7ed1dba70dfa - <unknown>
[INFO] [stdout]   21:     0x7ed1dbb043d4 - clone
[INFO] [stdout]   22:                0x0 - <unknown>
[INFO] [stdout] 
[INFO] [stdout] 
[INFO] [stdout] failures:
[INFO] [stdout]     analyse_classifies_resign_bestmove
[INFO] [stdout]     analyse_computes_policy_margin_from_multipv
[INFO] [stdout]     analyse_ignores_bound_tagged_bestmove
[INFO] [stdout]     analyse_ignores_bound_tagged_runner_up
[INFO] [stdout]     analyse_includes_pv
[INFO] [stdout]     analyse_reports_actual_depth_when_engine_stops_early
[INFO] [stdout]     analyse_returns_all_multipv_candidates
[INFO] [stdout]     analyse_returns_correct_depth
[INFO] [stdout]     analyse_returns_cp_score
[INFO] [stdout]     analyse_without_multipv_has_no_margin
[INFO] [stdout]     handshake_succeeds
[INFO] [stdout]     strict_detects_delayed_bestmove_after_timeout
[INFO] [stdout]     strict_detects_duplicate_bestmove
[INFO] [stdout]     strict_detects_goless_bestmove
[INFO] [stdout]     strict_off_leaves_duplicate_bestmove_undetected
[INFO] [stdout]     timeout_grace_period_recovers_a_real_bestmove
[INFO] [stdout]     timeout_returns_error
[INFO] [stdout]     timeout_salvages_last_known_depth_when_no_bestmove_ever_arrives
[INFO] [stdout] 
[INFO] [stdout] test result: FAILED. 0 passed; 18 failed; 0 ignored; 0 measured; 0 filtered out; finished in 0.95s
[INFO] [stdout] 
[INFO] running `Command { std: "docker" "inspect" "396a5adf9cb15f2170f0e78edb3160f88bb6fcde283d9cafa7e56cac1dd6eaa4", kill_on_drop: false }`
[INFO] running `Command { std: "docker" "rm" "-f" "396a5adf9cb15f2170f0e78edb3160f88bb6fcde283d9cafa7e56cac1dd6eaa4", kill_on_drop: false }`
[INFO] [stdout] 396a5adf9cb15f2170f0e78edb3160f88bb6fcde283d9cafa7e56cac1dd6eaa4
