[INFO] fetching crate shm-primitives-async 0.3.1...
[INFO] testing shm-primitives-async-0.3.1 against 1.100.0-beta.1+cargoflags=--release for beta-release-1.100-2
[INFO] extracting crate shm-primitives-async 0.3.1 into /workspace/builds/worker-0-tc2/source
[INFO] started tweaking crates.io crate shm-primitives-async 0.3.1
[INFO] finished tweaking crates.io crate shm-primitives-async 0.3.1
[INFO] tweaked toml for crates.io crate shm-primitives-async 0.3.1 written to /workspace/builds/worker-0-tc2/source/Cargo.toml
[INFO] validating manifest of crates.io crate shm-primitives-async 0.3.1 on toolchain 1.100.0-beta.1
[INFO] running `Command { std: CARGO_HOME="/workspace/cargo-home" RUSTUP_HOME="/workspace/rustup-home" "/workspace/cargo-home/bin/cargo" "+1.100.0-beta.1" "metadata" "--manifest-path" "Cargo.toml" "--no-deps", kill_on_drop: false }`
[INFO] crate crates.io crate shm-primitives-async 0.3.1 already has a lockfile, it will not be regenerated
[INFO] running `Command { std: CARGO_HOME="/workspace/cargo-home" RUSTUP_HOME="/workspace/rustup-home" "/workspace/cargo-home/bin/cargo" "+1.100.0-beta.1" "fetch" "--manifest-path" "Cargo.toml", kill_on_drop: false }`
[INFO] [stderr] warning: `package.homepage` is redundant with `package.repository`
[INFO] [stderr]   --> Cargo.toml:34:12
[INFO] [stderr]    |
[INFO] [stderr] 34 | homepage = "https://github.com/bearcove/vox"
[INFO] [stderr]    |            ^^^^^^^^^^^^^^^^^^^^^^^^^^^^^^^^^
[INFO] [stderr] ...
[INFO] [stderr] 39 | repository = "https://github.com/bearcove/vox"
[INFO] [stderr]    |              ---------------------------------
[INFO] [stderr]    |
[INFO] [stderr]    = note: `cargo::redundant_homepage` is set to `warn` by default
[INFO] [stderr] help: consider removing `package.homepage`
[INFO] [stderr] warning: `shm-primitives-async` (manifest) generated 1 warning
[INFO] running `Command { std: "docker" "create" "-v" "/var/lib/crater-agent-workspace/builds/worker-0-tc2/source:/opt/rustwide/workdir:ro,Z" "-v" "/var/lib/crater-agent-workspace/builds/worker-0-tc2/target:/opt/rustwide/target:rw,Z" "-v" "/var/lib/crater-agent-workspace/cargo-home:/opt/rustwide/cargo-home:ro,Z" "-v" "/var/lib/crater-agent-workspace/rustup-home:/opt/rustwide/rustup-home:ro,Z" "-m" "1610612736" "--network" "none" "ghcr.io/rust-lang/crates-build-env/linux@sha256:77db811e55d90add9212f6832c23229e3de5f1c1f9905e8cb07319ea15df73ac" "sleep" "infinity", kill_on_drop: false }`
[INFO] [stdout] c18d2ef43492bd51601bc93e605e574406a92fd02832e6c50a5e0e86a37c5e47
[INFO] running `Command { std: "docker" "start" "c18d2ef43492bd51601bc93e605e574406a92fd02832e6c50a5e0e86a37c5e47", kill_on_drop: false }`
[INFO] running `Command { std: "docker" "inspect" "c18d2ef43492bd51601bc93e605e574406a92fd02832e6c50a5e0e86a37c5e47", kill_on_drop: false }`
[INFO] running `Command { std: "docker" "exec" "-e" "SOURCE_DIR=/opt/rustwide/workdir" "-e" "CARGO_HOME=/opt/rustwide/cargo-home" "-e" "RUSTUP_HOME=/opt/rustwide/rustup-home" "-e" "CARGO_TARGET_DIR=/opt/rustwide/target" "-w" "/opt/rustwide/workdir" "--user" "0:0" "c18d2ef43492bd51601bc93e605e574406a92fd02832e6c50a5e0e86a37c5e47" "/opt/rustwide/cargo-home/bin/cargo" "+1.100.0-beta.1" "metadata" "--no-deps" "--format-version=1", kill_on_drop: false }`
[INFO] running `Command { std: "docker" "inspect" "c18d2ef43492bd51601bc93e605e574406a92fd02832e6c50a5e0e86a37c5e47", kill_on_drop: false }`
[INFO] running `Command { std: "docker" "exec" "-e" "SOURCE_DIR=/opt/rustwide/workdir" "-e" "CARGO_HOME=/opt/rustwide/cargo-home" "-e" "RUSTUP_HOME=/opt/rustwide/rustup-home" "-e" "CARGO_TARGET_DIR=/opt/rustwide/target" "-e" "CARGO_INCREMENTAL=0" "-e" "RUST_BACKTRACE=full" "-e" "RUSTFLAGS=--cap-lints=warn" "-e" "RUSTDOCFLAGS=--cap-lints=warn" "-w" "/opt/rustwide/workdir" "--user" "0:0" "c18d2ef43492bd51601bc93e605e574406a92fd02832e6c50a5e0e86a37c5e47" "/opt/rustwide/cargo-home/bin/cargo" "+1.100.0-beta.1" "build" "--frozen" "--message-format=json" "--release", kill_on_drop: false }`
[INFO] [stderr] warning: `package.homepage` is redundant with `package.repository`
[INFO] [stderr]   --> Cargo.toml:34:12
[INFO] [stderr]    |
[INFO] [stderr] 34 | homepage = "https://github.com/bearcove/vox"
[INFO] [stderr]    |            ^^^^^^^^^^^^^^^^^^^^^^^^^^^^^^^^^
[INFO] [stderr] ...
[INFO] [stderr] 39 | repository = "https://github.com/bearcove/vox"
[INFO] [stderr]    |              ---------------------------------
[INFO] [stderr]    |
[INFO] [stderr]    = note: `cargo::redundant_homepage` is set to `warn` by default
[INFO] [stderr] help: consider removing `package.homepage`
[INFO] [stderr] warning: `shm-primitives-async` (manifest) generated 1 warning
[INFO] [stderr]    Compiling libc v0.2.183
[INFO] [stderr]    Compiling tokio-macros v2.6.1
[INFO] [stderr]    Compiling socket2 v0.6.3
[INFO] [stderr]    Compiling mio v1.2.0
[INFO] [stderr]    Compiling tokio v1.50.0
[INFO] [stderr]    Compiling shm-primitives-async v0.3.1 (/opt/rustwide/workdir)
[INFO] [stderr]     Finished `release` profile [optimized] target(s) in 10.58s
[INFO] running `Command { std: "docker" "inspect" "c18d2ef43492bd51601bc93e605e574406a92fd02832e6c50a5e0e86a37c5e47", kill_on_drop: false }`
[INFO] running `Command { std: "docker" "exec" "-e" "SOURCE_DIR=/opt/rustwide/workdir" "-e" "CARGO_HOME=/opt/rustwide/cargo-home" "-e" "RUSTUP_HOME=/opt/rustwide/rustup-home" "-e" "CARGO_TARGET_DIR=/opt/rustwide/target" "-e" "CARGO_INCREMENTAL=0" "-e" "RUST_BACKTRACE=full" "-e" "RUSTFLAGS=--cap-lints=warn" "-e" "RUSTDOCFLAGS=--cap-lints=warn" "-w" "/opt/rustwide/workdir" "--user" "0:0" "c18d2ef43492bd51601bc93e605e574406a92fd02832e6c50a5e0e86a37c5e47" "/opt/rustwide/cargo-home/bin/cargo" "+1.100.0-beta.1" "test" "--frozen" "--no-run" "--message-format=json" "--release", kill_on_drop: false }`
[INFO] [stderr] warning: `package.homepage` is redundant with `package.repository`
[INFO] [stderr]   --> Cargo.toml:34:12
[INFO] [stderr]    |
[INFO] [stderr] 34 | homepage = "https://github.com/bearcove/vox"
[INFO] [stderr]    |            ^^^^^^^^^^^^^^^^^^^^^^^^^^^^^^^^^
[INFO] [stderr] ...
[INFO] [stderr] 39 | repository = "https://github.com/bearcove/vox"
[INFO] [stderr]    |              ---------------------------------
[INFO] [stderr]    |
[INFO] [stderr]    = note: `cargo::redundant_homepage` is set to `warn` by default
[INFO] [stderr] help: consider removing `package.homepage`
[INFO] [stderr] warning: `shm-primitives-async` (manifest) generated 1 warning
[INFO] [stderr]    Compiling rustix v1.1.4
[INFO] [stderr]    Compiling getrandom v0.4.2
[INFO] [stderr]    Compiling tempfile v3.27.0
[INFO] [stderr]    Compiling shm-primitives-async v0.3.1 (/opt/rustwide/workdir)
[INFO] [stderr]     Finished `release` profile [optimized] target(s) in 5.40s
[INFO] running `Command { std: "docker" "inspect" "c18d2ef43492bd51601bc93e605e574406a92fd02832e6c50a5e0e86a37c5e47", kill_on_drop: false }`
[INFO] running `Command { std: "docker" "exec" "-e" "SOURCE_DIR=/opt/rustwide/workdir" "-e" "CARGO_HOME=/opt/rustwide/cargo-home" "-e" "RUSTUP_HOME=/opt/rustwide/rustup-home" "-e" "CARGO_TARGET_DIR=/opt/rustwide/target" "-e" "CARGO_INCREMENTAL=0" "-e" "RUST_BACKTRACE=full" "-e" "RUSTFLAGS=--cap-lints=warn" "-e" "RUSTDOCFLAGS=--cap-lints=warn" "-w" "/opt/rustwide/workdir" "--user" "0:0" "c18d2ef43492bd51601bc93e605e574406a92fd02832e6c50a5e0e86a37c5e47" "/opt/rustwide/cargo-home/bin/cargo" "+1.100.0-beta.1" "test" "--frozen" "--release", kill_on_drop: false }`
[INFO] [stderr] warning: `package.homepage` is redundant with `package.repository`
[INFO] [stderr]   --> Cargo.toml:34:12
[INFO] [stderr]    |
[INFO] [stderr] 34 | homepage = "https://github.com/bearcove/vox"
[INFO] [stderr]    |            ^^^^^^^^^^^^^^^^^^^^^^^^^^^^^^^^^
[INFO] [stderr] ...
[INFO] [stderr] 39 | repository = "https://github.com/bearcove/vox"
[INFO] [stderr]    |              ---------------------------------
[INFO] [stderr]    |
[INFO] [stderr]    = note: `cargo::redundant_homepage` is set to `warn` by default
[INFO] [stderr] help: consider removing `package.homepage`
[INFO] [stderr] warning: `shm-primitives-async` (manifest) generated 1 warning
[INFO] [stderr]     Finished `release` profile [optimized] target(s) in 0.07s
[INFO] [stderr]      Running unittests src/lib.rs (/opt/rustwide/target/release/build/shm-primitives-async/f1f70526e0302c7a/out/shm_primitives_async-f1f70526e0302c7a)
[INFO] [stdout] 
[INFO] [stdout] running 14 tests
[INFO] [stdout] test unix::doorbell::tests::clear_cloexec_clears_fd_cloexec_flag ... ok
[INFO] [stdout] test unix::doorbell::tests::signal_now_reports_peer_dead_after_peer_closed ... ok
[INFO] [stdout] test unix::mmap_control::tests::attach_message_roundtrip ... ok
[INFO] [stdout] test unix::mmap_control::tests::receiver_recovers_after_malformed_packet ... ok
[INFO] [stdout] test unix::mmap_control::tests::try_recv_returns_none_when_empty ... ok
[INFO] [stdout] test unix::doorbell::tests::handle_roundtrip_allows_bidirectional_signal_wait ... ok
[INFO] [stdout] test unix::mmap_control::tests::recv_rejects_oversized_payload_with_diagnostics ... ok
[INFO] [stdout] test unix::doorbell::tests::drain_fd_reports_eof_as_error_when_requested ... ok
[INFO] [stdout] test unix::doorbell::tests::close_peer_fd_closes_descriptor_and_validate_fd_reports_error ... ok
[INFO] [stdout] test unix::doorbell::tests::wait_returns_broken_pipe_when_peer_closed ... ok
[INFO] [stdout] test unix::mmap_control::tests::recv_rejects_truncated_control_message ... FAILED
[INFO] [stdout] test unix::mmap_control::tests::recv_rejects_payload_without_fd_control_message ... ok
[INFO] [stdout] test unix::mmap_control::tests::roundtrip_fd_with_metadata ... ok
[INFO] [stdout] test unix::doorbell::tests::drain_fd_retries_on_eintr ... ok
[INFO] [stdout] 
[INFO] [stderr] error: test failed, to rerun pass `--lib`
[INFO] [stdout] failures:
[INFO] [stdout] 
[INFO] [stdout] ---- unix::mmap_control::tests::recv_rejects_truncated_control_message stdout ----
[INFO] [stdout] 
[INFO] [stdout] thread 'unix::mmap_control::tests::recv_rejects_truncated_control_message' (349) panicked at src/unix/mmap_control.rs:682:14:
[INFO] [stdout] receiver should reject truncated SCM_RIGHTS: (OwnedFd { fd: 13 }, MmapAttachMessage { map_id: 7, map_generation: 3, mapping_length: 1234 })
[INFO] [stdout] stack backtrace:
[INFO] [stdout]    0:     0x5b6303c16f01 - <<std[617be2ca0a6fd877]::sys::backtrace::BacktraceLock>::print::DisplayBacktrace as core[a373ad73a504971]::fmt::Display>::fmt
[INFO] [stdout]    1:     0x5b6303c2b6fa - core[a373ad73a504971]::fmt::write
[INFO] [stdout]    2:     0x5b6303c1b4bc - <alloc[2e1b2a31b91974c5]::vec::Vec<u8> as core[a373ad73a504971]::io::write::Write>::write_fmt
[INFO] [stdout]    3:     0x5b6303bf26d6 - std[617be2ca0a6fd877]::panicking::default_hook::{closure#0}
[INFO] [stdout]    4:     0x5b6303c0f069 - std[617be2ca0a6fd877]::panicking::default_hook
[INFO] [stdout]    5:     0x5b6303b9d230 - test[aada8e7e76ba119b]::test_main_inner::{closure#0}
[INFO] [stdout]    6:     0x5b6303c0f222 - std[617be2ca0a6fd877]::panicking::panic_with_hook
[INFO] [stdout]    7:     0x5b6303bf2782 - std[617be2ca0a6fd877]::panicking::panic_handler::{closure#0}
[INFO] [stdout]    8:     0x5b6303beb349 - std[617be2ca0a6fd877]::sys::backtrace::__rust_end_short_backtrace::<std[617be2ca0a6fd877]::panicking::panic_handler::{closure#0}, !>
[INFO] [stdout]    9:     0x5b6303bf338d - __rustc[ea4f61d10b84890b]::rust_begin_unwind
[INFO] [stdout]   10:     0x5b6303c2be5c - core[a373ad73a504971]::panicking::panic_fmt
[INFO] [stdout]   11:     0x5b6303c2bc32 - core[a373ad73a504971]::result::unwrap_failed
[INFO] [stdout]   12:     0x5b6303b7f2f3 - <shm_primitives_async[e1770566daedae66]::unix::mmap_control::tests::recv_rejects_truncated_control_message::{closure#0} as core[a373ad73a504971]::ops::function::FnOnce<()>>::call_once
[INFO] [stdout]   13:     0x5b6303b9067b - test[aada8e7e76ba119b]::__rust_begin_short_backtrace::<core[a373ad73a504971]::result::Result<(), alloc[2e1b2a31b91974c5]::string::String>, fn() -> core[a373ad73a504971]::result::Result<(), alloc[2e1b2a31b91974c5]::string::String>>
[INFO] [stdout]   14:     0x5b6303b9d855 - test[aada8e7e76ba119b]::run_test::{closure#0}
[INFO] [stdout]   15:     0x5b6303b97144 - std[617be2ca0a6fd877]::sys::backtrace::__rust_begin_short_backtrace::<test[aada8e7e76ba119b]::run_test::{closure#1}, ()>
[INFO] [stdout]   16:     0x5b6303ba08e2 - <std[617be2ca0a6fd877]::thread::lifecycle::spawn_unchecked<test[aada8e7e76ba119b]::run_test::{closure#1}, ()>::{closure#1} as core[a373ad73a504971]::ops::function::FnOnce<()>>::call_once::{shim:vtable#0}
[INFO] [stdout]   17:     0x5b6303c1672f - <std[617be2ca0a6fd877]::sys::thread::unix::Thread>::new::thread_start
[INFO] [stdout]   18:     0x7418eb264dfa - <unknown>
[INFO] [stdout]   19:     0x7418eb2f83d4 - clone
[INFO] [stdout]   20:                0x0 - <unknown>
[INFO] [stdout] 
[INFO] [stdout] 
[INFO] [stdout] failures:
[INFO] [stdout]     unix::mmap_control::tests::recv_rejects_truncated_control_message
[INFO] [stdout] 
[INFO] [stdout] test result: FAILED. 13 passed; 1 failed; 0 ignored; 0 measured; 0 filtered out; finished in 0.03s
[INFO] [stdout] 
[INFO] running `Command { std: "docker" "inspect" "c18d2ef43492bd51601bc93e605e574406a92fd02832e6c50a5e0e86a37c5e47", kill_on_drop: false }`
[INFO] running `Command { std: "docker" "rm" "-f" "c18d2ef43492bd51601bc93e605e574406a92fd02832e6c50a5e0e86a37c5e47", kill_on_drop: false }`
[INFO] [stdout] c18d2ef43492bd51601bc93e605e574406a92fd02832e6c50a5e0e86a37c5e47
