[INFO] fetching crate shivr 0.1.5...
[INFO] testing shivr-0.1.5 against 1.100.0-beta.1+cargoflags=--release for beta-release-1.100-2
[INFO] extracting crate shivr 0.1.5 into /workspace/builds/worker-5-tc2/source
[INFO] started tweaking crates.io crate shivr 0.1.5
[INFO] finished tweaking crates.io crate shivr 0.1.5
[INFO] tweaked toml for crates.io crate shivr 0.1.5 written to /workspace/builds/worker-5-tc2/source/Cargo.toml
[INFO] validating manifest of crates.io crate shivr 0.1.5 on toolchain 1.100.0-beta.1
[INFO] running `Command { std: CARGO_HOME="/workspace/cargo-home" RUSTUP_HOME="/workspace/rustup-home" "/workspace/cargo-home/bin/cargo" "+1.100.0-beta.1" "metadata" "--manifest-path" "Cargo.toml" "--no-deps", kill_on_drop: false }`
[INFO] crate crates.io crate shivr 0.1.5 already has a lockfile, it will not be regenerated
[INFO] running `Command { std: CARGO_HOME="/workspace/cargo-home" RUSTUP_HOME="/workspace/rustup-home" "/workspace/cargo-home/bin/cargo" "+1.100.0-beta.1" "fetch" "--manifest-path" "Cargo.toml", kill_on_drop: false }`
[INFO] running `Command { std: "docker" "create" "-v" "/var/lib/crater-agent-workspace/builds/worker-5-tc2/source:/opt/rustwide/workdir:ro,Z" "-v" "/var/lib/crater-agent-workspace/builds/worker-5-tc2/target:/opt/rustwide/target:rw,Z" "-v" "/var/lib/crater-agent-workspace/cargo-home:/opt/rustwide/cargo-home:ro,Z" "-v" "/var/lib/crater-agent-workspace/rustup-home:/opt/rustwide/rustup-home:ro,Z" "-m" "1610612736" "--network" "none" "ghcr.io/rust-lang/crates-build-env/linux@sha256:77db811e55d90add9212f6832c23229e3de5f1c1f9905e8cb07319ea15df73ac" "sleep" "infinity", kill_on_drop: false }`
[INFO] [stdout] 79440342c4ac277472e215fd4607352ac80a64cc1a9eb9d470ae368005e75384
[INFO] running `Command { std: "docker" "start" "79440342c4ac277472e215fd4607352ac80a64cc1a9eb9d470ae368005e75384", kill_on_drop: false }`
[INFO] running `Command { std: "docker" "inspect" "79440342c4ac277472e215fd4607352ac80a64cc1a9eb9d470ae368005e75384", kill_on_drop: false }`
[INFO] running `Command { std: "docker" "exec" "-e" "SOURCE_DIR=/opt/rustwide/workdir" "-e" "CARGO_HOME=/opt/rustwide/cargo-home" "-e" "RUSTUP_HOME=/opt/rustwide/rustup-home" "-e" "CARGO_TARGET_DIR=/opt/rustwide/target" "-w" "/opt/rustwide/workdir" "--user" "0:0" "79440342c4ac277472e215fd4607352ac80a64cc1a9eb9d470ae368005e75384" "/opt/rustwide/cargo-home/bin/cargo" "+1.100.0-beta.1" "metadata" "--no-deps" "--format-version=1", kill_on_drop: false }`
[INFO] running `Command { std: "docker" "inspect" "79440342c4ac277472e215fd4607352ac80a64cc1a9eb9d470ae368005e75384", kill_on_drop: false }`
[INFO] running `Command { std: "docker" "exec" "-e" "SOURCE_DIR=/opt/rustwide/workdir" "-e" "CARGO_HOME=/opt/rustwide/cargo-home" "-e" "RUSTUP_HOME=/opt/rustwide/rustup-home" "-e" "CARGO_TARGET_DIR=/opt/rustwide/target" "-e" "CARGO_INCREMENTAL=0" "-e" "RUST_BACKTRACE=full" "-e" "RUSTFLAGS=--cap-lints=warn" "-e" "RUSTDOCFLAGS=--cap-lints=warn" "-w" "/opt/rustwide/workdir" "--user" "0:0" "79440342c4ac277472e215fd4607352ac80a64cc1a9eb9d470ae368005e75384" "/opt/rustwide/cargo-home/bin/cargo" "+1.100.0-beta.1" "build" "--frozen" "--message-format=json" "--release", kill_on_drop: false }`
[INFO] [stderr]    Compiling libc v0.2.146
[INFO] [stderr]    Compiling pkg-config v0.3.27
[INFO] [stderr]    Compiling proc-macro2 v1.0.60
[INFO] [stderr]    Compiling unicode-ident v1.0.9
[INFO] [stderr]    Compiling quote v1.0.28
[INFO] [stderr]    Compiling tinyvec_macros v0.1.1
[INFO] [stderr]    Compiling syn v1.0.109
[INFO] [stderr]    Compiling log v0.4.18
[INFO] [stderr]    Compiling percent-encoding v2.3.0
[INFO] [stderr]    Compiling unicode-bidi v0.3.13
[INFO] [stderr]    Compiling serde v1.0.164
[INFO] [stderr]    Compiling argh_shared v0.1.10
[INFO] [stderr]    Compiling serde_json v1.0.97
[INFO] [stderr]    Compiling bitflags v1.3.2
[INFO] [stderr]    Compiling itoa v1.0.6
[INFO] [stderr]    Compiling tinyvec v1.6.0
[INFO] [stderr]    Compiling openssl-probe v0.1.5
[INFO] [stderr]    Compiling ryu v1.0.13
[INFO] [stderr]    Compiling form_urlencoded v1.2.0
[INFO] [stderr]    Compiling jobserver v0.1.26
[INFO] [stderr]    Compiling cc v1.0.79
[INFO] [stderr]    Compiling syn v2.0.18
[INFO] [stderr]    Compiling num_cpus v1.15.0
[INFO] [stderr]    Compiling threadpool v1.8.1
[INFO] [stderr]    Compiling libz-sys v1.1.9
[INFO] [stderr]    Compiling openssl-sys v0.9.88
[INFO] [stderr]    Compiling libssh2-sys v0.3.0
[INFO] [stderr]    Compiling libgit2-sys v0.15.2+1.6.4
[INFO] [stderr]    Compiling unicode-normalization v0.1.22
[INFO] [stderr]    Compiling idna v0.4.0
[INFO] [stderr]    Compiling url v2.4.0
[INFO] [stderr]    Compiling argh_derive v0.1.10
[INFO] [stderr]    Compiling serde_derive v1.0.164
[INFO] [stderr]    Compiling argh v0.1.10
[INFO] [stderr]    Compiling git2 v0.17.2
[INFO] [stderr]    Compiling shivr v0.1.5 (/opt/rustwide/workdir)
[INFO] [stdout] warning: constant `TEST_DATA_PACKAGE_DIR` is never used
[INFO] [stdout]  --> src/test/test_support.rs:3:11
[INFO] [stdout]   |
[INFO] [stdout] 3 | pub const TEST_DATA_PACKAGE_DIR: &str = "packages";
[INFO] [stdout]   |           ^^^^^^^^^^^^^^^^^^^^^
[INFO] [stdout]   |
[INFO] [stdout]   = note: `#[warn(dead_code)]` (part of `#[warn(unused)]`) on by default
[INFO] [stdout] 
[INFO] [stdout] 
[INFO] [stdout] warning: constant `TEST_DATA_MAIN_BRANCH` is never used
[INFO] [stdout]  --> src/test/test_support.rs:4:11
[INFO] [stdout]   |
[INFO] [stdout] 4 | pub const TEST_DATA_MAIN_BRANCH: &str = "main";
[INFO] [stdout]   |           ^^^^^^^^^^^^^^^^^^^^^
[INFO] [stdout] 
[INFO] [stdout] 
[INFO] [stderr]     Finished `release` profile [optimized] target(s) in 45.24s
[INFO] running `Command { std: "docker" "inspect" "79440342c4ac277472e215fd4607352ac80a64cc1a9eb9d470ae368005e75384", kill_on_drop: false }`
[INFO] running `Command { std: "docker" "exec" "-e" "SOURCE_DIR=/opt/rustwide/workdir" "-e" "CARGO_HOME=/opt/rustwide/cargo-home" "-e" "RUSTUP_HOME=/opt/rustwide/rustup-home" "-e" "CARGO_TARGET_DIR=/opt/rustwide/target" "-e" "CARGO_INCREMENTAL=0" "-e" "RUST_BACKTRACE=full" "-e" "RUSTFLAGS=--cap-lints=warn" "-e" "RUSTDOCFLAGS=--cap-lints=warn" "-w" "/opt/rustwide/workdir" "--user" "0:0" "79440342c4ac277472e215fd4607352ac80a64cc1a9eb9d470ae368005e75384" "/opt/rustwide/cargo-home/bin/cargo" "+1.100.0-beta.1" "test" "--frozen" "--no-run" "--message-format=json" "--release", kill_on_drop: false }`
[INFO] [stderr]    Compiling shivr v0.1.5 (/opt/rustwide/workdir)
[INFO] [stderr]     Finished `release` profile [optimized] target(s) in 0.88s
[INFO] running `Command { std: "docker" "inspect" "79440342c4ac277472e215fd4607352ac80a64cc1a9eb9d470ae368005e75384", kill_on_drop: false }`
[INFO] running `Command { std: "docker" "exec" "-e" "SOURCE_DIR=/opt/rustwide/workdir" "-e" "CARGO_HOME=/opt/rustwide/cargo-home" "-e" "RUSTUP_HOME=/opt/rustwide/rustup-home" "-e" "CARGO_TARGET_DIR=/opt/rustwide/target" "-e" "CARGO_INCREMENTAL=0" "-e" "RUST_BACKTRACE=full" "-e" "RUSTFLAGS=--cap-lints=warn" "-e" "RUSTDOCFLAGS=--cap-lints=warn" "-w" "/opt/rustwide/workdir" "--user" "0:0" "79440342c4ac277472e215fd4607352ac80a64cc1a9eb9d470ae368005e75384" "/opt/rustwide/cargo-home/bin/cargo" "+1.100.0-beta.1" "test" "--frozen" "--release", kill_on_drop: false }`
[INFO] [stderr]     Finished `release` profile [optimized] target(s) in 0.05s
[INFO] [stderr]      Running unittests src/main.rs (/opt/rustwide/target/release/build/shivr/76fe652d7068fe28/out/shivr-76fe652d7068fe28)
[INFO] [stdout] 
[INFO] [stdout] running 5 tests
[INFO] [stdout] test files::tests::filter_files_to_packages_returns_packages ... ok
[INFO] [stdout] test files::tests::get_packages_returns_package_dirs ... FAILED
[INFO] [stdout] test runner::tests::run_on_shell_can_run_ls ... FAILED
[INFO] [stdout] test git::tests::get_main_branch_ref_returns_local_branch ... FAILED
[INFO] [stdout] test git::tests::get_changed_files_returns_index_diff_to_main ... FAILED
[INFO] [stdout] 
[INFO] [stdout] failures:
[INFO] [stdout] 
[INFO] [stdout] ---- files::tests::get_packages_returns_package_dirs stdout ----
[INFO] [stdout] 
[INFO] [stdout] thread 'files::tests::get_packages_returns_package_dirs' (2112) panicked at src/files.rs:14:19:
[INFO] [stdout] Failed to read package dir: /tmp/shivr/.testdata/packages error: No such file or directory (os error 2)
[INFO] [stdout] stack backtrace:
[INFO] [stdout]    0:     0x62bdc342b571 - <<std[617be2ca0a6fd877]::sys::backtrace::BacktraceLock>::print::DisplayBacktrace as core[a373ad73a504971]::fmt::Display>::fmt
[INFO] [stdout]    1:     0x62bdc343fafa - core[a373ad73a504971]::fmt::write
[INFO] [stdout]    2:     0x62bdc342fb1c - <alloc[2e1b2a31b91974c5]::vec::Vec<u8> as core[a373ad73a504971]::io::write::Write>::write_fmt
[INFO] [stdout]    3:     0x62bdc3406d46 - std[617be2ca0a6fd877]::panicking::default_hook::{closure#0}
[INFO] [stdout]    4:     0x62bdc3423769 - std[617be2ca0a6fd877]::panicking::default_hook
[INFO] [stdout]    5:     0x62bdc3346b10 - test[aada8e7e76ba119b]::test_main_inner::{closure#0}
[INFO] [stdout]    6:     0x62bdc3423a92 - std[617be2ca0a6fd877]::panicking::panic_with_hook
[INFO] [stdout]    7:     0x62bdc3406df2 - std[617be2ca0a6fd877]::panicking::panic_handler::{closure#0}
[INFO] [stdout]    8:     0x62bdc33ff829 - std[617be2ca0a6fd877]::sys::backtrace::__rust_end_short_backtrace::<std[617be2ca0a6fd877]::panicking::panic_handler::{closure#0}, !>
[INFO] [stdout]    9:     0x62bdc3407a9d - __rustc[ea4f61d10b84890b]::rust_begin_unwind
[INFO] [stdout]   10:     0x62bdc344025c - core[a373ad73a504971]::panicking::panic_fmt
[INFO] [stdout]   11:     0x62bdc3337347 - <shivr[578926869f73694d]::files::tests::get_packages_returns_package_dirs::{closure#0} as core[a373ad73a504971]::ops::function::FnOnce<()>>::call_once
[INFO] [stdout]   12:     0x62bdc3339f5b - test[aada8e7e76ba119b]::__rust_begin_short_backtrace::<core[a373ad73a504971]::result::Result<(), alloc[2e1b2a31b91974c5]::string::String>, fn() -> core[a373ad73a504971]::result::Result<(), alloc[2e1b2a31b91974c5]::string::String>>
[INFO] [stdout]   13:     0x62bdc3347135 - test[aada8e7e76ba119b]::run_test::{closure#0}
[INFO] [stdout]   14:     0x62bdc3340a24 - std[617be2ca0a6fd877]::sys::backtrace::__rust_begin_short_backtrace::<test[aada8e7e76ba119b]::run_test::{closure#1}, ()>
[INFO] [stdout]   15:     0x62bdc334a1c2 - <std[617be2ca0a6fd877]::thread::lifecycle::spawn_unchecked<test[aada8e7e76ba119b]::run_test::{closure#1}, ()>::{closure#1} as core[a373ad73a504971]::ops::function::FnOnce<()>>::call_once::{shim:vtable#0}
[INFO] [stdout]   16:     0x62bdc342adbf - <std[617be2ca0a6fd877]::sys::thread::unix::Thread>::new::thread_start
[INFO] [stdout]   17:     0x75935b336dfa - <unknown>
[INFO] [stdout]   18:     0x75935b3ca3d4 - clone
[INFO] [stdout]   19:                0x0 - <unknown>
[INFO] [stdout] 
[INFO] [stdout] ---- runner::tests::run_on_shell_can_run_ls stdout ----
[INFO] [stdout] 
[INFO] [stdout] thread 'runner::tests::run_on_shell_can_run_ls' (2115) panicked at src/runner.rs:31:86:
[INFO] [stdout] called `Result::unwrap()` on an `Err` value: Os { code: 2, kind: NotFound, message: "No such file or directory" }
[INFO] [stdout] stack backtrace:
[INFO] [stdout]    0:     0x62bdc342b571 - <<std[617be2ca0a6fd877]::sys::backtrace::BacktraceLock>::print::DisplayBacktrace as core[a373ad73a504971]::fmt::Display>::fmt
[INFO] [stdout]    1:     0x62bdc343fafa - core[a373ad73a504971]::fmt::write
[INFO] [stdout]    2:     0x62bdc342fb1c - <alloc[2e1b2a31b91974c5]::vec::Vec<u8> as core[a373ad73a504971]::io::write::Write>::write_fmt
[INFO] [stdout]    3:     0x62bdc3406d46 - std[617be2ca0a6fd877]::panicking::default_hook::{closure#0}
[INFO] [stdout]    4:     0x62bdc3423769 - std[617be2ca0a6fd877]::panicking::default_hook
[INFO] [stdout]    5:     0x62bdc3346b10 - test[aada8e7e76ba119b]::test_main_inner::{closure#0}
[INFO] [stdout]    6:     0x62bdc3423a92 - std[617be2ca0a6fd877]::panicking::panic_with_hook
[INFO] [stdout]    7:     0x62bdc3406df2 - std[617be2ca0a6fd877]::panicking::panic_handler::{closure#0}
[INFO] [stdout]    8:     0x62bdc33ff829 - std[617be2ca0a6fd877]::sys::backtrace::__rust_end_short_backtrace::<std[617be2ca0a6fd877]::panicking::panic_handler::{closure#0}, !>
[INFO] [stdout]    9:     0x62bdc3407a9d - __rustc[ea4f61d10b84890b]::rust_begin_unwind
[INFO] [stdout]   10:     0x62bdc344025c - core[a373ad73a504971]::panicking::panic_fmt
[INFO] [stdout]   11:     0x62bdc3440032 - core[a373ad73a504971]::result::unwrap_failed
[INFO] [stdout]   12:     0x62bdc3339e2e - <shivr[578926869f73694d]::runner::tests::run_on_shell_can_run_ls::{closure#0} as core[a373ad73a504971]::ops::function::FnOnce<()>>::call_once
[INFO] [stdout]   13:     0x62bdc3339f5b - test[aada8e7e76ba119b]::__rust_begin_short_backtrace::<core[a373ad73a504971]::result::Result<(), alloc[2e1b2a31b91974c5]::string::String>, fn() -> core[a373ad73a504971]::result::Result<(), alloc[2e1b2a31b91974c5]::string::String>>
[INFO] [stdout]   14:     0x62bdc3347135 - test[aada8e7e76ba119b]::run_test::{closure#0}
[INFO] [stdout]   15:     0x62bdc3340a24 - std[617be2ca0a6fd877]::sys::backtrace::__rust_begin_short_backtrace::<test[aada8e7e76ba119b]::run_test::{closure#1}, ()>
[INFO] [stdout]   16:     0x62bdc334a1c2 - <std[617be2ca0a6fd877]::thread::lifecycle::spawn_unchecked<test[aada8e7e76ba119b]::run_test::{closure#1}, ()>::{closure#1} as core[a373ad73a504971]::ops::function::FnOnce<()>>::call_once::{shim:vtable#0}
[INFO] [stdout]   17:     0x62bdc342adbf - <std[617be2ca0a6fd877]::sys::thread::unix::Thread>::new::thread_start
[INFO] [stdout]   18:     0x75935b336dfa - <unknown>
[INFO] [stdout]   19:     0x75935b3ca3d4 - clone
[INFO] [stdout]   20:                0x0 - <unknown>
[INFO] [stdout] 
[INFO] [stdout] ---- git::tests::get_main_branch_ref_returns_local_branch stdout ----
[INFO] [stdout] 
[INFO] [stdout] thread 'git::tests::get_main_branch_ref_returns_local_branch' (2114) panicked at src/git.rs:86:23:
[INFO] [stdout] Failed to open: failed to resolve path '/tmp/shivr/.testdata': No such file or directory; class=Os (2); code=NotFound (-3)
[INFO] [stdout] stack backtrace:
[INFO] [stdout]    0:     0x62bdc342b571 - <<std[617be2ca0a6fd877]::sys::backtrace::BacktraceLock>::print::DisplayBacktrace as core[a373ad73a504971]::fmt::Display>::fmt
[INFO] [stdout]    1:     0x62bdc343fafa - core[a373ad73a504971]::fmt::write
[INFO] [stdout]    2:     0x62bdc342fb1c - <alloc[2e1b2a31b91974c5]::vec::Vec<u8> as core[a373ad73a504971]::io::write::Write>::write_fmt
[INFO] [stdout]    3:     0x62bdc3406d46 - std[617be2ca0a6fd877]::panicking::default_hook::{closure#0}
[INFO] [stdout]    4:     0x62bdc3423769 - std[617be2ca0a6fd877]::panicking::default_hook
[INFO] [stdout]    5:     0x62bdc3346b10 - test[aada8e7e76ba119b]::test_main_inner::{closure#0}
[INFO] [stdout]    6:     0x62bdc3423a92 - std[617be2ca0a6fd877]::panicking::panic_with_hook
[INFO] [stdout]    7:     0x62bdc3406df2 - std[617be2ca0a6fd877]::panicking::panic_handler::{closure#0}
[INFO] [stdout]    8:     0x62bdc33ff829 - std[617be2ca0a6fd877]::sys::backtrace::__rust_end_short_backtrace::<std[617be2ca0a6fd877]::panicking::panic_handler::{closure#0}, !>
[INFO] [stdout]    9:     0x62bdc3407a9d - __rustc[ea4f61d10b84890b]::rust_begin_unwind
[INFO] [stdout]   10:     0x62bdc344025c - core[a373ad73a504971]::panicking::panic_fmt
[INFO] [stdout]   11:     0x62bdc333668b - <shivr[578926869f73694d]::git::tests::get_main_branch_ref_returns_local_branch::{closure#0} as core[a373ad73a504971]::ops::function::FnOnce<()>>::call_once
[INFO] [stdout]   12:     0x62bdc3339f5b - test[aada8e7e76ba119b]::__rust_begin_short_backtrace::<core[a373ad73a504971]::result::Result<(), alloc[2e1b2a31b91974c5]::string::String>, fn() -> core[a373ad73a504971]::result::Result<(), alloc[2e1b2a31b91974c5]::string::String>>
[INFO] [stdout]   13:     0x62bdc3347135 - test[aada8e7e76ba119b]::run_test::{closure#0}
[INFO] [stdout]   14:     0x62bdc3340a24 - std[617be2ca0a6fd877]::sys::backtrace::__rust_begin_short_backtrace::<test[aada8e7e76ba119b]::run_test::{closure#1}, ()>
[INFO] [stdout]   15:     0x62bdc334a1c2 - <std[617be2ca0a6fd877]::thread::lifecycle::spawn_unchecked<test[aada8e7e76ba119b]::run_test::{closure#1}, ()>::{closure#1} as core[a373ad73a504971]::ops::function::FnOnce<()>>::call_once::{shim:vtable#0}
[INFO] [stdout]   16:     0x62bdc342adbf - <std[617be2ca0a6fd877]::sys::thread::unix::Thread>::new::thread_start
[INFO] [stdout]   17:     0x75935b336dfa - <unknown>
[INFO] [stdout]   18:     0x75935b3ca3d4 - clone
[INFO] [stdout]   19:                0x0 - <unknown>
[INFO] [stdout] 
[INFO] [stdout] ---- git::tests::get_changed_files_returns_index_diff_to_main stdout ----
[INFO] [stdout] 
[INFO] [stdout] thread 'git::tests::get_changed_files_returns_index_diff_to_main' (2113) panicked at src/git.rs:41:19:
[INFO] [stdout] Failed to open: failed to resolve path '/tmp/shivr/.testdata': No such file or directory; class=Os (2); code=NotFound (-3)
[INFO] [stdout] stack backtrace:
[INFO] [stdout]    0:     0x62bdc342b571 - <<std[617be2ca0a6fd877]::sys::backtrace::BacktraceLock>::print::DisplayBacktrace as core[a373ad73a504971]::fmt::Display>::fmt
[INFO] [stdout]    1:     0x62bdc343fafa - core[a373ad73a504971]::fmt::write
[INFO] [stdout]    2:     0x62bdc342fb1c - <alloc[2e1b2a31b91974c5]::vec::Vec<u8> as core[a373ad73a504971]::io::write::Write>::write_fmt
[INFO] [stdout]    3:     0x62bdc3406d46 - std[617be2ca0a6fd877]::panicking::default_hook::{closure#0}
[INFO] [stdout]    4:     0x62bdc3423769 - std[617be2ca0a6fd877]::panicking::default_hook
[INFO] [stdout]    5:     0x62bdc3346b10 - test[aada8e7e76ba119b]::test_main_inner::{closure#0}
[INFO] [stdout]    6:     0x62bdc3423a92 - std[617be2ca0a6fd877]::panicking::panic_with_hook
[INFO] [stdout]    7:     0x62bdc3406df2 - std[617be2ca0a6fd877]::panicking::panic_handler::{closure#0}
[INFO] [stdout]    8:     0x62bdc33ff829 - std[617be2ca0a6fd877]::sys::backtrace::__rust_end_short_backtrace::<std[617be2ca0a6fd877]::panicking::panic_handler::{closure#0}, !>
[INFO] [stdout]    9:     0x62bdc3407a9d - __rustc[ea4f61d10b84890b]::rust_begin_unwind
[INFO] [stdout]   10:     0x62bdc344025c - core[a373ad73a504971]::panicking::panic_fmt
[INFO] [stdout]   11:     0x62bdc3339128 - shivr[578926869f73694d]::git::get_changed_files
[INFO] [stdout]   12:     0x62bdc333680a - <shivr[578926869f73694d]::git::tests::get_changed_files_returns_index_diff_to_main::{closure#0} as core[a373ad73a504971]::ops::function::FnOnce<()>>::call_once
[INFO] [stdout]   13:     0x62bdc3339f5b - test[aada8e7e76ba119b]::__rust_begin_short_backtrace::<core[a373ad73a504971]::result::Result<(), alloc[2e1b2a31b91974c5]::string::String>, fn() -> core[a373ad73a504971]::result::Result<(), alloc[2e1b2a31b91974c5]::string::String>>
[INFO] [stdout]   14:     0x62bdc3347135 - test[aada8e7e76ba119b]::run_test::{closure#0}
[INFO] [stdout]   15:     0x62bdc3340a24 - std[617be2ca0a6fd877]::sys::backtrace::__rust_begin_short_backtrace::<test[aada8e7e76ba119b]::run_test::{closure#1}, ()>
[INFO] [stdout]   16:     0x62bdc334a1c2 - <std[617be2ca0a6fd877]::thread::lifecycle::spawn_unchecked<test[aada8e7e76ba119b]::run_test::{closure#1}, ()>::{closure#1} as core[a373ad73a504971]::ops::function::FnOnce<()>>::call_once::{shim:vtable#0}
[INFO] [stdout]   17:     0x62bdc342adbf - <std[617be2ca0a6fd877]::sys::thread::unix::Thread>::new::thread_start
[INFO] [stdout]   18:     0x75935b336dfa - <unknown>
[INFO] [stdout]   19:     0x75935b3ca3d4 - clone
[INFO] [stdout]   20:                0x0 - <unknown>
[INFO] [stdout] 
[INFO] [stdout] 
[INFO] [stdout] failures:
[INFO] [stdout]     files::tests::get_packages_returns_package_dirs
[INFO] [stdout]     git::tests::get_changed_files_returns_index_diff_to_main
[INFO] [stdout]     git::tests::get_main_branch_ref_returns_local_branch
[INFO] [stdout]     runner::tests::run_on_shell_can_run_ls
[INFO] [stdout] 
[INFO] [stdout] test result: FAILED. 1 passed; 4 failed; 0 ignored; 0 measured; 0 filtered out; finished in 0.03s
[INFO] [stdout] 
[INFO] [stderr] error: test failed, to rerun pass `--bin shivr`
[INFO] running `Command { std: "docker" "inspect" "79440342c4ac277472e215fd4607352ac80a64cc1a9eb9d470ae368005e75384", kill_on_drop: false }`
[INFO] running `Command { std: "docker" "rm" "-f" "79440342c4ac277472e215fd4607352ac80a64cc1a9eb9d470ae368005e75384", kill_on_drop: false }`
[INFO] [stdout] 79440342c4ac277472e215fd4607352ac80a64cc1a9eb9d470ae368005e75384
