[INFO] fetching crate shishua 0.2.0...
[INFO] testing shishua-0.2.0 against 1.100.0-beta.1+cargoflags=--release for beta-release-1.100-2
[INFO] extracting crate shishua 0.2.0 into /workspace/builds/worker-4-tc2/source
[INFO] started tweaking crates.io crate shishua 0.2.0
[INFO] removed 0 missing tests
[INFO] finished tweaking crates.io crate shishua 0.2.0
[INFO] tweaked toml for crates.io crate shishua 0.2.0 written to /workspace/builds/worker-4-tc2/source/Cargo.toml
[INFO] validating manifest of crates.io crate shishua 0.2.0 on toolchain 1.100.0-beta.1
[INFO] running `Command { std: CARGO_HOME="/workspace/cargo-home" RUSTUP_HOME="/workspace/rustup-home" "/workspace/cargo-home/bin/cargo" "+1.100.0-beta.1" "metadata" "--manifest-path" "Cargo.toml" "--no-deps", kill_on_drop: false }`
[INFO] crate crates.io crate shishua 0.2.0 already has a lockfile, it will not be regenerated
[INFO] running `Command { std: CARGO_HOME="/workspace/cargo-home" RUSTUP_HOME="/workspace/rustup-home" "/workspace/cargo-home/bin/cargo" "+1.100.0-beta.1" "fetch" "--manifest-path" "Cargo.toml", kill_on_drop: false }`
[INFO] running `Command { std: "docker" "create" "-v" "/var/lib/crater-agent-workspace/builds/worker-4-tc2/source:/opt/rustwide/workdir:ro,Z" "-v" "/var/lib/crater-agent-workspace/builds/worker-4-tc2/target:/opt/rustwide/target:rw,Z" "-v" "/var/lib/crater-agent-workspace/cargo-home:/opt/rustwide/cargo-home:ro,Z" "-v" "/var/lib/crater-agent-workspace/rustup-home:/opt/rustwide/rustup-home:ro,Z" "-m" "1610612736" "--network" "none" "ghcr.io/rust-lang/crates-build-env/linux@sha256:77db811e55d90add9212f6832c23229e3de5f1c1f9905e8cb07319ea15df73ac" "sleep" "infinity", kill_on_drop: false }`
[INFO] [stdout] df7163079d9b1110e02579516e392b0f722bd7bfd905298aba955e4548e16e95
[INFO] running `Command { std: "docker" "start" "df7163079d9b1110e02579516e392b0f722bd7bfd905298aba955e4548e16e95", kill_on_drop: false }`
[INFO] running `Command { std: "docker" "inspect" "df7163079d9b1110e02579516e392b0f722bd7bfd905298aba955e4548e16e95", kill_on_drop: false }`
[INFO] running `Command { std: "docker" "exec" "-e" "SOURCE_DIR=/opt/rustwide/workdir" "-e" "CARGO_HOME=/opt/rustwide/cargo-home" "-e" "RUSTUP_HOME=/opt/rustwide/rustup-home" "-e" "CARGO_TARGET_DIR=/opt/rustwide/target" "-w" "/opt/rustwide/workdir" "--user" "0:0" "df7163079d9b1110e02579516e392b0f722bd7bfd905298aba955e4548e16e95" "/opt/rustwide/cargo-home/bin/cargo" "+1.100.0-beta.1" "metadata" "--no-deps" "--format-version=1", kill_on_drop: false }`
[INFO] running `Command { std: "docker" "inspect" "df7163079d9b1110e02579516e392b0f722bd7bfd905298aba955e4548e16e95", kill_on_drop: false }`
[INFO] running `Command { std: "docker" "exec" "-e" "SOURCE_DIR=/opt/rustwide/workdir" "-e" "CARGO_HOME=/opt/rustwide/cargo-home" "-e" "RUSTUP_HOME=/opt/rustwide/rustup-home" "-e" "CARGO_TARGET_DIR=/opt/rustwide/target" "-e" "CARGO_INCREMENTAL=0" "-e" "RUST_BACKTRACE=full" "-e" "RUSTFLAGS=--cap-lints=warn" "-e" "RUSTDOCFLAGS=--cap-lints=warn" "-w" "/opt/rustwide/workdir" "--user" "0:0" "df7163079d9b1110e02579516e392b0f722bd7bfd905298aba955e4548e16e95" "/opt/rustwide/cargo-home/bin/cargo" "+1.100.0-beta.1" "build" "--frozen" "--message-format=json" "--release", kill_on_drop: false }`
[INFO] [stderr]    Compiling rand_core v0.9.3
[INFO] [stderr]    Compiling shishua v0.2.0 (/opt/rustwide/workdir)
[INFO] [stderr]     Finished `release` profile [optimized] target(s) in 0.56s
[INFO] running `Command { std: "docker" "inspect" "df7163079d9b1110e02579516e392b0f722bd7bfd905298aba955e4548e16e95", kill_on_drop: false }`
[INFO] running `Command { std: "docker" "exec" "-e" "SOURCE_DIR=/opt/rustwide/workdir" "-e" "CARGO_HOME=/opt/rustwide/cargo-home" "-e" "RUSTUP_HOME=/opt/rustwide/rustup-home" "-e" "CARGO_TARGET_DIR=/opt/rustwide/target" "-e" "CARGO_INCREMENTAL=0" "-e" "RUST_BACKTRACE=full" "-e" "RUSTFLAGS=--cap-lints=warn" "-e" "RUSTDOCFLAGS=--cap-lints=warn" "-w" "/opt/rustwide/workdir" "--user" "0:0" "df7163079d9b1110e02579516e392b0f722bd7bfd905298aba955e4548e16e95" "/opt/rustwide/cargo-home/bin/cargo" "+1.100.0-beta.1" "test" "--frozen" "--no-run" "--message-format=json" "--release", kill_on_drop: false }`
[INFO] [stderr]    Compiling shishua v0.2.0 (/opt/rustwide/workdir)
[INFO] [stderr]     Finished `release` profile [optimized] target(s) in 0.53s
[INFO] running `Command { std: "docker" "inspect" "df7163079d9b1110e02579516e392b0f722bd7bfd905298aba955e4548e16e95", kill_on_drop: false }`
[INFO] running `Command { std: "docker" "exec" "-e" "SOURCE_DIR=/opt/rustwide/workdir" "-e" "CARGO_HOME=/opt/rustwide/cargo-home" "-e" "RUSTUP_HOME=/opt/rustwide/rustup-home" "-e" "CARGO_TARGET_DIR=/opt/rustwide/target" "-e" "CARGO_INCREMENTAL=0" "-e" "RUST_BACKTRACE=full" "-e" "RUSTFLAGS=--cap-lints=warn" "-e" "RUSTDOCFLAGS=--cap-lints=warn" "-w" "/opt/rustwide/workdir" "--user" "0:0" "df7163079d9b1110e02579516e392b0f722bd7bfd905298aba955e4548e16e95" "/opt/rustwide/cargo-home/bin/cargo" "+1.100.0-beta.1" "test" "--frozen" "--release", kill_on_drop: false }`
[INFO] [stderr]     Finished `release` profile [optimized] target(s) in 0.05s
[INFO] [stderr]      Running unittests src/lib.rs (/opt/rustwide/target/release/build/shishua/6e02209c65184980/out/shishua-6e02209c65184980)
[INFO] [stdout] 
[INFO] [stdout] running 0 tests
[INFO] [stdout] 
[INFO] [stdout] test result: ok. 0 passed; 0 failed; 0 ignored; 0 measured; 0 filtered out; finished in 0.00s
[INFO] [stdout] 
[INFO] [stderr]      Running tests/compare.rs (/opt/rustwide/target/release/build/shishua/81f000b5f498d175/out/compare-81f000b5f498d175)
[INFO] [stdout] 
[INFO] [stdout] running 6 tests
[INFO] [stdout] test native_works ... FAILED
[INFO] [stdout] test native_compare_1234 ... FAILED
[INFO] [stdout] test hard_coded_zero_c ... FAILED
[INFO] [stdout] test hard_coded_zero ... ok
[INFO] [stdout] test native_compare_zero ... FAILED
[INFO] [stdout] test native_compare_long ... FAILED
[INFO] [stdout] 
[INFO] [stdout] failures:
[INFO] [stdout] 
[INFO] [stdout] ---- native_works stdout ----
[INFO] [stdout] 
[INFO] [stdout] thread 'native_works' (191) panicked at tests/compare.rs:12:10:
[INFO] [stdout] called `Result::unwrap()` on an `Err` value: Os { code: 2, kind: NotFound, message: "No such file or directory" }
[INFO] [stdout] stack backtrace:
[INFO] [stdout]    0:     0x635ef95e1081 - <<std[617be2ca0a6fd877]::sys::backtrace::BacktraceLock>::print::DisplayBacktrace as core[a373ad73a504971]::fmt::Display>::fmt
[INFO] [stdout]    1:     0x635ef95f4f7a - core[a373ad73a504971]::fmt::write
[INFO] [stdout]    2:     0x635ef95e529c - <alloc[2e1b2a31b91974c5]::vec::Vec<u8> as core[a373ad73a504971]::io::write::Write>::write_fmt
[INFO] [stdout]    3:     0x635ef95bd3e6 - std[617be2ca0a6fd877]::panicking::default_hook::{closure#0}
[INFO] [stdout]    4:     0x635ef95d9719 - std[617be2ca0a6fd877]::panicking::default_hook
[INFO] [stdout]    5:     0x635ef9575220 - test[aada8e7e76ba119b]::test_main_inner::{closure#0}
[INFO] [stdout]    6:     0x635ef95d98d2 - std[617be2ca0a6fd877]::panicking::panic_with_hook
[INFO] [stdout]    7:     0x635ef95bd492 - std[617be2ca0a6fd877]::panicking::panic_handler::{closure#0}
[INFO] [stdout]    8:     0x635ef95b61a9 - std[617be2ca0a6fd877]::sys::backtrace::__rust_end_short_backtrace::<std[617be2ca0a6fd877]::panicking::panic_handler::{closure#0}, !>
[INFO] [stdout]    9:     0x635ef95be09d - __rustc[ea4f61d10b84890b]::rust_begin_unwind
[INFO] [stdout]   10:     0x635ef95f56ac - core[a373ad73a504971]::panicking::panic_fmt
[INFO] [stdout]   11:     0x635ef95f5482 - core[a373ad73a504971]::result::unwrap_failed
[INFO] [stdout]   12:     0x635ef9567c3d - compare[e785f1f970d8aa81]::generate_c
[INFO] [stdout]   13:     0x635ef95683cc - <compare[e785f1f970d8aa81]::native_works::{closure#0} as core[a373ad73a504971]::ops::function::FnOnce<()>>::call_once
[INFO] [stdout]   14:     0x635ef956866b - test[aada8e7e76ba119b]::__rust_begin_short_backtrace::<core[a373ad73a504971]::result::Result<(), alloc[2e1b2a31b91974c5]::string::String>, fn() -> core[a373ad73a504971]::result::Result<(), alloc[2e1b2a31b91974c5]::string::String>>
[INFO] [stdout]   15:     0x635ef9575845 - test[aada8e7e76ba119b]::run_test::{closure#0}
[INFO] [stdout]   16:     0x635ef956f134 - std[617be2ca0a6fd877]::sys::backtrace::__rust_begin_short_backtrace::<test[aada8e7e76ba119b]::run_test::{closure#1}, ()>
[INFO] [stdout]   17:     0x635ef95788d2 - <std[617be2ca0a6fd877]::thread::lifecycle::spawn_unchecked<test[aada8e7e76ba119b]::run_test::{closure#1}, ()>::{closure#1} as core[a373ad73a504971]::ops::function::FnOnce<()>>::call_once::{shim:vtable#0}
[INFO] [stdout]   18:     0x635ef95e08df - <std[617be2ca0a6fd877]::sys::thread::unix::Thread>::new::thread_start
[INFO] [stdout]   19:     0x7f1081c6edfa - <unknown>
[INFO] [stdout]   20:     0x7f1081d023d4 - clone
[INFO] [stdout]   21:                0x0 - <unknown>
[INFO] [stdout] 
[INFO] [stdout] ---- native_compare_1234 stdout ----
[INFO] [stdout] [tests/compare.rs:25:5] length = 128
[INFO] [stdout] 
[INFO] [stdout] thread 'native_compare_1234' (187) panicked at tests/compare.rs:12:10:
[INFO] [stdout] called `Result::unwrap()` on an `Err` value: Os { code: 2, kind: NotFound, message: "No such file or directory" }
[INFO] [stdout] stack backtrace:
[INFO] [stdout]    0:     0x635ef95e1081 - <<std[617be2ca0a6fd877]::sys::backtrace::BacktraceLock>::print::DisplayBacktrace as core[a373ad73a504971]::fmt::Display>::fmt
[INFO] [stdout]    1:     0x635ef95f4f7a - core[a373ad73a504971]::fmt::write
[INFO] [stdout]    2:     0x635ef95e529c - <alloc[2e1b2a31b91974c5]::vec::Vec<u8> as core[a373ad73a504971]::io::write::Write>::write_fmt
[INFO] [stdout]    3:     0x635ef95bd3e6 - std[617be2ca0a6fd877]::panicking::default_hook::{closure#0}
[INFO] [stdout]    4:     0x635ef95d9719 - std[617be2ca0a6fd877]::panicking::default_hook
[INFO] [stdout]    5:     0x635ef9575220 - test[aada8e7e76ba119b]::test_main_inner::{closure#0}
[INFO] [stdout]    6:     0x635ef95d98d2 - std[617be2ca0a6fd877]::panicking::panic_with_hook
[INFO] [stdout]    7:     0x635ef95bd492 - std[617be2ca0a6fd877]::panicking::panic_handler::{closure#0}
[INFO] [stdout]    8:     0x635ef95b61a9 - std[617be2ca0a6fd877]::sys::backtrace::__rust_end_short_backtrace::<std[617be2ca0a6fd877]::panicking::panic_handler::{closure#0}, !>
[INFO] [stdout]    9:     0x635ef95be09d - __rustc[ea4f61d10b84890b]::rust_begin_unwind
[INFO] [stdout]   10:     0x635ef95f56ac - core[a373ad73a504971]::panicking::panic_fmt
[INFO] [stdout]   11:     0x635ef95f5482 - core[a373ad73a504971]::result::unwrap_failed
[INFO] [stdout]   12:     0x635ef9567c3d - compare[e785f1f970d8aa81]::generate_c
[INFO] [stdout]   13:     0x635ef9567d89 - compare[e785f1f970d8aa81]::compare
[INFO] [stdout]   14:     0x635ef95685a8 - <compare[e785f1f970d8aa81]::native_compare_1234::{closure#0} as core[a373ad73a504971]::ops::function::FnOnce<()>>::call_once
[INFO] [stdout]   15:     0x635ef956866b - test[aada8e7e76ba119b]::__rust_begin_short_backtrace::<core[a373ad73a504971]::result::Result<(), alloc[2e1b2a31b91974c5]::string::String>, fn() -> core[a373ad73a504971]::result::Result<(), alloc[2e1b2a31b91974c5]::string::String>>
[INFO] [stdout]   16:     0x635ef9575845 - test[aada8e7e76ba119b]::run_test::{closure#0}
[INFO] [stdout]   17:     0x635ef956f134 - std[617be2ca0a6fd877]::sys::backtrace::__rust_begin_short_backtrace::<test[aada8e7e76ba119b]::run_test::{closure#1}, ()>
[INFO] [stdout]   18:     0x635ef95788d2 - <std[617be2ca0a6fd877]::thread::lifecycle::spawn_unchecked<test[aada8e7e76ba119b]::run_test::{closure#1}, ()>::{closure#1} as core[a373ad73a504971]::ops::function::FnOnce<()>>::call_once::{shim:vtable#0}
[INFO] [stdout]   19:     0x635ef95e08df - <std[617be2ca0a6fd877]::sys::thread::unix::Thread>::new::thread_start
[INFO] [stdout]   20:     0x7f1081c6edfa - <unknown>
[INFO] [stdout]   21:     0x7f1081d023d4 - clone
[INFO] [stdout]   22:                0x0 - <unknown>
[INFO] [stdout] 
[INFO] [stdout] ---- hard_coded_zero_c stdout ----
[INFO] [stdout] 
[INFO] [stdout] thread 'hard_coded_zero_c' (186) panicked at tests/compare.rs:12:10:
[INFO] [stdout] called `Result::unwrap()` on an `Err` value: Os { code: 2, kind: NotFound, message: "No such file or directory" }
[INFO] [stdout] stack backtrace:
[INFO] [stdout]    0:     0x635ef95e1081 - <<std[617be2ca0a6fd877]::sys::backtrace::BacktraceLock>::print::DisplayBacktrace as core[a373ad73a504971]::fmt::Display>::fmt
[INFO] [stdout]    1:     0x635ef95f4f7a - core[a373ad73a504971]::fmt::write
[INFO] [stdout]    2:     0x635ef95e529c - <alloc[2e1b2a31b91974c5]::vec::Vec<u8> as core[a373ad73a504971]::io::write::Write>::write_fmt
[INFO] [stdout]    3:     0x635ef95bd3e6 - std[617be2ca0a6fd877]::panicking::default_hook::{closure#0}
[INFO] [stdout]    4:     0x635ef95d9719 - std[617be2ca0a6fd877]::panicking::default_hook
[INFO] [stdout]    5:     0x635ef9575220 - test[aada8e7e76ba119b]::test_main_inner::{closure#0}
[INFO] [stdout]    6:     0x635ef95d98d2 - std[617be2ca0a6fd877]::panicking::panic_with_hook
[INFO] [stdout]    7:     0x635ef95bd492 - std[617be2ca0a6fd877]::panicking::panic_handler::{closure#0}
[INFO] [stdout]    8:     0x635ef95b61a9 - std[617be2ca0a6fd877]::sys::backtrace::__rust_end_short_backtrace::<std[617be2ca0a6fd877]::panicking::panic_handler::{closure#0}, !>
[INFO] [stdout]    9:     0x635ef95be09d - __rustc[ea4f61d10b84890b]::rust_begin_unwind
[INFO] [stdout]   10:     0x635ef95f56ac - core[a373ad73a504971]::panicking::panic_fmt
[INFO] [stdout]   11:     0x635ef95f5482 - core[a373ad73a504971]::result::unwrap_failed
[INFO] [stdout]   12:     0x635ef9567c3d - compare[e785f1f970d8aa81]::generate_c
[INFO] [stdout]   13:     0x635ef95684f9 - <compare[e785f1f970d8aa81]::hard_coded_zero_c::{closure#0} as core[a373ad73a504971]::ops::function::FnOnce<()>>::call_once
[INFO] [stdout]   14:     0x635ef956866b - test[aada8e7e76ba119b]::__rust_begin_short_backtrace::<core[a373ad73a504971]::result::Result<(), alloc[2e1b2a31b91974c5]::string::String>, fn() -> core[a373ad73a504971]::result::Result<(), alloc[2e1b2a31b91974c5]::string::String>>
[INFO] [stdout]   15:     0x635ef9575845 - test[aada8e7e76ba119b]::run_test::{closure#0}
[INFO] [stdout]   16:     0x635ef956f134 - std[617be2ca0a6fd877]::sys::backtrace::__rust_begin_short_backtrace::<test[aada8e7e76ba119b]::run_test::{closure#1}, ()>
[INFO] [stdout]   17:     0x635ef95788d2 - <std[617be2ca0a6fd877]::thread::lifecycle::spawn_unchecked<test[aada8e7e76ba119b]::run_test::{closure#1}, ()>::{closure#1} as core[a373ad73a504971]::ops::function::FnOnce<()>>::call_once::{shim:vtable#0}
[INFO] [stdout]   18:     0x635ef95e08df - <std[617be2ca0a6fd877]::sys::thread::unix::Thread>::new::thread_start
[INFO] [stdout]   19:     0x7f1081c6edfa - <unknown>
[INFO] [stdout]   20:     0x7f1081d023d4 - clone
[INFO] [stdout]   21:                0x0 - <unknown>
[INFO] [stdout] 
[INFO] [stdout] ---- native_compare_zero stdout ----
[INFO] [stdout] [tests/compare.rs:25:5] length = 128
[INFO] [stdout] 
[INFO] [stdout] thread 'native_compare_zero' (190) panicked at tests/compare.rs:12:10:
[INFO] [stdout] called `Result::unwrap()` on an `Err` value: Os { code: 2, kind: NotFound, message: "No such file or directory" }
[INFO] [stdout] stack backtrace:
[INFO] [stdout]    0:     0x635ef95e1081 - <<std[617be2ca0a6fd877]::sys::backtrace::BacktraceLock>::print::DisplayBacktrace as core[a373ad73a504971]::fmt::Display>::fmt
[INFO] [stdout]    1:     0x635ef95f4f7a - core[a373ad73a504971]::fmt::write
[INFO] [stdout]    2:     0x635ef95e529c - <alloc[2e1b2a31b91974c5]::vec::Vec<u8> as core[a373ad73a504971]::io::write::Write>::write_fmt
[INFO] [stdout]    3:     0x635ef95bd3e6 - std[617be2ca0a6fd877]::panicking::default_hook::{closure#0}
[INFO] [stdout]    4:     0x635ef95d9719 - std[617be2ca0a6fd877]::panicking::default_hook
[INFO] [stdout]    5:     0x635ef9575220 - test[aada8e7e76ba119b]::test_main_inner::{closure#0}
[INFO] [stdout]    6:     0x635ef95d98d2 - std[617be2ca0a6fd877]::panicking::panic_with_hook
[INFO] [stdout]    7:     0x635ef95bd492 - std[617be2ca0a6fd877]::panicking::panic_handler::{closure#0}
[INFO] [stdout]    8:     0x635ef95b61a9 - std[617be2ca0a6fd877]::sys::backtrace::__rust_end_short_backtrace::<std[617be2ca0a6fd877]::panicking::panic_handler::{closure#0}, !>
[INFO] [stdout]    9:     0x635ef95be09d - __rustc[ea4f61d10b84890b]::rust_begin_unwind
[INFO] [stdout]   10:     0x635ef95f56ac - core[a373ad73a504971]::panicking::panic_fmt
[INFO] [stdout]   11:     0x635ef95f5482 - core[a373ad73a504971]::result::unwrap_failed
[INFO] [stdout]   12:     0x635ef9567c3d - compare[e785f1f970d8aa81]::generate_c
[INFO] [stdout]   13:     0x635ef9567d89 - compare[e785f1f970d8aa81]::compare
[INFO] [stdout]   14:     0x635ef9568600 - <compare[e785f1f970d8aa81]::native_compare_zero::{closure#0} as core[a373ad73a504971]::ops::function::FnOnce<()>>::call_once
[INFO] [stdout]   15:     0x635ef956866b - test[aada8e7e76ba119b]::__rust_begin_short_backtrace::<core[a373ad73a504971]::result::Result<(), alloc[2e1b2a31b91974c5]::string::String>, fn() -> core[a373ad73a504971]::result::Result<(), alloc[2e1b2a31b91974c5]::string::String>>
[INFO] [stdout]   16:     0x635ef9575845 - test[aada8e7e76ba119b]::run_test::{closure#0}
[INFO] [stdout]   17:     0x635ef956f134 - std[617be2ca0a6fd877]::sys::backtrace::__rust_begin_short_backtrace::<test[aada8e7e76ba119b]::run_test::{closure#1}, ()>
[INFO] [stdout]   18:     0x635ef95788d2 - <std[617be2ca0a6fd877]::thread::lifecycle::spawn_unchecked<test[aada8e7e76ba119b]::run_test::{closure#1}, ()>::{closure#1} as core[a373ad73a504971]::ops::function::FnOnce<()>>::call_once::{shim:vtable#0}
[INFO] [stdout]   19:     0x635ef95e08df - <std[617be2ca0a6fd877]::sys::thread::unix::Thread>::new::thread_start
[INFO] [stdout]   20:     0x7f1081c6edfa - <unknown>
[INFO] [stdout]   21:     0x7f1081d023d4 - clone
[INFO] [stdout]   22:                0x0 - <unknown>
[INFO] [stdout] 
[INFO] [stdout] ---- native_compare_long stdout ----
[INFO] [stdout] [tests/compare.rs:25:5] length = 12800
[INFO] [stdout] 
[INFO] [stdout] thread 'native_compare_long' (188) panicked at tests/compare.rs:12:10:
[INFO] [stdout] called `Result::unwrap()` on an `Err` value: Os { code: 2, kind: NotFound, message: "No such file or directory" }
[INFO] [stdout] stack backtrace:
[INFO] [stdout]    0:     0x635ef95e1081 - <<std[617be2ca0a6fd877]::sys::backtrace::BacktraceLock>::print::DisplayBacktrace as core[a373ad73a504971]::fmt::Display>::fmt
[INFO] [stdout]    1:     0x635ef95f4f7a - core[a373ad73a504971]::fmt::write
[INFO] [stdout]    2:     0x635ef95e529c - <alloc[2e1b2a31b91974c5]::vec::Vec<u8> as core[a373ad73a504971]::io::write::Write>::write_fmt
[INFO] [stdout]    3:     0x635ef95bd3e6 - std[617be2ca0a6fd877]::panicking::default_hook::{closure#0}
[INFO] [stdout]    4:     0x635ef95d9719 - std[617be2ca0a6fd877]::panicking::default_hook
[INFO] [stdout]    5:     0x635ef9575220 - test[aada8e7e76ba119b]::test_main_inner::{closure#0}
[INFO] [stdout]    6:     0x635ef95d98d2 - std[617be2ca0a6fd877]::panicking::panic_with_hook
[INFO] [stdout]    7:     0x635ef95bd492 - std[617be2ca0a6fd877]::panicking::panic_handler::{closure#0}
[INFO] [stdout]    8:     0x635ef95b61a9 - std[617be2ca0a6fd877]::sys::backtrace::__rust_end_short_backtrace::<std[617be2ca0a6fd877]::panicking::panic_handler::{closure#0}, !>
[INFO] [stdout]    9:     0x635ef95be09d - __rustc[ea4f61d10b84890b]::rust_begin_unwind
[INFO] [stdout]   10:     0x635ef95f56ac - core[a373ad73a504971]::panicking::panic_fmt
[INFO] [stdout]   11:     0x635ef95f5482 - core[a373ad73a504971]::result::unwrap_failed
[INFO] [stdout]   12:     0x635ef9567c3d - compare[e785f1f970d8aa81]::generate_c
[INFO] [stdout]   13:     0x635ef9567d89 - compare[e785f1f970d8aa81]::compare
[INFO] [stdout]   14:     0x635ef95685d8 - <compare[e785f1f970d8aa81]::native_compare_long::{closure#0} as core[a373ad73a504971]::ops::function::FnOnce<()>>::call_once
[INFO] [stdout]   15:     0x635ef956866b - test[aada8e7e76ba119b]::__rust_begin_short_backtrace::<core[a373ad73a504971]::result::Result<(), alloc[2e1b2a31b91974c5]::string::String>, fn() -> core[a373ad73a504971]::result::Result<(), alloc[2e1b2a31b91974c5]::string::String>>
[INFO] [stdout]   16:     0x635ef9575845 - test[aada8e7e76ba119b]::run_test::{closure#0}
[INFO] [stdout]   17:     0x635ef956f134 - std[617be2ca0a6fd877]::sys::backtrace::__rust_begin_short_backtrace::<test[aada8e7e76ba119b]::run_test::{closure#1}, ()>
[INFO] [stdout]   18:     0x635ef95788d2 - <std[617be2ca0a6fd877]::thread::lifecycle::spawn_unchecked<test[aada8e7e76ba119b]::run_test::{closure#1}, ()>::{closure#1} as core[a373ad73a504971]::ops::function::FnOnce<()>>::call_once::{shim:vtable#0}
[INFO] [stdout]   19:     0x635ef95e08df - <std[617be2ca0a6fd877]::sys::thread::unix::Thread>::new::thread_start
[INFO] [stdout]   20:     0x7f1081c6edfa - <unknown>
[INFO] [stdout]   21:     0x7f1081d023d4 - clone
[INFO] [stdout]   22:                0x0 - <unknown>
[INFO] [stdout] 
[INFO] [stdout] 
[INFO] [stdout] failures:
[INFO] [stdout]     hard_coded_zero_c
[INFO] [stdout]     native_compare_1234
[INFO] [stdout]     native_compare_long
[INFO] [stdout]     native_compare_zero
[INFO] [stdout]     native_works
[INFO] [stdout] 
[INFO] [stdout] test result: FAILED. 1 passed; 5 failed; 0 ignored; 0 measured; 0 filtered out; finished in 0.01s
[INFO] [stdout] 
[INFO] [stderr] error: test failed, to rerun pass `--test compare`
[INFO] running `Command { std: "docker" "inspect" "df7163079d9b1110e02579516e392b0f722bd7bfd905298aba955e4548e16e95", kill_on_drop: false }`
[INFO] running `Command { std: "docker" "rm" "-f" "df7163079d9b1110e02579516e392b0f722bd7bfd905298aba955e4548e16e95", kill_on_drop: false }`
[INFO] [stdout] df7163079d9b1110e02579516e392b0f722bd7bfd905298aba955e4548e16e95
