[INFO] fetching crate shipwright-host 0.11.0...
[INFO] testing shipwright-host-0.11.0 against 1.100.0-beta.1+cargoflags=--release for beta-release-1.100-2
[INFO] extracting crate shipwright-host 0.11.0 into /workspace/builds/worker-6-tc2/source
[INFO] started tweaking crates.io crate shipwright-host 0.11.0
[INFO] removed 0 missing tests
[INFO] finished tweaking crates.io crate shipwright-host 0.11.0
[INFO] tweaked toml for crates.io crate shipwright-host 0.11.0 written to /workspace/builds/worker-6-tc2/source/Cargo.toml
[INFO] validating manifest of crates.io crate shipwright-host 0.11.0 on toolchain 1.100.0-beta.1
[INFO] running `Command { std: CARGO_HOME="/workspace/cargo-home" RUSTUP_HOME="/workspace/rustup-home" "/workspace/cargo-home/bin/cargo" "+1.100.0-beta.1" "metadata" "--manifest-path" "Cargo.toml" "--no-deps", kill_on_drop: false }`
[INFO] crate crates.io crate shipwright-host 0.11.0 already has a lockfile, it will not be regenerated
[INFO] running `Command { std: CARGO_HOME="/workspace/cargo-home" RUSTUP_HOME="/workspace/rustup-home" "/workspace/cargo-home/bin/cargo" "+1.100.0-beta.1" "fetch" "--manifest-path" "Cargo.toml", kill_on_drop: false }`
[INFO] running `Command { std: "docker" "create" "-v" "/var/lib/crater-agent-workspace/builds/worker-6-tc2/source:/opt/rustwide/workdir:ro,Z" "-v" "/var/lib/crater-agent-workspace/builds/worker-6-tc2/target:/opt/rustwide/target:rw,Z" "-v" "/var/lib/crater-agent-workspace/cargo-home:/opt/rustwide/cargo-home:ro,Z" "-v" "/var/lib/crater-agent-workspace/rustup-home:/opt/rustwide/rustup-home:ro,Z" "-m" "1610612736" "--network" "none" "ghcr.io/rust-lang/crates-build-env/linux@sha256:77db811e55d90add9212f6832c23229e3de5f1c1f9905e8cb07319ea15df73ac" "sleep" "infinity", kill_on_drop: false }`
[INFO] [stdout] 5bce705695533d706f4a11a95367793a3cb1be7b5e00b3e288738d4fca28f8af
[INFO] running `Command { std: "docker" "start" "5bce705695533d706f4a11a95367793a3cb1be7b5e00b3e288738d4fca28f8af", kill_on_drop: false }`
[INFO] running `Command { std: "docker" "inspect" "5bce705695533d706f4a11a95367793a3cb1be7b5e00b3e288738d4fca28f8af", kill_on_drop: false }`
[INFO] running `Command { std: "docker" "exec" "-e" "SOURCE_DIR=/opt/rustwide/workdir" "-e" "CARGO_HOME=/opt/rustwide/cargo-home" "-e" "RUSTUP_HOME=/opt/rustwide/rustup-home" "-e" "CARGO_TARGET_DIR=/opt/rustwide/target" "-w" "/opt/rustwide/workdir" "--user" "0:0" "5bce705695533d706f4a11a95367793a3cb1be7b5e00b3e288738d4fca28f8af" "/opt/rustwide/cargo-home/bin/cargo" "+1.100.0-beta.1" "metadata" "--no-deps" "--format-version=1", kill_on_drop: false }`
[INFO] running `Command { std: "docker" "inspect" "5bce705695533d706f4a11a95367793a3cb1be7b5e00b3e288738d4fca28f8af", kill_on_drop: false }`
[INFO] running `Command { std: "docker" "exec" "-e" "SOURCE_DIR=/opt/rustwide/workdir" "-e" "CARGO_HOME=/opt/rustwide/cargo-home" "-e" "RUSTUP_HOME=/opt/rustwide/rustup-home" "-e" "CARGO_TARGET_DIR=/opt/rustwide/target" "-e" "CARGO_INCREMENTAL=0" "-e" "RUST_BACKTRACE=full" "-e" "RUSTFLAGS=--cap-lints=warn" "-e" "RUSTDOCFLAGS=--cap-lints=warn" "-w" "/opt/rustwide/workdir" "--user" "0:0" "5bce705695533d706f4a11a95367793a3cb1be7b5e00b3e288738d4fca28f8af" "/opt/rustwide/cargo-home/bin/cargo" "+1.100.0-beta.1" "build" "--frozen" "--message-format=json" "--release", kill_on_drop: false }`
[INFO] [stderr]    Compiling syn v2.0.117
[INFO] [stderr]    Compiling serde_json v1.0.150
[INFO] [stderr]    Compiling thiserror-impl v2.0.18
[INFO] [stderr]    Compiling serde_derive v1.0.228
[INFO] [stderr]    Compiling thiserror v2.0.18
[INFO] [stderr]    Compiling serde v1.0.228
[INFO] [stderr]    Compiling shipwright-host v0.11.0 (/opt/rustwide/workdir)
[INFO] [stderr]     Finished `release` profile [optimized] target(s) in 8.11s
[INFO] running `Command { std: "docker" "inspect" "5bce705695533d706f4a11a95367793a3cb1be7b5e00b3e288738d4fca28f8af", kill_on_drop: false }`
[INFO] running `Command { std: "docker" "exec" "-e" "SOURCE_DIR=/opt/rustwide/workdir" "-e" "CARGO_HOME=/opt/rustwide/cargo-home" "-e" "RUSTUP_HOME=/opt/rustwide/rustup-home" "-e" "CARGO_TARGET_DIR=/opt/rustwide/target" "-e" "CARGO_INCREMENTAL=0" "-e" "RUST_BACKTRACE=full" "-e" "RUSTFLAGS=--cap-lints=warn" "-e" "RUSTDOCFLAGS=--cap-lints=warn" "-w" "/opt/rustwide/workdir" "--user" "0:0" "5bce705695533d706f4a11a95367793a3cb1be7b5e00b3e288738d4fca28f8af" "/opt/rustwide/cargo-home/bin/cargo" "+1.100.0-beta.1" "test" "--frozen" "--no-run" "--message-format=json" "--release", kill_on_drop: false }`
[INFO] [stderr]    Compiling shipwright-host v0.11.0 (/opt/rustwide/workdir)
[INFO] [stderr]     Finished `release` profile [optimized] target(s) in 1.77s
[INFO] running `Command { std: "docker" "inspect" "5bce705695533d706f4a11a95367793a3cb1be7b5e00b3e288738d4fca28f8af", kill_on_drop: false }`
[INFO] running `Command { std: "docker" "exec" "-e" "SOURCE_DIR=/opt/rustwide/workdir" "-e" "CARGO_HOME=/opt/rustwide/cargo-home" "-e" "RUSTUP_HOME=/opt/rustwide/rustup-home" "-e" "CARGO_TARGET_DIR=/opt/rustwide/target" "-e" "CARGO_INCREMENTAL=0" "-e" "RUST_BACKTRACE=full" "-e" "RUSTFLAGS=--cap-lints=warn" "-e" "RUSTDOCFLAGS=--cap-lints=warn" "-w" "/opt/rustwide/workdir" "--user" "0:0" "5bce705695533d706f4a11a95367793a3cb1be7b5e00b3e288738d4fca28f8af" "/opt/rustwide/cargo-home/bin/cargo" "+1.100.0-beta.1" "test" "--frozen" "--release", kill_on_drop: false }`
[INFO] [stderr]     Finished `release` profile [optimized] target(s) in 0.05s
[INFO] [stderr]      Running unittests src/lib.rs (/opt/rustwide/target/release/build/shipwright-host/fe1c77dd6b91d38c/out/shipwright_host-fe1c77dd6b91d38c)
[INFO] [stdout] 
[INFO] [stdout] running 0 tests
[INFO] [stdout] 
[INFO] [stdout] test result: ok. 0 passed; 0 failed; 0 ignored; 0 measured; 0 filtered out; finished in 0.00s
[INFO] [stdout] 
[INFO] [stdout] 
[INFO] [stdout] running 12 tests
[INFO] [stderr]      Running tests/conformance.rs (/opt/rustwide/target/release/build/shipwright-host/94aa15c051decf1d/out/conformance-94aa15c051decf1d)
[INFO] [stdout] test pkgmgr_prompt_variants_include_only_configured_managers ... ok
[INFO] [stdout] test unresolved_sources_are_ignored_before_final_error ... ok
[INFO] [stdout] test bundled_name_mismatch_is_error ... ok
[INFO] [stdout] test resolution_constructors_populate_distinct_payloads ... ok
[INFO] [stdout] test user_setting_name_mismatch_and_missing_probe_are_errors ... ok
[INFO] [stdout] test probe_misses_and_absent_optional_configs_fall_through ... ok
[INFO] [stdout] test env_path_precedes_dir_and_name_mismatch_errors ... ok
[INFO] [stdout] test dotnet_tool_default_command_success_and_install_prompt ... ok
[INFO] [stdout] test missing_path_probe_and_missing_env_vars_fall_through ... ok
[INFO] [stdout] test path_version_mismatch_falls_through_to_no_source ... ok
[INFO] [stdout] test env_dir_joins_windows_exe_suffix ... ok
[INFO] [stdout] test resolver_passes_every_vector ... FAILED
[INFO] [stdout] 
[INFO] [stdout] failures:
[INFO] [stdout] 
[INFO] [stdout] ---- resolver_passes_every_vector stdout ----
[INFO] [stdout] 
[INFO] [stdout] thread 'resolver_passes_every_vector' (338) panicked at tests/conformance.rs:29:52:
[INFO] [stdout] read /opt/rustwide/workdir/../../schemas/test-vectors.json: No such file or directory (os error 2)
[INFO] [stdout] stack backtrace:
[INFO] [stdout]    0:     0x5db1a895c6c1 - <<std[617be2ca0a6fd877]::sys::backtrace::BacktraceLock>::print::DisplayBacktrace as core[a373ad73a504971]::fmt::Display>::fmt
[INFO] [stdout]    1:     0x5db1a89711ba - core[a373ad73a504971]::fmt::write
[INFO] [stdout]    2:     0x5db1a89608fc - <alloc[2e1b2a31b91974c5]::vec::Vec<u8> as core[a373ad73a504971]::io::write::Write>::write_fmt
[INFO] [stdout]    3:     0x5db1a8938686 - std[617be2ca0a6fd877]::panicking::default_hook::{closure#0}
[INFO] [stdout]    4:     0x5db1a8954a49 - std[617be2ca0a6fd877]::panicking::default_hook
[INFO] [stdout]    5:     0x5db1a88e6ff0 - test[aada8e7e76ba119b]::test_main_inner::{closure#0}
[INFO] [stdout]    6:     0x5db1a8954c02 - std[617be2ca0a6fd877]::panicking::panic_with_hook
[INFO] [stdout]    7:     0x5db1a8938732 - std[617be2ca0a6fd877]::panicking::panic_handler::{closure#0}
[INFO] [stdout]    8:     0x5db1a89312b9 - std[617be2ca0a6fd877]::sys::backtrace::__rust_end_short_backtrace::<std[617be2ca0a6fd877]::panicking::panic_handler::{closure#0}, !>
[INFO] [stdout]    9:     0x5db1a893933d - __rustc[ea4f61d10b84890b]::rust_begin_unwind
[INFO] [stdout]   10:     0x5db1a89718ec - core[a373ad73a504971]::panicking::panic_fmt
[INFO] [stdout]   11:     0x5db1a88c4279 - conformance[63726e94498e8017]::load_vectors::{closure#0}
[INFO] [stdout]   12:     0x5db1a88c7a79 - conformance[63726e94498e8017]::resolver_passes_every_vector
[INFO] [stdout]   13:     0x5db1a88c8a79 - <conformance[63726e94498e8017]::resolver_passes_every_vector::{closure#0} as core[a373ad73a504971]::ops::function::FnOnce<()>>::call_once
[INFO] [stdout]   14:     0x5db1a88da43b - test[aada8e7e76ba119b]::__rust_begin_short_backtrace::<core[a373ad73a504971]::result::Result<(), alloc[2e1b2a31b91974c5]::string::String>, fn() -> core[a373ad73a504971]::result::Result<(), alloc[2e1b2a31b91974c5]::string::String>>
[INFO] [stdout]   15:     0x5db1a88e7615 - test[aada8e7e76ba119b]::run_test::{closure#0}
[INFO] [stdout]   16:     0x5db1a88e0f04 - std[617be2ca0a6fd877]::sys::backtrace::__rust_begin_short_backtrace::<test[aada8e7e76ba119b]::run_test::{closure#1}, ()>
[INFO] [stdout]   17:     0x5db1a88ea6a2 - <std[617be2ca0a6fd877]::thread::lifecycle::spawn_unchecked<test[aada8e7e76ba119b]::run_test::{closure#1}, ()>::{closure#1} as core[a373ad73a504971]::ops::function::FnOnce<()>>::call_once::{shim:vtable#0}
[INFO] [stdout]   18:     0x5db1a895bc0f - <std[617be2ca0a6fd877]::sys::thread::unix::Thread>::new::thread_start
[INFO] [stdout]   19:     0x7591e05a3dfa - <unknown>
[INFO] [stdout]   20:     0x7591e06373d4 - clone
[INFO] [stdout]   21:                0x0 - <unknown>
[INFO] [stdout] 
[INFO] [stdout] 
[INFO] [stdout] failures:
[INFO] [stdout]     resolver_passes_every_vector
[INFO] [stdout] 
[INFO] [stdout] test result: FAILED. 11 passed; 1 failed; 0 ignored; 0 measured; 0 filtered out; finished in 0.01s
[INFO] [stdout] 
[INFO] [stderr] error: test failed, to rerun pass `--test conformance`
[INFO] running `Command { std: "docker" "inspect" "5bce705695533d706f4a11a95367793a3cb1be7b5e00b3e288738d4fca28f8af", kill_on_drop: false }`
[INFO] running `Command { std: "docker" "rm" "-f" "5bce705695533d706f4a11a95367793a3cb1be7b5e00b3e288738d4fca28f8af", kill_on_drop: false }`
[INFO] [stdout] 5bce705695533d706f4a11a95367793a3cb1be7b5e00b3e288738d4fca28f8af
