[INFO] fetching crate shipshape 0.1.1...
[INFO] testing shipshape-0.1.1 against 1.100.0-beta.1+cargoflags=--release for beta-release-1.100-2
[INFO] extracting crate shipshape 0.1.1 into /workspace/builds/worker-5-tc2/source
[INFO] started tweaking crates.io crate shipshape 0.1.1
[INFO] finished tweaking crates.io crate shipshape 0.1.1
[INFO] tweaked toml for crates.io crate shipshape 0.1.1 written to /workspace/builds/worker-5-tc2/source/Cargo.toml
[INFO] validating manifest of crates.io crate shipshape 0.1.1 on toolchain 1.100.0-beta.1
[INFO] running `Command { std: CARGO_HOME="/workspace/cargo-home" RUSTUP_HOME="/workspace/rustup-home" "/workspace/cargo-home/bin/cargo" "+1.100.0-beta.1" "metadata" "--manifest-path" "Cargo.toml" "--no-deps", kill_on_drop: false }`
[INFO] running `Command { std: CARGO_HOME="/workspace/cargo-home" RUSTUP_HOME="/workspace/rustup-home" "/workspace/cargo-home/bin/cargo" "+1.100.0-beta.1" "generate-lockfile" "--manifest-path" "Cargo.toml", kill_on_drop: false }`
[INFO] [stderr]     Blocking waiting for file lock on package cache
[INFO] [stderr]     Updating crates.io index
[INFO] [stderr]      Locking 93 packages to highest compatible versions
[INFO] [stderr]       Adding actix-rt v1.1.1 (available: v2.15.0)
[INFO] [stderr]       Adding hyper v0.13.10 (available: v1.12.0)
[INFO] running `Command { std: CARGO_HOME="/workspace/cargo-home" RUSTUP_HOME="/workspace/rustup-home" "/workspace/cargo-home/bin/cargo" "+1.100.0-beta.1" "fetch" "--manifest-path" "Cargo.toml", kill_on_drop: false }`
[INFO] running `Command { std: "docker" "create" "-v" "/var/lib/crater-agent-workspace/builds/worker-5-tc2/source:/opt/rustwide/workdir:ro,Z" "-v" "/var/lib/crater-agent-workspace/builds/worker-5-tc2/target:/opt/rustwide/target:rw,Z" "-v" "/var/lib/crater-agent-workspace/cargo-home:/opt/rustwide/cargo-home:ro,Z" "-v" "/var/lib/crater-agent-workspace/rustup-home:/opt/rustwide/rustup-home:ro,Z" "-m" "1610612736" "--network" "none" "ghcr.io/rust-lang/crates-build-env/linux@sha256:77db811e55d90add9212f6832c23229e3de5f1c1f9905e8cb07319ea15df73ac" "sleep" "infinity", kill_on_drop: false }`
[INFO] [stdout] 9113f935e8966fc54b43f7c180fc251007ac73c8e9d7d0411f12d79b8c3adaf6
[INFO] running `Command { std: "docker" "start" "9113f935e8966fc54b43f7c180fc251007ac73c8e9d7d0411f12d79b8c3adaf6", kill_on_drop: false }`
[INFO] running `Command { std: "docker" "inspect" "9113f935e8966fc54b43f7c180fc251007ac73c8e9d7d0411f12d79b8c3adaf6", kill_on_drop: false }`
[INFO] running `Command { std: "docker" "exec" "-e" "SOURCE_DIR=/opt/rustwide/workdir" "-e" "CARGO_HOME=/opt/rustwide/cargo-home" "-e" "RUSTUP_HOME=/opt/rustwide/rustup-home" "-e" "CARGO_TARGET_DIR=/opt/rustwide/target" "-w" "/opt/rustwide/workdir" "--user" "0:0" "9113f935e8966fc54b43f7c180fc251007ac73c8e9d7d0411f12d79b8c3adaf6" "/opt/rustwide/cargo-home/bin/cargo" "+1.100.0-beta.1" "metadata" "--no-deps" "--format-version=1", kill_on_drop: false }`
[INFO] running `Command { std: "docker" "inspect" "9113f935e8966fc54b43f7c180fc251007ac73c8e9d7d0411f12d79b8c3adaf6", kill_on_drop: false }`
[INFO] running `Command { std: "docker" "exec" "-e" "SOURCE_DIR=/opt/rustwide/workdir" "-e" "CARGO_HOME=/opt/rustwide/cargo-home" "-e" "RUSTUP_HOME=/opt/rustwide/rustup-home" "-e" "CARGO_TARGET_DIR=/opt/rustwide/target" "-e" "CARGO_INCREMENTAL=0" "-e" "RUST_BACKTRACE=full" "-e" "RUSTFLAGS=--cap-lints=warn" "-e" "RUSTDOCFLAGS=--cap-lints=warn" "-w" "/opt/rustwide/workdir" "--user" "0:0" "9113f935e8966fc54b43f7c180fc251007ac73c8e9d7d0411f12d79b8c3adaf6" "/opt/rustwide/cargo-home/bin/cargo" "+1.100.0-beta.1" "build" "--frozen" "--message-format=json" "--release", kill_on_drop: false }`
[INFO] [stderr]    Compiling libc v0.2.191
[INFO] [stderr]    Compiling bytes v0.5.6
[INFO] [stderr]    Compiling indexmap v1.9.3
[INFO] [stderr]    Compiling pin-project-lite v0.1.12
[INFO] [stderr]    Compiling httpdate v0.3.2
[INFO] [stderr]    Compiling syn v3.0.9
[INFO] [stderr]    Compiling tracing v0.1.44
[INFO] [stderr]    Compiling itoa v0.4.8
[INFO] [stderr]    Compiling pin-project-internal v1.1.13
[INFO] [stderr]    Compiling http-body v0.3.1
[INFO] [stderr]    Compiling pin-project v1.1.13
[INFO] [stderr]    Compiling tracing-futures v0.2.5
[INFO] [stderr]    Compiling iovec v0.1.4
[INFO] [stderr]    Compiling net2 v0.2.39
[INFO] [stderr]    Compiling errno v0.3.14
[INFO] [stderr]    Compiling socket2 v0.3.19
[INFO] [stderr]    Compiling signal-hook-registry v1.4.8
[INFO] [stderr]    Compiling mio v0.6.23
[INFO] [stderr]    Compiling futures-macro v0.3.34
[INFO] [stderr]    Compiling mio-uds v0.6.8
[INFO] [stderr]    Compiling tokio v0.2.25
[INFO] [stderr]    Compiling futures-util v0.3.34
[INFO] [stderr]    Compiling tokio-util v0.3.1
[INFO] [stderr]    Compiling futures-executor v0.3.34
[INFO] [stderr]    Compiling futures v0.3.34
[INFO] [stderr]    Compiling h2 v0.2.7
[INFO] [stderr]    Compiling hyper v0.13.10
[INFO] [stderr]    Compiling hyper-socket v0.2.0
[INFO] [stderr]    Compiling shipshape v0.1.1 (/opt/rustwide/workdir)
[INFO] [stderr]     Finished `release` profile [optimized] target(s) in 31.36s
[INFO] running `Command { std: "docker" "inspect" "9113f935e8966fc54b43f7c180fc251007ac73c8e9d7d0411f12d79b8c3adaf6", kill_on_drop: false }`
[INFO] running `Command { std: "docker" "exec" "-e" "SOURCE_DIR=/opt/rustwide/workdir" "-e" "CARGO_HOME=/opt/rustwide/cargo-home" "-e" "RUSTUP_HOME=/opt/rustwide/rustup-home" "-e" "CARGO_TARGET_DIR=/opt/rustwide/target" "-e" "CARGO_INCREMENTAL=0" "-e" "RUST_BACKTRACE=full" "-e" "RUSTFLAGS=--cap-lints=warn" "-e" "RUSTDOCFLAGS=--cap-lints=warn" "-w" "/opt/rustwide/workdir" "--user" "0:0" "9113f935e8966fc54b43f7c180fc251007ac73c8e9d7d0411f12d79b8c3adaf6" "/opt/rustwide/cargo-home/bin/cargo" "+1.100.0-beta.1" "test" "--frozen" "--no-run" "--message-format=json" "--release", kill_on_drop: false }`
[INFO] [stderr]    Compiling parking_lot_core v0.8.6
[INFO] [stderr]    Compiling instant v0.1.13
[INFO] [stderr]    Compiling num_cpus v1.17.0
[INFO] [stderr]    Compiling derive_more v0.99.20
[INFO] [stderr]    Compiling serde_derive v1.0.229
[INFO] [stderr]    Compiling copyless v0.1.5
[INFO] [stderr]    Compiling actix-macros v0.1.3
[INFO] [stderr]    Compiling threadpool v1.8.1
[INFO] [stderr]    Compiling parking_lot v0.11.2
[INFO] [stderr]    Compiling actix-threadpool v0.3.3
[INFO] [stderr]    Compiling actix-rt v1.1.1
[INFO] [stderr]    Compiling serde v1.0.229
[INFO] [stderr]    Compiling shipshape v0.1.1 (/opt/rustwide/workdir)
[INFO] [stdout] warning: field `Warnings` is never read
[INFO] [stdout]   --> tests/test.rs:14:3
[INFO] [stdout]    |
[INFO] [stdout] 12 |     struct ContainerCreateReturn {
[INFO] [stdout]    |            --------------------- field in this struct
[INFO] [stdout] 13 |         Id: String,
[INFO] [stdout] 14 |         Warnings: Vec<String>
[INFO] [stdout]    |         ^^^^^^^^
[INFO] [stdout]    |
[INFO] [stdout]    = note: `ContainerCreateReturn` has a derived impl for the trait `Debug`, but this is intentionally ignored during dead code analysis
[INFO] [stdout]    = note: `#[warn(dead_code)]` (part of `#[warn(unused)]`) on by default
[INFO] [stdout] 
[INFO] [stdout] 
[INFO] [stderr]     Finished `release` profile [optimized] target(s) in 20.29s
[INFO] running `Command { std: "docker" "inspect" "9113f935e8966fc54b43f7c180fc251007ac73c8e9d7d0411f12d79b8c3adaf6", kill_on_drop: false }`
[INFO] running `Command { std: "docker" "exec" "-e" "SOURCE_DIR=/opt/rustwide/workdir" "-e" "CARGO_HOME=/opt/rustwide/cargo-home" "-e" "RUSTUP_HOME=/opt/rustwide/rustup-home" "-e" "CARGO_TARGET_DIR=/opt/rustwide/target" "-e" "CARGO_INCREMENTAL=0" "-e" "RUST_BACKTRACE=full" "-e" "RUSTFLAGS=--cap-lints=warn" "-e" "RUSTDOCFLAGS=--cap-lints=warn" "-w" "/opt/rustwide/workdir" "--user" "0:0" "9113f935e8966fc54b43f7c180fc251007ac73c8e9d7d0411f12d79b8c3adaf6" "/opt/rustwide/cargo-home/bin/cargo" "+1.100.0-beta.1" "test" "--frozen" "--release", kill_on_drop: false }`
[INFO] [stderr] warning: field `Warnings` is never read
[INFO] [stderr]   --> tests/test.rs:14:3
[INFO] [stderr]    |
[INFO] [stderr] 12 |     struct ContainerCreateReturn {
[INFO] [stderr]    |            --------------------- field in this struct
[INFO] [stderr] 13 |         Id: String,
[INFO] [stderr] 14 |         Warnings: Vec<String>
[INFO] [stderr]    |         ^^^^^^^^
[INFO] [stderr]    |
[INFO] [stderr]    = note: `ContainerCreateReturn` has a derived impl for the trait `Debug`, but this is intentionally ignored during dead code analysis
[INFO] [stderr]    = note: `#[warn(dead_code)]` (part of `#[warn(unused)]`) on by default
[INFO] [stderr] 
[INFO] [stderr] warning: `shipshape` (test "test") generated 1 warning
[INFO] [stderr]     Finished `release` profile [optimized] target(s) in 0.11s
[INFO] [stderr]      Running unittests src/lib.rs (/opt/rustwide/target/release/build/shipshape/7afc9ad35bc833aa/out/shipshape-7afc9ad35bc833aa)
[INFO] [stdout] 
[INFO] [stdout] running 0 tests
[INFO] [stderr]      Running tests/test.rs (/opt/rustwide/target/release/build/shipshape/4f80b6b67a458a6f/out/test-4f80b6b67a458a6f)
[INFO] [stdout] 
[INFO] [stdout] test result: ok. 0 passed; 0 failed; 0 ignored; 0 measured; 0 filtered out; finished in 0.01s
[INFO] [stdout] 
[INFO] [stdout] 
[INFO] [stdout] running 5 tests
[INFO] [stdout] test tests::stop_container_test ... FAILED
[INFO] [stdout] test tests::pause_container_test ... FAILED
[INFO] [stdout] test tests::create_container_test ... FAILED
[INFO] [stdout] test tests::start_container_test ... FAILED
[INFO] [stdout] test tests::unpause_container_test ... FAILED
[INFO] [stdout] 
[INFO] [stdout] failures:
[INFO] [stdout] 
[INFO] [stdout] ---- tests::stop_container_test stdout ----
[INFO] [stdout] shipshape Error: error trying to connect: No such file or directory (os error 2)
[INFO] [stdout] 
[INFO] [stdout] thread 'tests::stop_container_test' (999) panicked at tests/test.rs:58:92:
[INFO] [stdout] called `Result::unwrap()` on an `Err` value: Error("EOF while parsing a value", line: 1, column: 0)
[INFO] [stdout] stack backtrace:
[INFO] [stdout]    0:     0x606ce9c78231 - <<std[617be2ca0a6fd877]::sys::backtrace::BacktraceLock>::print::DisplayBacktrace as core[a373ad73a504971]::fmt::Display>::fmt
[INFO] [stdout]    1:     0x606ce9c8d83a - core[a373ad73a504971]::fmt::write
[INFO] [stdout]    2:     0x606ce9c7c6fc - <alloc[2e1b2a31b91974c5]::vec::Vec<u8> as core[a373ad73a504971]::io::write::Write>::write_fmt
[INFO] [stdout]    3:     0x606ce9c541d6 - std[617be2ca0a6fd877]::panicking::default_hook::{closure#0}
[INFO] [stdout]    4:     0x606ce9c70739 - std[617be2ca0a6fd877]::panicking::default_hook
[INFO] [stdout]    5:     0x606ce9b8c090 - test[aada8e7e76ba119b]::test_main_inner::{closure#0}
[INFO] [stdout]    6:     0x606ce9c708f2 - std[617be2ca0a6fd877]::panicking::panic_with_hook
[INFO] [stdout]    7:     0x606ce9c54282 - std[617be2ca0a6fd877]::panicking::panic_handler::{closure#0}
[INFO] [stdout]    8:     0x606ce9c4cf69 - std[617be2ca0a6fd877]::sys::backtrace::__rust_end_short_backtrace::<std[617be2ca0a6fd877]::panicking::panic_handler::{closure#0}, !>
[INFO] [stdout]    9:     0x606ce9c54e8d - __rustc[ea4f61d10b84890b]::rust_begin_unwind
[INFO] [stdout]   10:     0x606ce9c8df9c - core[a373ad73a504971]::panicking::panic_fmt
[INFO] [stdout]   11:     0x606ce9c8dd72 - core[a373ad73a504971]::result::unwrap_failed
[INFO] [stdout]   12:     0x606ce9b458d0 - <std[617be2ca0a6fd877]::thread::local::LocalKey<core[a373ad73a504971]::cell::Cell<tokio[edae0dd45b72025d]::coop::Budget>>>::with::<tokio[edae0dd45b72025d]::coop::with_budget<core[a373ad73a504971]::task::poll::Poll<()>, <tokio[edae0dd45b72025d]::task::local::RunUntil<test[ad96dd978fc5118]::tests::stop_container_test::{closure#0}> as core[a373ad73a504971]::future::future::Future>::poll::{closure#0}::{closure#0}>::{closure#0}, core[a373ad73a504971]::task::poll::Poll<()>>
[INFO] [stdout]   13:     0x606ce9b723ff - <tokio[edae0dd45b72025d]::macros::scoped_tls::ScopedKey<tokio[edae0dd45b72025d]::task::local::Context>>::set::<<tokio[edae0dd45b72025d]::task::local::RunUntil<test[ad96dd978fc5118]::tests::stop_container_test::{closure#0}> as core[a373ad73a504971]::future::future::Future>::poll::{closure#0}, core[a373ad73a504971]::task::poll::Poll<()>>
[INFO] [stdout]   14:     0x606ce9b44dc7 - <std[617be2ca0a6fd877]::thread::local::LocalKey<core[a373ad73a504971]::cell::Cell<tokio[edae0dd45b72025d]::coop::Budget>>>::with::<tokio[edae0dd45b72025d]::coop::with_budget<core[a373ad73a504971]::task::poll::Poll<()>, <tokio[edae0dd45b72025d]::runtime::basic_scheduler::BasicScheduler<tokio[edae0dd45b72025d]::park::either::Either<tokio[edae0dd45b72025d]::time::driver::Driver<tokio[edae0dd45b72025d]::park::either::Either<tokio[edae0dd45b72025d]::io::driver::Driver, tokio[edae0dd45b72025d]::park::thread::ParkThread>>, tokio[edae0dd45b72025d]::park::either::Either<tokio[edae0dd45b72025d]::io::driver::Driver, tokio[edae0dd45b72025d]::park::thread::ParkThread>>>>::block_on<<tokio[edae0dd45b72025d]::task::local::LocalSet>::run_until<test[ad96dd978fc5118]::tests::stop_container_test::{closure#0}>::{closure#0}>::{closure#0}::{closure#0}>::{closure#0}, core[a373ad73a504971]::task::poll::Poll<()>>
[INFO] [stdout]   15:     0x606ce9b72a0c - <tokio[edae0dd45b72025d]::macros::scoped_tls::ScopedKey<tokio[edae0dd45b72025d]::runtime::basic_scheduler::Context>>::set::<tokio[edae0dd45b72025d]::runtime::basic_scheduler::enter<<tokio[edae0dd45b72025d]::runtime::basic_scheduler::BasicScheduler<tokio[edae0dd45b72025d]::park::either::Either<tokio[edae0dd45b72025d]::time::driver::Driver<tokio[edae0dd45b72025d]::park::either::Either<tokio[edae0dd45b72025d]::io::driver::Driver, tokio[edae0dd45b72025d]::park::thread::ParkThread>>, tokio[edae0dd45b72025d]::park::either::Either<tokio[edae0dd45b72025d]::io::driver::Driver, tokio[edae0dd45b72025d]::park::thread::ParkThread>>>>::block_on<<tokio[edae0dd45b72025d]::task::local::LocalSet>::run_until<test[ad96dd978fc5118]::tests::stop_container_test::{closure#0}>::{closure#0}>::{closure#0}, (), tokio[edae0dd45b72025d]::park::either::Either<tokio[edae0dd45b72025d]::time::driver::Driver<tokio[edae0dd45b72025d]::park::either::Either<tokio[edae0dd45b72025d]::io::driver::Driver, tokio[edae0dd45b72025d]::park::thread::ParkThread>>, tokio[edae0dd45b72025d]::park::either::Either<tokio[edae0dd45b72025d]::io::driver::Driver, tokio[edae0dd45b72025d]::park::thread::ParkThread>>>::{closure#0}, ()>
[INFO] [stdout]   16:     0x606ce9af6fd2 - tokio[edae0dd45b72025d]::runtime::basic_scheduler::enter::<<tokio[edae0dd45b72025d]::runtime::basic_scheduler::BasicScheduler<tokio[edae0dd45b72025d]::park::either::Either<tokio[edae0dd45b72025d]::time::driver::Driver<tokio[edae0dd45b72025d]::park::either::Either<tokio[edae0dd45b72025d]::io::driver::Driver, tokio[edae0dd45b72025d]::park::thread::ParkThread>>, tokio[edae0dd45b72025d]::park::either::Either<tokio[edae0dd45b72025d]::io::driver::Driver, tokio[edae0dd45b72025d]::park::thread::ParkThread>>>>::block_on<<tokio[edae0dd45b72025d]::task::local::LocalSet>::run_until<test[ad96dd978fc5118]::tests::stop_container_test::{closure#0}>::{closure#0}>::{closure#0}, (), tokio[edae0dd45b72025d]::park::either::Either<tokio[edae0dd45b72025d]::time::driver::Driver<tokio[edae0dd45b72025d]::park::either::Either<tokio[edae0dd45b72025d]::io::driver::Driver, tokio[edae0dd45b72025d]::park::thread::ParkThread>>, tokio[edae0dd45b72025d]::park::either::Either<tokio[edae0dd45b72025d]::io::driver::Driver, tokio[edae0dd45b72025d]::park::thread::ParkThread>>>
[INFO] [stdout]   17:     0x606ce9b6696c - tokio[edae0dd45b72025d]::runtime::context::enter::<<tokio[edae0dd45b72025d]::runtime::Runtime>::block_on<<tokio[edae0dd45b72025d]::task::local::LocalSet>::run_until<test[ad96dd978fc5118]::tests::stop_container_test::{closure#0}>::{closure#0}>::{closure#0}, ()>
[INFO] [stdout]   18:     0x606ce9b3205f - <actix_rt[e9d3ac4b3c20fe95]::builder::SystemRunner>::block_on::<test[ad96dd978fc5118]::tests::stop_container_test::{closure#0}, ()>
[INFO] [stdout]   19:     0x606ce9b4c98d - <test[ad96dd978fc5118]::tests::stop_container_test::{closure#0} as core[a373ad73a504971]::ops::function::FnOnce<()>>::call_once
[INFO] [stdout]   20:     0x606ce9b7f4db - test[aada8e7e76ba119b]::__rust_begin_short_backtrace::<core[a373ad73a504971]::result::Result<(), alloc[2e1b2a31b91974c5]::string::String>, fn() -> core[a373ad73a504971]::result::Result<(), alloc[2e1b2a31b91974c5]::string::String>>
[INFO] [stdout]   21:     0x606ce9b8c6b5 - test[aada8e7e76ba119b]::run_test::{closure#0}
[INFO] [stdout]   22:     0x606ce9b85fa4 - std[617be2ca0a6fd877]::sys::backtrace::__rust_begin_short_backtrace::<test[aada8e7e76ba119b]::run_test::{closure#1}, ()>
[INFO] [stdout]   23:     0x606ce9b8f742 - <std[617be2ca0a6fd877]::thread::lifecycle::spawn_unchecked<test[aada8e7e76ba119b]::run_test::{closure#1}, ()>::{closure#1} as core[a373ad73a504971]::ops::function::FnOnce<()>>::call_once::{shim:vtable#0}
[INFO] [stdout]   24:     0x606ce9c77a5f - <std[617be2ca0a6fd877]::sys::thread::unix::Thread>::new::thread_start
[INFO] [stdout]   25:     0x756474c44dfa - <unknown>
[INFO] [stdout]   26:     0x756474cd83d4 - clone
[INFO] [stdout]   27:                0x0 - <unknown>
[INFO] [stdout] Panic in Arbiter thread.
[INFO] [stdout] 
[INFO] [stdout] ---- tests::pause_container_test stdout ----
[INFO] [stdout] shipshape Error: error trying to connect: No such file or directory (os error 2)
[INFO] [stdout] 
[INFO] [stdout] thread 'tests::pause_container_test' (997) panicked at tests/test.rs:88:92:
[INFO] [stdout] called `Result::unwrap()` on an `Err` value: Error("EOF while parsing a value", line: 1, column: 0)
[INFO] [stdout] stack backtrace:
[INFO] [stdout]    0:     0x606ce9c78231 - <<std[617be2ca0a6fd877]::sys::backtrace::BacktraceLock>::print::DisplayBacktrace as core[a373ad73a504971]::fmt::Display>::fmt
[INFO] [stdout]    1:     0x606ce9c8d83a - core[a373ad73a504971]::fmt::write
[INFO] [stdout]    2:     0x606ce9c7c6fc - <alloc[2e1b2a31b91974c5]::vec::Vec<u8> as core[a373ad73a504971]::io::write::Write>::write_fmt
[INFO] [stdout]    3:     0x606ce9c541d6 - std[617be2ca0a6fd877]::panicking::default_hook::{closure#0}
[INFO] [stdout]    4:     0x606ce9c70739 - std[617be2ca0a6fd877]::panicking::default_hook
[INFO] [stdout]    5:     0x606ce9b8c090 - test[aada8e7e76ba119b]::test_main_inner::{closure#0}
[INFO] [stdout]    6:     0x606ce9c708f2 - std[617be2ca0a6fd877]::panicking::panic_with_hook
[INFO] [stdout]    7:     0x606ce9c54282 - std[617be2ca0a6fd877]::panicking::panic_handler::{closure#0}
[INFO] [stdout]    8:     0x606ce9c4cf69 - std[617be2ca0a6fd877]::sys::backtrace::__rust_end_short_backtrace::<std[617be2ca0a6fd877]::panicking::panic_handler::{closure#0}, !>
[INFO] [stdout]    9:     0x606ce9c54e8d - __rustc[ea4f61d10b84890b]::rust_begin_unwind
[INFO] [stdout]   10:     0x606ce9c8df9c - core[a373ad73a504971]::panicking::panic_fmt
[INFO] [stdout]   11:     0x606ce9c8dd72 - core[a373ad73a504971]::result::unwrap_failed
[INFO] [stdout]   12:     0x606ce9b461a4 - <std[617be2ca0a6fd877]::thread::local::LocalKey<core[a373ad73a504971]::cell::Cell<tokio[edae0dd45b72025d]::coop::Budget>>>::with::<tokio[edae0dd45b72025d]::coop::with_budget<core[a373ad73a504971]::task::poll::Poll<()>, <tokio[edae0dd45b72025d]::task::local::RunUntil<test[ad96dd978fc5118]::tests::pause_container_test::{closure#0}> as core[a373ad73a504971]::future::future::Future>::poll::{closure#0}::{closure#0}>::{closure#0}, core[a373ad73a504971]::task::poll::Poll<()>>
[INFO] [stdout]   13:     0x606ce9b7250f - <tokio[edae0dd45b72025d]::macros::scoped_tls::ScopedKey<tokio[edae0dd45b72025d]::task::local::Context>>::set::<<tokio[edae0dd45b72025d]::task::local::RunUntil<test[ad96dd978fc5118]::tests::pause_container_test::{closure#0}> as core[a373ad73a504971]::future::future::Future>::poll::{closure#0}, core[a373ad73a504971]::task::poll::Poll<()>>
[INFO] [stdout]   14:     0x606ce9b44f37 - <std[617be2ca0a6fd877]::thread::local::LocalKey<core[a373ad73a504971]::cell::Cell<tokio[edae0dd45b72025d]::coop::Budget>>>::with::<tokio[edae0dd45b72025d]::coop::with_budget<core[a373ad73a504971]::task::poll::Poll<()>, <tokio[edae0dd45b72025d]::runtime::shell::Shell>::block_on<<tokio[edae0dd45b72025d]::task::local::LocalSet>::run_until<test[ad96dd978fc5118]::tests::pause_container_test::{closure#0}>::{closure#0}>::{closure#0}>::{closure#0}, core[a373ad73a504971]::task::poll::Poll<()>>
[INFO] [stdout]   15:     0x606ce9b72f7c - <tokio[edae0dd45b72025d]::macros::scoped_tls::ScopedKey<tokio[edae0dd45b72025d]::runtime::basic_scheduler::Context>>::set::<tokio[edae0dd45b72025d]::runtime::basic_scheduler::enter<<tokio[edae0dd45b72025d]::runtime::basic_scheduler::BasicScheduler<tokio[edae0dd45b72025d]::park::either::Either<tokio[edae0dd45b72025d]::time::driver::Driver<tokio[edae0dd45b72025d]::park::either::Either<tokio[edae0dd45b72025d]::io::driver::Driver, tokio[edae0dd45b72025d]::park::thread::ParkThread>>, tokio[edae0dd45b72025d]::park::either::Either<tokio[edae0dd45b72025d]::io::driver::Driver, tokio[edae0dd45b72025d]::park::thread::ParkThread>>>>::block_on<<tokio[edae0dd45b72025d]::task::local::LocalSet>::run_until<test[ad96dd978fc5118]::tests::pause_container_test::{closure#0}>::{closure#0}>::{closure#0}, (), tokio[edae0dd45b72025d]::park::either::Either<tokio[edae0dd45b72025d]::time::driver::Driver<tokio[edae0dd45b72025d]::park::either::Either<tokio[edae0dd45b72025d]::io::driver::Driver, tokio[edae0dd45b72025d]::park::thread::ParkThread>>, tokio[edae0dd45b72025d]::park::either::Either<tokio[edae0dd45b72025d]::io::driver::Driver, tokio[edae0dd45b72025d]::park::thread::ParkThread>>>::{closure#0}, ()>
[INFO] [stdout]   16:     0x606ce9af70e2 - tokio[edae0dd45b72025d]::runtime::basic_scheduler::enter::<<tokio[edae0dd45b72025d]::runtime::basic_scheduler::BasicScheduler<tokio[edae0dd45b72025d]::park::either::Either<tokio[edae0dd45b72025d]::time::driver::Driver<tokio[edae0dd45b72025d]::park::either::Either<tokio[edae0dd45b72025d]::io::driver::Driver, tokio[edae0dd45b72025d]::park::thread::ParkThread>>, tokio[edae0dd45b72025d]::park::either::Either<tokio[edae0dd45b72025d]::io::driver::Driver, tokio[edae0dd45b72025d]::park::thread::ParkThread>>>>::block_on<<tokio[edae0dd45b72025d]::task::local::LocalSet>::run_until<test[ad96dd978fc5118]::tests::pause_container_test::{closure#0}>::{closure#0}>::{closure#0}, (), tokio[edae0dd45b72025d]::park::either::Either<tokio[edae0dd45b72025d]::time::driver::Driver<tokio[edae0dd45b72025d]::park::either::Either<tokio[edae0dd45b72025d]::io::driver::Driver, tokio[edae0dd45b72025d]::park::thread::ParkThread>>, tokio[edae0dd45b72025d]::park::either::Either<tokio[edae0dd45b72025d]::io::driver::Driver, tokio[edae0dd45b72025d]::park::thread::ParkThread>>>
[INFO] [stdout]   17:     0x606ce9b66a5c - tokio[edae0dd45b72025d]::runtime::context::enter::<<tokio[edae0dd45b72025d]::runtime::Runtime>::block_on<<tokio[edae0dd45b72025d]::task::local::LocalSet>::run_until<test[ad96dd978fc5118]::tests::pause_container_test::{closure#0}>::{closure#0}>::{closure#0}, ()>
[INFO] [stdout]   18:     0x606ce9b3216f - <actix_rt[e9d3ac4b3c20fe95]::builder::SystemRunner>::block_on::<test[ad96dd978fc5118]::tests::pause_container_test::{closure#0}, ()>
[INFO] [stdout]   19:     0x606ce9b4ca52 - <test[ad96dd978fc5118]::tests::pause_container_test::{closure#0} as core[a373ad73a504971]::ops::function::FnOnce<()>>::call_once
[INFO] [stdout]   20:     0x606ce9b7f4db - test[aada8e7e76ba119b]::__rust_begin_short_backtrace::<core[a373ad73a504971]::result::Result<(), alloc[2e1b2a31b91974c5]::string::String>, fn() -> core[a373ad73a504971]::result::Result<(), alloc[2e1b2a31b91974c5]::string::String>>
[INFO] [stdout]   21:     0x606ce9b8c6b5 - test[aada8e7e76ba119b]::run_test::{closure#0}
[INFO] [stdout]   22:     0x606ce9b85fa4 - std[617be2ca0a6fd877]::sys::backtrace::__rust_begin_short_backtrace::<test[aada8e7e76ba119b]::run_test::{closure#1}, ()>
[INFO] [stdout]   23:     0x606ce9b8f742 - <std[617be2ca0a6fd877]::thread::lifecycle::spawn_unchecked<test[aada8e7e76ba119b]::run_test::{closure#1}, ()>::{closure#1} as core[a373ad73a504971]::ops::function::FnOnce<()>>::call_once::{shim:vtable#0}
[INFO] [stdout]   24:     0x606ce9c77a5f - <std[617be2ca0a6fd877]::sys::thread::unix::Thread>::new::thread_start
[INFO] [stdout]   25:     0x756474c44dfa - <unknown>
[INFO] [stdout]   26:     0x756474cd83d4 - clone
[INFO] [stdout]   27:                0x0 - <unknown>
[INFO] [stdout] Panic in Arbiter thread.
[INFO] [stdout] 
[INFO] [stdout] ---- tests::create_container_test stdout ----
[INFO] [stdout] shipshape Error: error trying to connect: No such file or directory (os error 2)
[INFO] [stdout] 
[INFO] [stdout] thread 'tests::create_container_test' (996) panicked at tests/test.rs:22:92:
[INFO] [stdout] called `Result::unwrap()` on an `Err` value: Error("EOF while parsing a value", line: 1, column: 0)
[INFO] [stdout] stack backtrace:
[INFO] [stdout]    0:     0x606ce9c78231 - <<std[617be2ca0a6fd877]::sys::backtrace::BacktraceLock>::print::DisplayBacktrace as core[a373ad73a504971]::fmt::Display>::fmt
[INFO] [stdout]    1:     0x606ce9c8d83a - core[a373ad73a504971]::fmt::write
[INFO] [stdout]    2:     0x606ce9c7c6fc - <alloc[2e1b2a31b91974c5]::vec::Vec<u8> as core[a373ad73a504971]::io::write::Write>::write_fmt
[INFO] [stdout]    3:     0x606ce9c541d6 - std[617be2ca0a6fd877]::panicking::default_hook::{closure#0}
[INFO] [stdout]    4:     0x606ce9c70739 - std[617be2ca0a6fd877]::panicking::default_hook
[INFO] [stdout]    5:     0x606ce9b8c090 - test[aada8e7e76ba119b]::test_main_inner::{closure#0}
[INFO] [stdout]    6:     0x606ce9c708f2 - std[617be2ca0a6fd877]::panicking::panic_with_hook
[INFO] [stdout]    7:     0x606ce9c54282 - std[617be2ca0a6fd877]::panicking::panic_handler::{closure#0}
[INFO] [stdout]    8:     0x606ce9c4cf69 - std[617be2ca0a6fd877]::sys::backtrace::__rust_end_short_backtrace::<std[617be2ca0a6fd877]::panicking::panic_handler::{closure#0}, !>
[INFO] [stdout]    9:     0x606ce9c54e8d - __rustc[ea4f61d10b84890b]::rust_begin_unwind
[INFO] [stdout]   10:     0x606ce9c8df9c - core[a373ad73a504971]::panicking::panic_fmt
[INFO] [stdout]   11:     0x606ce9c8dd72 - core[a373ad73a504971]::result::unwrap_failed
[INFO] [stdout]   12:     0x606ce9b46c74 - <std[617be2ca0a6fd877]::thread::local::LocalKey<core[a373ad73a504971]::cell::Cell<tokio[edae0dd45b72025d]::coop::Budget>>>::with::<tokio[edae0dd45b72025d]::coop::with_budget<core[a373ad73a504971]::task::poll::Poll<()>, <tokio[edae0dd45b72025d]::task::local::RunUntil<test[ad96dd978fc5118]::tests::create_container_test::{closure#0}> as core[a373ad73a504971]::future::future::Future>::poll::{closure#0}::{closure#0}>::{closure#0}, core[a373ad73a504971]::task::poll::Poll<()>>
[INFO] [stdout]   13:     0x606ce9b7272f - <tokio[edae0dd45b72025d]::macros::scoped_tls::ScopedKey<tokio[edae0dd45b72025d]::task::local::Context>>::set::<<tokio[edae0dd45b72025d]::task::local::RunUntil<test[ad96dd978fc5118]::tests::create_container_test::{closure#0}> as core[a373ad73a504971]::future::future::Future>::poll::{closure#0}, core[a373ad73a504971]::task::poll::Poll<()>>
[INFO] [stdout]   14:     0x606ce9b4a33a - <tokio[edae0dd45b72025d]::task::local::LocalSet>::run_until::<test[ad96dd978fc5118]::tests::create_container_test::{closure#0}>::{closure#0}
[INFO] [stdout]   15:     0x606ce9b73a42 - <tokio[edae0dd45b72025d]::macros::scoped_tls::ScopedKey<tokio[edae0dd45b72025d]::runtime::basic_scheduler::Context>>::set::<tokio[edae0dd45b72025d]::runtime::basic_scheduler::enter<<tokio[edae0dd45b72025d]::runtime::basic_scheduler::BasicScheduler<tokio[edae0dd45b72025d]::park::either::Either<tokio[edae0dd45b72025d]::time::driver::Driver<tokio[edae0dd45b72025d]::park::either::Either<tokio[edae0dd45b72025d]::io::driver::Driver, tokio[edae0dd45b72025d]::park::thread::ParkThread>>, tokio[edae0dd45b72025d]::park::either::Either<tokio[edae0dd45b72025d]::io::driver::Driver, tokio[edae0dd45b72025d]::park::thread::ParkThread>>>>::block_on<<tokio[edae0dd45b72025d]::task::local::LocalSet>::run_until<test[ad96dd978fc5118]::tests::create_container_test::{closure#0}>::{closure#0}>::{closure#0}, (), tokio[edae0dd45b72025d]::park::either::Either<tokio[edae0dd45b72025d]::time::driver::Driver<tokio[edae0dd45b72025d]::park::either::Either<tokio[edae0dd45b72025d]::io::driver::Driver, tokio[edae0dd45b72025d]::park::thread::ParkThread>>, tokio[edae0dd45b72025d]::park::either::Either<tokio[edae0dd45b72025d]::io::driver::Driver, tokio[edae0dd45b72025d]::park::thread::ParkThread>>>::{closure#0}, ()>
[INFO] [stdout]   16:     0x606ce9af7302 - tokio[edae0dd45b72025d]::runtime::basic_scheduler::enter::<<tokio[edae0dd45b72025d]::runtime::basic_scheduler::BasicScheduler<tokio[edae0dd45b72025d]::park::either::Either<tokio[edae0dd45b72025d]::time::driver::Driver<tokio[edae0dd45b72025d]::park::either::Either<tokio[edae0dd45b72025d]::io::driver::Driver, tokio[edae0dd45b72025d]::park::thread::ParkThread>>, tokio[edae0dd45b72025d]::park::either::Either<tokio[edae0dd45b72025d]::io::driver::Driver, tokio[edae0dd45b72025d]::park::thread::ParkThread>>>>::block_on<<tokio[edae0dd45b72025d]::task::local::LocalSet>::run_until<test[ad96dd978fc5118]::tests::create_container_test::{closure#0}>::{closure#0}>::{closure#0}, (), tokio[edae0dd45b72025d]::park::either::Either<tokio[edae0dd45b72025d]::time::driver::Driver<tokio[edae0dd45b72025d]::park::either::Either<tokio[edae0dd45b72025d]::io::driver::Driver, tokio[edae0dd45b72025d]::park::thread::ParkThread>>, tokio[edae0dd45b72025d]::park::either::Either<tokio[edae0dd45b72025d]::io::driver::Driver, tokio[edae0dd45b72025d]::park::thread::ParkThread>>>
[INFO] [stdout]   17:     0x606ce9b66c3c - tokio[edae0dd45b72025d]::runtime::context::enter::<<tokio[edae0dd45b72025d]::runtime::Runtime>::block_on<<tokio[edae0dd45b72025d]::task::local::LocalSet>::run_until<test[ad96dd978fc5118]::tests::create_container_test::{closure#0}>::{closure#0}>::{closure#0}, ()>
[INFO] [stdout]   18:     0x606ce9b3238f - <actix_rt[e9d3ac4b3c20fe95]::builder::SystemRunner>::block_on::<test[ad96dd978fc5118]::tests::create_container_test::{closure#0}, ()>
[INFO] [stdout]   19:     0x606ce9b4cbf5 - <test[ad96dd978fc5118]::tests::create_container_test::{closure#0} as core[a373ad73a504971]::ops::function::FnOnce<()>>::call_once
[INFO] [stdout]   20:     0x606ce9b7f4db - test[aada8e7e76ba119b]::__rust_begin_short_backtrace::<core[a373ad73a504971]::result::Result<(), alloc[2e1b2a31b91974c5]::string::String>, fn() -> core[a373ad73a504971]::result::Result<(), alloc[2e1b2a31b91974c5]::string::String>>
[INFO] [stdout]   21:     0x606ce9b8c6b5 - test[aada8e7e76ba119b]::run_test::{closure#0}
[INFO] [stdout]   22:     0x606ce9b85fa4 - std[617be2ca0a6fd877]::sys::backtrace::__rust_begin_short_backtrace::<test[aada8e7e76ba119b]::run_test::{closure#1}, ()>
[INFO] [stdout]   23:     0x606ce9b8f742 - <std[617be2ca0a6fd877]::thread::lifecycle::spawn_unchecked<test[aada8e7e76ba119b]::run_test::{closure#1}, ()>::{closure#1} as core[a373ad73a504971]::ops::function::FnOnce<()>>::call_once::{shim:vtable#0}
[INFO] [stdout]   24:     0x606ce9c77a5f - <std[617be2ca0a6fd877]::sys::thread::unix::Thread>::new::thread_start
[INFO] [stdout]   25:     0x756474c44dfa - <unknown>
[INFO] [stdout]   26:     0x756474cd83d4 - clone
[INFO] [stdout]   27:                0x0 - <unknown>
[INFO] [stdout] Panic in Arbiter thread.
[INFO] [stdout] 
[INFO] [stdout] ---- tests::start_container_test stdout ----
[INFO] [stdout] shipshape Error: error trying to connect: No such file or directory (os error 2)
[INFO] [stdout] 
[INFO] [stdout] thread 'tests::start_container_test' (998) panicked at tests/test.rs:37:92:
[INFO] [stdout] called `Result::unwrap()` on an `Err` value: Error("EOF while parsing a value", line: 1, column: 0)
[INFO] [stdout] stack backtrace:
[INFO] [stdout]    0:     0x606ce9c78231 - <<std[617be2ca0a6fd877]::sys::backtrace::BacktraceLock>::print::DisplayBacktrace as core[a373ad73a504971]::fmt::Display>::fmt
[INFO] [stdout]    1:     0x606ce9c8d83a - core[a373ad73a504971]::fmt::write
[INFO] [stdout]    2:     0x606ce9c7c6fc - <alloc[2e1b2a31b91974c5]::vec::Vec<u8> as core[a373ad73a504971]::io::write::Write>::write_fmt
[INFO] [stdout]    3:     0x606ce9c541d6 - std[617be2ca0a6fd877]::panicking::default_hook::{closure#0}
[INFO] [stdout]    4:     0x606ce9c70739 - std[617be2ca0a6fd877]::panicking::default_hook
[INFO] [stdout]    5:     0x606ce9b8c090 - test[aada8e7e76ba119b]::test_main_inner::{closure#0}
[INFO] [stdout]    6:     0x606ce9c708f2 - std[617be2ca0a6fd877]::panicking::panic_with_hook
[INFO] [stdout]    7:     0x606ce9c54282 - std[617be2ca0a6fd877]::panicking::panic_handler::{closure#0}
[INFO] [stdout]    8:     0x606ce9c4cf69 - std[617be2ca0a6fd877]::sys::backtrace::__rust_end_short_backtrace::<std[617be2ca0a6fd877]::panicking::panic_handler::{closure#0}, !>
[INFO] [stdout]    9:     0x606ce9c54e8d - __rustc[ea4f61d10b84890b]::rust_begin_unwind
[INFO] [stdout]   10:     0x606ce9c8df9c - core[a373ad73a504971]::panicking::panic_fmt
[INFO] [stdout]   11:     0x606ce9c8dd72 - core[a373ad73a504971]::result::unwrap_failed
[INFO] [stdout]   12:     0x606ce9b467b2 - <std[617be2ca0a6fd877]::thread::local::LocalKey<core[a373ad73a504971]::cell::Cell<tokio[edae0dd45b72025d]::coop::Budget>>>::with::<tokio[edae0dd45b72025d]::coop::with_budget<core[a373ad73a504971]::task::poll::Poll<()>, <tokio[edae0dd45b72025d]::task::local::RunUntil<test[ad96dd978fc5118]::tests::start_container_test::{closure#0}> as core[a373ad73a504971]::future::future::Future>::poll::{closure#0}::{closure#0}>::{closure#0}, core[a373ad73a504971]::task::poll::Poll<()>>
[INFO] [stdout]   13:     0x606ce9b7261f - <tokio[edae0dd45b72025d]::macros::scoped_tls::ScopedKey<tokio[edae0dd45b72025d]::task::local::Context>>::set::<<tokio[edae0dd45b72025d]::task::local::RunUntil<test[ad96dd978fc5118]::tests::start_container_test::{closure#0}> as core[a373ad73a504971]::future::future::Future>::poll::{closure#0}, core[a373ad73a504971]::task::poll::Poll<()>>
[INFO] [stdout]   14:     0x606ce9b450a7 - <std[617be2ca0a6fd877]::thread::local::LocalKey<core[a373ad73a504971]::cell::Cell<tokio[edae0dd45b72025d]::coop::Budget>>>::with::<tokio[edae0dd45b72025d]::coop::with_budget<core[a373ad73a504971]::task::poll::Poll<()>, <tokio[edae0dd45b72025d]::runtime::shell::Shell>::block_on<<tokio[edae0dd45b72025d]::task::local::LocalSet>::run_until<test[ad96dd978fc5118]::tests::start_container_test::{closure#0}>::{closure#0}>::{closure#0}>::{closure#0}, core[a373ad73a504971]::task::poll::Poll<()>>
[INFO] [stdout]   15:     0x606ce9b734ec - <tokio[edae0dd45b72025d]::macros::scoped_tls::ScopedKey<tokio[edae0dd45b72025d]::runtime::basic_scheduler::Context>>::set::<tokio[edae0dd45b72025d]::runtime::basic_scheduler::enter<<tokio[edae0dd45b72025d]::runtime::basic_scheduler::BasicScheduler<tokio[edae0dd45b72025d]::park::either::Either<tokio[edae0dd45b72025d]::time::driver::Driver<tokio[edae0dd45b72025d]::park::either::Either<tokio[edae0dd45b72025d]::io::driver::Driver, tokio[edae0dd45b72025d]::park::thread::ParkThread>>, tokio[edae0dd45b72025d]::park::either::Either<tokio[edae0dd45b72025d]::io::driver::Driver, tokio[edae0dd45b72025d]::park::thread::ParkThread>>>>::block_on<<tokio[edae0dd45b72025d]::task::local::LocalSet>::run_until<test[ad96dd978fc5118]::tests::start_container_test::{closure#0}>::{closure#0}>::{closure#0}, (), tokio[edae0dd45b72025d]::park::either::Either<tokio[edae0dd45b72025d]::time::driver::Driver<tokio[edae0dd45b72025d]::park::either::Either<tokio[edae0dd45b72025d]::io::driver::Driver, tokio[edae0dd45b72025d]::park::thread::ParkThread>>, tokio[edae0dd45b72025d]::park::either::Either<tokio[edae0dd45b72025d]::io::driver::Driver, tokio[edae0dd45b72025d]::park::thread::ParkThread>>>::{closure#0}, ()>
[INFO] [stdout]   16:     0x606ce9af71f2 - tokio[edae0dd45b72025d]::runtime::basic_scheduler::enter::<<tokio[edae0dd45b72025d]::runtime::basic_scheduler::BasicScheduler<tokio[edae0dd45b72025d]::park::either::Either<tokio[edae0dd45b72025d]::time::driver::Driver<tokio[edae0dd45b72025d]::park::either::Either<tokio[edae0dd45b72025d]::io::driver::Driver, tokio[edae0dd45b72025d]::park::thread::ParkThread>>, tokio[edae0dd45b72025d]::park::either::Either<tokio[edae0dd45b72025d]::io::driver::Driver, tokio[edae0dd45b72025d]::park::thread::ParkThread>>>>::block_on<<tokio[edae0dd45b72025d]::task::local::LocalSet>::run_until<test[ad96dd978fc5118]::tests::start_container_test::{closure#0}>::{closure#0}>::{closure#0}, (), tokio[edae0dd45b72025d]::park::either::Either<tokio[edae0dd45b72025d]::time::driver::Driver<tokio[edae0dd45b72025d]::park::either::Either<tokio[edae0dd45b72025d]::io::driver::Driver, tokio[edae0dd45b72025d]::park::thread::ParkThread>>, tokio[edae0dd45b72025d]::park::either::Either<tokio[edae0dd45b72025d]::io::driver::Driver, tokio[edae0dd45b72025d]::park::thread::ParkThread>>>
[INFO] [stdout]   17:     0x606ce9b66b4c - tokio[edae0dd45b72025d]::runtime::context::enter::<<tokio[edae0dd45b72025d]::runtime::Runtime>::block_on<<tokio[edae0dd45b72025d]::task::local::LocalSet>::run_until<test[ad96dd978fc5118]::tests::start_container_test::{closure#0}>::{closure#0}>::{closure#0}, ()>
[INFO] [stdout]   18:     0x606ce9b3227f - <actix_rt[e9d3ac4b3c20fe95]::builder::SystemRunner>::block_on::<test[ad96dd978fc5118]::tests::start_container_test::{closure#0}, ()>
[INFO] [stdout]   19:     0x606ce9b4cb22 - <test[ad96dd978fc5118]::tests::start_container_test::{closure#0} as core[a373ad73a504971]::ops::function::FnOnce<()>>::call_once
[INFO] [stdout]   20:     0x606ce9b7f4db - test[aada8e7e76ba119b]::__rust_begin_short_backtrace::<core[a373ad73a504971]::result::Result<(), alloc[2e1b2a31b91974c5]::string::String>, fn() -> core[a373ad73a504971]::result::Result<(), alloc[2e1b2a31b91974c5]::string::String>>
[INFO] [stdout]   21:     0x606ce9b8c6b5 - test[aada8e7e76ba119b]::run_test::{closure#0}
[INFO] [stdout]   22:     0x606ce9b85fa4 - std[617be2ca0a6fd877]::sys::backtrace::__rust_begin_short_backtrace::<test[aada8e7e76ba119b]::run_test::{closure#1}, ()>
[INFO] [stdout]   23:     0x606ce9b8f742 - <std[617be2ca0a6fd877]::thread::lifecycle::spawn_unchecked<test[aada8e7e76ba119b]::run_test::{closure#1}, ()>::{closure#1} as core[a373ad73a504971]::ops::function::FnOnce<()>>::call_once::{shim:vtable#0}
[INFO] [stdout]   24:     0x606ce9c77a5f - <std[617be2ca0a6fd877]::sys::thread::unix::Thread>::new::thread_start
[INFO] [stdout]   25:     0x756474c44dfa - <unknown>
[INFO] [stdout]   26:     0x756474cd83d4 - clone
[INFO] [stdout]   27:                0x0 - <unknown>
[INFO] [stdout] Panic in Arbiter thread.
[INFO] [stdout] 
[INFO] [stdout] ---- tests::unpause_container_test stdout ----
[INFO] [stdout] shipshape Error: error trying to connect: No such file or directory (os error 2)
[INFO] [stdout] 
[INFO] [stdout] thread 'tests::unpause_container_test' (1000) panicked at tests/test.rs:109:92:
[INFO] [stdout] called `Result::unwrap()` on an `Err` value: Error("EOF while parsing a value", line: 1, column: 0)
[INFO] [stdout] stack backtrace:
[INFO] [stdout]    0:     0x606ce9c78231 - <<std[617be2ca0a6fd877]::sys::backtrace::BacktraceLock>::print::DisplayBacktrace as core[a373ad73a504971]::fmt::Display>::fmt
[INFO] [stdout]    1:     0x606ce9c8d83a - core[a373ad73a504971]::fmt::write
[INFO] [stdout]    2:     0x606ce9c7c6fc - <alloc[2e1b2a31b91974c5]::vec::Vec<u8> as core[a373ad73a504971]::io::write::Write>::write_fmt
[INFO] [stdout]    3:     0x606ce9c541d6 - std[617be2ca0a6fd877]::panicking::default_hook::{closure#0}
[INFO] [stdout]    4:     0x606ce9c70739 - std[617be2ca0a6fd877]::panicking::default_hook
[INFO] [stdout]    5:     0x606ce9b8c090 - test[aada8e7e76ba119b]::test_main_inner::{closure#0}
[INFO] [stdout]    6:     0x606ce9c708f2 - std[617be2ca0a6fd877]::panicking::panic_with_hook
[INFO] [stdout]    7:     0x606ce9c54282 - std[617be2ca0a6fd877]::panicking::panic_handler::{closure#0}
[INFO] [stdout]    8:     0x606ce9c4cf69 - std[617be2ca0a6fd877]::sys::backtrace::__rust_end_short_backtrace::<std[617be2ca0a6fd877]::panicking::panic_handler::{closure#0}, !>
[INFO] [stdout]    9:     0x606ce9c54e8d - __rustc[ea4f61d10b84890b]::rust_begin_unwind
[INFO] [stdout]   10:     0x606ce9c8df9c - core[a373ad73a504971]::panicking::panic_fmt
[INFO] [stdout]   11:     0x606ce9c8dd72 - core[a373ad73a504971]::result::unwrap_failed
[INFO] [stdout]   12:     0x606ce9b474d5 - <std[617be2ca0a6fd877]::thread::local::LocalKey<core[a373ad73a504971]::cell::Cell<tokio[edae0dd45b72025d]::coop::Budget>>>::with::<tokio[edae0dd45b72025d]::coop::with_budget<core[a373ad73a504971]::task::poll::Poll<()>, <tokio[edae0dd45b72025d]::task::local::RunUntil<test[ad96dd978fc5118]::tests::unpause_container_test::{closure#0}> as core[a373ad73a504971]::future::future::Future>::poll::{closure#0}::{closure#0}>::{closure#0}, core[a373ad73a504971]::task::poll::Poll<()>>
[INFO] [stdout]   13:     0x606ce9b7283f - <tokio[edae0dd45b72025d]::macros::scoped_tls::ScopedKey<tokio[edae0dd45b72025d]::task::local::Context>>::set::<<tokio[edae0dd45b72025d]::task::local::RunUntil<test[ad96dd978fc5118]::tests::unpause_container_test::{closure#0}> as core[a373ad73a504971]::future::future::Future>::poll::{closure#0}, core[a373ad73a504971]::task::poll::Poll<()>>
[INFO] [stdout]   14:     0x606ce9b45217 - <std[617be2ca0a6fd877]::thread::local::LocalKey<core[a373ad73a504971]::cell::Cell<tokio[edae0dd45b72025d]::coop::Budget>>>::with::<tokio[edae0dd45b72025d]::coop::with_budget<core[a373ad73a504971]::task::poll::Poll<()>, <tokio[edae0dd45b72025d]::runtime::shell::Shell>::block_on<<tokio[edae0dd45b72025d]::task::local::LocalSet>::run_until<test[ad96dd978fc5118]::tests::unpause_container_test::{closure#0}>::{closure#0}>::{closure#0}>::{closure#0}, core[a373ad73a504971]::task::poll::Poll<()>>
[INFO] [stdout]   15:     0x606ce9b73f6c - <tokio[edae0dd45b72025d]::macros::scoped_tls::ScopedKey<tokio[edae0dd45b72025d]::runtime::basic_scheduler::Context>>::set::<tokio[edae0dd45b72025d]::runtime::basic_scheduler::enter<<tokio[edae0dd45b72025d]::runtime::basic_scheduler::BasicScheduler<tokio[edae0dd45b72025d]::park::either::Either<tokio[edae0dd45b72025d]::time::driver::Driver<tokio[edae0dd45b72025d]::park::either::Either<tokio[edae0dd45b72025d]::io::driver::Driver, tokio[edae0dd45b72025d]::park::thread::ParkThread>>, tokio[edae0dd45b72025d]::park::either::Either<tokio[edae0dd45b72025d]::io::driver::Driver, tokio[edae0dd45b72025d]::park::thread::ParkThread>>>>::block_on<<tokio[edae0dd45b72025d]::task::local::LocalSet>::run_until<test[ad96dd978fc5118]::tests::unpause_container_test::{closure#0}>::{closure#0}>::{closure#0}, (), tokio[edae0dd45b72025d]::park::either::Either<tokio[edae0dd45b72025d]::time::driver::Driver<tokio[edae0dd45b72025d]::park::either::Either<tokio[edae0dd45b72025d]::io::driver::Driver, tokio[edae0dd45b72025d]::park::thread::ParkThread>>, tokio[edae0dd45b72025d]::park::either::Either<tokio[edae0dd45b72025d]::io::driver::Driver, tokio[edae0dd45b72025d]::park::thread::ParkThread>>>::{closure#0}, ()>
[INFO] [stdout]   16:     0x606ce9af7412 - tokio[edae0dd45b72025d]::runtime::basic_scheduler::enter::<<tokio[edae0dd45b72025d]::runtime::basic_scheduler::BasicScheduler<tokio[edae0dd45b72025d]::park::either::Either<tokio[edae0dd45b72025d]::time::driver::Driver<tokio[edae0dd45b72025d]::park::either::Either<tokio[edae0dd45b72025d]::io::driver::Driver, tokio[edae0dd45b72025d]::park::thread::ParkThread>>, tokio[edae0dd45b72025d]::park::either::Either<tokio[edae0dd45b72025d]::io::driver::Driver, tokio[edae0dd45b72025d]::park::thread::ParkThread>>>>::block_on<<tokio[edae0dd45b72025d]::task::local::LocalSet>::run_until<test[ad96dd978fc5118]::tests::unpause_container_test::{closure#0}>::{closure#0}>::{closure#0}, (), tokio[edae0dd45b72025d]::park::either::Either<tokio[edae0dd45b72025d]::time::driver::Driver<tokio[edae0dd45b72025d]::park::either::Either<tokio[edae0dd45b72025d]::io::driver::Driver, tokio[edae0dd45b72025d]::park::thread::ParkThread>>, tokio[edae0dd45b72025d]::park::either::Either<tokio[edae0dd45b72025d]::io::driver::Driver, tokio[edae0dd45b72025d]::park::thread::ParkThread>>>
[INFO] [stdout]   17:     0x606ce9b66d2c - tokio[edae0dd45b72025d]::runtime::context::enter::<<tokio[edae0dd45b72025d]::runtime::Runtime>::block_on<<tokio[edae0dd45b72025d]::task::local::LocalSet>::run_until<test[ad96dd978fc5118]::tests::unpause_container_test::{closure#0}>::{closure#0}>::{closure#0}, ()>
[INFO] [stdout]   18:     0x606ce9b3249f - <actix_rt[e9d3ac4b3c20fe95]::builder::SystemRunner>::block_on::<test[ad96dd978fc5118]::tests::unpause_container_test::{closure#0}, ()>
[INFO] [stdout]   19:     0x606ce9b4ccbd - <test[ad96dd978fc5118]::tests::unpause_container_test::{closure#0} as core[a373ad73a504971]::ops::function::FnOnce<()>>::call_once
[INFO] [stdout]   20:     0x606ce9b7f4db - test[aada8e7e76ba119b]::__rust_begin_short_backtrace::<core[a373ad73a504971]::result::Result<(), alloc[2e1b2a31b91974c5]::string::String>, fn() -> core[a373ad73a504971]::result::Result<(), alloc[2e1b2a31b91974c5]::string::String>>
[INFO] [stderr] error: test failed, to rerun pass `--test test`
[INFO] [stdout]   21:     0x606ce9b8c6b5 - test[aada8e7e76ba119b]::run_test::{closure#0}
[INFO] [stdout]   22:     0x606ce9b85fa4 - std[617be2ca0a6fd877]::sys::backtrace::__rust_begin_short_backtrace::<test[aada8e7e76ba119b]::run_test::{closure#1}, ()>
[INFO] [stdout]   23:     0x606ce9b8f742 - <std[617be2ca0a6fd877]::thread::lifecycle::spawn_unchecked<test[aada8e7e76ba119b]::run_test::{closure#1}, ()>::{closure#1} as core[a373ad73a504971]::ops::function::FnOnce<()>>::call_once::{shim:vtable#0}
[INFO] [stdout]   24:     0x606ce9c77a5f - <std[617be2ca0a6fd877]::sys::thread::unix::Thread>::new::thread_start
[INFO] [stdout]   25:     0x756474c44dfa - <unknown>
[INFO] [stdout]   26:     0x756474cd83d4 - clone
[INFO] [stdout]   27:                0x0 - <unknown>
[INFO] [stdout] Panic in Arbiter thread.
[INFO] [stdout] 
[INFO] [stdout] 
[INFO] [stdout] failures:
[INFO] [stdout]     tests::create_container_test
[INFO] [stdout]     tests::pause_container_test
[INFO] [stdout]     tests::start_container_test
[INFO] [stdout]     tests::stop_container_test
[INFO] [stdout]     tests::unpause_container_test
[INFO] [stdout] 
[INFO] [stdout] test result: FAILED. 0 passed; 5 failed; 0 ignored; 0 measured; 0 filtered out; finished in 0.01s
[INFO] [stdout] 
[INFO] running `Command { std: "docker" "inspect" "9113f935e8966fc54b43f7c180fc251007ac73c8e9d7d0411f12d79b8c3adaf6", kill_on_drop: false }`
[INFO] running `Command { std: "docker" "rm" "-f" "9113f935e8966fc54b43f7c180fc251007ac73c8e9d7d0411f12d79b8c3adaf6", kill_on_drop: false }`
[INFO] [stdout] 9113f935e8966fc54b43f7c180fc251007ac73c8e9d7d0411f12d79b8c3adaf6
