[INFO] fetching crate shipper-cli 0.4.0...
[INFO] testing shipper-cli-0.4.0 against 1.99.0-beta.8+cargoflags=--release for beta-release-1.100-2
[INFO] extracting crate shipper-cli 0.4.0 into /workspace/builds/worker-5-tc1/source
[INFO] started tweaking crates.io crate shipper-cli 0.4.0
[INFO] removed 0 missing tests
[INFO] finished tweaking crates.io crate shipper-cli 0.4.0
[INFO] tweaked toml for crates.io crate shipper-cli 0.4.0 written to /workspace/builds/worker-5-tc1/source/Cargo.toml
[INFO] validating manifest of crates.io crate shipper-cli 0.4.0 on toolchain 1.99.0-beta.8
[INFO] running `Command { std: CARGO_HOME="/workspace/cargo-home" RUSTUP_HOME="/workspace/rustup-home" "/workspace/cargo-home/bin/cargo" "+1.99.0-beta.8" "metadata" "--manifest-path" "Cargo.toml" "--no-deps", kill_on_drop: false }`
[INFO] crate crates.io crate shipper-cli 0.4.0 already has a lockfile, it will not be regenerated
[INFO] running `Command { std: CARGO_HOME="/workspace/cargo-home" RUSTUP_HOME="/workspace/rustup-home" "/workspace/cargo-home/bin/cargo" "+1.99.0-beta.8" "fetch" "--manifest-path" "Cargo.toml", kill_on_drop: false }`
[INFO] [stderr]     Updating crates.io index
[INFO] [stderr]  Downloading crates ...
[INFO] [stderr]   Downloaded shipper-webhook v0.4.0
[INFO] [stderr]   Downloaded temp-env v0.3.6
[INFO] [stderr]   Downloaded shipper-types v0.4.0
[INFO] [stderr]   Downloaded humantime-serde v1.1.1
[INFO] [stderr]   Downloaded shipper-retry v0.4.0
[INFO] [stderr]   Downloaded shipper-encrypt v0.4.0
[INFO] [stderr]   Downloaded shipper-duration v0.4.0
[INFO] [stderr]   Downloaded serde_with v3.20.0
[INFO] [stderr]   Downloaded serde_with_macros v3.20.0
[INFO] [stderr]   Downloaded shipper-registry v0.4.0
[INFO] [stderr]   Downloaded shipper-cargo-failure v0.4.0
[INFO] [stderr]   Downloaded shipper-output-sanitizer v0.4.0
[INFO] [stderr]   Downloaded shipper-config v0.4.0
[INFO] [stderr]   Downloaded shipper-core v0.4.0
[INFO] [stderr]   Downloaded shipper-sparse-index v0.4.0
[INFO] [stderr]   Downloaded clap_complete v4.6.5
[INFO] running `Command { std: "docker" "create" "-v" "/var/lib/crater-agent-workspace/builds/worker-5-tc1/source:/opt/rustwide/workdir:ro,Z" "-v" "/var/lib/crater-agent-workspace/builds/worker-5-tc1/target:/opt/rustwide/target:rw,Z" "-v" "/var/lib/crater-agent-workspace/cargo-home:/opt/rustwide/cargo-home:ro,Z" "-v" "/var/lib/crater-agent-workspace/rustup-home:/opt/rustwide/rustup-home:ro,Z" "-m" "1610612736" "--network" "none" "ghcr.io/rust-lang/crates-build-env/linux@sha256:77db811e55d90add9212f6832c23229e3de5f1c1f9905e8cb07319ea15df73ac" "sleep" "infinity", kill_on_drop: false }`
[INFO] [stdout] fbe22c2c123301f50dd386b091811ee4e0d23c6fd6af5e9d1b1450567f6ab8d0
[INFO] running `Command { std: "docker" "start" "fbe22c2c123301f50dd386b091811ee4e0d23c6fd6af5e9d1b1450567f6ab8d0", kill_on_drop: false }`
[INFO] running `Command { std: "docker" "inspect" "fbe22c2c123301f50dd386b091811ee4e0d23c6fd6af5e9d1b1450567f6ab8d0", kill_on_drop: false }`
[INFO] running `Command { std: "docker" "exec" "-e" "SOURCE_DIR=/opt/rustwide/workdir" "-e" "CARGO_HOME=/opt/rustwide/cargo-home" "-e" "RUSTUP_HOME=/opt/rustwide/rustup-home" "-e" "CARGO_TARGET_DIR=/opt/rustwide/target" "-w" "/opt/rustwide/workdir" "--user" "0:0" "fbe22c2c123301f50dd386b091811ee4e0d23c6fd6af5e9d1b1450567f6ab8d0" "/opt/rustwide/cargo-home/bin/cargo" "+1.99.0-beta.8" "metadata" "--no-deps" "--format-version=1", kill_on_drop: false }`
[INFO] running `Command { std: "docker" "inspect" "fbe22c2c123301f50dd386b091811ee4e0d23c6fd6af5e9d1b1450567f6ab8d0", kill_on_drop: false }`
[INFO] running `Command { std: "docker" "exec" "-e" "SOURCE_DIR=/opt/rustwide/workdir" "-e" "CARGO_HOME=/opt/rustwide/cargo-home" "-e" "RUSTUP_HOME=/opt/rustwide/rustup-home" "-e" "CARGO_TARGET_DIR=/opt/rustwide/target" "-e" "CARGO_INCREMENTAL=0" "-e" "RUST_BACKTRACE=full" "-e" "RUSTFLAGS=--cap-lints=warn" "-e" "RUSTDOCFLAGS=--cap-lints=warn" "-w" "/opt/rustwide/workdir" "--user" "0:0" "fbe22c2c123301f50dd386b091811ee4e0d23c6fd6af5e9d1b1450567f6ab8d0" "/opt/rustwide/cargo-home/bin/cargo" "+1.99.0-beta.8" "build" "--frozen" "--message-format=json" "--release", kill_on_drop: false }`
[INFO] [stderr]    Compiling libc v0.2.184
[INFO] [stderr]    Compiling typenum v1.19.0
[INFO] [stderr]    Compiling aws-lc-rs v1.16.2
[INFO] [stderr]    Compiling http v1.4.0
[INFO] [stderr]    Compiling syn v2.0.117
[INFO] [stderr]    Compiling rustls v0.23.38
[INFO] [stderr]    Compiling indexmap v2.14.0
[INFO] [stderr]    Compiling futures-util v0.3.32
[INFO] [stderr]    Compiling serde_json v1.0.149
[INFO] [stderr]    Compiling futures-channel v0.3.32
[INFO] [stderr]    Compiling bitflags v2.11.0
[INFO] [stderr]    Compiling getrandom v0.4.2
[INFO] [stderr]    Compiling rand_core v0.10.0
[INFO] [stderr]    Compiling rustls-native-certs v0.8.3
[INFO] [stderr]    Compiling iri-string v0.7.12
[INFO] [stderr]    Compiling humantime v2.3.0
[INFO] [stderr]    Compiling base64ct v1.8.3
[INFO] [stderr]    Compiling chacha20 v0.10.0
[INFO] [stderr]    Compiling cmov v0.5.3
[INFO] [stderr]    Compiling rustix v1.1.4
[INFO] [stderr]    Compiling winnow v1.0.1
[INFO] [stderr]    Compiling toml_datetime v1.1.1+spec-1.1.0
[INFO] [stderr]    Compiling serde_spanned v1.1.1
[INFO] [stderr]    Compiling ctutils v0.4.2
[INFO] [stderr]    Compiling portable-atomic v1.13.1
[INFO] [stderr]    Compiling linux-raw-sys v0.12.1
[INFO] [stderr]    Compiling camino v1.2.2
[INFO] [stderr]    Compiling cargo-platform v0.3.2
[INFO] [stderr]    Compiling semver v1.0.28
[INFO] [stderr]    Compiling shipper-output-sanitizer v0.4.0
[INFO] [stderr]    Compiling toml_parser v1.1.2+spec-1.1.0
[INFO] [stderr]    Compiling generic-array v0.14.7
[INFO] [stderr]    Compiling hybrid-array v0.4.10
[INFO] [stderr]    Compiling http-body v1.0.1
[INFO] [stderr]    Compiling http-body-util v0.1.3
[INFO] [stderr]    Compiling shipper-cargo-failure v0.4.0
[INFO] [stderr]    Compiling shipper-cli v0.4.0 (/opt/rustwide/workdir)
[INFO] [stderr]    Compiling toml v1.1.2+spec-1.1.0
[INFO] [stderr]    Compiling gethostname v1.1.0
[INFO] [stderr]    Compiling jobserver v0.1.34
[INFO] [stderr]    Compiling unit-prefix v0.5.2
[INFO] [stderr]    Compiling getrandom v0.2.17
[INFO] [stderr]    Compiling mio v1.2.0
[INFO] [stderr]    Compiling socket2 v0.6.3
[INFO] [stderr]    Compiling dirs-sys v0.5.0
[INFO] [stderr]    Compiling cc v1.2.60
[INFO] [stderr]    Compiling rand_core v0.6.4
[INFO] [stderr]    Compiling rand v0.10.1
[INFO] [stderr]    Compiling crypto-common v0.1.7
[INFO] [stderr]    Compiling block-buffer v0.10.4
[INFO] [stderr]    Compiling inout v0.1.4
[INFO] [stderr]    Compiling universal-hash v0.5.1
[INFO] [stderr]    Compiling aead v0.5.2
[INFO] [stderr]    Compiling digest v0.10.7
[INFO] [stderr]    Compiling cipher v0.4.4
[INFO] [stderr]    Compiling polyval v0.6.2
[INFO] [stderr]    Compiling password-hash v0.5.0
[INFO] [stderr]    Compiling ctr v0.9.2
[INFO] [stderr]    Compiling aes v0.8.4
[INFO] [stderr]    Compiling crypto-common v0.2.1
[INFO] [stderr]    Compiling sha2 v0.10.9
[INFO] [stderr]    Compiling hmac v0.12.1
[INFO] [stderr]    Compiling ghash v0.5.1
[INFO] [stderr]    Compiling block-buffer v0.12.0
[INFO] [stderr]    Compiling dirs v6.0.0
[INFO] [stderr]    Compiling console v0.16.3
[INFO] [stderr]    Compiling which v8.0.2
[INFO] [stderr]    Compiling aes-gcm v0.10.3
[INFO] [stderr]    Compiling pbkdf2 v0.12.2
[INFO] [stderr]    Compiling cmake v0.1.58
[INFO] [stderr]    Compiling indicatif v0.18.4
[INFO] [stderr]    Compiling digest v0.11.2
[INFO] [stderr]    Compiling aws-lc-sys v0.39.1
[INFO] [stderr]    Compiling sha2 v0.11.0
[INFO] [stderr]    Compiling hmac v0.13.0
[INFO] [stderr]    Compiling synstructure v0.13.2
[INFO] [stderr]    Compiling darling_core v0.23.0
[INFO] [stderr]    Compiling zerovec-derive v0.11.3
[INFO] [stderr]    Compiling displaydoc v0.2.5
[INFO] [stderr]    Compiling tokio-macros v2.7.0
[INFO] [stderr]    Compiling serde_derive v1.0.228
[INFO] [stderr]    Compiling thiserror-impl v2.0.18
[INFO] [stderr]    Compiling clap_derive v4.6.1
[INFO] [stderr]    Compiling zerofrom-derive v0.1.7
[INFO] [stderr]    Compiling yoke-derive v0.8.2
[INFO] [stderr]    Compiling tokio v1.52.3
[INFO] [stderr]    Compiling zerofrom v0.1.7
[INFO] [stderr]    Compiling yoke v0.8.2
[INFO] [stderr]    Compiling thiserror v2.0.18
[INFO] [stderr]    Compiling zerovec v0.11.6
[INFO] [stderr]    Compiling zerotrie v0.2.4
[INFO] [stderr]    Compiling clap v4.6.1
[INFO] [stderr]    Compiling clap_complete v4.6.5
[INFO] [stderr]    Compiling darling_macro v0.23.0
[INFO] [stderr]    Compiling tinystr v0.8.3
[INFO] [stderr]    Compiling potential_utf v0.1.5
[INFO] [stderr]    Compiling darling v0.23.0
[INFO] [stderr]    Compiling serde_with_macros v3.20.0
[INFO] [stderr]    Compiling icu_collections v2.2.0
[INFO] [stderr]    Compiling icu_locale_core v2.2.0
[INFO] [stderr]    Compiling serde v1.0.228
[INFO] [stderr]    Compiling serde_with v3.20.0
[INFO] [stderr]    Compiling icu_provider v2.2.0
[INFO] [stderr]    Compiling icu_properties v2.2.0
[INFO] [stderr]    Compiling icu_normalizer v2.2.0
[INFO] [stderr]    Compiling humantime-serde v1.1.1
[INFO] [stderr]    Compiling chrono v0.4.44
[INFO] [stderr]    Compiling shipper-retry v0.4.0
[INFO] [stderr]    Compiling shipper-duration v0.4.0
[INFO] [stderr]    Compiling shipper-encrypt v0.4.0
[INFO] [stderr]    Compiling shipper-sparse-index v0.4.0
[INFO] [stderr]    Compiling cargo_metadata v0.23.1
[INFO] [stderr]    Compiling idna_adapter v1.2.1
[INFO] [stderr]    Compiling idna v1.1.0
[INFO] [stderr]    Compiling tokio-util v0.7.18
[INFO] [stderr]    Compiling tower v0.5.3
[INFO] [stderr]    Compiling url v2.5.8
[INFO] [stderr]    Compiling h2 v0.4.13
[INFO] [stderr]    Compiling tower-http v0.6.8
[INFO] [stderr]    Compiling hyper v1.9.0
[INFO] [stderr]    Compiling hyper-util v0.1.20
[INFO] [stderr]    Compiling rustls-webpki v0.103.13
[INFO] [stderr]    Compiling tokio-rustls v0.26.4
[INFO] [stderr]    Compiling rustls-platform-verifier v0.6.2
[INFO] [stderr]    Compiling hyper-rustls v0.27.8
[INFO] [stderr]    Compiling reqwest v0.13.3
[INFO] [stderr]    Compiling shipper-webhook v0.4.0
[INFO] [stderr]    Compiling shipper-types v0.4.0
[INFO] [stderr]    Compiling shipper-config v0.4.0
[INFO] [stderr]    Compiling shipper-registry v0.4.0
[INFO] [stderr]    Compiling shipper-core v0.4.0
[INFO] [stderr]     Finished `release` profile [optimized] target(s) in 3m 14s
[INFO] running `Command { std: "docker" "inspect" "fbe22c2c123301f50dd386b091811ee4e0d23c6fd6af5e9d1b1450567f6ab8d0", kill_on_drop: false }`
[INFO] running `Command { std: "docker" "exec" "-e" "SOURCE_DIR=/opt/rustwide/workdir" "-e" "CARGO_HOME=/opt/rustwide/cargo-home" "-e" "RUSTUP_HOME=/opt/rustwide/rustup-home" "-e" "CARGO_TARGET_DIR=/opt/rustwide/target" "-e" "CARGO_INCREMENTAL=0" "-e" "RUST_BACKTRACE=full" "-e" "RUSTFLAGS=--cap-lints=warn" "-e" "RUSTDOCFLAGS=--cap-lints=warn" "-w" "/opt/rustwide/workdir" "--user" "0:0" "fbe22c2c123301f50dd386b091811ee4e0d23c6fd6af5e9d1b1450567f6ab8d0" "/opt/rustwide/cargo-home/bin/cargo" "+1.99.0-beta.8" "test" "--frozen" "--no-run" "--message-format=json" "--release", kill_on_drop: false }`
[INFO] [stderr]    Compiling rustix v1.1.4
[INFO] [stderr]    Compiling tower-http v0.6.8
[INFO] [stderr]    Compiling chrono v0.4.44
[INFO] [stderr]    Compiling getrandom v0.3.4
[INFO] [stderr]    Compiling aho-corasick v1.1.4
[INFO] [stderr]    Compiling console v0.16.3
[INFO] [stderr]    Compiling parking_lot_core v0.9.12
[INFO] [stderr]    Compiling wait-timeout v0.2.1
[INFO] [stderr]    Compiling ppv-lite86 v0.2.21
[INFO] [stderr]    Compiling float-cmp v0.10.0
[INFO] [stderr]    Compiling sdd v3.0.10
[INFO] [stderr]    Compiling assert_cmd v2.2.2
[INFO] [stderr]    Compiling futures-executor v0.3.32
[INFO] [stderr]    Compiling serial_test_derive v3.4.0
[INFO] [stderr]    Compiling similar v2.7.0
[INFO] [stderr]    Compiling chunked_transfer v1.5.0
[INFO] [stderr]    Compiling serde_yaml v0.9.34+deprecated
[INFO] [stderr]    Compiling rand_core v0.9.5
[INFO] [stderr]    Compiling parking_lot v0.12.5
[INFO] [stderr]    Compiling tiny_http v0.12.0
[INFO] [stderr]    Compiling reqwest v0.13.3
[INFO] [stderr]    Compiling scc v2.4.0
[INFO] [stderr]    Compiling rand_xorshift v0.4.0
[INFO] [stderr]    Compiling rand v0.9.3
[INFO] [stderr]    Compiling temp-env v0.3.6
[INFO] [stderr]    Compiling indicatif v0.18.4
[INFO] [stderr]    Compiling rand_chacha v0.9.0
[INFO] [stderr]    Compiling regex-automata v0.4.14
[INFO] [stderr]    Compiling gethostname v1.1.0
[INFO] [stderr]    Compiling tempfile v3.27.0
[INFO] [stderr]    Compiling rusty-fork v0.3.1
[INFO] [stderr]    Compiling serial_test v3.4.0
[INFO] [stderr]    Compiling insta v1.47.2
[INFO] [stderr]    Compiling proptest v1.11.0
[INFO] [stderr]    Compiling shipper-webhook v0.4.0
[INFO] [stderr]    Compiling shipper-types v0.4.0
[INFO] [stderr]    Compiling regex v1.12.3
[INFO] [stderr]    Compiling bstr v1.12.1
[INFO] [stderr]    Compiling predicates v3.1.4
[INFO] [stderr]    Compiling shipper-config v0.4.0
[INFO] [stderr]    Compiling shipper-registry v0.4.0
[INFO] [stderr]    Compiling shipper-core v0.4.0
[INFO] [stderr]    Compiling shipper-cli v0.4.0 (/opt/rustwide/workdir)
[INFO] [stderr]     Finished `release` profile [optimized] target(s) in 1m 57s
[INFO] running `Command { std: "docker" "inspect" "fbe22c2c123301f50dd386b091811ee4e0d23c6fd6af5e9d1b1450567f6ab8d0", kill_on_drop: false }`
[INFO] running `Command { std: "docker" "exec" "-e" "SOURCE_DIR=/opt/rustwide/workdir" "-e" "CARGO_HOME=/opt/rustwide/cargo-home" "-e" "RUSTUP_HOME=/opt/rustwide/rustup-home" "-e" "CARGO_TARGET_DIR=/opt/rustwide/target" "-e" "CARGO_INCREMENTAL=0" "-e" "RUST_BACKTRACE=full" "-e" "RUSTFLAGS=--cap-lints=warn" "-e" "RUSTDOCFLAGS=--cap-lints=warn" "-w" "/opt/rustwide/workdir" "--user" "0:0" "fbe22c2c123301f50dd386b091811ee4e0d23c6fd6af5e9d1b1450567f6ab8d0" "/opt/rustwide/cargo-home/bin/cargo" "+1.99.0-beta.8" "test" "--frozen" "--release", kill_on_drop: false }`
[INFO] [stderr]     Finished `release` profile [optimized] target(s) in 0.40s
[INFO] [stderr]      Running unittests src/lib.rs (/opt/rustwide/target/release/deps/shipper_cli-d5dacf941ce24409)
[INFO] [stdout] 
[INFO] [stdout] running 136 tests
[INFO] [stdout] test doctor::redaction::tests::redacts_token_like_url_query_values ... ok
[INFO] [stdout] test doctor::redaction::tests::redacts_token_like_values_inside_error_text ... ok
[INFO] [stdout] test output::progress::bdd_tests::bdd_given_progress_reporting_when_a_single_package_is_marked_then_state_tracks_name_and_index ... ok
[INFO] [stdout] test doctor::redaction::tests::preserves_non_sensitive_urls ... ok
[INFO] [stdout] test output::progress::proptests::silent_reporter_tracks_random_package_updates ... ok
[INFO] [stdout] test output::progress::proptests::step_count_invariant ... ok
[INFO] [stdout] test output::progress::proptests::display_format_name_at_version ... ok
[INFO] [stdout] test output::progress::proptests::fresh_reporter_initial_state ... ok
[INFO] [stdout] test doctor::redaction::tests::redacts_url_userinfo ... ok
[INFO] [stdout] test output::progress::bdd_tests::bdd_given_multiple_updates_when_packages_advance_then_last_state_is_reflected ... ok
[INFO] [stdout] test output::progress::proptests::finish_package_preserves_state ... ok
[INFO] [stdout] test output::progress::proptests::percentage_always_in_range ... ok
[INFO] [stdout] test output::progress::proptests::percentage_zero_before_any_work ... ok
[INFO] [stdout] test output::progress::proptests::set_status_never_panics ... ok
[INFO] [stdout] test output::progress::proptests::total_packages_immutable ... ok
[INFO] [stdout] test output::progress::proptests::full_publish_cycle_completes ... ok
[INFO] [stdout] test output::progress::snapshot_tests::percentage_large_workspace ... ok
[INFO] [stdout] test output::progress::snapshot_tests::display_empty_name_and_version ... ok
[INFO] [stdout] test output::progress::snapshot_tests::display_prerelease_version ... ok
[INFO] [stdout] test output::progress::snapshot_tests::display_multi_package_sequence ... ok
[INFO] [stdout] test output::progress::snapshot_tests::display_single_package ... ok
[INFO] [stdout] test output::progress::tests::snapshot_progress_at_75_percent ... ok
[INFO] [stdout] test output::progress::tests::snapshot_progress_at_100_percent ... ok
[INFO] [stdout] test output::progress::tests::snapshot_progress_at_0_percent ... ok
[INFO] [stdout] test output::progress::tests::snapshot_progress_at_50_percent ... ok
[INFO] [stdout] test output::progress::snapshot_tests::percentage_milestones ... ok
[INFO] [stdout] test output::progress::snapshot_tests::percentage_three_packages ... ok
[INFO] [stdout] test output::progress::tests::snapshot_progress_at_25_percent ... ok
[INFO] [stdout] test output::progress::snapshot_tests::state_full_lifecycle ... ok
[INFO] [stdout] test output::progress::snapshot_tests::state_zero_packages ... ok
[INFO] [stdout] test output::progress::snapshot_tests::state_overwrite_same_index ... ok
[INFO] [stdout] test output::progress::snapshot_tests::percentage_single_package ... ok
[INFO] [stdout] test output::progress::snapshot_tests::state_after_first_package ... ok
[INFO] [stdout] test output::progress::tests::snapshot_display_format_edge_cases ... ok
[INFO] [stdout] test output::progress::snapshot_tests::state_fresh_reporter ... ok
[INFO] [stdout] test output::progress::snapshot_tests::percentage_zero_total ... ok
[INFO] [stdout] test output::progress::tests::test_display_format_numeric_name ... ok
[INFO] [stdout] test output::progress::tests::test_display_format_version_with_pre_and_build ... ok
[INFO] [stdout] test output::progress::tests::test_display_format_with_build_metadata ... ok
[INFO] [stdout] test output::progress::tests::test_display_format_single_char_name_and_version ... ok
[INFO] [stdout] test output::progress::tests::test_empty_package_name_and_version ... ok
[INFO] [stdout] test output::progress::tests::test_display_format_with_hyphenated_name ... ok
[INFO] [stdout] test output::progress::tests::test_display_format_whitespace_in_name ... ok
[INFO] [stdout] test output::progress::tests::test_concurrent_independent_reporters ... ok
[INFO] [stdout] test output::progress::tests::test_display_format_newlines_in_status ... ok
[INFO] [stdout] test output::progress::tests::test_is_tty_returns_bool ... ok
[INFO] [stdout] test output::progress::tests::test_multi_crate_sequential_publish ... ok
[INFO] [stdout] test output::progress::tests::test_finish_immediately_with_packages ... ok
[INFO] [stdout] test output::progress::tests::test_display_format_at_sign_in_version ... ok
[INFO] [stdout] test output::progress::tests::test_finish_completes_without_panic ... ok
[INFO] [stdout] test output::progress::tests::test_finish_package_increments ... ok
[INFO] [stdout] test output::progress::tests::test_finish_package_called_multiple_times ... ok
[INFO] [stdout] test output::progress::tests::test_new_non_quiet_in_test_environment ... ok
[INFO] [stdout] test output::progress::tests::test_large_total_packages ... ok
[INFO] [stdout] test output::progress::tests::test_repeated_set_package_same_index ... ok
[INFO] [stdout] test output::progress::tests::test_reset_after_full_cycle ... ok
[INFO] [stdout] test output::progress::tests::test_percentage_100_packages_milestones ... ok
[INFO] [stdout] test output::progress::tests::test_percentage_one_third_precision ... ok
[INFO] [stdout] test output::progress::tests::test_finish_on_fresh_reporter ... ok
[INFO] [stdout] test output::progress::tests::test_percentage_always_in_range_exhaustive_small ... ok
[INFO] [stdout] test output::progress::tests::test_finish_package_without_set_package ... ok
[INFO] [stdout] test output::progress::tests::test_new_quiet_mode_disables_tty ... ok
[INFO] [stdout] test output::progress::tests::test_package_tracking_reverse_order ... ok
[INFO] [stdout] test output::progress::tests::test_package_tracking_skip_indices ... ok
[INFO] [stdout] test output::progress::tests::test_progress_reporter_creation ... ok
[INFO] [stdout] test output::progress::tests::test_retry_countdown_zero_delay_returns_immediately ... ok
[INFO] [stdout] test output::progress::tests::test_set_package_index_zero ... ok
[INFO] [stdout] test output::progress::tests::test_set_package_updates_state ... ok
[INFO] [stdout] test output::progress::tests::test_set_package_overwrites_previous ... ok
[INFO] [stdout] test output::progress::tests::test_set_package_beyond_total ... ok
[INFO] [stdout] test output::progress::tests::test_finish_package_preserves_current_name ... ok
[INFO] [stdout] test output::progress::tests::test_set_package_decreasing_index ... ok
[INFO] [stdout] test output::progress::tests::test_set_package_far_beyond_total ... ok
[INFO] [stdout] test output::progress::tests::test_many_status_updates_between_packages ... ok
[INFO] [stdout] test output::progress::tests::test_set_status_on_silent_reporter ... ok
[INFO] [stdout] test output::progress::tests::test_set_package_formats_name_at_version ... ok
[INFO] [stdout] test output::progress::tests::test_set_status_with_special_characters ... ok
[INFO] [stdout] test output::progress::tests::test_silent_initial_state ... ok
[INFO] [stdout] test output::progress::tests::test_silent_reporter_disables_tty ... ok
[INFO] [stdout] test output::progress::tests::test_status_transition_pending_to_completed ... ok
[INFO] [stdout] test output::progress::tests::test_status_before_and_after_package ... ok
[INFO] [stdout] test output::progress::tests::test_status_transitions_with_intermediate_statuses ... ok
[INFO] [stdout] test output::progress::tests::test_unicode_package_name ... ok
[INFO] [stdout] test output::progress::tests::test_u32_max_set_package_at_boundary ... ok
[INFO] [stdout] test output::progress::tests::test_multi_crate_status_updates_between_packages ... ok
[INFO] [stdout] test output::progress::tests::test_single_package_all_operations ... ok
[INFO] [stdout] test output::progress::tests::test_u32_max_total_packages ... ok
[INFO] [stdout] test output::progress::tests::test_state_after_partial_publish ... ok
[INFO] [stdout] test output::progress::tests::test_retry_countdown_tty_branch_updates_status ... ok
[INFO] [stdout] test output::progress::tests::test_zero_packages_set_status_and_finish ... ok
[INFO] [stdout] test output::progress::tests::test_zero_packages_silent ... ok
[INFO] [stdout] test tests::cli_reporter_methods_are_callable ... ok
[INFO] [stdout] test output::progress::tests::test_very_long_package_name ... ok
[INFO] [stdout] test output::progress::tests::test_zero_packages_new_quiet ... ok
[INFO] [stdout] test output::progress::tests::test_zero_packages_set_package_still_works ... ok
[INFO] [stdout] test tests::config_init_creates_file ... ok
[INFO] [stdout] test tests::cli_reporter_default_impl_preserves_warn_line ... ok
[INFO] [stdout] test tests::cli_reporter_retry_wait_updates_progress_to_retrying_package ... ok
[INFO] [stdout] test tests::config_merge_with_cli_overrides ... ok
[INFO] [stdout] test tests::config_validate_invalid_file ... ok
[INFO] [stdout] test tests::config_validate_valid_file ... ok
[INFO] [stdout] test output::progress::tests::test_retry_countdown_max_attempts_display ... ok
[INFO] [stdout] test tests::inspect_events_follow_defers_incomplete_tail_line ... ok
[INFO] [stdout] test tests::config_load_from_workspace ... ok
[INFO] [stdout] test tests::inspect_events_follow_reports_completed_malformed_line ... ok
[INFO] [stdout] test tests::parse_duration_handles_valid_and_invalid_inputs ... ok
[INFO] [stdout] test tests::config_validate_missing_file ... ok
[INFO] [stdout] test tests::plan_failure_hint_names_manifest_and_package_blockers ... ok
[INFO] [stdout] test tests::preflight_failure_hint_names_common_release_blockers ... ok
[INFO] [stdout] test tests::publish_failure_hint_names_ambiguity_rate_limit_and_lock_blockers ... ok
[INFO] [stdout] test tests::resume_failure_hint_names_state_and_reconciliation_blockers ... ok
[INFO] [stdout] test tests::discover_event_logs_includes_preflight_only_sidecars ... ok
[INFO] [stdout] test tests::run_clean_errors_when_lock_exists_without_force ... ok
[INFO] [stdout] test tests::preflight_only_flag_parses_and_defaults_to_false ... ok
[INFO] [stdout] test tests::run_clean_force_removes_lock_and_state_files ... ok
[INFO] [stdout] test tests::status_watch_current_package_ignores_stale_active_events_after_terminal_event ... ok
[INFO] [stdout] test tests::status_watch_event_reader_ignores_incomplete_tail_line ... ok
[INFO] [stdout] test tests::global_flags_parse_after_subcommand ... ok
[INFO] [stdout] test tests::write_event_lines_since_missing_file_keeps_offset ... ok
[INFO] [stdout] test tests::write_event_lines_since_renders_text_follow_events ... ok
[INFO] [stdout] test tests::status_watch_next_action_ignores_stale_schedules_after_terminal_event ... ok
[INFO] [stdout] test tests::status_watch_flag_parses ... ok
[INFO] [stdout] test tests::print_cmd_version_reports_missing_command ... ok
[INFO] [stdout] test tests::test_reporter_collects_all_levels ... ok
[INFO] [stdout] test tests::write_event_lines_since_streams_only_new_events ... ok
[INFO] [stdout] test tests::status_watch_report_summarizes_state_and_scheduled_events ... ok
[INFO] [stdout] test output::progress::tests::snapshot_failed_midway_state ... ok
[INFO] [stdout] test output::progress::tests::snapshot_single_package_lifecycle ... ok
[INFO] [stdout] test tests::cli_reporter_retry_wait_with_progress_routes_through_countdown ... ok
[INFO] [stdout] test tests::cli_reporter_retry_wait_without_progress_warns_and_blocks_for_delay ... ok
[INFO] [stdout] test output::progress::tests::test_retry_countdown_non_tty_one_shot_line ... ok
[INFO] [stdout] test tests::cli_reporter_retry_wait_without_progress_blocks_for_delay ... ok
[INFO] [stdout] test output::progress::tests::test_retry_countdown_silent_mode_blocks_for_delay ... ok
[INFO] [stdout] test tests::run_doctor_restores_env_when_old_values_are_missing_or_present ... ok
[INFO] [stdout] test tests::print_cmd_version_reports_non_zero_exit ... ok
[INFO] [stdout] test tests::run_doctor_supports_absolute_state_dir ... ok
[INFO] [stdout] 
[INFO] [stdout] test result: ok. 136 passed; 0 failed; 0 ignored; 0 measured; 0 filtered out; finished in 0.34s
[INFO] [stdout] 
[INFO] [stderr]      Running unittests src/main.rs (/opt/rustwide/target/release/deps/shipper_cli-5e5b6365d5347450)
[INFO] [stdout] 
[INFO] [stdout] running 0 tests
[INFO] [stdout] 
[INFO] [stdout] test result: ok. 0 passed; 0 failed; 0 ignored; 0 measured; 0 filtered out; finished in 0.00s
[INFO] [stdout] 
[INFO] [stderr]      Running tests/bdd_config.rs (/opt/rustwide/target/release/deps/bdd_config-7a9bba0b120249e6)
[INFO] [stdout] 
[INFO] [stdout] running 7 tests
[INFO] [stdout] test config_init::given_config_init_with_output_then_file_is_written_to_specified_path ... ok
[INFO] [stdout] test config_validate::given_empty_shipper_toml_when_config_validate_then_defaults_are_reported ... ok
[INFO] [stdout] test config_init::given_no_config_file_when_config_init_then_shipper_toml_is_created ... ok
[INFO] [stdout] test config_validate::given_invalid_values_when_config_validate_then_validation_errors_are_shown ... ok
[INFO] [stdout] test config_validate::given_valid_shipper_toml_when_config_validate_then_success_is_reported ... ok
[INFO] [stdout] test config_validate::given_config_validate_with_path_then_specified_file_is_validated ... ok
[INFO] [stdout] test config_validate::given_invalid_shipper_toml_when_config_validate_then_errors_are_shown ... ok
[INFO] [stdout] 
[INFO] [stdout] test result: ok. 7 passed; 0 failed; 0 ignored; 0 measured; 0 filtered out; finished in 0.02s
[INFO] [stdout] 
[INFO] [stderr]      Running tests/bdd_doctor.rs (/opt/rustwide/target/release/deps/bdd_doctor-c89354f7b2dfcee7)
[INFO] [stdout] 
[INFO] [stdout] running 5 tests
[INFO] [stdout] test workspace_health::given_valid_workspace_when_running_doctor_then_checks_workspace_health ... ok
[INFO] [stdout] test workspace_health::given_nonexistent_state_dir_when_running_doctor_then_reports_will_be_created ... ok
[INFO] [stdout] test environment_info::given_clean_environment_when_running_doctor_then_reports_environment_info ... ok
[INFO] [stdout] test missing_token::given_no_cargo_registry_token_when_running_doctor_then_warns_about_missing_token ... ok
[INFO] [stdout] test cargo_detection::given_cargo_is_installed_when_running_doctor_then_cargo_version_is_detected ... ok
[INFO] [stdout] 
[INFO] [stdout] test result: ok. 5 passed; 0 failed; 0 ignored; 0 measured; 0 filtered out; finished in 0.22s
[INFO] [stdout] 
[INFO] [stderr]      Running tests/bdd_error_handling.rs (/opt/rustwide/target/release/deps/bdd_error_handling-f68945c897fbf1f2)
[INFO] [stdout] 
[INFO] [stdout] running 27 tests
[INFO] [stdout] test auth_failure::given_401_unauthorized_when_classifying_then_permanent ... ok
[INFO] [stdout] test auth_failure::given_not_authorized_when_classifying_then_permanent ... ok
[INFO] [stdout] test auth_failure::given_invalid_token_when_classifying_then_permanent ... ok
[INFO] [stdout] test network_timeout::given_502_when_classifying_then_retryable ... ok
[INFO] [stdout] test network_timeout::given_connection_reset_when_classifying_then_retryable ... ok
[INFO] [stdout] test invalid_manifest::given_compilation_failed_when_classifying_then_permanent ... ok
[INFO] [stdout] test network_timeout::given_timeout_when_classifying_then_retryable ... ok
[INFO] [stdout] test mixed_success_failure_state::given_already_exists_when_classifying_then_permanent ... ok
[INFO] [stdout] test registry_unreachable::given_connection_refused_when_classifying_then_retryable ... ok
[INFO] [stdout] test rate_limiting::given_too_many_requests_when_classifying_then_retryable ... ok
[INFO] [stdout] test network_timeout::given_dns_error_when_classifying_then_retryable ... ok
[INFO] [stdout] test registry_unreachable::given_network_unreachable_when_classifying_then_retryable ... ok
[INFO] [stdout] test invalid_manifest::given_parse_manifest_error_when_classifying_then_permanent ... ok
[INFO] [stdout] test rate_limiting::given_429_when_classifying_then_retryable ... ok
[INFO] [stdout] test registry_unreachable::given_unrecognized_error_when_classifying_then_ambiguous ... ok
[INFO] [stdout] test mixed_success_failure_state::given_backoff_config_when_computing_delay_then_capped ... ok
[INFO] [stdout] test invalid_manifest::given_missing_manifest_when_plan_then_cli_errors ... ok
[INFO] [stdout] test registry_unreachable::given_unreachable_registry_when_preflight_then_fails ... ok
[INFO] [stdout] test invalid_manifest::given_malformed_cargo_toml_when_plan_then_cli_errors ... ok
[INFO] [stdout] test invalid_manifest::given_workspace_with_no_members_when_plan_then_cli_errors ... ok
[INFO] [stdout] test auth_failure::given_auth_failure_stderr_when_publish_then_cli_reports_error ... ok
[INFO] [stdout] test ambiguous_resolves_via_registry::given_ambiguous_failure_when_registry_shows_published_then_marked_published ... ok
[INFO] [stdout] test mixed_success_failure_state::given_retryable_exhausted_then_receipt_shows_failed ... ok
[INFO] [stdout] test rate_limiting::given_rate_limit_stderr_when_publish_then_retries_before_failing ... ok
[INFO] [stdout] test mixed_success_failure_state::given_retryable_failure_when_max_attempts_exhausted_then_nonzero_exit ... ok
[INFO] [stdout] test mixed_success_failure_state::given_first_succeeds_second_fails_when_publish_then_state_preserves_success ... ok
[INFO] [stdout] test network_timeout::given_timeout_stderr_when_publish_then_retries ... ok
[INFO] [stdout] 
[INFO] [stdout] test result: ok. 27 passed; 0 failed; 0 ignored; 0 measured; 0 filtered out; finished in 30.57s
[INFO] [stdout] 
[INFO] [stderr]      Running tests/bdd_error_recovery.rs (/opt/rustwide/target/release/deps/bdd_error_recovery-f1a97480864d0b4e)
[INFO] [stdout] 
[INFO] [stdout] running 18 tests
[INFO] [stdout] test failure_classification::given_auth_failure_when_classifying_then_permanent ... ok
[INFO] [stdout] test failure_classification::given_timeout_error_when_classifying_then_retryable ... ok
[INFO] [stdout] test failure_classification::given_unknown_error_when_classifying_then_ambiguous ... ok
[INFO] [stdout] test failure_classification::given_both_retryable_and_permanent_patterns_when_classifying_then_retryable_wins ... ok
[INFO] [stdout] test failure_classification::given_permanent_stderr_when_classifying_then_permanent ... ok
[INFO] [stdout] test failure_classification::given_retryable_stderr_when_classifying_then_retryable ... ok
[INFO] [stdout] test corrupted_receipt_handling::given_corrupted_receipt_when_inspect_receipt_then_fails_gracefully ... ok
[INFO] [stdout] test state_persistence_after_failure::given_corrupted_state_file_when_resume_then_reports_parse_error ... ok
[INFO] [stdout] test corrupted_receipt_handling::given_corrupted_receipt_from_prior_run_when_plan_then_still_works ... ok
[INFO] [stdout] test state_persistence_after_failure::given_empty_state_file_when_resume_then_reports_parse_error ... ok
[INFO] [stdout] test invalid_state_handling::given_truncated_state_json_when_resume_then_fails_gracefully ... ok
[INFO] [stdout] test resume_skips_completed::given_no_state_file_when_resume_then_fails ... ok
[INFO] [stdout] test invalid_state_handling::given_state_as_json_array_when_resume_then_fails_gracefully ... ok
[INFO] [stdout] test invalid_state_handling::given_state_with_wrong_schema_when_resume_then_fails_gracefully ... ok
[INFO] [stdout] test corrupted_receipt_handling::given_empty_receipt_when_inspect_receipt_then_fails_gracefully ... ok
[INFO] [stdout] test corrupted_receipt_handling::given_receipt_with_wrong_schema_when_inspect_receipt_then_fails_gracefully ... ok
[INFO] [stdout] test state_persistence_after_failure::given_state_with_mismatched_plan_id_when_publish_then_rejected ... ok
[INFO] [stdout] test resume_skips_completed::given_state_with_published_package_when_resume_then_skips_completed ... ok
[INFO] [stdout] 
[INFO] [stdout] test result: ok. 18 passed; 0 failed; 0 ignored; 0 measured; 0 filtered out; finished in 0.27s
[INFO] [stdout] 
[INFO] [stderr]      Running tests/bdd_micro_backends.rs (/opt/rustwide/target/release/deps/bdd_micro_backends-bfd5baf2321e2a46)
[INFO] [stdout] 
[INFO] [stdout] running 1 test
[INFO] [stdout] test preflight_stability::given_dependency_chain_and_no_token_when_preflight_then_stable_output ... ok
[INFO] [stdout] 
[INFO] [stdout] test result: ok. 1 passed; 0 failed; 0 ignored; 0 measured; 0 filtered out; finished in 0.15s
[INFO] [stdout] 
[INFO] [stderr]      Running tests/bdd_parallel.rs (/opt/rustwide/target/release/deps/bdd_parallel-2367dfe78a3037d0)
[INFO] [stdout] 
[INFO] [stdout] running 8 tests
[INFO] [stdout] test dependency_level_ordering::given_workspace_with_dependencies_when_publishing_then_respects_level_ordering ... ok
[INFO] [stdout] test parallel_level_grouping::given_independent_crates_when_publishing_then_publishes_in_parallel_levels ... ok
[INFO] [stdout] test parallel_level_grouping::given_independent_crates_when_plan_verbose_then_shows_single_level ... ok
[INFO] [stdout] test dependency_level_ordering::given_dependencies_when_plan_verbose_then_shows_three_levels ... ok
[INFO] [stdout] test max_concurrent_limits_parallelism::given_max_concurrent_flag_when_plan_then_accepted ... ok
[INFO] [stdout] test max_concurrent_limits_parallelism::given_max_concurrent_setting_when_publishing_then_limits_parallelism ... ok
[INFO] [stdout] test resume_skips_completed_levels::given_partially_published_workspace_when_resuming_then_skips_completed_levels ... ok
[INFO] [stdout] test failure_stops_subsequent_levels::given_failure_in_one_level_when_continuing_then_stops_subsequent_levels has been running for over 60 seconds
[INFO] [stdout] test failure_stops_subsequent_levels::given_failure_in_one_level_when_continuing_then_stops_subsequent_levels ... ok
[INFO] [stdout] 
[INFO] [stdout] test result: ok. 8 passed; 0 failed; 0 ignored; 0 measured; 0 filtered out; finished in 327.10s
[INFO] [stdout] 
[INFO] [stderr]      Running tests/bdd_preflight.rs (/opt/rustwide/target/release/deps/bdd_preflight-c47ee486a7ac6d9d)
[INFO] [stdout] 
[INFO] [stdout] running 7 tests
[INFO] [stdout] test strict_ownership_fails_without_token::given_no_token_when_strict_ownership_then_fails_with_error ... ok
[INFO] [stdout] test preflight_detects_already_published::given_mixed_published_when_preflight_then_detects_already_published ... ok
[INFO] [stdout] test preflight_fails_with_dirty_git_tree::given_non_git_directory_when_preflight_without_allow_dirty_then_fails ... ok
[INFO] [stdout] test preflight_passes_for_new_crates::given_token_and_new_crates_when_preflight_then_passes_and_marks_new ... ok
[INFO] [stdout] test preflight_warns_on_missing_token::given_no_token_when_preflight_fast_then_reports_token_not_detected ... ok
[INFO] [stdout] test balanced_policy_ignores_strict_ownership::given_no_token_when_balanced_with_strict_ownership_then_succeeds ... ok
[INFO] [stderr]      Running tests/bdd_publish.rs (/opt/rustwide/target/release/deps/bdd_publish-40a67b16e9bd0735)
[INFO] [stdout] test preflight_policy_from_config::given_shipper_toml_policy_when_preflight_without_flag_then_uses_config_policy ... ok
[INFO] [stdout] 
[INFO] [stdout] test result: ok. 7 passed; 0 failed; 0 ignored; 0 measured; 0 filtered out; finished in 0.18s
[INFO] [stdout] 
[INFO] [stdout] 
[INFO] [stdout] running 26 tests
[INFO] [stdout] test error_handling::given_invalid_schema_version_when_store_validation_runs_then_error ... ok
[INFO] [stdout] test error_handling::given_retryable_publish_output_when_failure_classification_runs_then_retryable ... ok
[INFO] [stdout] test error_handling::given_supported_schema_version_when_store_validation_runs_then_ok ... ok
[INFO] [stdout] test error_handling::given_retry_options_when_plan_then_cli_accepts ... ok
[INFO] [stdout] test error_handling::given_missing_manifest_when_cli_then_error ... ok
[INFO] [stdout] test ci_templates::given_github_actions_template_then_is_valid_yaml ... ok
[INFO] [stdout] test error_handling::given_invalid_retry_strategy_when_plan_then_cli_errors ... ok
[INFO] [stdout] test policy_modes::given_fast_policy_when_preflight_then_skips_dry_run ... ok
[INFO] [stdout] test ci_templates::given_circleci_template_then_is_valid_yaml ... ok
[INFO] [stdout] test ci_templates::given_azure_devops_template_then_is_valid_yaml ... ok
[INFO] [stdout] test deterministic_publish_order::given_workspace_with_dependency_chain_when_plan_then_publishes_in_order ... ok
[INFO] [stdout] test deterministic_publish_order::given_parallelizable_workspace_when_grouping_levels_then_independent_crates_share_level ... ok
[INFO] [stdout] test error_handling::given_invalid_duration_when_cli_then_error ... ok
[INFO] [stdout] test output_formats::given_json_format_when_preflight_then_output_is_valid_json ... ok
[INFO] [stdout] test policy_modes::given_no_token_when_preflight_with_micro_policy_then_reports_token_not_detected ... ok
[INFO] [stdout] test preflight_verification::given_already_published_version_when_preflight_then_reports_already_published ... ok
[INFO] [stdout] test preflight_verification::given_no_token_when_preflight_then_reports_token_not_detected ... ok
[INFO] [stdout] test error_handling::given_valid_duration_when_cli_then_plan_succeeds ... ok
[INFO] [stdout] test preflight_verification::given_no_token_when_preflight_with_micro_backend_flags_then_reports_token_not_detected ... ok
[INFO] [stdout] test output_formats::given_packages_when_status_then_shows_each_package ... ok
[INFO] [stdout] test ci_templates::given_gitlab_template_then_is_valid_yaml ... ok
[INFO] [stdout] test policy_modes::given_balanced_policy_with_strict_ownership_and_no_token_when_preflight_then_succeeds ... ok
[INFO] [stdout] test preflight_verification::given_shipper_toml_policy_when_preflight_without_policy_uses_file_policy ... ok
[INFO] [stdout] test resumability::given_partial_publish_when_resume_then_skips_completed ... ok
[INFO] [stdout] test output_sanitization::given_publish_outputs_sensitive_tokens_when_publish_succeeds_then_receipt_attempt_evidence_is_redacted ... ok
[INFO] [stdout] test readiness_modes::given_index_readiness_mode_when_publish_then_reads_sparse_index_metadata ... ok
[INFO] [stdout] 
[INFO] [stdout] test result: ok. 26 passed; 0 failed; 0 ignored; 0 measured; 0 filtered out; finished in 31.46s
[INFO] [stdout] 
[INFO] [stderr]      Running tests/bdd_publish_advanced.rs (/opt/rustwide/target/release/deps/bdd_publish_advanced-9c72d2f469aa9b42)
[INFO] [stdout] 
[INFO] [stdout] running 7 tests
[INFO] [stdout] test plan_as_dry_run::given_workspace_when_plan_then_shows_order_without_side_effects ... ok
[INFO] [stdout] test plan_as_dry_run::given_workspace_when_plan_with_package_then_shows_only_that_package ... ok
[INFO] [stdout] test registry_errors::given_registry_returns_401_when_publish_then_fails_with_auth_error ... ok
[INFO] [stdout] test multi_crate_partial_failure::given_middle_crate_fails_when_publish_then_later_crates_not_attempted ... ok
[INFO] [stdout] test registry_errors::given_registry_returns_429_when_publish_then_fails_with_rate_limit_error ... ok
[INFO] [stdout] test already_published_skip::given_already_published_crate_when_publish_then_skipped_in_receipt ... ok
[INFO] [stdout] test retry_on_failure::given_cargo_fails_when_publish_with_retries_then_exhausts_attempts_and_fails ... ok
[INFO] [stdout] 
[INFO] [stdout] test result: ok. 7 passed; 0 failed; 0 ignored; 0 measured; 0 filtered out; finished in 0.41s
[INFO] [stdout] 
[INFO] [stderr]      Running tests/bdd_publish_flow.rs (/opt/rustwide/target/release/deps/bdd_publish_flow-bd5352b1be0e1530)
[INFO] [stdout] 
[INFO] [stdout] running 12 tests
[INFO] [stdout] test manifest_errors::given_invalid_manifest_path_when_publish_then_fails_appropriately ... ok
[INFO] [stdout] test manifest_errors::given_malformed_manifest_when_publish_then_fails ... ok
[INFO] [stdout] test manifest_errors::given_no_cargo_toml_when_publish_then_fails_with_clear_error ... ok
[INFO] [stdout] test package_filtering::given_workspace_when_package_flag_with_nonexistent_crate_then_fails ... ok
[INFO] [stdout] test package_filtering::given_workspace_when_plan_with_package_then_only_targets_that_package ... ok
[INFO] [stdout] test package_filtering::given_workspace_when_preflight_with_package_then_only_targets_that_package ... ok
[INFO] [stdout] test publish_preview::given_unpublished_workspace_when_plan_then_shows_publish_order_without_side_effects ... ok
[INFO] [stdout] test publish_preview::given_unpublished_workspace_when_preflight_then_reports_readiness_without_publishing ... ok
[INFO] [stdout] test publish_execution::given_single_crate_workspace_when_publish_then_receipt_shows_published ... ok
[INFO] [stdout] test state_directory::given_workspace_when_publish_then_state_json_and_receipt_json_created ... ok
[INFO] [stdout] test state_directory::given_workspace_when_publish_with_state_dir_then_state_written_to_custom_dir ... ok
[INFO] [stdout] test publish_execution::given_multi_crate_workspace_when_publish_then_all_packages_published ... ok
[INFO] [stdout] 
[INFO] [stdout] test result: ok. 12 passed; 0 failed; 0 ignored; 0 measured; 0 filtered out; finished in 3.41s
[INFO] [stdout] 
[INFO] [stderr]      Running tests/bdd_resume.rs (/opt/rustwide/target/release/deps/bdd_resume-745ff886a22b1daf)
[INFO] [stdout] 
[INFO] [stdout] running 12 tests
[INFO] [stdout] test resume_no_state::given_no_state_file_when_resume_then_fails_with_clear_error ... ok
[INFO] [stdout] test resume_no_state::given_corrupted_state_file_when_resume_then_reports_parse_error ... ok
[INFO] [stdout] test resume_no_state::given_empty_state_dir_when_resume_then_reports_no_state_found ... ok
[INFO] [stdout] test resume_no_state::given_nonexistent_state_dir_when_resume_then_fails_appropriately ... ok
[INFO] [stdout] test resume_plan_id_mismatch::given_mismatched_plan_id_when_resume_then_rejects_with_error ... ok
[INFO] [stdout] test state_updated_atomically::given_pending_state_when_resume_json_then_stdout_is_command_envelope ... ok
[INFO] [stdout] test resume_from_specific_package::given_failed_core_when_resume_from_core_then_publishes_core ... ok
[INFO] [stdout] test resume_completed_state::given_all_published_state_when_resume_then_succeeds_without_publish has been running for over 60 seconds
[INFO] [stdout] test resume_continues_interrupted::given_interrupted_state_when_resume_then_continues_where_left_off has been running for over 60 seconds
[INFO] [stdout] test resume_plan_id_mismatch::given_mismatched_plan_id_when_force_resume_then_bypasses_mismatch has been running for over 60 seconds
[INFO] [stdout] test state_updated_atomically::given_pending_state_when_resume_then_state_file_is_valid_json has been running for over 60 seconds
[INFO] [stdout] test state_updated_atomically::given_two_crate_workspace_when_resume_then_state_reflects_all_updates has been running for over 60 seconds
[INFO] [stdout] test state_updated_atomically::given_pending_state_when_resume_then_state_file_is_valid_json ... ok
[INFO] [stdout] test resume_continues_interrupted::given_interrupted_state_when_resume_then_continues_where_left_off ... ok
[INFO] [stdout] test resume_completed_state::given_all_published_state_when_resume_then_succeeds_without_publish ... ok
[INFO] [stdout] test state_updated_atomically::given_two_crate_workspace_when_resume_then_state_reflects_all_updates ... ok
[INFO] [stdout] test resume_plan_id_mismatch::given_mismatched_plan_id_when_force_resume_then_bypasses_mismatch ... ok
[INFO] [stdout] 
[INFO] [stdout] test result: ok. 12 passed; 0 failed; 0 ignored; 0 measured; 0 filtered out; finished in 153.49s
[INFO] [stdout] 
[INFO] [stdout] 
[INFO] [stderr]      Running tests/bdd_status.rs (/opt/rustwide/target/release/deps/bdd_status-85a675537b59c5be)
[INFO] [stdout] running 10 tests
[INFO] [stdout] test package_filtering::given_workspace_when_running_status_with_multiple_packages_then_only_those_are_shown ... ok
[INFO] [stdout] test connectivity_failures::given_workspace_with_no_connectivity_when_running_status_then_error_is_handled_gracefully ... ok
[INFO] [stdout] test no_workspace_error::given_empty_directory_when_running_status_then_command_fails_gracefully ... ok
[INFO] [stdout] test no_workspace_error::given_no_workspace_when_running_status_then_error_message_is_clear ... ok
[INFO] [stdout] test package_filtering::given_workspace_with_mixed_versions_when_running_status_with_package_then_only_that_package_is_shown ... ok
[INFO] [stdout] test version_reporting::given_a_workspace_when_running_status_then_all_package_versions_are_shown ... ok
[INFO] [stdout] test version_reporting::given_a_single_crate_workspace_when_running_status_then_version_is_shown ... ok
[INFO] [stdout] test published_status_detection::given_workspace_with_mixed_versions_when_running_status_then_each_status_is_correct ... ok
[INFO] [stdout] test published_status_detection::given_workspace_with_published_crates_when_running_status_then_published_status_is_shown ... ok
[INFO] [stdout] test published_status_detection::given_workspace_with_unpublished_crates_when_running_status_then_missing_status_is_shown ... ok
[INFO] [stdout] 
[INFO] [stdout] test result: ok. 10 passed; 0 failed; 0 ignored; 0 measured; 0 filtered out; finished in 0.27s
[INFO] [stdout] 
[INFO] [stderr]      Running tests/bdd_workflow.rs (/opt/rustwide/target/release/deps/bdd_workflow-58fdbc0e85b4b37d)
[INFO] [stdout] 
[INFO] [stdout] running 56 tests
[INFO] [stdout] test bdd_config_conflicting_settings::bdd_config_validation_catches_base_delay_exceeding_max_delay ... ok
[INFO] [stdout] test ci_circleci_output::given_workspace_when_ci_circleci_then_produces_valid_yaml ... ok
[INFO] [stdout] test bdd_ci_github_actions_output::bdd_ci_github_actions_produces_valid_yaml_steps ... ok
[INFO] [stdout] test bdd_clean_preserves_workspace::bdd_clean_removes_state_but_preserves_source_files ... ok
[INFO] [stdout] test config_validate_nonexistent_file::given_nonexistent_path_when_config_validate_then_fails_with_not_found ... ok
[INFO] [stdout] test config_init_creates_valid_file::given_empty_dir_when_config_init_then_file_validates ... ok
[INFO] [stdout] test config_validate_rejects_invalid_jitter::given_invalid_jitter_when_config_validate_then_error ... ok
[INFO] [stdout] test config_validate_rejects_zero_max_attempts::given_zero_max_attempts_when_config_validate_then_error ... ok
[INFO] [stdout] test config_validate_rejects_missing_schema_version::given_garbage_content_when_config_validate_then_fails_with_parse_error ... ok
[INFO] [stdout] test config_validate_rejects_unknown_schema_version::given_unknown_schema_version_when_config_validate_then_fails ... ok
[INFO] [stdout] test bdd_status_mixed_published_unpublished::bdd_status_shows_mixed_published_and_unpublished ... ok
[INFO] [stdout] test ci_gitlab_output::given_workspace_when_ci_gitlab_then_produces_valid_yaml ... ok
[INFO] [stdout] test clean_with_no_state_directory::given_no_state_dir_when_clean_then_reports_not_exist ... ok
[INFO] [stdout] test bdd_plan_manifest_path_subcrate::bdd_plan_with_manifest_path_scoped_correctly ... ok
[INFO] [stdout] test doctor_detects_cargo::given_cargo_installed_when_doctor_then_shows_version ... ok
[INFO] [stdout] test doctor_reports_header_and_workspace::given_valid_workspace_when_doctor_then_reports_header_and_root ... ok
[INFO] [stdout] test bdd_preflight_dry_run_no_state::bdd_preflight_dry_run_writes_no_state_or_receipts ... ok
[INFO] [stdout] test inspect_receipt_without_receipt_file::given_no_receipt_file_when_inspect_receipt_then_fails ... ok
[INFO] [stdout] test doctor_reports_unreachable_registry::given_unreachable_registry_when_doctor_then_reports_unreachable ... ok
[INFO] [stdout] test doctor_reports_package_count::given_multi_crate_workspace_when_doctor_then_reports_workspace_info ... ok
[INFO] [stdout] test doctor_warns_missing_token::given_no_token_when_doctor_then_warns_none_found ... ok
[INFO] [stdout] test inspect_events_without_events_file::given_no_events_file_when_inspect_events_then_shows_empty_log ... ok
[INFO] [stdout] test bdd_doctor_missing_cargo::bdd_doctor_warns_when_cargo_not_found ... ok
[INFO] [stdout] test doctor_reports_registry_reachability::given_reachable_registry_when_doctor_then_reports_reachable ... ok
[INFO] [stdout] test plan_independent_crates_all_listed::given_independent_crates_when_plan_then_all_listed ... ok
[INFO] [stdout] test parallel_plan_with_max_concurrent_flag::given_parallel_workspace_when_plan_with_max_concurrent_then_succeeds ... ok
[INFO] [stdout] test bdd_publish_single_package::bdd_publish_single_package_filters_correctly ... ok
[INFO] [stdout] test plan_with_package_filter::given_multi_crate_when_plan_with_package_then_shows_filtered ... ok
[INFO] [stdout] test plan_json_format::given_multi_crate_when_plan_json_then_valid_json_output ... ok
[INFO] [stdout] test plan_with_dev_dependencies_only::given_dev_deps_only_when_plan_then_both_crates_listed ... ok
[INFO] [stdout] test plan_quiet_mode::given_workspace_when_plan_quiet_then_succeeds_with_minimal_output ... ok
[INFO] [stdout] test doctor_reports_token_source_when_missing::given_no_token_no_credentials_when_doctor_then_reports_none_found ... ok
[INFO] [stdout] test plan_multi_crate_correct_ordering::given_chain_deps_when_plan_then_core_before_utils_before_top ... ok
[INFO] [stdout] test doctor_with_token_env_var::given_token_set_when_doctor_then_reports_token_detected ... ok
[INFO] [stdout] test publish_all_already_published_sequential::given_all_published_when_sequential_publish_then_all_skipped ... ok
[INFO] [stdout] test clean_keep_receipt::given_receipt_when_clean_keep_receipt_then_preserves_it ... ok
[INFO] [stdout] test clean_only_state_files_not_lock::given_extra_files_in_state_dir_when_clean_then_only_state_files_removed ... ok
[INFO] [stdout] test status_all_missing::given_all_unpublished_when_status_then_all_missing ... ok
[INFO] [stdout] test clean_removes_state_files::given_state_files_when_clean_then_removes_them ... ok
[INFO] [stdout] test status_mixed_published_and_missing::given_mixed_versions_when_status_then_reports_each_correctly ... ok
[INFO] [stdout] test status_single_crate_shows_version::given_single_crate_when_status_then_shows_version ... ok
[INFO] [stdout] test status_all_published::given_all_published_when_status_then_no_missing ... ok
[INFO] [stdout] test status_shows_plan_id::given_workspace_when_status_then_shows_plan_id ... ok
[INFO] [stdout] test parallel_independent_skipped::given_independent_crates_when_parallel_publish_then_all_skipped ... ok
[INFO] [stdout] test parallel_publish_with_config_file::given_parallel_config_when_publish_then_respects_settings ... ok
[INFO] [stdout] test bdd_preflight_skip_ownership::bdd_preflight_with_skip_ownership_check_succeeds ... ok
[INFO] [stdout] test preflight_reports_git_check_failure::given_multi_crate_non_git_when_preflight_then_fails_with_git_error ... ok
[INFO] [stdout] test preflight_fails_on_non_git_directory::given_non_git_dir_when_preflight_without_allow_dirty_then_fails ... ok
[INFO] [stdout] test preflight_checks_without_publishing::given_workspace_when_preflight_then_no_state_file ... ok
[INFO] [stdout] test resume_noop_when_complete::given_all_published_when_resume_then_noop ... ok
[INFO] [stdout] test bdd_resume_after_network_failure::bdd_resume_continues_from_last_published_after_failure has been running for over 60 seconds
[INFO] [stdout] test parallel_respects_dependency_ordering::given_dependencies_when_parallel_publish_then_all_in_receipt has been running for over 60 seconds
[INFO] [stdout] test resume_continues_after_interruption::given_interrupted_publish_when_resume_then_completes_remaining_crates has been running for over 60 seconds
[INFO] [stdout] test resume_with_corrupted_state_file::given_corrupted_state_when_resume_then_fails_with_error has been running for over 60 seconds
[INFO] [stdout] test resume_with_no_state_file::given_empty_state_dir_when_resume_then_fails_with_missing_state has been running for over 60 seconds
[INFO] [stdout] test resume_with_nonexistent_state_dir::given_no_state_dir_when_resume_then_fails has been running for over 60 seconds
[INFO] [stdout] test resume_with_no_state_file::given_empty_state_dir_when_resume_then_fails_with_missing_state ... ok
[INFO] [stdout] test resume_with_nonexistent_state_dir::given_no_state_dir_when_resume_then_fails ... ok
[INFO] [stdout] test parallel_respects_dependency_ordering::given_dependencies_when_parallel_publish_then_all_in_receipt ... ok
[INFO] [stdout] test bdd_resume_after_network_failure::bdd_resume_continues_from_last_published_after_failure ... ok
[INFO] [stdout] test resume_continues_after_interruption::given_interrupted_publish_when_resume_then_completes_remaining_crates ... ok
[INFO] [stderr]      Running tests/cli_e2e.rs (/opt/rustwide/target/release/deps/cli_e2e-e1c8b264b73ea6e2)
[INFO] [stdout] test resume_with_corrupted_state_file::given_corrupted_state_when_resume_then_fails_with_error ... ok
[INFO] [stdout] 
[INFO] [stdout] test result: ok. 56 passed; 0 failed; 0 ignored; 0 measured; 0 filtered out; finished in 182.86s
[INFO] [stdout] 
[INFO] [stdout] 
[INFO] [stdout] running 26 tests
[INFO] [stdout] test plan_command_with_package_flag ... ok
[INFO] [stdout] test invalid_duration_flag_fails ... ok
[INFO] [stdout] test ci_github_actions_includes_cache ... ok
[INFO] [stdout] test preflight_command_finishability_failed ... ok
[INFO] [stdout] test plan_command_snapshot ... ok
[INFO] [stdout] test doctor_command_warns_when_token_fallback_is_configured ... ok
[INFO] [stdout] test ci_gitlab_includes_cache ... ok
[INFO] [stdout] test doctor_command_warns_on_incomplete_trusted_publishing_workflow ... ok
[INFO] [stdout] test doctor_command_detects_trusted_publishing_auth ... FAILED
[INFO] [stdout] test doctor_command_snapshot ... FAILED
[INFO] [stdout] test status_command_snapshot ... ok
[INFO] [stdout] test doctor_command_reports_partial_trusted_publishing_env ... FAILED
[INFO] [stdout] test inspect_receipt_command_displays_new_fields ... ok
[INFO] [stdout] test inspect_receipt_command_with_environment_fingerprint ... ok
[INFO] [stdout] test publish_command_e2e_with_fake_cargo ... ok
[INFO] [stdout] test inspect_receipt_command_with_git_context ... ok
[INFO] [stdout] test publish_then_resume_e2e_with_absolute_state_dir ... ok
[INFO] [stdout] test preflight_command_reports_already_published ... ok
[INFO] [stdout] test preflight_command_json_output_structure ... FAILED
[INFO] [stdout] test preflight_command_finishability_proven ... FAILED
[INFO] [stdout] test preflight_command_writes_preflight_events ... ok
[INFO] [stdout] test preflight_command_with_json_flag ... ok
[INFO] [stdout] test preflight_json_reports_trusted_publishing_without_minted_token ... ok
[INFO] [stdout] test preflight_command_with_new_crates ... ok
[INFO] [stdout] test preflight_command_with_policy_flags ... ok
[INFO] [stdout] test preflight_command_snapshot ... FAILED
[INFO] [stdout] 
[INFO] [stdout] failures:
[INFO] [stdout] 
[INFO] [stdout] ---- doctor_command_detects_trusted_publishing_auth stdout ----
[INFO] [stdout] ━━━━━━━━━━━━━━━━━━━━━━━━━━━━━━━ Snapshot Summary ━━━━━━━━━━━━━━━━━━━━━━━━━━━━━━━
[INFO] [stdout] Snapshot: doctor_command_detects_trusted_publishing_auth
[INFO] [stdout] Source: tests/cli_e2e.rs:311
[INFO] [stdout] ────────────────────────────────────────────────────────────────────────────────
[INFO] [stdout] Expression: normalize_output(&stdout)
[INFO] [stdout] ────────────────────────────────────────────────────────────────────────────────
[INFO] [stdout] -old snapshot
[INFO] [stdout] +new results
[INFO] [stdout] ────────────┬───────────────────────────────────────────────────────────────────
[INFO] [stdout]     8     8 │ 
[INFO] [stdout]     9     9 │ cargo: <CARGO_VERSION>
[INFO] [stdout]    10    10 │ git: <GIT_VERSION>
[INFO] [stdout]    11    11 │ 
[INFO] [stdout]    12       │-registry_reachable: true
[INFO] [stdout]          12 │+registry_reachable: false
[INFO] [stdout]    13    13 │ index_base: https://index.crates.io
[INFO] [stdout]    14    14 │ 
[INFO] [stdout]    15    15 │ git_context: not a git repository
[INFO] [stdout]    16    16 │ 
[INFO] [stdout] ┈┈┈┈┈┈┈┈┈┈┈┈┼┈┈┈┈┈┈┈┈┈┈┈┈┈┈┈┈┈┈┈┈┈┈┈┈┈┈┈┈┈┈┈┈┈┈┈┈┈┈┈┈┈┈┈┈┈┈┈┈┈┈┈┈┈┈┈┈┈┈┈┈┈┈┈┈┈┈┈
[INFO] [stdout]    25    25 │       - run `rust-lang/crates-io-auth-action@v1` before invoking Shipper
[INFO] [stdout]    26    26 │       - pass `steps.auth.outputs.token` to Shipper as `CARGO_REGISTRY_TOKEN`
[INFO] [stdout]    27    27 │       - rerun `shipper doctor` and `shipper preflight`
[INFO] [stdout]    28    28 │     docs: docs/how-to/run-in-github-actions.md
[INFO] [stdout]          29 │+  [blocked] registry is unreachable (registry-unreachable)
[INFO] [stdout]          30 │+    status: blocked
[INFO] [stdout]          31 │+    severity: blocked
[INFO] [stdout]          32 │+    why: preflight, publish readiness checks, and reconciliation need registry truth
[INFO] [stdout]          33 │+    evidence: registry_reachable: false (registry request failed: error sending request for url (https://crates.io/api/v1/crates/serde): client error (Connect): dns error: failed to lookup address information: Temporary failure in name resolution)
[INFO] [stdout]          34 │+    try next:
[INFO] [stdout]          35 │+      - check network access to the configured registry
[INFO] [stdout]          36 │+      - verify `--registry` and `--api-base` settings
[INFO] [stdout]          37 │+      - rerun `shipper doctor` before publishing
[INFO] [stdout]          38 │+    docs: docs/failure-modes.md
[INFO] [stdout]    29    39 │ 
[INFO] [stdout]    30    40 │ Diagnostics complete.
[INFO] [stdout] ────────────┴───────────────────────────────────────────────────────────────────
[INFO] [stdout] 
[INFO] [stdout] thread 'doctor_command_detects_trusted_publishing_auth' (8600) panicked at tests/cli_e2e.rs:311:5:
[INFO] [stdout] called `Result::unwrap()` on an `Err` value: Os { code: 30, kind: ReadOnlyFilesystem, message: "Read-only file system" }
[INFO] [stdout] stack backtrace:
[INFO] [stdout]    0:     0x58c1f9be9361 - <<std[70759c8f55707aa4]::sys::backtrace::BacktraceLock>::print::DisplayBacktrace as core[df12db4294e9bfd3]::fmt::Display>::fmt
[INFO] [stdout]    1:     0x58c1f9c0309a - core[df12db4294e9bfd3]::fmt::write
[INFO] [stdout]    2:     0x58c1f9bef68c - <alloc[2182bb758b4b3781]::vec::Vec<u8> as core[df12db4294e9bfd3]::io::write::Write>::write_fmt
[INFO] [stdout]    3:     0x58c1f9bc0216 - std[70759c8f55707aa4]::panicking::default_hook::{closure#0}
[INFO] [stdout]    4:     0x58c1f9bdfa49 - std[70759c8f55707aa4]::panicking::default_hook
[INFO] [stdout]    5:     0x58c1f9ad5fd0 - test[9d35eded1c95d3be]::test_main_inner::<test[9d35eded1c95d3be]::test_main_static::{closure#0}>::{closure#0}
[INFO] [stdout]    6:     0x58c1f9bdfc02 - std[70759c8f55707aa4]::panicking::panic_with_hook
[INFO] [stdout]    7:     0x58c1f9bc02c2 - std[70759c8f55707aa4]::panicking::panic_handler::{closure#0}
[INFO] [stdout]    8:     0x58c1f9bb8a89 - std[70759c8f55707aa4]::sys::backtrace::__rust_end_short_backtrace::<std[70759c8f55707aa4]::panicking::panic_handler::{closure#0}, !>
[INFO] [stdout]    9:     0x58c1f9bc120d - __rustc[8fa7c3cbc660c2b3]::rust_begin_unwind
[INFO] [stdout]   10:     0x58c1f9c0387c - core[df12db4294e9bfd3]::panicking::panic_fmt
[INFO] [stdout]   11:     0x58c1f9c03652 - core[df12db4294e9bfd3]::result::unwrap_failed
[INFO] [stdout]   12:     0x58c1f9ab2451 - <cli_e2e[63925e7ad5403350]::doctor_command_detects_trusted_publishing_auth::{closure#0} as core[df12db4294e9bfd3]::ops::function::FnOnce<()>>::call_once
[INFO] [stdout]   13:     0x58c1f9ac92bb - test[9d35eded1c95d3be]::__rust_begin_short_backtrace::<core[df12db4294e9bfd3]::result::Result<(), alloc[2182bb758b4b3781]::string::String>, fn() -> core[df12db4294e9bfd3]::result::Result<(), alloc[2182bb758b4b3781]::string::String>>
[INFO] [stdout]   14:     0x58c1f9ad6925 - test[9d35eded1c95d3be]::run_test::{closure#0}
[INFO] [stdout]   15:     0x58c1f9ad01e4 - std[70759c8f55707aa4]::sys::backtrace::__rust_begin_short_backtrace::<test[9d35eded1c95d3be]::run_test::{closure#1}, ()>
[INFO] [stdout]   16:     0x58c1f9ad9a82 - <std[70759c8f55707aa4]::thread::lifecycle::spawn_unchecked<test[9d35eded1c95d3be]::run_test::{closure#1}, ()>::{closure#1} as core[df12db4294e9bfd3]::ops::function::FnOnce<()>>::call_once::{shim:vtable#0}
[INFO] [stdout]   17:     0x58c1f9be7b99 - <std[70759c8f55707aa4]::sys::thread::unix::Thread>::new::thread_start
[INFO] [stdout]   18:     0x7dca99611dfa - <unknown>
[INFO] [stdout]   19:     0x7dca996a53d4 - clone
[INFO] [stdout]   20:                0x0 - <unknown>
[INFO] [stdout] 
[INFO] [stdout] ---- doctor_command_snapshot stdout ----
[INFO] [stdout] ━━━━━━━━━━━━━━━━━━━━━━━━━━━━━━━ Snapshot Summary ━━━━━━━━━━━━━━━━━━━━━━━━━━━━━━━
[INFO] [stdout] Snapshot: doctor_command_snapshot
[INFO] [stdout] Source: tests/cli_e2e.rs:246
[INFO] [stdout] ────────────────────────────────────────────────────────────────────────────────
[INFO] [stdout] Expression: normalize_output(&stdout)
[INFO] [stdout] ────────────────────────────────────────────────────────────────────────────────
[INFO] [stdout] -old snapshot
[INFO] [stdout] +new results
[INFO] [stdout] ────────────┬───────────────────────────────────────────────────────────────────
[INFO] [stdout]     8     8 │ 
[INFO] [stdout]     9     9 │ cargo: <CARGO_VERSION>
[INFO] [stdout]    10    10 │ git: <GIT_VERSION>
[INFO] [stdout]    11    11 │ 
[INFO] [stdout]    12       │-registry_reachable: true
[INFO] [stdout]          12 │+registry_reachable: false
[INFO] [stdout]    13    13 │ index_base: https://index.crates.io
[INFO] [stdout]    14    14 │ 
[INFO] [stdout]    15    15 │ git_context: not a git repository
[INFO] [stdout]    16    16 │ 
[INFO] [stdout] ┈┈┈┈┈┈┈┈┈┈┈┈┼┈┈┈┈┈┈┈┈┈┈┈┈┈┈┈┈┈┈┈┈┈┈┈┈┈┈┈┈┈┈┈┈┈┈┈┈┈┈┈┈┈┈┈┈┈┈┈┈┈┈┈┈┈┈┈┈┈┈┈┈┈┈┈┈┈┈┈
[INFO] [stdout]    25    25 │       - run `cargo login <token>` for local token auth
[INFO] [stdout]    26    26 │       - configure Trusted Publishing with `permissions: id-token: write` and `rust-lang/crates-io-auth-action@v1`
[INFO] [stdout]    27    27 │       - rerun `shipper doctor` and `shipper preflight`
[INFO] [stdout]    28    28 │     docs: docs/how-to/run-in-github-actions.md
[INFO] [stdout]          29 │+  [blocked] registry is unreachable (registry-unreachable)
[INFO] [stdout]          30 │+    status: blocked
[INFO] [stdout]          31 │+    severity: blocked
[INFO] [stdout]          32 │+    why: preflight, publish readiness checks, and reconciliation need registry truth
[INFO] [stdout]          33 │+    evidence: registry_reachable: false (registry request failed: error sending request for url (https://crates.io/api/v1/crates/serde): client error (Connect): dns error: failed to lookup address information: Temporary failure in name resolution)
[INFO] [stdout]          34 │+    try next:
[INFO] [stdout]          35 │+      - check network access to the configured registry
[INFO] [stdout]          36 │+      - verify `--registry` and `--api-base` settings
[INFO] [stdout]          37 │+      - rerun `shipper doctor` before publishing
[INFO] [stdout]          38 │+    docs: docs/failure-modes.md
[INFO] [stdout]    29    39 │ 
[INFO] [stdout]    30    40 │ Diagnostics complete.
[INFO] [stdout] ────────────┴───────────────────────────────────────────────────────────────────
[INFO] [stdout] 
[INFO] [stdout] thread 'doctor_command_snapshot' (8602) panicked at tests/cli_e2e.rs:246:5:
[INFO] [stdout] called `Result::unwrap()` on an `Err` value: Os { code: 30, kind: ReadOnlyFilesystem, message: "Read-only file system" }
[INFO] [stdout] stack backtrace:
[INFO] [stdout]    0:     0x58c1f9be9361 - <<std[70759c8f55707aa4]::sys::backtrace::BacktraceLock>::print::DisplayBacktrace as core[df12db4294e9bfd3]::fmt::Display>::fmt
[INFO] [stdout]    1:     0x58c1f9c0309a - core[df12db4294e9bfd3]::fmt::write
[INFO] [stdout]    2:     0x58c1f9bef68c - <alloc[2182bb758b4b3781]::vec::Vec<u8> as core[df12db4294e9bfd3]::io::write::Write>::write_fmt
[INFO] [stdout]    3:     0x58c1f9bc0216 - std[70759c8f55707aa4]::panicking::default_hook::{closure#0}
[INFO] [stdout]    4:     0x58c1f9bdfa49 - std[70759c8f55707aa4]::panicking::default_hook
[INFO] [stdout]    5:     0x58c1f9ad5fd0 - test[9d35eded1c95d3be]::test_main_inner::<test[9d35eded1c95d3be]::test_main_static::{closure#0}>::{closure#0}
[INFO] [stdout]    6:     0x58c1f9bdfc02 - std[70759c8f55707aa4]::panicking::panic_with_hook
[INFO] [stdout]    7:     0x58c1f9bc02c2 - std[70759c8f55707aa4]::panicking::panic_handler::{closure#0}
[INFO] [stdout]    8:     0x58c1f9bb8a89 - std[70759c8f55707aa4]::sys::backtrace::__rust_end_short_backtrace::<std[70759c8f55707aa4]::panicking::panic_handler::{closure#0}, !>
[INFO] [stdout]    9:     0x58c1f9bc120d - __rustc[8fa7c3cbc660c2b3]::rust_begin_unwind
[INFO] [stdout]   10:     0x58c1f9c0387c - core[df12db4294e9bfd3]::panicking::panic_fmt
[INFO] [stdout]   11:     0x58c1f9c03652 - core[df12db4294e9bfd3]::result::unwrap_failed
[INFO] [stdout]   12:     0x58c1f9aa7e7d - <cli_e2e[63925e7ad5403350]::doctor_command_snapshot::{closure#0} as core[df12db4294e9bfd3]::ops::function::FnOnce<()>>::call_once
[INFO] [stdout]   13:     0x58c1f9ac92bb - test[9d35eded1c95d3be]::__rust_begin_short_backtrace::<core[df12db4294e9bfd3]::result::Result<(), alloc[2182bb758b4b3781]::string::String>, fn() -> core[df12db4294e9bfd3]::result::Result<(), alloc[2182bb758b4b3781]::string::String>>
[INFO] [stdout]   14:     0x58c1f9ad6925 - test[9d35eded1c95d3be]::run_test::{closure#0}
[INFO] [stdout]   15:     0x58c1f9ad01e4 - std[70759c8f55707aa4]::sys::backtrace::__rust_begin_short_backtrace::<test[9d35eded1c95d3be]::run_test::{closure#1}, ()>
[INFO] [stdout]   16:     0x58c1f9ad9a82 - <std[70759c8f55707aa4]::thread::lifecycle::spawn_unchecked<test[9d35eded1c95d3be]::run_test::{closure#1}, ()>::{closure#1} as core[df12db4294e9bfd3]::ops::function::FnOnce<()>>::call_once::{shim:vtable#0}
[INFO] [stdout]   17:     0x58c1f9be7b99 - <std[70759c8f55707aa4]::sys::thread::unix::Thread>::new::thread_start
[INFO] [stdout]   18:     0x7dca99611dfa - <unknown>
[INFO] [stdout]   19:     0x7dca996a53d4 - clone
[INFO] [stdout]   20:                0x0 - <unknown>
[INFO] [stdout] 
[INFO] [stdout] ---- doctor_command_reports_partial_trusted_publishing_env stdout ----
[INFO] [stdout] ━━━━━━━━━━━━━━━━━━━━━━━━━━━━━━━ Snapshot Summary ━━━━━━━━━━━━━━━━━━━━━━━━━━━━━━━
[INFO] [stdout] Snapshot: doctor_command_reports_partial_trusted_publishing_env
[INFO] [stdout] Source: tests/cli_e2e.rs:376
[INFO] [stdout] ────────────────────────────────────────────────────────────────────────────────
[INFO] [stdout] Expression: normalize_output(&stdout)
[INFO] [stdout] ────────────────────────────────────────────────────────────────────────────────
[INFO] [stdout] -old snapshot
[INFO] [stdout] +new results
[INFO] [stdout] ────────────┬───────────────────────────────────────────────────────────────────
[INFO] [stdout]     8     8 │ 
[INFO] [stdout]     9     9 │ cargo: <CARGO_VERSION>
[INFO] [stdout]    10    10 │ git: <GIT_VERSION>
[INFO] [stdout]    11    11 │ 
[INFO] [stdout]    12       │-registry_reachable: true
[INFO] [stdout]          12 │+registry_reachable: false
[INFO] [stdout]    13    13 │ index_base: https://index.crates.io
[INFO] [stdout]    14    14 │ 
[INFO] [stdout]    15    15 │ git_context: not a git repository
[INFO] [stdout]    16    16 │ 
[INFO] [stdout] ┈┈┈┈┈┈┈┈┈┈┈┈┼┈┈┈┈┈┈┈┈┈┈┈┈┈┈┈┈┈┈┈┈┈┈┈┈┈┈┈┈┈┈┈┈┈┈┈┈┈┈┈┈┈┈┈┈┈┈┈┈┈┈┈┈┈┈┈┈┈┈┈┈┈┈┈┈┈┈┈
[INFO] [stdout]    25    25 │       - set `permissions: id-token: write` on the release job
[INFO] [stdout]    26    26 │       - run Shipper after the GitHub OIDC request URL and token are both available
[INFO] [stdout]    27    27 │       - or configure an explicit Cargo token fallback before rerunning preflight
[INFO] [stdout]    28    28 │     docs: docs/how-to/run-in-github-actions.md
[INFO] [stdout]          29 │+  [blocked] registry is unreachable (registry-unreachable)
[INFO] [stdout]          30 │+    status: blocked
[INFO] [stdout]          31 │+    severity: blocked
[INFO] [stdout]          32 │+    why: preflight, publish readiness checks, and reconciliation need registry truth
[INFO] [stdout]          33 │+    evidence: registry_reachable: false (registry request failed: error sending request for url (https://crates.io/api/v1/crates/serde): client error (Connect): dns error: failed to lookup address information: Temporary failure in name resolution)
[INFO] [stdout]          34 │+    try next:
[INFO] [stdout]          35 │+      - check network access to the configured registry
[INFO] [stdout]          36 │+      - verify `--registry` and `--api-base` settings
[INFO] [stdout]          37 │+      - rerun `shipper doctor` before publishing
[INFO] [stdout]          38 │+    docs: docs/failure-modes.md
[INFO] [stdout]    29    39 │ 
[INFO] [stdout]    30    40 │ Diagnostics complete.
[INFO] [stdout] ────────────┴───────────────────────────────────────────────────────────────────
[INFO] [stdout] 
[INFO] [stdout] thread 'doctor_command_reports_partial_trusted_publishing_env' (8601) panicked at tests/cli_e2e.rs:376:5:
[INFO] [stdout] called `Result::unwrap()` on an `Err` value: Os { code: 30, kind: ReadOnlyFilesystem, message: "Read-only file system" }
[INFO] [stdout] stack backtrace:
[INFO] [stdout]    0:     0x58c1f9be9361 - <<std[70759c8f55707aa4]::sys::backtrace::BacktraceLock>::print::DisplayBacktrace as core[df12db4294e9bfd3]::fmt::Display>::fmt
[INFO] [stdout]    1:     0x58c1f9c0309a - core[df12db4294e9bfd3]::fmt::write
[INFO] [stdout]    2:     0x58c1f9bef68c - <alloc[2182bb758b4b3781]::vec::Vec<u8> as core[df12db4294e9bfd3]::io::write::Write>::write_fmt
[INFO] [stdout]    3:     0x58c1f9bc0216 - std[70759c8f55707aa4]::panicking::default_hook::{closure#0}
[INFO] [stdout]    4:     0x58c1f9bdfa49 - std[70759c8f55707aa4]::panicking::default_hook
[INFO] [stdout]    5:     0x58c1f9ad5fd0 - test[9d35eded1c95d3be]::test_main_inner::<test[9d35eded1c95d3be]::test_main_static::{closure#0}>::{closure#0}
[INFO] [stdout]    6:     0x58c1f9bdfc02 - std[70759c8f55707aa4]::panicking::panic_with_hook
[INFO] [stdout]    7:     0x58c1f9bc02c2 - std[70759c8f55707aa4]::panicking::panic_handler::{closure#0}
[INFO] [stdout]    8:     0x58c1f9bb8a89 - std[70759c8f55707aa4]::sys::backtrace::__rust_end_short_backtrace::<std[70759c8f55707aa4]::panicking::panic_handler::{closure#0}, !>
[INFO] [stdout]    9:     0x58c1f9bc120d - __rustc[8fa7c3cbc660c2b3]::rust_begin_unwind
[INFO] [stdout]   10:     0x58c1f9c0387c - core[df12db4294e9bfd3]::panicking::panic_fmt
[INFO] [stdout]   11:     0x58c1f9c03652 - core[df12db4294e9bfd3]::result::unwrap_failed
[INFO] [stdout]   12:     0x58c1f9ab4854 - <cli_e2e[63925e7ad5403350]::doctor_command_reports_partial_trusted_publishing_env::{closure#0} as core[df12db4294e9bfd3]::ops::function::FnOnce<()>>::call_once
[INFO] [stdout]   13:     0x58c1f9ac92bb - test[9d35eded1c95d3be]::__rust_begin_short_backtrace::<core[df12db4294e9bfd3]::result::Result<(), alloc[2182bb758b4b3781]::string::String>, fn() -> core[df12db4294e9bfd3]::result::Result<(), alloc[2182bb758b4b3781]::string::String>>
[INFO] [stdout]   14:     0x58c1f9ad6925 - test[9d35eded1c95d3be]::run_test::{closure#0}
[INFO] [stdout]   15:     0x58c1f9ad01e4 - std[70759c8f55707aa4]::sys::backtrace::__rust_begin_short_backtrace::<test[9d35eded1c95d3be]::run_test::{closure#1}, ()>
[INFO] [stdout]   16:     0x58c1f9ad9a82 - <std[70759c8f55707aa4]::thread::lifecycle::spawn_unchecked<test[9d35eded1c95d3be]::run_test::{closure#1}, ()>::{closure#1} as core[df12db4294e9bfd3]::ops::function::FnOnce<()>>::call_once::{shim:vtable#0}
[INFO] [stdout]   17:     0x58c1f9be7b99 - <std[70759c8f55707aa4]::sys::thread::unix::Thread>::new::thread_start
[INFO] [stdout]   18:     0x7dca99611dfa - <unknown>
[INFO] [stdout]   19:     0x7dca996a53d4 - clone
[INFO] [stdout]   20:                0x0 - <unknown>
[INFO] [stdout] 
[INFO] [stdout] ---- preflight_command_json_output_structure stdout ----
[INFO] [stdout] 
[INFO] [stdout] thread 'preflight_command_json_output_structure' (8614) panicked at tests/cli_e2e.rs:1390:5:
[INFO] [stdout] assertion failed: proofs.iter().any(|item|
[INFO] [stdout]         {
[INFO] [stdout]             item["id"].as_str() == Some("local_dry_run") &&
[INFO] [stdout]                 item["status"].as_str() == Some("passed")
[INFO] [stdout]         })
[INFO] [stdout] stack backtrace:
[INFO] [stdout]    0:     0x58c1f9be9361 - <<std[70759c8f55707aa4]::sys::backtrace::BacktraceLock>::print::DisplayBacktrace as core[df12db4294e9bfd3]::fmt::Display>::fmt
[INFO] [stdout]    1:     0x58c1f9c0309a - core[df12db4294e9bfd3]::fmt::write
[INFO] [stdout]    2:     0x58c1f9bef68c - <alloc[2182bb758b4b3781]::vec::Vec<u8> as core[df12db4294e9bfd3]::io::write::Write>::write_fmt
[INFO] [stdout]    3:     0x58c1f9bc0216 - std[70759c8f55707aa4]::panicking::default_hook::{closure#0}
[INFO] [stdout]    4:     0x58c1f9bdfa49 - std[70759c8f55707aa4]::panicking::default_hook
[INFO] [stdout]    5:     0x58c1f9ad5fd0 - test[9d35eded1c95d3be]::test_main_inner::<test[9d35eded1c95d3be]::test_main_static::{closure#0}>::{closure#0}
[INFO] [stdout]    6:     0x58c1f9bdfc02 - std[70759c8f55707aa4]::panicking::panic_with_hook
[INFO] [stdout]    7:     0x58c1f9bc02f4 - std[70759c8f55707aa4]::panicking::panic_handler::{closure#0}
[INFO] [stdout]    8:     0x58c1f9bb8a89 - std[70759c8f55707aa4]::sys::backtrace::__rust_end_short_backtrace::<std[70759c8f55707aa4]::panicking::panic_handler::{closure#0}, !>
[INFO] [stdout]    9:     0x58c1f9bc120d - __rustc[8fa7c3cbc660c2b3]::rust_begin_unwind
[INFO] [stdout]   10:     0x58c1f9c0387c - core[df12db4294e9bfd3]::panicking::panic_fmt
[INFO] [stdout]   11:     0x58c1f9c03842 - core[df12db4294e9bfd3]::panicking::panic
[INFO] [stdout]   12:     0x58c1f9aaeae8 - <cli_e2e[63925e7ad5403350]::preflight_command_json_output_structure::{closure#0} as core[df12db4294e9bfd3]::ops::function::FnOnce<()>>::call_once
[INFO] [stdout]   13:     0x58c1f9ac92bb - test[9d35eded1c95d3be]::__rust_begin_short_backtrace::<core[df12db4294e9bfd3]::result::Result<(), alloc[2182bb758b4b3781]::string::String>, fn() -> core[df12db4294e9bfd3]::result::Result<(), alloc[2182bb758b4b3781]::string::String>>
[INFO] [stdout]   14:     0x58c1f9ad6925 - test[9d35eded1c95d3be]::run_test::{closure#0}
[INFO] [stdout]   15:     0x58c1f9ad01e4 - std[70759c8f55707aa4]::sys::backtrace::__rust_begin_short_backtrace::<test[9d35eded1c95d3be]::run_test::{closure#1}, ()>
[INFO] [stdout]   16:     0x58c1f9ad9a82 - <std[70759c8f55707aa4]::thread::lifecycle::spawn_unchecked<test[9d35eded1c95d3be]::run_test::{closure#1}, ()>::{closure#1} as core[df12db4294e9bfd3]::ops::function::FnOnce<()>>::call_once::{shim:vtable#0}
[INFO] [stdout]   17:     0x58c1f9be7b99 - <std[70759c8f55707aa4]::sys::thread::unix::Thread>::new::thread_start
[INFO] [stdout]   18:     0x7dca99611dfa - <unknown>
[INFO] [stdout]   19:     0x7dca996a53d4 - clone
[INFO] [stdout]   20:                0x0 - <unknown>
[INFO] [stdout] 
[INFO] [stdout] ---- preflight_command_finishability_proven stdout ----
[INFO] [stdout] 
[INFO] [stdout] thread 'preflight_command_finishability_proven' (8613) panicked at tests/cli_e2e.rs:1070:5:
[INFO] [stdout] assertion failed: stdout.contains("PROVEN")
[INFO] [stdout] stack backtrace:
[INFO] [stdout]    0:     0x58c1f9be9361 - <<std[70759c8f55707aa4]::sys::backtrace::BacktraceLock>::print::DisplayBacktrace as core[df12db4294e9bfd3]::fmt::Display>::fmt
[INFO] [stdout]    1:     0x58c1f9c0309a - core[df12db4294e9bfd3]::fmt::write
[INFO] [stdout]    2:     0x58c1f9bef68c - <alloc[2182bb758b4b3781]::vec::Vec<u8> as core[df12db4294e9bfd3]::io::write::Write>::write_fmt
[INFO] [stdout]    3:     0x58c1f9bc0216 - std[70759c8f55707aa4]::panicking::default_hook::{closure#0}
[INFO] [stdout]    4:     0x58c1f9bdfa49 - std[70759c8f55707aa4]::panicking::default_hook
[INFO] [stdout]    5:     0x58c1f9ad5fd0 - test[9d35eded1c95d3be]::test_main_inner::<test[9d35eded1c95d3be]::test_main_static::{closure#0}>::{closure#0}
[INFO] [stdout]    6:     0x58c1f9bdfc02 - std[70759c8f55707aa4]::panicking::panic_with_hook
[INFO] [stdout]    7:     0x58c1f9bc02f4 - std[70759c8f55707aa4]::panicking::panic_handler::{closure#0}
[INFO] [stdout]    8:     0x58c1f9bb8a89 - std[70759c8f55707aa4]::sys::backtrace::__rust_end_short_backtrace::<std[70759c8f55707aa4]::panicking::panic_handler::{closure#0}, !>
[INFO] [stdout]    9:     0x58c1f9bc120d - __rustc[8fa7c3cbc660c2b3]::rust_begin_unwind
[INFO] [stdout]   10:     0x58c1f9c0387c - core[df12db4294e9bfd3]::panicking::panic_fmt
[INFO] [stdout]   11:     0x58c1f9c03842 - core[df12db4294e9bfd3]::panicking::panic
[INFO] [stdout]   12:     0x58c1f9aadad6 - <cli_e2e[63925e7ad5403350]::preflight_command_finishability_proven::{closure#0} as core[df12db4294e9bfd3]::ops::function::FnOnce<()>>::call_once
[INFO] [stdout]   13:     0x58c1f9ac92bb - test[9d35eded1c95d3be]::__rust_begin_short_backtrace::<core[df12db4294e9bfd3]::result::Result<(), alloc[2182bb758b4b3781]::string::String>, fn() -> core[df12db4294e9bfd3]::result::Result<(), alloc[2182bb758b4b3781]::string::String>>
[INFO] [stdout]   14:     0x58c1f9ad6925 - test[9d35eded1c95d3be]::run_test::{closure#0}
[INFO] [stdout]   15:     0x58c1f9ad01e4 - std[70759c8f55707aa4]::sys::backtrace::__rust_begin_short_backtrace::<test[9d35eded1c95d3be]::run_test::{closure#1}, ()>
[INFO] [stdout]   16:     0x58c1f9ad9a82 - <std[70759c8f55707aa4]::thread::lifecycle::spawn_unchecked<test[9d35eded1c95d3be]::run_test::{closure#1}, ()>::{closure#1} as core[df12db4294e9bfd3]::ops::function::FnOnce<()>>::call_once::{shim:vtable#0}
[INFO] [stdout]   17:     0x58c1f9be7b99 - <std[70759c8f55707aa4]::sys::thread::unix::Thread>::new::thread_start
[INFO] [stdout]   18:     0x7dca99611dfa - <unknown>
[INFO] [stdout]   19:     0x7dca996a53d4 - clone
[INFO] [stdout]   20:                0x0 - <unknown>
[INFO] [stdout] 
[INFO] [stdout] ---- preflight_command_snapshot stdout ----
[INFO] [stdout] ━━━━━━━━━━━━━━━━━━━━━━━━━━━━━━━ Snapshot Summary ━━━━━━━━━━━━━━━━━━━━━━━━━━━━━━━
[INFO] [stdout] Snapshot: preflight_command_snapshot
[INFO] [stdout] Source: tests/cli_e2e.rs:581
[INFO] [stdout] ────────────────────────────────────────────────────────────────────────────────
[INFO] [stdout] Expression: stripped
[INFO] [stdout] ────────────────────────────────────────────────────────────────────────────────
[INFO] [stdout] -old snapshot
[INFO] [stdout] +new results
[INFO] [stdout] ────────────┬───────────────────────────────────────────────────────────────────
[INFO] [stdout]     5     5 │ Timestamp: <TIMESTAMP>
[INFO] [stdout]     6     6 │ 
[INFO] [stdout]     7     7 │ Token Detected: ✗
[INFO] [stdout]     8     8 │ 
[INFO] [stdout]     9       │-Finishability: NOT PROVEN
[INFO] [stdout]           9 │+Finishability: FAILED
[INFO] [stdout]    10    10 │ 
[INFO] [stdout]    11    11 │ Packages:
[INFO] [stdout]    12    12 │ ┌─────────────────────┬─────────┬──────────┬──────────┬───────────────┬─────────────┬─────────────┐
[INFO] [stdout]    13    13 │ │ Package             │ Version │ Published│ New Crate │ Auth Type     │ Ownership   │ Dry-run     │
[INFO] [stdout]    14    14 │ ├─────────────────────┼─────────┼──────────┼──────────┼───────────────┼─────────────┼─────────────┤
[INFO] [stdout]    15       │-│ demo                │ 0.1.0   │ No       │ Yes      │ -             │ ✗           │ ✓           │
[INFO] [stdout]          15 │+│ demo                │ 0.1.0   │ No       │ Yes      │ -             │ ✗           │ ✗           │
[INFO] [stdout]    16    16 │ └─────────────────────┴─────────┴──────────┴──────────┴───────────────┴─────────────┴─────────────┘
[INFO] [stdout]    17    17 │ 
[INFO] [stdout]          18 │+Dry-run Failures:
[INFO] [stdout]          19 │+-----------------
[INFO] [stdout]          20 │+Package: demo@0.1.0
[INFO] [stdout]          21 │+workspace dry-run: exit_code=101; sidecar=/tmp/.tmpv5447W/.shipper/preflight_workspace_verify.txt; stderr_tail_summary="/nCaused by:/n  download of config.json failed/n/nCaused by:/n  [6] Could not resolve hostname (Could not resolve host: index.crates.io)"
[INFO] [stdout]          22 │+
[INFO] [stdout]    18    23 │ Summary:
[INFO] [stdout]    19    24 │   Total packages: 1
[INFO] [stdout]    20    25 │   Already published: 0
[INFO] [stdout]    21    26 │   New crates: 1
[INFO] [stdout]    22    27 │   Ownership verified: 0
[INFO] [stdout]    23       │-  Dry-run passed: 1
[INFO] [stdout]          28 │+  Dry-run passed: 0
[INFO] [stdout]    24    29 │   Estimated registry pacing: at least 0s
[INFO] [stdout]    25    30 │     profile=crates-io first_publish=1 updates=0
[INFO] [stdout]    26    31 │ 
[INFO] [stdout]    27    32 │ Proof explanation:
[INFO] [stdout]    28    33 │   Proven now:
[INFO] [stdout]    29       │-    - local package dry-run passed for 1 of 1 package.
[INFO] [stdout]          34 │+    - local package dry-run passed for 0 of 1 package.
[INFO] [stdout]    30    35 │     - registry version/new-crate checks completed for 1 package.
[INFO] [stdout]    31    36 │     - registry pacing estimate generated from the crates-io profile.
[INFO] [stdout]    32    37 │   Proof gaps:
[INFO] [stdout]    33    38 │     - ownership was not verified for 1 of 1 package: demo@0.1.0.
[INFO] [stdout]    34    39 │     - no registry token or Trusted Publishing context was detected.
[INFO] [stdout]    35    40 │   Failed checks:
[INFO] [stdout]    36       │-    - none.
[INFO] [stdout]          41 │+    - dry-run failed for 1 of 1 package: demo@0.1.0.
[INFO] [stdout]    37    42 │   Live-release evidence:
[INFO] [stdout]    38    43 │     - registry acceptance and post-publish visibility are recorded during publish/resume.
[INFO] [stdout]    39    44 │ 
[INFO] [stdout]    40    45 │ What to do next:
[INFO] [stdout]    41    46 │ -----------------
[INFO] [stdout]    42       │-⚠ Preflight did not prove every release prerequisite.
[INFO] [stdout]    43       │-  - configure registry auth or Trusted Publishing if ownership is unverified
[INFO] [stdout]    44       │-  - rerun `shipper preflight`
[INFO] [stdout]    45       │-  - if you accept the uncertainty, run `shipper publish` with an explicit policy choice
[INFO] [stdout]          47 │+✗ Preflight failed. Fix the failed checks above, then rerun `shipper preflight`.
[INFO] [stdout] ────────────┴───────────────────────────────────────────────────────────────────
[INFO] [stdout] 
[INFO] [stdout] thread 'preflight_command_snapshot' (8746) panicked at tests/cli_e2e.rs:581:5:
[INFO] [stdout] called `Result::unwrap()` on an `Err` value: Os { code: 30, kind: ReadOnlyFilesystem, message: "Read-only file system" }
[INFO] [stdout] stack backtrace:
[INFO] [stdout]    0:     0x58c1f9be9361 - <<std[70759c8f55707aa4]::sys::backtrace::BacktraceLock>::print::DisplayBacktrace as core[df12db4294e9bfd3]::fmt::Display>::fmt
[INFO] [stdout]    1:     0x58c1f9c0309a - core[df12db4294e9bfd3]::fmt::write
[INFO] [stdout]    2:     0x58c1f9bef68c - <alloc[2182bb758b4b3781]::vec::Vec<u8> as core[df12db4294e9bfd3]::io::write::Write>::write_fmt
[INFO] [stdout]    3:     0x58c1f9bc0216 - std[70759c8f55707aa4]::panicking::default_hook::{closure#0}
[INFO] [stdout]    4:     0x58c1f9bdfa49 - std[70759c8f55707aa4]::panicking::default_hook
[INFO] [stdout]    5:     0x58c1f9ad5fd0 - test[9d35eded1c95d3be]::test_main_inner::<test[9d35eded1c95d3be]::test_main_static::{closure#0}>::{closure#0}
[INFO] [stdout]    6:     0x58c1f9bdfc02 - std[70759c8f55707aa4]::panicking::panic_with_hook
[INFO] [stdout]    7:     0x58c1f9bc02c2 - std[70759c8f55707aa4]::panicking::panic_handler::{closure#0}
[INFO] [stdout]    8:     0x58c1f9bb8a89 - std[70759c8f55707aa4]::sys::backtrace::__rust_end_short_backtrace::<std[70759c8f55707aa4]::panicking::panic_handler::{closure#0}, !>
[INFO] [stdout]    9:     0x58c1f9bc120d - __rustc[8fa7c3cbc660c2b3]::rust_begin_unwind
[INFO] [stdout]   10:     0x58c1f9c0387c - core[df12db4294e9bfd3]::panicking::panic_fmt
[INFO] [stdout]   11:     0x58c1f9c03652 - core[df12db4294e9bfd3]::result::unwrap_failed
[INFO] [stdout]   12:     0x58c1f9aa93dc - <cli_e2e[63925e7ad5403350]::preflight_command_snapshot::{closure#0} as core[df12db4294e9bfd3]::ops::function::FnOnce<()>>::call_once
[INFO] [stdout]   13:     0x58c1f9ac92bb - test[9d35eded1c95d3be]::__rust_begin_short_backtrace::<core[df12db4294e9bfd3]::result::Result<(), alloc[2182bb758b4b3781]::string::String>, fn() -> core[df12db4294e9bfd3]::result::Result<(), alloc[2182bb758b4b3781]::string::String>>
[INFO] [stdout]   14:     0x58c1f9ad6925 - test[9d35eded1c95d3be]::run_test::{closure#0}
[INFO] [stdout]   15:     0x58c1f9ad01e4 - std[70759c8f55707aa4]::sys::backtrace::__rust_begin_short_backtrace::<test[9d35eded1c95d3be]::run_test::{closure#1}, ()>
[INFO] [stdout]   16:     0x58c1f9ad9a82 - <std[70759c8f55707aa4]::thread::lifecycle::spawn_unchecked<test[9d35eded1c95d3be]::run_test::{closure#1}, ()>::{closure#1} as core[df12db4294e9bfd3]::ops::function::FnOnce<()>>::call_once::{shim:vtable#0}
[INFO] [stdout]   17:     0x58c1f9be7b99 - <std[70759c8f55707aa4]::sys::thread::unix::Thread>::new::thread_start
[INFO] [stdout]   18:     0x7dca99611dfa - <unknown>
[INFO] [stdout]   19:     0x7dca996a53d4 - clone
[INFO] [stdout]   20:                0x0 - <unknown>
[INFO] [stdout] 
[INFO] [stdout] 
[INFO] [stdout] failures:
[INFO] [stdout]     doctor_command_detects_trusted_publishing_auth
[INFO] [stdout]     doctor_command_reports_partial_trusted_publishing_env
[INFO] [stdout]     doctor_command_snapshot
[INFO] [stdout]     preflight_command_finishability_proven
[INFO] [stdout]     preflight_command_json_output_structure
[INFO] [stdout]     preflight_command_snapshot
[INFO] [stdout] 
[INFO] [stdout] test result: FAILED. 20 passed; 6 failed; 0 ignored; 0 measured; 0 filtered out; finished in 12.22s
[INFO] [stdout] 
[INFO] [stderr] error: test failed, to rerun pass `--test cli_e2e`
[INFO] running `Command { std: "docker" "inspect" "fbe22c2c123301f50dd386b091811ee4e0d23c6fd6af5e9d1b1450567f6ab8d0", kill_on_drop: false }`
[INFO] running `Command { std: "docker" "rm" "-f" "fbe22c2c123301f50dd386b091811ee4e0d23c6fd6af5e9d1b1450567f6ab8d0", kill_on_drop: false }`
[INFO] [stdout] fbe22c2c123301f50dd386b091811ee4e0d23c6fd6af5e9d1b1450567f6ab8d0
