[INFO] fetching crate shinkansen 0.2.0...
[INFO] testing shinkansen-0.2.0 against 1.100.0-beta.1+cargoflags=--release for beta-release-1.100-2
[INFO] extracting crate shinkansen 0.2.0 into /workspace/builds/worker-4-tc2/source
[INFO] started tweaking crates.io crate shinkansen 0.2.0
[INFO] removed 0 missing tests
[INFO] finished tweaking crates.io crate shinkansen 0.2.0
[INFO] tweaked toml for crates.io crate shinkansen 0.2.0 written to /workspace/builds/worker-4-tc2/source/Cargo.toml
[INFO] validating manifest of crates.io crate shinkansen 0.2.0 on toolchain 1.100.0-beta.1
[INFO] running `Command { std: CARGO_HOME="/workspace/cargo-home" RUSTUP_HOME="/workspace/rustup-home" "/workspace/cargo-home/bin/cargo" "+1.100.0-beta.1" "metadata" "--manifest-path" "Cargo.toml" "--no-deps", kill_on_drop: false }`
[INFO] crate crates.io crate shinkansen 0.2.0 already has a lockfile, it will not be regenerated
[INFO] running `Command { std: CARGO_HOME="/workspace/cargo-home" RUSTUP_HOME="/workspace/rustup-home" "/workspace/cargo-home/bin/cargo" "+1.100.0-beta.1" "fetch" "--manifest-path" "Cargo.toml", kill_on_drop: false }`
[INFO] running `Command { std: "docker" "create" "-v" "/var/lib/crater-agent-workspace/builds/worker-4-tc2/source:/opt/rustwide/workdir:ro,Z" "-v" "/var/lib/crater-agent-workspace/builds/worker-4-tc2/target:/opt/rustwide/target:rw,Z" "-v" "/var/lib/crater-agent-workspace/cargo-home:/opt/rustwide/cargo-home:ro,Z" "-v" "/var/lib/crater-agent-workspace/rustup-home:/opt/rustwide/rustup-home:ro,Z" "-m" "1610612736" "--network" "none" "ghcr.io/rust-lang/crates-build-env/linux@sha256:77db811e55d90add9212f6832c23229e3de5f1c1f9905e8cb07319ea15df73ac" "sleep" "infinity", kill_on_drop: false }`
[INFO] [stdout] 8255e5d6adfc28b7fb685c9b748a043fe6112325f0f4fe41d797110ebcc7393a
[INFO] running `Command { std: "docker" "start" "8255e5d6adfc28b7fb685c9b748a043fe6112325f0f4fe41d797110ebcc7393a", kill_on_drop: false }`
[INFO] running `Command { std: "docker" "inspect" "8255e5d6adfc28b7fb685c9b748a043fe6112325f0f4fe41d797110ebcc7393a", kill_on_drop: false }`
[INFO] running `Command { std: "docker" "exec" "-e" "SOURCE_DIR=/opt/rustwide/workdir" "-e" "CARGO_HOME=/opt/rustwide/cargo-home" "-e" "RUSTUP_HOME=/opt/rustwide/rustup-home" "-e" "CARGO_TARGET_DIR=/opt/rustwide/target" "-w" "/opt/rustwide/workdir" "--user" "0:0" "8255e5d6adfc28b7fb685c9b748a043fe6112325f0f4fe41d797110ebcc7393a" "/opt/rustwide/cargo-home/bin/cargo" "+1.100.0-beta.1" "metadata" "--no-deps" "--format-version=1", kill_on_drop: false }`
[INFO] running `Command { std: "docker" "inspect" "8255e5d6adfc28b7fb685c9b748a043fe6112325f0f4fe41d797110ebcc7393a", kill_on_drop: false }`
[INFO] running `Command { std: "docker" "exec" "-e" "SOURCE_DIR=/opt/rustwide/workdir" "-e" "CARGO_HOME=/opt/rustwide/cargo-home" "-e" "RUSTUP_HOME=/opt/rustwide/rustup-home" "-e" "CARGO_TARGET_DIR=/opt/rustwide/target" "-e" "CARGO_INCREMENTAL=0" "-e" "RUST_BACKTRACE=full" "-e" "RUSTFLAGS=--cap-lints=warn" "-e" "RUSTDOCFLAGS=--cap-lints=warn" "-w" "/opt/rustwide/workdir" "--user" "0:0" "8255e5d6adfc28b7fb685c9b748a043fe6112325f0f4fe41d797110ebcc7393a" "/opt/rustwide/cargo-home/bin/cargo" "+1.100.0-beta.1" "build" "--frozen" "--message-format=json" "--release", kill_on_drop: false }`
[INFO] [stderr]    Compiling proc-macro2 v1.0.103
[INFO] [stderr]    Compiling quote v1.0.42
[INFO] [stderr]    Compiling libc v0.2.178
[INFO] [stderr]    Compiling anstyle v1.0.13
[INFO] [stderr]    Compiling rustix v1.1.2
[INFO] [stderr]    Compiling clap_lex v0.7.6
[INFO] [stderr]    Compiling linux-raw-sys v0.11.0
[INFO] [stderr]    Compiling winnow v0.7.14
[INFO] [stderr]    Compiling hashbrown v0.16.1
[INFO] [stderr]    Compiling bitflags v2.10.0
[INFO] [stderr]    Compiling toml_writer v1.0.4
[INFO] [stderr]    Compiling self_cell v1.2.1
[INFO] [stderr]    Compiling toml_datetime v0.7.3
[INFO] [stderr]    Compiling serde_spanned v1.0.3
[INFO] [stderr]    Compiling memchr v2.7.6
[INFO] [stderr]    Compiling once_cell v1.21.3
[INFO] [stderr]    Compiling unsafe-libyaml v0.2.11
[INFO] [stderr]    Compiling memo-map v0.3.3
[INFO] [stderr]    Compiling anstream v0.6.21
[INFO] [stderr]    Compiling clap_builder v4.5.53
[INFO] [stderr]    Compiling serde_json v1.0.145
[INFO] [stderr]    Compiling syn v2.0.111
[INFO] [stderr]    Compiling indexmap v2.12.1
[INFO] [stderr]    Compiling getrandom v0.3.4
[INFO] [stderr]    Compiling toml_parser v1.0.4
[INFO] [stderr]    Compiling toml v0.9.8
[INFO] [stderr]    Compiling tempfile v3.23.0
[INFO] [stderr]    Compiling serde_derive v1.0.228
[INFO] [stderr]    Compiling clap_derive v4.5.49
[INFO] [stderr]    Compiling clap v4.5.53
[INFO] [stderr]    Compiling clap_complete v4.5.61
[INFO] [stderr]    Compiling serde v1.0.228
[INFO] [stderr]    Compiling serde_yaml v0.9.34+deprecated
[INFO] [stderr]    Compiling minijinja v2.14.0
[INFO] [stderr]    Compiling shinkansen v0.2.0 (/opt/rustwide/workdir)
[INFO] [stderr] warning: unused dependency `tempfile`
[INFO] [stderr]   --> Cargo.toml:26:15
[INFO] [stderr]    |
[INFO] [stderr] 26 | [dependencies.tempfile]
[INFO] [stderr]    |               ^^^^^^^^^
[INFO] [stderr]    |
[INFO] [stderr]    = note: `cargo::unused_dependencies` is set to `warn` by default
[INFO] [stderr] help: consider removing the dependency on `tempfile`
[INFO] [stderr] warning: `shinkansen` (manifest) generated 1 warning
[INFO] [stderr]     Finished `release` profile [optimized] target(s) in 57.82s
[INFO] running `Command { std: "docker" "inspect" "8255e5d6adfc28b7fb685c9b748a043fe6112325f0f4fe41d797110ebcc7393a", kill_on_drop: false }`
[INFO] running `Command { std: "docker" "exec" "-e" "SOURCE_DIR=/opt/rustwide/workdir" "-e" "CARGO_HOME=/opt/rustwide/cargo-home" "-e" "RUSTUP_HOME=/opt/rustwide/rustup-home" "-e" "CARGO_TARGET_DIR=/opt/rustwide/target" "-e" "CARGO_INCREMENTAL=0" "-e" "RUST_BACKTRACE=full" "-e" "RUSTFLAGS=--cap-lints=warn" "-e" "RUSTDOCFLAGS=--cap-lints=warn" "-w" "/opt/rustwide/workdir" "--user" "0:0" "8255e5d6adfc28b7fb685c9b748a043fe6112325f0f4fe41d797110ebcc7393a" "/opt/rustwide/cargo-home/bin/cargo" "+1.100.0-beta.1" "test" "--frozen" "--no-run" "--message-format=json" "--release", kill_on_drop: false }`
[INFO] [stderr]    Compiling shinkansen v0.2.0 (/opt/rustwide/workdir)
[INFO] [stderr] warning: unused dependency `tempfile`
[INFO] [stderr]   --> Cargo.toml:26:15
[INFO] [stderr]    |
[INFO] [stderr] 26 | [dependencies.tempfile]
[INFO] [stderr]    |               ^^^^^^^^^
[INFO] [stderr]    |
[INFO] [stderr]    = note: `cargo::unused_dependencies` is set to `warn` by default
[INFO] [stderr] help: consider removing the dependency on `tempfile`
[INFO] [stderr] help: to still use for development builds, move to `dev-dependencies`
[INFO] [stderr] warning: `shinkansen` (manifest) generated 1 warning
[INFO] [stderr]     Finished `release` profile [optimized] target(s) in 5.33s
[INFO] running `Command { std: "docker" "inspect" "8255e5d6adfc28b7fb685c9b748a043fe6112325f0f4fe41d797110ebcc7393a", kill_on_drop: false }`
[INFO] running `Command { std: "docker" "exec" "-e" "SOURCE_DIR=/opt/rustwide/workdir" "-e" "CARGO_HOME=/opt/rustwide/cargo-home" "-e" "RUSTUP_HOME=/opt/rustwide/rustup-home" "-e" "CARGO_TARGET_DIR=/opt/rustwide/target" "-e" "CARGO_INCREMENTAL=0" "-e" "RUST_BACKTRACE=full" "-e" "RUSTFLAGS=--cap-lints=warn" "-e" "RUSTDOCFLAGS=--cap-lints=warn" "-w" "/opt/rustwide/workdir" "--user" "0:0" "8255e5d6adfc28b7fb685c9b748a043fe6112325f0f4fe41d797110ebcc7393a" "/opt/rustwide/cargo-home/bin/cargo" "+1.100.0-beta.1" "test" "--frozen" "--release", kill_on_drop: false }`
[INFO] [stderr] warning: unused dependency `tempfile`
[INFO] [stderr]   --> Cargo.toml:26:15
[INFO] [stderr]    |
[INFO] [stderr] 26 | [dependencies.tempfile]
[INFO] [stderr]    |               ^^^^^^^^^
[INFO] [stderr]    |
[INFO] [stderr]    = note: `cargo::unused_dependencies` is set to `warn` by default
[INFO] [stderr] help: consider removing the dependency on `tempfile`
[INFO] [stderr] help: to still use for development builds, move to `dev-dependencies`
[INFO] [stderr] warning: `shinkansen` (manifest) generated 1 warning
[INFO] [stderr]     Finished `release` profile [optimized] target(s) in 0.09s
[INFO] [stderr]      Running unittests src/lib.rs (/opt/rustwide/target/release/build/shinkansen/3a06bd5d7a7ab795/out/shinkansen_lib-3a06bd5d7a7ab795)
[INFO] [stdout] 
[INFO] [stderr]      Running unittests src/main.rs (/opt/rustwide/target/release/build/shinkansen/20b2b039d2d6c317/out/shinkansen-20b2b039d2d6c317)
[INFO] [stdout] running 0 tests
[INFO] [stdout] 
[INFO] [stdout] test result: ok. 0 passed; 0 failed; 0 ignored; 0 measured; 0 filtered out; finished in 0.00s
[INFO] [stdout] 
[INFO] [stderr]      Running tests/cli_tests.rs (/opt/rustwide/target/release/build/shinkansen/06a0950e675257e6/out/cli_tests-06a0950e675257e6)
[INFO] [stdout] 
[INFO] [stdout] running 0 tests
[INFO] [stdout] 
[INFO] [stdout] test result: ok. 0 passed; 0 failed; 0 ignored; 0 measured; 0 filtered out; finished in 0.00s
[INFO] [stdout] 
[INFO] [stdout] 
[INFO] [stdout] running 6 tests
[INFO] [stdout] test test_cli_parsing ... ok
[INFO] [stdout] test test_cli_stdout ... ok
[INFO] [stdout] test test_cli_with_all_options ... ok
[INFO] [stderr]      Running tests/config_tests.rs (/opt/rustwide/target/release/build/shinkansen/a3512968637c1679/out/config_tests-a3512968637c1679)
[INFO] [stdout] test test_cli_multiple_inputs ... ok
[INFO] [stdout] test test_cli_stdin ... ok
[INFO] [stdout] test test_cli_multiple_variables ... ok
[INFO] [stdout] 
[INFO] [stdout] test result: ok. 6 passed; 0 failed; 0 ignored; 0 measured; 0 filtered out; finished in 0.00s
[INFO] [stdout] 
[INFO] [stdout] 
[INFO] [stdout] running 8 tests
[INFO] [stdout] test test_config_loader_factory ... ok
[INFO] [stdout] test test_invalid_yaml_config ... ok
[INFO] [stdout] test test_invalid_json_config ... ok
[INFO] [stdout] test test_invalid_toml_config ... ok
[INFO] [stdout] test test_json_config_loader_with_complex_data ... ok
[INFO] [stdout] test test_toml_config_loader ... ok
[INFO] [stdout] test test_json_config_loader ... ok
[INFO] [stdout] test test_yaml_config_loader ... ok
[INFO] [stdout] 
[INFO] [stdout] test result: ok. 8 passed; 0 failed; 0 ignored; 0 measured; 0 filtered out; finished in 0.01s
[INFO] [stdout] 
[INFO] [stderr]      Running tests/integration_tests.rs (/opt/rustwide/target/release/build/shinkansen/bf0ed1221a87837d/out/integration_tests-bf0ed1221a87837d)
[INFO] [stdout] 
[INFO] [stdout] running 3 tests
[INFO] [stdout] test test_platform_specific_path_validation ... ok
[INFO] [stdout] test test_cross_platform_path_handling ... ok
[INFO] [stdout] test test_path_normalization_in_processing ... ok
[INFO] [stdout] 
[INFO] [stdout] test result: ok. 3 passed; 0 failed; 0 ignored; 0 measured; 0 filtered out; finished in 0.00s
[INFO] [stdout] 
[INFO] [stderr]      Running tests/output_tests.rs (/opt/rustwide/target/release/build/shinkansen/ce6d9ca443d96335/out/output_tests-ce6d9ca443d96335)
[INFO] [stdout] 
[INFO] [stdout] running 8 tests
[INFO] [stdout] test test_determine_output_destination_directory ... ok
[INFO] [stdout] test test_write_to_single_file ... ok
[INFO] [stdout] test test_write_to_stdout ... ok
[INFO] [stdout] test test_determine_output_destination_error ... ok
[INFO] [stdout] test test_write_to_directory ... ok
[INFO] [stdout] test test_determine_output_destination_single_file ... ok
[INFO] [stdout] test test_determine_output_destination_stdout ... ok
[INFO] [stdout] test test_determine_output_destination_default_stdout ... ok
[INFO] [stdout] 
[INFO] [stdout] test result: ok. 8 passed; 0 failed; 0 ignored; 0 measured; 0 filtered out; finished in 0.01s
[INFO] [stdout] 
[INFO] [stderr]      Running tests/platform_tests.rs (/opt/rustwide/target/release/build/shinkansen/7d8c33481447c477/out/platform_tests-7d8c33481447c477)
[INFO] [stdout] 
[INFO] [stdout] running 5 tests
[INFO] [stdout] test test_case_sensitivity ... ok
[INFO] [stdout] test test_line_ending_consistency ... ok
[INFO] [stdout] test test_max_path_length ... ok
[INFO] [stdout] test test_normalize_path ... ok
[INFO] [stdout] test test_platform_config_creation ... ok
[INFO] [stdout] 
[INFO] [stdout] test result: ok. 5 passed; 0 failed; 0 ignored; 0 measured; 0 filtered out; finished in 0.00s
[INFO] [stdout] 
[INFO] [stderr]      Running tests/processing_tests.rs (/opt/rustwide/target/release/build/shinkansen/cce3730c3eaba430/out/processing_tests-cce3730c3eaba430)
[INFO] [stdout] 
[INFO] [stdout] running 11 tests
[INFO] [stdout] test test_validate_stdin_with_files ... ok
[INFO] [stdout] test test_validate_valid_single_file_with_output ... ok
[INFO] [stdout] test test_validate_multiple_inputs_no_output ... ok
[INFO] [stdout] test test_validate_no_input_defaults_to_stdin ... ok
[INFO] [stdout] test test_validate_valid_single_file ... ok
[INFO] [stdout] test test_validate_valid_multiple_files_with_directory ... FAILED
[INFO] [stdout] test test_validate_valid_stdin ... ok
[INFO] [stdout] test test_validate_stdin_with_directory_output ... FAILED
[INFO] [stdout] test test_validate_multiple_inputs_output_not_directory ... FAILED
[INFO] [stdout] test test_validate_stdout_with_multiple_inputs ... ok
[INFO] [stdout] test test_validate_valid_stdin_stdout ... ok
[INFO] [stdout] 
[INFO] [stdout] failures:
[INFO] [stdout] 
[INFO] [stdout] ---- test_validate_valid_multiple_files_with_directory stdout ----
[INFO] [stdout] 
[INFO] [stdout] thread 'test_validate_valid_multiple_files_with_directory' (1234) panicked at tests/processing_tests.rs:137:48:
[INFO] [stdout] called `Result::unwrap()` on an `Err` value: Os { code: 30, kind: ReadOnlyFilesystem, message: "Read-only file system" }
[INFO] [stdout] stack backtrace:
[INFO] [stdout]    0:     0x5799c1be69b1 - <<std[617be2ca0a6fd877]::sys::backtrace::BacktraceLock>::print::DisplayBacktrace as core[a373ad73a504971]::fmt::Display>::fmt
[INFO] [stdout]    1:     0x5799c1bfb01a - core[a373ad73a504971]::fmt::write
[INFO] [stdout]    2:     0x5799c1beabcc - <alloc[2e1b2a31b91974c5]::vec::Vec<u8> as core[a373ad73a504971]::io::write::Write>::write_fmt
[INFO] [stdout]    3:     0x5799c1bc20a6 - std[617be2ca0a6fd877]::panicking::default_hook::{closure#0}
[INFO] [stdout]    4:     0x5799c1bdeca9 - std[617be2ca0a6fd877]::panicking::default_hook
[INFO] [stdout]    5:     0x5799c1b225c0 - test[aada8e7e76ba119b]::test_main_inner::{closure#0}
[INFO] [stdout]    6:     0x5799c1bdee62 - std[617be2ca0a6fd877]::panicking::panic_with_hook
[INFO] [stdout]    7:     0x5799c1bc2152 - std[617be2ca0a6fd877]::panicking::panic_handler::{closure#0}
[INFO] [stdout]    8:     0x5799c1bbad49 - std[617be2ca0a6fd877]::sys::backtrace::__rust_end_short_backtrace::<std[617be2ca0a6fd877]::panicking::panic_handler::{closure#0}, !>
[INFO] [stdout]    9:     0x5799c1bc2d5d - __rustc[ea4f61d10b84890b]::rust_begin_unwind
[INFO] [stdout]   10:     0x5799c1bfb74c - core[a373ad73a504971]::panicking::panic_fmt
[INFO] [stdout]   11:     0x5799c1bfb522 - core[a373ad73a504971]::result::unwrap_failed
[INFO] [stdout]   12:     0x5799c1b13661 - <processing_tests[91357f11efa1d083]::test_validate_valid_multiple_files_with_directory::{closure#0} as core[a373ad73a504971]::ops::function::FnOnce<()>>::call_once
[INFO] [stdout]   13:     0x5799c1b15a0b - test[aada8e7e76ba119b]::__rust_begin_short_backtrace::<core[a373ad73a504971]::result::Result<(), alloc[2e1b2a31b91974c5]::string::String>, fn() -> core[a373ad73a504971]::result::Result<(), alloc[2e1b2a31b91974c5]::string::String>>
[INFO] [stdout]   14:     0x5799c1b22be5 - test[aada8e7e76ba119b]::run_test::{closure#0}
[INFO] [stdout]   15:     0x5799c1b1c4d4 - std[617be2ca0a6fd877]::sys::backtrace::__rust_begin_short_backtrace::<test[aada8e7e76ba119b]::run_test::{closure#1}, ()>
[INFO] [stdout]   16:     0x5799c1b25c72 - <std[617be2ca0a6fd877]::thread::lifecycle::spawn_unchecked<test[aada8e7e76ba119b]::run_test::{closure#1}, ()>::{closure#1} as core[a373ad73a504971]::ops::function::FnOnce<()>>::call_once::{shim:vtable#0}
[INFO] [stdout]   17:     0x5799c1be602f - <std[617be2ca0a6fd877]::sys::thread::unix::Thread>::new::thread_start
[INFO] [stdout]   18:     0x7b0967f80dfa - <unknown>
[INFO] [stdout]   19:     0x7b09680143d4 - clone
[INFO] [stdout]   20:                0x0 - <unknown>
[INFO] [stdout] 
[INFO] [stdout] ---- test_validate_stdin_with_directory_output stdout ----
[INFO] [stdout] 
[INFO] [stdout] thread 'test_validate_stdin_with_directory_output' (1231) panicked at tests/processing_tests.rs:113:54:
[INFO] [stdout] called `Result::unwrap()` on an `Err` value: Os { code: 30, kind: ReadOnlyFilesystem, message: "Read-only file system" }
[INFO] [stdout] stack backtrace:
[INFO] [stdout]    0:     0x5799c1be69b1 - <<std[617be2ca0a6fd877]::sys::backtrace::BacktraceLock>::print::DisplayBacktrace as core[a373ad73a504971]::fmt::Display>::fmt
[INFO] [stdout]    1:     0x5799c1bfb01a - core[a373ad73a504971]::fmt::write
[INFO] [stdout]    2:     0x5799c1beabcc - <alloc[2e1b2a31b91974c5]::vec::Vec<u8> as core[a373ad73a504971]::io::write::Write>::write_fmt
[INFO] [stdout]    3:     0x5799c1bc20a6 - std[617be2ca0a6fd877]::panicking::default_hook::{closure#0}
[INFO] [stdout]    4:     0x5799c1bdeca9 - std[617be2ca0a6fd877]::panicking::default_hook
[INFO] [stdout]    5:     0x5799c1b225c0 - test[aada8e7e76ba119b]::test_main_inner::{closure#0}
[INFO] [stdout]    6:     0x5799c1bdee62 - std[617be2ca0a6fd877]::panicking::panic_with_hook
[INFO] [stdout]    7:     0x5799c1bc2152 - std[617be2ca0a6fd877]::panicking::panic_handler::{closure#0}
[INFO] [stdout]    8:     0x5799c1bbad49 - std[617be2ca0a6fd877]::sys::backtrace::__rust_end_short_backtrace::<std[617be2ca0a6fd877]::panicking::panic_handler::{closure#0}, !>
[INFO] [stdout]    9:     0x5799c1bc2d5d - __rustc[ea4f61d10b84890b]::rust_begin_unwind
[INFO] [stdout]   10:     0x5799c1bfb74c - core[a373ad73a504971]::panicking::panic_fmt
[INFO] [stdout]   11:     0x5799c1bfb522 - core[a373ad73a504971]::result::unwrap_failed
[INFO] [stdout]   12:     0x5799c1b12cbd - <processing_tests[91357f11efa1d083]::test_validate_stdin_with_directory_output::{closure#0} as core[a373ad73a504971]::ops::function::FnOnce<()>>::call_once
[INFO] [stdout]   13:     0x5799c1b15a0b - test[aada8e7e76ba119b]::__rust_begin_short_backtrace::<core[a373ad73a504971]::result::Result<(), alloc[2e1b2a31b91974c5]::string::String>, fn() -> core[a373ad73a504971]::result::Result<(), alloc[2e1b2a31b91974c5]::string::String>>
[INFO] [stdout]   14:     0x5799c1b22be5 - test[aada8e7e76ba119b]::run_test::{closure#0}
[INFO] [stdout]   15:     0x5799c1b1c4d4 - std[617be2ca0a6fd877]::sys::backtrace::__rust_begin_short_backtrace::<test[aada8e7e76ba119b]::run_test::{closure#1}, ()>
[INFO] [stdout]   16:     0x5799c1b25c72 - <std[617be2ca0a6fd877]::thread::lifecycle::spawn_unchecked<test[aada8e7e76ba119b]::run_test::{closure#1}, ()>::{closure#1} as core[a373ad73a504971]::ops::function::FnOnce<()>>::call_once::{shim:vtable#0}
[INFO] [stdout]   17:     0x5799c1be602f - <std[617be2ca0a6fd877]::sys::thread::unix::Thread>::new::thread_start
[INFO] [stdout]   18:     0x7b0967f80dfa - <unknown>
[INFO] [stdout]   19:     0x7b09680143d4 - clone
[INFO] [stdout]   20:                0x0 - <unknown>
[INFO] [stdout] 
[INFO] [stdout] ---- test_validate_multiple_inputs_output_not_directory stdout ----
[INFO] [stdout] 
[INFO] [stdout] thread 'test_validate_multiple_inputs_output_not_directory' (1229) panicked at tests/processing_tests.rs:60:59:
[INFO] [stdout] called `Result::unwrap()` on an `Err` value: Os { code: 30, kind: ReadOnlyFilesystem, message: "Read-only file system" }
[INFO] [stdout] stack backtrace:
[INFO] [stdout]    0:     0x5799c1be69b1 - <<std[617be2ca0a6fd877]::sys::backtrace::BacktraceLock>::print::DisplayBacktrace as core[a373ad73a504971]::fmt::Display>::fmt
[INFO] [stdout]    1:     0x5799c1bfb01a - core[a373ad73a504971]::fmt::write
[INFO] [stdout]    2:     0x5799c1beabcc - <alloc[2e1b2a31b91974c5]::vec::Vec<u8> as core[a373ad73a504971]::io::write::Write>::write_fmt
[INFO] [stdout]    3:     0x5799c1bc20a6 - std[617be2ca0a6fd877]::panicking::default_hook::{closure#0}
[INFO] [stdout]    4:     0x5799c1bdeca9 - std[617be2ca0a6fd877]::panicking::default_hook
[INFO] [stdout]    5:     0x5799c1b225c0 - test[aada8e7e76ba119b]::test_main_inner::{closure#0}
[INFO] [stdout]    6:     0x5799c1bdee62 - std[617be2ca0a6fd877]::panicking::panic_with_hook
[INFO] [stdout]    7:     0x5799c1bc2152 - std[617be2ca0a6fd877]::panicking::panic_handler::{closure#0}
[INFO] [stdout]    8:     0x5799c1bbad49 - std[617be2ca0a6fd877]::sys::backtrace::__rust_end_short_backtrace::<std[617be2ca0a6fd877]::panicking::panic_handler::{closure#0}, !>
[INFO] [stdout]    9:     0x5799c1bc2d5d - __rustc[ea4f61d10b84890b]::rust_begin_unwind
[INFO] [stdout]   10:     0x5799c1bfb74c - core[a373ad73a504971]::panicking::panic_fmt
[INFO] [stdout]   11:     0x5799c1bfb522 - core[a373ad73a504971]::result::unwrap_failed
[INFO] [stdout]   12:     0x5799c1b13a0b - <processing_tests[91357f11efa1d083]::test_validate_multiple_inputs_output_not_directory::{closure#0} as core[a373ad73a504971]::ops::function::FnOnce<()>>::call_once
[INFO] [stdout]   13:     0x5799c1b15a0b - test[aada8e7e76ba119b]::__rust_begin_short_backtrace::<core[a373ad73a504971]::result::Result<(), alloc[2e1b2a31b91974c5]::string::String>, fn() -> core[a373ad73a504971]::result::Result<(), alloc[2e1b2a31b91974c5]::string::String>>
[INFO] [stdout]   14:     0x5799c1b22be5 - test[aada8e7e76ba119b]::run_test::{closure#0}
[INFO] [stdout]   15:     0x5799c1b1c4d4 - std[617be2ca0a6fd877]::sys::backtrace::__rust_begin_short_backtrace::<test[aada8e7e76ba119b]::run_test::{closure#1}, ()>
[INFO] [stdout]   16:     0x5799c1b25c72 - <std[617be2ca0a6fd877]::thread::lifecycle::spawn_unchecked<test[aada8e7e76ba119b]::run_test::{closure#1}, ()>::{closure#1} as core[a373ad73a504971]::ops::function::FnOnce<()>>::call_once::{shim:vtable#0}
[INFO] [stdout]   17:     0x5799c1be602f - <std[617be2ca0a6fd877]::sys::thread::unix::Thread>::new::thread_start
[INFO] [stdout]   18:     0x7b0967f80dfa - <unknown>
[INFO] [stdout]   19:     0x7b09680143d4 - clone
[INFO] [stdout]   20:                0x0 - <unknown>
[INFO] [stdout] 
[INFO] [stdout] 
[INFO] [stdout] failures:
[INFO] [stdout]     test_validate_multiple_inputs_output_not_directory
[INFO] [stdout]     test_validate_stdin_with_directory_output
[INFO] [stdout]     test_validate_valid_multiple_files_with_directory
[INFO] [stdout] 
[INFO] [stdout] test result: FAILED. 8 passed; 3 failed; 0 ignored; 0 measured; 0 filtered out; finished in 0.01s
[INFO] [stdout] 
[INFO] [stderr] error: test failed, to rerun pass `--test processing_tests`
[INFO] running `Command { std: "docker" "inspect" "8255e5d6adfc28b7fb685c9b748a043fe6112325f0f4fe41d797110ebcc7393a", kill_on_drop: false }`
[INFO] running `Command { std: "docker" "rm" "-f" "8255e5d6adfc28b7fb685c9b748a043fe6112325f0f4fe41d797110ebcc7393a", kill_on_drop: false }`
[INFO] [stdout] 8255e5d6adfc28b7fb685c9b748a043fe6112325f0f4fe41d797110ebcc7393a
