[INFO] fetching crate shimforge 0.1.3...
[INFO] testing shimforge-0.1.3 against 1.100.0-beta.1+cargoflags=--release for beta-release-1.100-2
[INFO] extracting crate shimforge 0.1.3 into /workspace/builds/worker-2-tc2/source
[INFO] started tweaking crates.io crate shimforge 0.1.3
[INFO] removed 0 missing examples
[INFO] removed 0 missing tests
[INFO] finished tweaking crates.io crate shimforge 0.1.3
[INFO] tweaked toml for crates.io crate shimforge 0.1.3 written to /workspace/builds/worker-2-tc2/source/Cargo.toml
[INFO] validating manifest of crates.io crate shimforge 0.1.3 on toolchain 1.100.0-beta.1
[INFO] running `Command { std: CARGO_HOME="/workspace/cargo-home" RUSTUP_HOME="/workspace/rustup-home" "/workspace/cargo-home/bin/cargo" "+1.100.0-beta.1" "metadata" "--manifest-path" "Cargo.toml" "--no-deps", kill_on_drop: false }`
[INFO] crate crates.io crate shimforge 0.1.3 already has a lockfile, it will not be regenerated
[INFO] running `Command { std: CARGO_HOME="/workspace/cargo-home" RUSTUP_HOME="/workspace/rustup-home" "/workspace/cargo-home/bin/cargo" "+1.100.0-beta.1" "fetch" "--manifest-path" "Cargo.toml", kill_on_drop: false }`
[INFO] running `Command { std: "docker" "create" "-v" "/var/lib/crater-agent-workspace/builds/worker-2-tc2/source:/opt/rustwide/workdir:ro,Z" "-v" "/var/lib/crater-agent-workspace/builds/worker-2-tc2/target:/opt/rustwide/target:rw,Z" "-v" "/var/lib/crater-agent-workspace/cargo-home:/opt/rustwide/cargo-home:ro,Z" "-v" "/var/lib/crater-agent-workspace/rustup-home:/opt/rustwide/rustup-home:ro,Z" "-m" "1610612736" "--network" "none" "ghcr.io/rust-lang/crates-build-env/linux@sha256:77db811e55d90add9212f6832c23229e3de5f1c1f9905e8cb07319ea15df73ac" "sleep" "infinity", kill_on_drop: false }`
[INFO] [stdout] f1514e1d881c44609ac73d30ffec4aa24fb97fcdd077328016bfdde02402b873
[INFO] running `Command { std: "docker" "start" "f1514e1d881c44609ac73d30ffec4aa24fb97fcdd077328016bfdde02402b873", kill_on_drop: false }`
[INFO] running `Command { std: "docker" "inspect" "f1514e1d881c44609ac73d30ffec4aa24fb97fcdd077328016bfdde02402b873", kill_on_drop: false }`
[INFO] running `Command { std: "docker" "exec" "-e" "SOURCE_DIR=/opt/rustwide/workdir" "-e" "CARGO_HOME=/opt/rustwide/cargo-home" "-e" "RUSTUP_HOME=/opt/rustwide/rustup-home" "-e" "CARGO_TARGET_DIR=/opt/rustwide/target" "-w" "/opt/rustwide/workdir" "--user" "0:0" "f1514e1d881c44609ac73d30ffec4aa24fb97fcdd077328016bfdde02402b873" "/opt/rustwide/cargo-home/bin/cargo" "+1.100.0-beta.1" "metadata" "--no-deps" "--format-version=1", kill_on_drop: false }`
[INFO] running `Command { std: "docker" "inspect" "f1514e1d881c44609ac73d30ffec4aa24fb97fcdd077328016bfdde02402b873", kill_on_drop: false }`
[INFO] running `Command { std: "docker" "exec" "-e" "SOURCE_DIR=/opt/rustwide/workdir" "-e" "CARGO_HOME=/opt/rustwide/cargo-home" "-e" "RUSTUP_HOME=/opt/rustwide/rustup-home" "-e" "CARGO_TARGET_DIR=/opt/rustwide/target" "-e" "CARGO_INCREMENTAL=0" "-e" "RUST_BACKTRACE=full" "-e" "RUSTFLAGS=--cap-lints=warn" "-e" "RUSTDOCFLAGS=--cap-lints=warn" "-w" "/opt/rustwide/workdir" "--user" "0:0" "f1514e1d881c44609ac73d30ffec4aa24fb97fcdd077328016bfdde02402b873" "/opt/rustwide/cargo-home/bin/cargo" "+1.100.0-beta.1" "build" "--frozen" "--message-format=json" "--release", kill_on_drop: false }`
[INFO] [stderr]    Compiling syn v2.0.118
[INFO] [stderr]    Compiling shimforge-macros v0.1.3
[INFO] [stderr]    Compiling shimforge v0.1.3 (/opt/rustwide/workdir)
[INFO] [stderr]     Finished `release` profile [optimized] target(s) in 6.10s
[INFO] running `Command { std: "docker" "inspect" "f1514e1d881c44609ac73d30ffec4aa24fb97fcdd077328016bfdde02402b873", kill_on_drop: false }`
[INFO] running `Command { std: "docker" "exec" "-e" "SOURCE_DIR=/opt/rustwide/workdir" "-e" "CARGO_HOME=/opt/rustwide/cargo-home" "-e" "RUSTUP_HOME=/opt/rustwide/rustup-home" "-e" "CARGO_TARGET_DIR=/opt/rustwide/target" "-e" "CARGO_INCREMENTAL=0" "-e" "RUST_BACKTRACE=full" "-e" "RUSTFLAGS=--cap-lints=warn" "-e" "RUSTDOCFLAGS=--cap-lints=warn" "-w" "/opt/rustwide/workdir" "--user" "0:0" "f1514e1d881c44609ac73d30ffec4aa24fb97fcdd077328016bfdde02402b873" "/opt/rustwide/cargo-home/bin/cargo" "+1.100.0-beta.1" "test" "--frozen" "--no-run" "--message-format=json" "--release", kill_on_drop: false }`
[INFO] [stderr]    Compiling syn v3.0.5
[INFO] [stderr]    Compiling mio v1.2.3
[INFO] [stderr]    Compiling smallvec v1.16.1
[INFO] [stderr]    Compiling futures-task v0.3.34
[INFO] [stderr]    Compiling futures-util v0.3.34
[INFO] [stderr]    Compiling tokio-macros v2.7.2
[INFO] [stderr]    Compiling tokio v1.53.1
[INFO] [stderr]    Compiling hyper v1.11.1
[INFO] [stderr]    Compiling hyper-util v0.1.20
[INFO] [stderr]    Compiling shimforge v0.1.3 (/opt/rustwide/workdir)
[INFO] [stderr]     Finished `release` profile [optimized] target(s) in 50.00s
[INFO] running `Command { std: "docker" "inspect" "f1514e1d881c44609ac73d30ffec4aa24fb97fcdd077328016bfdde02402b873", kill_on_drop: false }`
[INFO] running `Command { std: "docker" "exec" "-e" "SOURCE_DIR=/opt/rustwide/workdir" "-e" "CARGO_HOME=/opt/rustwide/cargo-home" "-e" "RUSTUP_HOME=/opt/rustwide/rustup-home" "-e" "CARGO_TARGET_DIR=/opt/rustwide/target" "-e" "CARGO_INCREMENTAL=0" "-e" "RUST_BACKTRACE=full" "-e" "RUSTFLAGS=--cap-lints=warn" "-e" "RUSTDOCFLAGS=--cap-lints=warn" "-w" "/opt/rustwide/workdir" "--user" "0:0" "f1514e1d881c44609ac73d30ffec4aa24fb97fcdd077328016bfdde02402b873" "/opt/rustwide/cargo-home/bin/cargo" "+1.100.0-beta.1" "test" "--frozen" "--release", kill_on_drop: false }`
[INFO] [stderr]     Finished `release` profile [optimized] target(s) in 0.06s
[INFO] [stderr]      Running unittests src/lib.rs (/opt/rustwide/target/release/build/shimforge/112adbb2f2cafe3c/out/shimforge-112adbb2f2cafe3c)
[INFO] [stdout] 
[INFO] [stdout] running 70 tests
[INFO] [stdout] test code::arm64::tests::branches_and_calls_keep_their_targets ... ok
[INFO] [stdout] test code::x86::prefix::tests::lock_prefixes_require_a_supported_memory_update ... ok
[INFO] [stdout] test code::x86::relocate::tests::branches_keep_internal_and_external_targets ... ok
[INFO] [stdout] test code::x86::relocate::tests::checks_addresses_and_relative_displacement_ranges ... ok
[INFO] [stdout] test code::x86::relocate::tests::copies_plain_instructions_and_returns_with_a_direct_jump ... ok
[INFO] [stdout] test code::arm64::tests::jumps_and_entry_boundaries_are_checked ... ok
[INFO] [stdout] test code::x86::prefix::tests::known_entry_instructions_have_exact_sizes ... ok
[INFO] [stdout] test code::x86::prefix::tests::every_modrm_form_respects_displacements ... ok
[INFO] [stdout] test code::arm64::tests::plain_instructions_and_addresses_are_relocated ... ok
[INFO] [stdout] test executable::tests::bad_source_and_publish_failures_are_reported ... ok
[INFO] [stdout] test executable::unix::tests::search_rejects_far_pages_and_stops_at_its_limit ... ok
[INFO] [stdout] test executable::unix::tests::native_allocation_failure_is_reported ... ok
[INFO] [stdout] test asynchronous::tests::local_async_duplicates_and_original_polls_are_checked ... FAILED
[INFO] [stdout] test expectation::tests::checkpoint_clears_only_completed_expectations ... ok
[INFO] [stdout] test expectation::tests::count_overflow_is_reported_without_wrapping ... ok
[INFO] [stdout] test expectation::tests::counts_accept_exact_and_range_bounds ... ok
[INFO] [stdout] test code::x86::prefix::tests::control_flow_stops_before_the_next_entry ... ok
[INFO] [stdout] test code::x86::relocate::tests::absolute_sib_addresses_are_not_relocated ... ok
[INFO] [stdout] test code::x86::relocate::tests::rejects_nonfinal_calls_stack_targets_loops_and_unknown_instructions ... ok
[INFO] [stdout] test expectation::tests::invalid_adds_do_not_use_sequence_slots ... ok
[INFO] [stdout] test code::x86::relocate::tests::relocates_memory_operands_using_the_whole_instruction ... ok
[INFO] [stdout] test executable::linux::tests::shadow_stack_query_errors_are_reported ... ok
[INFO] [stdout] test expectation::tests::missing_and_forbidden_calls_stay_failed ... ok
[INFO] [stdout] test executable::tests::page_is_near_owned_and_executable ... ok
[INFO] [stdout] test executable::tests::shadow_stack_policy_is_checked_without_changing_it ... ok
[INFO] [stdout] test expectation::tests::out_of_order_calls_stay_failed ... ok
[INFO] [stdout] test expectation::tests::panicking_response_drops_leave_the_rule_list_clear ... ok
[INFO] [stdout] test expectation::tests::poisoned_locks_keep_their_contents ... ok
[INFO] [stdout] test expectation::tests::response_chains_skip_exhausted_rules ... ok
[INFO] [stdout] test expectation::tests::sequence_overflow_leaves_registration_unchanged ... ok
[INFO] [stdout] test expectation::tests::sequence_tracks_multiple_calls_and_mocks ... ok
[INFO] [stdout] test memory::linux::tests::invalid_kernel_reads_and_protection_changes_return_errors ... ok
[INFO] [stdout] test memory::linux::tests::parses_permissions_and_holes ... ok
[INFO] [stdout] test memory::linux::tests::rejects_malformed_maps ... ok
[INFO] [stdout] test expectation::tests::one_shot_counts_are_checked ... ok
[INFO] [stdout] test expectation::tests::recursive_guards_recover_after_panics ... ok
[INFO] [stdout] test code::x86::relocate::tests::final_calls_keep_the_original_return_address ... ok
[INFO] [stdout] test code::x86::prefix::tests::arbitrary_inputs_never_read_past_their_bounds ... ok
[INFO] [stdout] test expectation::tests::concurrent_calls_claim_each_slot_once ... ok
[INFO] [stdout] test memory::tests::local_installation_errors_can_be_retried_and_cleanup_does_not_write_code ... FAILED
[INFO] [stdout] test memory::tests::map_read_errors_close_the_owned_descriptor ... ok
[INFO] [stdout] test memory::tests::errors_before_modification_leave_bytes_and_permissions_unchanged ... ok
[INFO] [stdout] test expectation::tests::registration_and_matchers_run_without_the_rule_lock ... ok
[INFO] [stdout] test memory::tests::reads_stop_at_permission_boundaries_and_reject_invalid_ranges ... ok
[INFO] [stdout] test memory::linux::maps::tests::retries_interrupted_reads_and_reports_other_errors ... ok
[INFO] [stdout] test code::arm64::tests::literal_loads_preserve_live_memory_reads ... ok
[INFO] [stdout] test tests::all_errors_are_useful ... ok
[INFO] [stdout] test code::x86::prefix::tests::unsupported_groups_and_prefixes_are_rejected ... ok
[INFO] [stdout] test tests::decoder_preserves_complete_instructions_and_cet ... ok
[INFO] [stdout] test tests::decoder_rejects_short_invalid_and_overflowing_entries ... ok
[INFO] [stdout] test tests::decoder_handles_near_boundaries_and_far_jumps ... ok
[INFO] [stdout] test memory::tests::reads_and_writes_respect_unmapped_holes ... ok
[INFO] [stdout] test memory::tests::replacing_across_pages_restores_each_original_protection ... ok
[INFO] [stdout] test memory::tests::failed_validation_never_changes_memory ... ok
[INFO] [stdout] test tests::unrecoverable_drop_selects_the_fatal_policy ... ok
[INFO] [stdout] test memory::tests::partial_permission_change_failure_rolls_back_changed_pages ... ok
[INFO] [stdout] test memory::tests::irrecoverable_rollbacks_invoke_the_fatal_policy ... ok
[INFO] [stdout] test memory::tests::failures_after_copy_roll_back_bytes_and_permissions ... ok
[INFO] [stdout] test routing::tests::shared_routes_outlive_the_first_owner ... FAILED
[INFO] [stdout] test routing::tests::unsupported_prefixes_do_not_leave_routes ... ok
[INFO] [stdout] test routing::tests::invalid_and_overlapping_entries_leave_the_first_route_intact ... ok
[INFO] [stdout] test routing::tests::a_relocated_call_returns_to_the_original_function ... ok
[INFO] [stdout] test memory::tests::a_generated_cet_function_can_execute_replace_and_restore ... ok
[INFO] [stdout] test routing::tests::conditional_entry_branches_execute_on_unmocked_threads ... ok
[INFO] [stdout] test memory::tests::installing_a_prefix_that_extends_into_an_active_patch_is_rejected ... ok
[INFO] [stdout] test tests::failed_restoration_keeps_ownership_for_retry ... ok
[INFO] [stdout] test tests::poisoned_sessions_recover_after_unwinding ... ok
[INFO] [stdout] test tests::sessions_wait_across_threads_but_nested_sessions_fail ... ok
[INFO] [stdout] test tests::local_sessions_recover_from_global_poison_and_reject_raw_replacement ... ok
[INFO] [stdout] test tests::installation_errors_do_not_change_the_target ... FAILED
[INFO] [stderr] error: test failed, to rerun pass `--lib`
[INFO] [stdout] 
[INFO] [stdout] failures:
[INFO] [stdout] 
[INFO] [stdout] ---- asynchronous::tests::local_async_duplicates_and_original_polls_are_checked stdout ----
[INFO] [stdout] 
[INFO] [stdout] thread 'asynchronous::tests::local_async_duplicates_and_original_polls_are_checked' (1134) panicked at src/asynchronous/tests.rs:18:9:
[INFO] [stdout] assertion `left == right` failed
[INFO] [stdout]   left: Ready(2)
[INFO] [stdout]  right: Ready(30)
[INFO] [stdout] stack backtrace:
[INFO] [stdout]    0:     0x614be0a3bc41 - <<std[617be2ca0a6fd877]::sys::backtrace::BacktraceLock>::print::DisplayBacktrace as core[a373ad73a504971]::fmt::Display>::fmt
[INFO] [stdout]    1:     0x614be0a505fa - core[a373ad73a504971]::fmt::write
[INFO] [stdout]    2:     0x614be0a4017c - <alloc[2e1b2a31b91974c5]::vec::Vec<u8> as core[a373ad73a504971]::io::write::Write>::write_fmt
[INFO] [stdout]    3:     0x614be0a17b96 - std[617be2ca0a6fd877]::panicking::default_hook::{closure#0}
[INFO] [stdout]    4:     0x614be0a33e79 - std[617be2ca0a6fd877]::panicking::default_hook
[INFO] [stdout]    5:     0x614be09d0300 - test[aada8e7e76ba119b]::test_main_inner::{closure#0}
[INFO] [stdout]    6:     0x614be0a341a2 - std[617be2ca0a6fd877]::panicking::panic_with_hook
[INFO] [stdout]    7:     0x614be0a17c42 - std[617be2ca0a6fd877]::panicking::panic_handler::{closure#0}
[INFO] [stdout]    8:     0x614be0a108b9 - std[617be2ca0a6fd877]::sys::backtrace::__rust_end_short_backtrace::<std[617be2ca0a6fd877]::panicking::panic_handler::{closure#0}, !>
[INFO] [stdout]    9:     0x614be0a1884d - __rustc[ea4f61d10b84890b]::rust_begin_unwind
[INFO] [stdout]   10:     0x614be0a50d2c - core[a373ad73a504971]::panicking::panic_fmt
[INFO] [stdout]   11:     0x614be0a50c43 - core[a373ad73a504971]::panicking::assert_failed_inner
[INFO] [stdout]   12:     0x614be09c0003 - core[a373ad73a504971]::panicking::assert_failed::<core[a373ad73a504971]::task::poll::Poll<u64>, core[a373ad73a504971]::task::poll::Poll<u64>>
[INFO] [stdout]   13:     0x614be09b1402 - <shimforge[21deab09c453ce43]::asynchronous::tests::local_async_duplicates_and_original_polls_are_checked::{closure#0} as core[a373ad73a504971]::ops::function::FnOnce<()>>::call_once
[INFO] [stdout]   14:     0x614be09c374b - test[aada8e7e76ba119b]::__rust_begin_short_backtrace::<core[a373ad73a504971]::result::Result<(), alloc[2e1b2a31b91974c5]::string::String>, fn() -> core[a373ad73a504971]::result::Result<(), alloc[2e1b2a31b91974c5]::string::String>>
[INFO] [stdout]   15:     0x614be09d0925 - test[aada8e7e76ba119b]::run_test::{closure#0}
[INFO] [stdout]   16:     0x614be09ca214 - std[617be2ca0a6fd877]::sys::backtrace::__rust_begin_short_backtrace::<test[aada8e7e76ba119b]::run_test::{closure#1}, ()>
[INFO] [stdout]   17:     0x614be09d39b2 - <std[617be2ca0a6fd877]::thread::lifecycle::spawn_unchecked<test[aada8e7e76ba119b]::run_test::{closure#1}, ()>::{closure#1} as core[a373ad73a504971]::ops::function::FnOnce<()>>::call_once::{shim:vtable#0}
[INFO] [stdout]   18:     0x614be0a3b48f - <std[617be2ca0a6fd877]::sys::thread::unix::Thread>::new::thread_start
[INFO] [stdout]   19:     0x7122a7c32dfa - <unknown>
[INFO] [stdout]   20:     0x7122a7cc63d4 - clone
[INFO] [stdout]   21:                0x0 - <unknown>
[INFO] [stdout] 
[INFO] [stdout] ---- memory::tests::local_installation_errors_can_be_retried_and_cleanup_does_not_write_code stdout ----
[INFO] [stdout] 
[INFO] [stdout] thread 'memory::tests::local_installation_errors_can_be_retried_and_cleanup_does_not_write_code' (1188) panicked at src/memory/tests.rs:51:13:
[INFO] [stdout] protect memory failed (OS error 0)
[INFO] [stdout] stack backtrace:
[INFO] [stdout]    0:     0x614be0a3bc41 - <<std[617be2ca0a6fd877]::sys::backtrace::BacktraceLock>::print::DisplayBacktrace as core[a373ad73a504971]::fmt::Display>::fmt
[INFO] [stdout]    1:     0x614be0a505fa - core[a373ad73a504971]::fmt::write
[INFO] [stdout]    2:     0x614be0a4017c - <alloc[2e1b2a31b91974c5]::vec::Vec<u8> as core[a373ad73a504971]::io::write::Write>::write_fmt
[INFO] [stdout]    3:     0x614be0a17b96 - std[617be2ca0a6fd877]::panicking::default_hook::{closure#0}
[INFO] [stdout]    4:     0x614be0a33e79 - std[617be2ca0a6fd877]::panicking::default_hook
[INFO] [stdout]    5:     0x614be09d0300 - test[aada8e7e76ba119b]::test_main_inner::{closure#0}
[INFO] [stdout]    6:     0x614be0a341a2 - std[617be2ca0a6fd877]::panicking::panic_with_hook
[INFO] [stdout]    7:     0x614be0a17c42 - std[617be2ca0a6fd877]::panicking::panic_handler::{closure#0}
[INFO] [stdout]    8:     0x614be0a108b9 - std[617be2ca0a6fd877]::sys::backtrace::__rust_end_short_backtrace::<std[617be2ca0a6fd877]::panicking::panic_handler::{closure#0}, !>
[INFO] [stdout]    9:     0x614be0a1884d - __rustc[ea4f61d10b84890b]::rust_begin_unwind
[INFO] [stdout]   10:     0x614be0a50d2c - core[a373ad73a504971]::panicking::panic_fmt
[INFO] [stdout]   11:     0x614be09b748e - <shimforge[21deab09c453ce43]::memory::tests::local_installation_errors_can_be_retried_and_cleanup_does_not_write_code::{closure#0} as core[a373ad73a504971]::ops::function::FnOnce<()>>::call_once
[INFO] [stdout]   12:     0x614be09c374b - test[aada8e7e76ba119b]::__rust_begin_short_backtrace::<core[a373ad73a504971]::result::Result<(), alloc[2e1b2a31b91974c5]::string::String>, fn() -> core[a373ad73a504971]::result::Result<(), alloc[2e1b2a31b91974c5]::string::String>>
[INFO] [stdout]   13:     0x614be09d0925 - test[aada8e7e76ba119b]::run_test::{closure#0}
[INFO] [stdout]   14:     0x614be09ca214 - std[617be2ca0a6fd877]::sys::backtrace::__rust_begin_short_backtrace::<test[aada8e7e76ba119b]::run_test::{closure#1}, ()>
[INFO] [stdout]   15:     0x614be09d39b2 - <std[617be2ca0a6fd877]::thread::lifecycle::spawn_unchecked<test[aada8e7e76ba119b]::run_test::{closure#1}, ()>::{closure#1} as core[a373ad73a504971]::ops::function::FnOnce<()>>::call_once::{shim:vtable#0}
[INFO] [stdout]   16:     0x614be0a3b48f - <std[617be2ca0a6fd877]::sys::thread::unix::Thread>::new::thread_start
[INFO] [stdout]   17:     0x7122a7c32dfa - <unknown>
[INFO] [stdout]   18:     0x7122a7cc63d4 - clone
[INFO] [stdout]   19:                0x0 - <unknown>
[INFO] [stdout] 
[INFO] [stdout] thread 'memory::tests::local_installation_errors_can_be_retried_and_cleanup_does_not_write_code' (1188) panicked at src/memory/tests.rs:61:5:
[INFO] [stdout] assertion `left == right` failed
[INFO] [stdout]   left: 2
[INFO] [stdout]  right: 40
[INFO] [stdout] stack backtrace:
[INFO] [stdout]    0:     0x614be0a3bc41 - <<std[617be2ca0a6fd877]::sys::backtrace::BacktraceLock>::print::DisplayBacktrace as core[a373ad73a504971]::fmt::Display>::fmt
[INFO] [stdout]    1:     0x614be0a505fa - core[a373ad73a504971]::fmt::write
[INFO] [stdout]    2:     0x614be0a4017c - <alloc[2e1b2a31b91974c5]::vec::Vec<u8> as core[a373ad73a504971]::io::write::Write>::write_fmt
[INFO] [stdout]    3:     0x614be0a17b96 - std[617be2ca0a6fd877]::panicking::default_hook::{closure#0}
[INFO] [stdout]    4:     0x614be0a33e79 - std[617be2ca0a6fd877]::panicking::default_hook
[INFO] [stdout]    5:     0x614be09d0300 - test[aada8e7e76ba119b]::test_main_inner::{closure#0}
[INFO] [stdout]    6:     0x614be0a341a2 - std[617be2ca0a6fd877]::panicking::panic_with_hook
[INFO] [stdout]    7:     0x614be0a17c42 - std[617be2ca0a6fd877]::panicking::panic_handler::{closure#0}
[INFO] [stdout]    8:     0x614be0a108b9 - std[617be2ca0a6fd877]::sys::backtrace::__rust_end_short_backtrace::<std[617be2ca0a6fd877]::panicking::panic_handler::{closure#0}, !>
[INFO] [stdout]    9:     0x614be0a1884d - __rustc[ea4f61d10b84890b]::rust_begin_unwind
[INFO] [stdout]   10:     0x614be0a50d2c - core[a373ad73a504971]::panicking::panic_fmt
[INFO] [stdout]   11:     0x614be0a50c43 - core[a373ad73a504971]::panicking::assert_failed_inner
[INFO] [stdout]   12:     0x614be0a4cde2 - core[a373ad73a504971]::panicking::assert_failed::<u64, u64>
[INFO] [stdout]   13:     0x614be09b767c - <shimforge[21deab09c453ce43]::memory::tests::local_installation_errors_can_be_retried_and_cleanup_does_not_write_code::{closure#0} as core[a373ad73a504971]::ops::function::FnOnce<()>>::call_once
[INFO] [stdout]   14:     0x614be09c374b - test[aada8e7e76ba119b]::__rust_begin_short_backtrace::<core[a373ad73a504971]::result::Result<(), alloc[2e1b2a31b91974c5]::string::String>, fn() -> core[a373ad73a504971]::result::Result<(), alloc[2e1b2a31b91974c5]::string::String>>
[INFO] [stdout]   15:     0x614be09d0925 - test[aada8e7e76ba119b]::run_test::{closure#0}
[INFO] [stdout]   16:     0x614be09ca214 - std[617be2ca0a6fd877]::sys::backtrace::__rust_begin_short_backtrace::<test[aada8e7e76ba119b]::run_test::{closure#1}, ()>
[INFO] [stdout]   17:     0x614be09d39b2 - <std[617be2ca0a6fd877]::thread::lifecycle::spawn_unchecked<test[aada8e7e76ba119b]::run_test::{closure#1}, ()>::{closure#1} as core[a373ad73a504971]::ops::function::FnOnce<()>>::call_once::{shim:vtable#0}
[INFO] [stdout]   18:     0x614be0a3b48f - <std[617be2ca0a6fd877]::sys::thread::unix::Thread>::new::thread_start
[INFO] [stdout]   19:     0x7122a7c32dfa - <unknown>
[INFO] [stdout]   20:     0x7122a7cc63d4 - clone
[INFO] [stdout]   21:                0x0 - <unknown>
[INFO] [stdout] 
[INFO] [stdout] ---- routing::tests::shared_routes_outlive_the_first_owner stdout ----
[INFO] [stdout] 
[INFO] [stdout] thread 'routing::tests::shared_routes_outlive_the_first_owner' (1197) panicked at src/routing/tests.rs:187:5:
[INFO] [stdout] assertion `left == right` failed
[INFO] [stdout]   left: 6
[INFO] [stdout]  right: 10
[INFO] [stdout] stack backtrace:
[INFO] [stdout]    0:     0x614be0a3bc41 - <<std[617be2ca0a6fd877]::sys::backtrace::BacktraceLock>::print::DisplayBacktrace as core[a373ad73a504971]::fmt::Display>::fmt
[INFO] [stdout]    1:     0x614be0a505fa - core[a373ad73a504971]::fmt::write
[INFO] [stdout]    2:     0x614be0a4017c - <alloc[2e1b2a31b91974c5]::vec::Vec<u8> as core[a373ad73a504971]::io::write::Write>::write_fmt
[INFO] [stdout]    3:     0x614be0a17b96 - std[617be2ca0a6fd877]::panicking::default_hook::{closure#0}
[INFO] [stdout]    4:     0x614be0a33e79 - std[617be2ca0a6fd877]::panicking::default_hook
[INFO] [stdout]    5:     0x614be09d0300 - test[aada8e7e76ba119b]::test_main_inner::{closure#0}
[INFO] [stdout]    6:     0x614be0a341a2 - std[617be2ca0a6fd877]::panicking::panic_with_hook
[INFO] [stdout]    7:     0x614be0a17c42 - std[617be2ca0a6fd877]::panicking::panic_handler::{closure#0}
[INFO] [stdout]    8:     0x614be0a108b9 - std[617be2ca0a6fd877]::sys::backtrace::__rust_end_short_backtrace::<std[617be2ca0a6fd877]::panicking::panic_handler::{closure#0}, !>
[INFO] [stdout]    9:     0x614be0a1884d - __rustc[ea4f61d10b84890b]::rust_begin_unwind
[INFO] [stdout]   10:     0x614be0a50d2c - core[a373ad73a504971]::panicking::panic_fmt
[INFO] [stdout]   11:     0x614be0a50c43 - core[a373ad73a504971]::panicking::assert_failed_inner
[INFO] [stdout]   12:     0x614be0a4cde2 - core[a373ad73a504971]::panicking::assert_failed::<u64, u64>
[INFO] [stdout]   13:     0x614be09bb3c4 - <shimforge[21deab09c453ce43]::routing::tests::shared_routes_outlive_the_first_owner::{closure#0} as core[a373ad73a504971]::ops::function::FnOnce<()>>::call_once
[INFO] [stdout]   14:     0x614be09c374b - test[aada8e7e76ba119b]::__rust_begin_short_backtrace::<core[a373ad73a504971]::result::Result<(), alloc[2e1b2a31b91974c5]::string::String>, fn() -> core[a373ad73a504971]::result::Result<(), alloc[2e1b2a31b91974c5]::string::String>>
[INFO] [stdout]   15:     0x614be09d0925 - test[aada8e7e76ba119b]::run_test::{closure#0}
[INFO] [stdout]   16:     0x614be09ca214 - std[617be2ca0a6fd877]::sys::backtrace::__rust_begin_short_backtrace::<test[aada8e7e76ba119b]::run_test::{closure#1}, ()>
[INFO] [stdout]   17:     0x614be09d39b2 - <std[617be2ca0a6fd877]::thread::lifecycle::spawn_unchecked<test[aada8e7e76ba119b]::run_test::{closure#1}, ()>::{closure#1} as core[a373ad73a504971]::ops::function::FnOnce<()>>::call_once::{shim:vtable#0}
[INFO] [stdout]   18:     0x614be0a3b48f - <std[617be2ca0a6fd877]::sys::thread::unix::Thread>::new::thread_start
[INFO] [stdout]   19:     0x7122a7c32dfa - <unknown>
[INFO] [stdout]   20:     0x7122a7cc63d4 - clone
[INFO] [stdout]   21:                0x0 - <unknown>
[INFO] [stdout] 
[INFO] [stdout] ---- tests::installation_errors_do_not_change_the_target stdout ----
[INFO] [stdout] 
[INFO] [stdout] thread 'tests::installation_errors_do_not_change_the_target' (1204) panicked at src/tests.rs:165:26:
[INFO] [stdout] source and replacement have the same address
[INFO] [stdout] stack backtrace:
[INFO] [stdout]    0:     0x614be0a3bc41 - <<std[617be2ca0a6fd877]::sys::backtrace::BacktraceLock>::print::DisplayBacktrace as core[a373ad73a504971]::fmt::Display>::fmt
[INFO] [stdout]    1:     0x614be0a505fa - core[a373ad73a504971]::fmt::write
[INFO] [stdout]    2:     0x614be0a4017c - <alloc[2e1b2a31b91974c5]::vec::Vec<u8> as core[a373ad73a504971]::io::write::Write>::write_fmt
[INFO] [stdout]    3:     0x614be0a17b96 - std[617be2ca0a6fd877]::panicking::default_hook::{closure#0}
[INFO] [stdout]    4:     0x614be0a33e79 - std[617be2ca0a6fd877]::panicking::default_hook
[INFO] [stdout]    5:     0x614be09d0300 - test[aada8e7e76ba119b]::test_main_inner::{closure#0}
[INFO] [stdout]    6:     0x614be0a341a2 - std[617be2ca0a6fd877]::panicking::panic_with_hook
[INFO] [stdout]    7:     0x614be0a17c42 - std[617be2ca0a6fd877]::panicking::panic_handler::{closure#0}
[INFO] [stdout]    8:     0x614be0a108b9 - std[617be2ca0a6fd877]::sys::backtrace::__rust_end_short_backtrace::<std[617be2ca0a6fd877]::panicking::panic_handler::{closure#0}, !>
[INFO] [stdout]    9:     0x614be0a1884d - __rustc[ea4f61d10b84890b]::rust_begin_unwind
[INFO] [stdout]   10:     0x614be0a50d2c - core[a373ad73a504971]::panicking::panic_fmt
[INFO] [stdout]   11:     0x614be09a32b4 - <shimforge[21deab09c453ce43]::Session>::replace_raw
[INFO] [stdout]   12:     0x614be0983353 - shimforge[21deab09c453ce43]::tests::panic_message::<(), shimforge[21deab09c453ce43]::tests::installation_errors_do_not_change_the_target::{closure#2}>
[INFO] [stdout]   13:     0x614be0987a88 - <shimforge[21deab09c453ce43]::tests::installation_errors_do_not_change_the_target::{closure#0} as core[a373ad73a504971]::ops::function::FnOnce<()>>::call_once
[INFO] [stdout]   14:     0x614be09c374b - test[aada8e7e76ba119b]::__rust_begin_short_backtrace::<core[a373ad73a504971]::result::Result<(), alloc[2e1b2a31b91974c5]::string::String>, fn() -> core[a373ad73a504971]::result::Result<(), alloc[2e1b2a31b91974c5]::string::String>>
[INFO] [stdout]   15:     0x614be09d0925 - test[aada8e7e76ba119b]::run_test::{closure#0}
[INFO] [stdout]   16:     0x614be09ca214 - std[617be2ca0a6fd877]::sys::backtrace::__rust_begin_short_backtrace::<test[aada8e7e76ba119b]::run_test::{closure#1}, ()>
[INFO] [stdout]   17:     0x614be09d39b2 - <std[617be2ca0a6fd877]::thread::lifecycle::spawn_unchecked<test[aada8e7e76ba119b]::run_test::{closure#1}, ()>::{closure#1} as core[a373ad73a504971]::ops::function::FnOnce<()>>::call_once::{shim:vtable#0}
[INFO] [stdout]   18:     0x614be0a3b48f - <std[617be2ca0a6fd877]::sys::thread::unix::Thread>::new::thread_start
[INFO] [stdout]   19:     0x7122a7c32dfa - <unknown>
[INFO] [stdout]   20:     0x7122a7cc63d4 - clone
[INFO] [stdout]   21:                0x0 - <unknown>
[INFO] [stdout] 
[INFO] [stdout] thread 'tests::installation_errors_do_not_change_the_target' (1204) panicked at src/tests.rs:169:39:
[INFO] [stdout] address is not readable
[INFO] [stdout] stack backtrace:
[INFO] [stdout]    0:     0x614be0a3bc41 - <<std[617be2ca0a6fd877]::sys::backtrace::BacktraceLock>::print::DisplayBacktrace as core[a373ad73a504971]::fmt::Display>::fmt
[INFO] [stdout]    1:     0x614be0a505fa - core[a373ad73a504971]::fmt::write
[INFO] [stdout]    2:     0x614be0a4017c - <alloc[2e1b2a31b91974c5]::vec::Vec<u8> as core[a373ad73a504971]::io::write::Write>::write_fmt
[INFO] [stdout]    3:     0x614be0a17b96 - std[617be2ca0a6fd877]::panicking::default_hook::{closure#0}
[INFO] [stdout]    4:     0x614be0a33e79 - std[617be2ca0a6fd877]::panicking::default_hook
[INFO] [stdout]    5:     0x614be09d0300 - test[aada8e7e76ba119b]::test_main_inner::{closure#0}
[INFO] [stdout]    6:     0x614be0a341a2 - std[617be2ca0a6fd877]::panicking::panic_with_hook
[INFO] [stdout]    7:     0x614be0a17c42 - std[617be2ca0a6fd877]::panicking::panic_handler::{closure#0}
[INFO] [stdout]    8:     0x614be0a108b9 - std[617be2ca0a6fd877]::sys::backtrace::__rust_end_short_backtrace::<std[617be2ca0a6fd877]::panicking::panic_handler::{closure#0}, !>
[INFO] [stdout]    9:     0x614be0a1884d - __rustc[ea4f61d10b84890b]::rust_begin_unwind
[INFO] [stdout]   10:     0x614be0a50d2c - core[a373ad73a504971]::panicking::panic_fmt
[INFO] [stdout]   11:     0x614be09a32b4 - <shimforge[21deab09c453ce43]::Session>::replace_raw
[INFO] [stdout]   12:     0x614be0983179 - shimforge[21deab09c453ce43]::tests::panic_message::<(), shimforge[21deab09c453ce43]::tests::installation_errors_do_not_change_the_target::{closure#0}>
[INFO] [stdout]   13:     0x614be0987b5d - <shimforge[21deab09c453ce43]::tests::installation_errors_do_not_change_the_target::{closure#0} as core[a373ad73a504971]::ops::function::FnOnce<()>>::call_once
[INFO] [stdout]   14:     0x614be09c374b - test[aada8e7e76ba119b]::__rust_begin_short_backtrace::<core[a373ad73a504971]::result::Result<(), alloc[2e1b2a31b91974c5]::string::String>, fn() -> core[a373ad73a504971]::result::Result<(), alloc[2e1b2a31b91974c5]::string::String>>
[INFO] [stdout]   15:     0x614be09d0925 - test[aada8e7e76ba119b]::run_test::{closure#0}
[INFO] [stdout]   16:     0x614be09ca214 - std[617be2ca0a6fd877]::sys::backtrace::__rust_begin_short_backtrace::<test[aada8e7e76ba119b]::run_test::{closure#1}, ()>
[INFO] [stdout]   17:     0x614be09d39b2 - <std[617be2ca0a6fd877]::thread::lifecycle::spawn_unchecked<test[aada8e7e76ba119b]::run_test::{closure#1}, ()>::{closure#1} as core[a373ad73a504971]::ops::function::FnOnce<()>>::call_once::{shim:vtable#0}
[INFO] [stdout]   18:     0x614be0a3b48f - <std[617be2ca0a6fd877]::sys::thread::unix::Thread>::new::thread_start
[INFO] [stdout]   19:     0x7122a7c32dfa - <unknown>
[INFO] [stdout]   20:     0x7122a7cc63d4 - clone
[INFO] [stdout]   21:                0x0 - <unknown>
[INFO] [stdout] 
[INFO] [stdout] thread 'tests::installation_errors_do_not_change_the_target' (1204) panicked at src/tests.rs:171:39:
[INFO] [stdout] address is not readable
[INFO] [stdout] stack backtrace:
[INFO] [stdout]    0:     0x614be0a3bc41 - <<std[617be2ca0a6fd877]::sys::backtrace::BacktraceLock>::print::DisplayBacktrace as core[a373ad73a504971]::fmt::Display>::fmt
[INFO] [stdout]    1:     0x614be0a505fa - core[a373ad73a504971]::fmt::write
[INFO] [stdout]    2:     0x614be0a4017c - <alloc[2e1b2a31b91974c5]::vec::Vec<u8> as core[a373ad73a504971]::io::write::Write>::write_fmt
[INFO] [stdout]    3:     0x614be0a17b96 - std[617be2ca0a6fd877]::panicking::default_hook::{closure#0}
[INFO] [stdout]    4:     0x614be0a33e79 - std[617be2ca0a6fd877]::panicking::default_hook
[INFO] [stdout]    5:     0x614be09d0300 - test[aada8e7e76ba119b]::test_main_inner::{closure#0}
[INFO] [stdout]    6:     0x614be0a341a2 - std[617be2ca0a6fd877]::panicking::panic_with_hook
[INFO] [stdout]    7:     0x614be0a17c42 - std[617be2ca0a6fd877]::panicking::panic_handler::{closure#0}
[INFO] [stdout]    8:     0x614be0a108b9 - std[617be2ca0a6fd877]::sys::backtrace::__rust_end_short_backtrace::<std[617be2ca0a6fd877]::panicking::panic_handler::{closure#0}, !>
[INFO] [stdout]    9:     0x614be0a1884d - __rustc[ea4f61d10b84890b]::rust_begin_unwind
[INFO] [stdout]   10:     0x614be0a50d2c - core[a373ad73a504971]::panicking::panic_fmt
[INFO] [stdout]   11:     0x614be09a32b4 - <shimforge[21deab09c453ce43]::Session>::replace_raw
[INFO] [stdout]   12:     0x614be098394c - shimforge[21deab09c453ce43]::tests::panic_message::<(), shimforge[21deab09c453ce43]::tests::installation_errors_do_not_change_the_target::{closure#1}>
[INFO] [stdout]   13:     0x614be0987b89 - <shimforge[21deab09c453ce43]::tests::installation_errors_do_not_change_the_target::{closure#0} as core[a373ad73a504971]::ops::function::FnOnce<()>>::call_once
[INFO] [stdout]   14:     0x614be09c374b - test[aada8e7e76ba119b]::__rust_begin_short_backtrace::<core[a373ad73a504971]::result::Result<(), alloc[2e1b2a31b91974c5]::string::String>, fn() -> core[a373ad73a504971]::result::Result<(), alloc[2e1b2a31b91974c5]::string::String>>
[INFO] [stdout]   15:     0x614be09d0925 - test[aada8e7e76ba119b]::run_test::{closure#0}
[INFO] [stdout]   16:     0x614be09ca214 - std[617be2ca0a6fd877]::sys::backtrace::__rust_begin_short_backtrace::<test[aada8e7e76ba119b]::run_test::{closure#1}, ()>
[INFO] [stdout]   17:     0x614be09d39b2 - <std[617be2ca0a6fd877]::thread::lifecycle::spawn_unchecked<test[aada8e7e76ba119b]::run_test::{closure#1}, ()>::{closure#1} as core[a373ad73a504971]::ops::function::FnOnce<()>>::call_once::{shim:vtable#0}
[INFO] [stdout]   18:     0x614be0a3b48f - <std[617be2ca0a6fd877]::sys::thread::unix::Thread>::new::thread_start
[INFO] [stdout]   19:     0x7122a7c32dfa - <unknown>
[INFO] [stdout]   20:     0x7122a7cc63d4 - clone
[INFO] [stdout]   21:                0x0 - <unknown>
[INFO] [stdout] 
[INFO] [stdout] thread 'tests::installation_errors_do_not_change_the_target' (1204) panicked at src/tests.rs:174:26:
[INFO] [stdout] target overlaps an active replacement
[INFO] [stdout] stack backtrace:
[INFO] [stdout]    0:     0x614be0a3bc41 - <<std[617be2ca0a6fd877]::sys::backtrace::BacktraceLock>::print::DisplayBacktrace as core[a373ad73a504971]::fmt::Display>::fmt
[INFO] [stdout]    1:     0x614be0a505fa - core[a373ad73a504971]::fmt::write
[INFO] [stdout]    2:     0x614be0a4017c - <alloc[2e1b2a31b91974c5]::vec::Vec<u8> as core[a373ad73a504971]::io::write::Write>::write_fmt
[INFO] [stdout]    3:     0x614be0a17b96 - std[617be2ca0a6fd877]::panicking::default_hook::{closure#0}
[INFO] [stdout]    4:     0x614be0a33e79 - std[617be2ca0a6fd877]::panicking::default_hook
[INFO] [stdout]    5:     0x614be09d0300 - test[aada8e7e76ba119b]::test_main_inner::{closure#0}
[INFO] [stdout]    6:     0x614be0a341a2 - std[617be2ca0a6fd877]::panicking::panic_with_hook
[INFO] [stdout]    7:     0x614be0a17c42 - std[617be2ca0a6fd877]::panicking::panic_handler::{closure#0}
[INFO] [stdout]    8:     0x614be0a108b9 - std[617be2ca0a6fd877]::sys::backtrace::__rust_end_short_backtrace::<std[617be2ca0a6fd877]::panicking::panic_handler::{closure#0}, !>
[INFO] [stdout]    9:     0x614be0a1884d - __rustc[ea4f61d10b84890b]::rust_begin_unwind
[INFO] [stdout]   10:     0x614be0a50d2c - core[a373ad73a504971]::panicking::panic_fmt
[INFO] [stdout]   11:     0x614be09a32b4 - <shimforge[21deab09c453ce43]::Session>::replace_raw
[INFO] [stdout]   12:     0x614be0983657 - shimforge[21deab09c453ce43]::tests::panic_message::<(), shimforge[21deab09c453ce43]::tests::installation_errors_do_not_change_the_target::{closure#4}>
[INFO] [stdout]   13:     0x614be0987c23 - <shimforge[21deab09c453ce43]::tests::installation_errors_do_not_change_the_target::{closure#0} as core[a373ad73a504971]::ops::function::FnOnce<()>>::call_once
[INFO] [stdout]   14:     0x614be09c374b - test[aada8e7e76ba119b]::__rust_begin_short_backtrace::<core[a373ad73a504971]::result::Result<(), alloc[2e1b2a31b91974c5]::string::String>, fn() -> core[a373ad73a504971]::result::Result<(), alloc[2e1b2a31b91974c5]::string::String>>
[INFO] [stdout]   15:     0x614be09d0925 - test[aada8e7e76ba119b]::run_test::{closure#0}
[INFO] [stdout]   16:     0x614be09ca214 - std[617be2ca0a6fd877]::sys::backtrace::__rust_begin_short_backtrace::<test[aada8e7e76ba119b]::run_test::{closure#1}, ()>
[INFO] [stdout]   17:     0x614be09d39b2 - <std[617be2ca0a6fd877]::thread::lifecycle::spawn_unchecked<test[aada8e7e76ba119b]::run_test::{closure#1}, ()>::{closure#1} as core[a373ad73a504971]::ops::function::FnOnce<()>>::call_once::{shim:vtable#0}
[INFO] [stdout]   18:     0x614be0a3b48f - <std[617be2ca0a6fd877]::sys::thread::unix::Thread>::new::thread_start
[INFO] [stdout]   19:     0x7122a7c32dfa - <unknown>
[INFO] [stdout]   20:     0x7122a7cc63d4 - clone
[INFO] [stdout]   21:                0x0 - <unknown>
[INFO] [stdout] 
[INFO] [stdout] thread 'tests::installation_errors_do_not_change_the_target' (1204) panicked at src/tests.rs:177:5:
[INFO] [stdout] assertion `left == right` failed
[INFO] [stdout]   left: 113
[INFO] [stdout]  right: 211
[INFO] [stdout] stack backtrace:
[INFO] [stdout]    0:     0x614be0a3bc41 - <<std[617be2ca0a6fd877]::sys::backtrace::BacktraceLock>::print::DisplayBacktrace as core[a373ad73a504971]::fmt::Display>::fmt
[INFO] [stdout]    1:     0x614be0a505fa - core[a373ad73a504971]::fmt::write
[INFO] [stdout]    2:     0x614be0a4017c - <alloc[2e1b2a31b91974c5]::vec::Vec<u8> as core[a373ad73a504971]::io::write::Write>::write_fmt
[INFO] [stdout]    3:     0x614be0a17b96 - std[617be2ca0a6fd877]::panicking::default_hook::{closure#0}
[INFO] [stdout]    4:     0x614be0a33e79 - std[617be2ca0a6fd877]::panicking::default_hook
[INFO] [stdout]    5:     0x614be09d0300 - test[aada8e7e76ba119b]::test_main_inner::{closure#0}
[INFO] [stdout]    6:     0x614be0a341a2 - std[617be2ca0a6fd877]::panicking::panic_with_hook
[INFO] [stdout]    7:     0x614be0a17c42 - std[617be2ca0a6fd877]::panicking::panic_handler::{closure#0}
[INFO] [stdout]    8:     0x614be0a108b9 - std[617be2ca0a6fd877]::sys::backtrace::__rust_end_short_backtrace::<std[617be2ca0a6fd877]::panicking::panic_handler::{closure#0}, !>
[INFO] [stdout]    9:     0x614be0a1884d - __rustc[ea4f61d10b84890b]::rust_begin_unwind
[INFO] [stdout]   10:     0x614be0a50d2c - core[a373ad73a504971]::panicking::panic_fmt
[INFO] [stdout]   11:     0x614be0a50c43 - core[a373ad73a504971]::panicking::assert_failed_inner
[INFO] [stdout]   12:     0x614be0a4cde2 - core[a373ad73a504971]::panicking::assert_failed::<u64, u64>
[INFO] [stdout]   13:     0x614be0987cb1 - <shimforge[21deab09c453ce43]::tests::installation_errors_do_not_change_the_target::{closure#0} as core[a373ad73a504971]::ops::function::FnOnce<()>>::call_once
[INFO] [stdout]   14:     0x614be09c374b - test[aada8e7e76ba119b]::__rust_begin_short_backtrace::<core[a373ad73a504971]::result::Result<(), alloc[2e1b2a31b91974c5]::string::String>, fn() -> core[a373ad73a504971]::result::Result<(), alloc[2e1b2a31b91974c5]::string::String>>
[INFO] [stdout]   15:     0x614be09d0925 - test[aada8e7e76ba119b]::run_test::{closure#0}
[INFO] [stdout]   16:     0x614be09ca214 - std[617be2ca0a6fd877]::sys::backtrace::__rust_begin_short_backtrace::<test[aada8e7e76ba119b]::run_test::{closure#1}, ()>
[INFO] [stdout]   17:     0x614be09d39b2 - <std[617be2ca0a6fd877]::thread::lifecycle::spawn_unchecked<test[aada8e7e76ba119b]::run_test::{closure#1}, ()>::{closure#1} as core[a373ad73a504971]::ops::function::FnOnce<()>>::call_once::{shim:vtable#0}
[INFO] [stdout]   18:     0x614be0a3b48f - <std[617be2ca0a6fd877]::sys::thread::unix::Thread>::new::thread_start
[INFO] [stdout]   19:     0x7122a7c32dfa - <unknown>
[INFO] [stdout]   20:     0x7122a7cc63d4 - clone
[INFO] [stdout]   21:                0x0 - <unknown>
[INFO] [stdout] 
[INFO] [stdout] 
[INFO] [stdout] failures:
[INFO] [stdout]     asynchronous::tests::local_async_duplicates_and_original_polls_are_checked
[INFO] [stdout]     memory::tests::local_installation_errors_can_be_retried_and_cleanup_does_not_write_code
[INFO] [stdout]     routing::tests::shared_routes_outlive_the_first_owner
[INFO] [stdout]     tests::installation_errors_do_not_change_the_target
[INFO] [stdout] 
[INFO] [stdout] test result: FAILED. 66 passed; 4 failed; 0 ignored; 0 measured; 0 filtered out; finished in 0.05s
[INFO] [stdout] 
[INFO] running `Command { std: "docker" "inspect" "f1514e1d881c44609ac73d30ffec4aa24fb97fcdd077328016bfdde02402b873", kill_on_drop: false }`
[INFO] running `Command { std: "docker" "rm" "-f" "f1514e1d881c44609ac73d30ffec4aa24fb97fcdd077328016bfdde02402b873", kill_on_drop: false }`
[INFO] [stdout] f1514e1d881c44609ac73d30ffec4aa24fb97fcdd077328016bfdde02402b873
