[INFO] fetching crate shilling 0.2.1...
[INFO] testing shilling-0.2.1 against 1.100.0-beta.1+cargoflags=--release for beta-release-1.100-2
[INFO] extracting crate shilling 0.2.1 into /workspace/builds/worker-4-tc2/source
[INFO] started tweaking crates.io crate shilling 0.2.1
[INFO] removed 0 missing examples
[INFO] finished tweaking crates.io crate shilling 0.2.1
[INFO] tweaked toml for crates.io crate shilling 0.2.1 written to /workspace/builds/worker-4-tc2/source/Cargo.toml
[INFO] validating manifest of crates.io crate shilling 0.2.1 on toolchain 1.100.0-beta.1
[INFO] running `Command { std: CARGO_HOME="/workspace/cargo-home" RUSTUP_HOME="/workspace/rustup-home" "/workspace/cargo-home/bin/cargo" "+1.100.0-beta.1" "metadata" "--manifest-path" "Cargo.toml" "--no-deps", kill_on_drop: false }`
[INFO] crate crates.io crate shilling 0.2.1 already has a lockfile, it will not be regenerated
[INFO] running `Command { std: CARGO_HOME="/workspace/cargo-home" RUSTUP_HOME="/workspace/rustup-home" "/workspace/cargo-home/bin/cargo" "+1.100.0-beta.1" "fetch" "--manifest-path" "Cargo.toml", kill_on_drop: false }`
[INFO] [stderr] warning: `package.homepage` is redundant with `package.repository`
[INFO] [stderr]   --> Cargo.toml:90:12
[INFO] [stderr]    |
[INFO] [stderr] 90 | homepage = "https://github.com/LEVLLN/shilling"
[INFO] [stderr]    |            ^^^^^^^^^^^^^^^^^^^^^^^^^^^^^^^^^^^^
[INFO] [stderr] ...
[INFO] [stderr] 95 | repository = "https://github.com/LEVLLN/shilling"
[INFO] [stderr]    |              ------------------------------------
[INFO] [stderr]    |
[INFO] [stderr]    = note: `cargo::redundant_homepage` is set to `warn` by default
[INFO] [stderr] help: consider removing `package.homepage`
[INFO] [stderr] warning: `shilling` (manifest) generated 1 warning
[INFO] running `Command { std: "docker" "create" "-v" "/var/lib/crater-agent-workspace/builds/worker-4-tc2/source:/opt/rustwide/workdir:ro,Z" "-v" "/var/lib/crater-agent-workspace/builds/worker-4-tc2/target:/opt/rustwide/target:rw,Z" "-v" "/var/lib/crater-agent-workspace/cargo-home:/opt/rustwide/cargo-home:ro,Z" "-v" "/var/lib/crater-agent-workspace/rustup-home:/opt/rustwide/rustup-home:ro,Z" "-m" "1610612736" "--network" "none" "ghcr.io/rust-lang/crates-build-env/linux@sha256:77db811e55d90add9212f6832c23229e3de5f1c1f9905e8cb07319ea15df73ac" "sleep" "infinity", kill_on_drop: false }`
[INFO] [stdout] e5c28af6b1099fd621d7547d45877665c0ac357122dc0427828c5d96c5a375c7
[INFO] running `Command { std: "docker" "start" "e5c28af6b1099fd621d7547d45877665c0ac357122dc0427828c5d96c5a375c7", kill_on_drop: false }`
[INFO] running `Command { std: "docker" "inspect" "e5c28af6b1099fd621d7547d45877665c0ac357122dc0427828c5d96c5a375c7", kill_on_drop: false }`
[INFO] running `Command { std: "docker" "exec" "-e" "SOURCE_DIR=/opt/rustwide/workdir" "-e" "CARGO_HOME=/opt/rustwide/cargo-home" "-e" "RUSTUP_HOME=/opt/rustwide/rustup-home" "-e" "CARGO_TARGET_DIR=/opt/rustwide/target" "-w" "/opt/rustwide/workdir" "--user" "0:0" "e5c28af6b1099fd621d7547d45877665c0ac357122dc0427828c5d96c5a375c7" "/opt/rustwide/cargo-home/bin/cargo" "+1.100.0-beta.1" "metadata" "--no-deps" "--format-version=1", kill_on_drop: false }`
[INFO] running `Command { std: "docker" "inspect" "e5c28af6b1099fd621d7547d45877665c0ac357122dc0427828c5d96c5a375c7", kill_on_drop: false }`
[INFO] running `Command { std: "docker" "exec" "-e" "SOURCE_DIR=/opt/rustwide/workdir" "-e" "CARGO_HOME=/opt/rustwide/cargo-home" "-e" "RUSTUP_HOME=/opt/rustwide/rustup-home" "-e" "CARGO_TARGET_DIR=/opt/rustwide/target" "-e" "CARGO_INCREMENTAL=0" "-e" "RUST_BACKTRACE=full" "-e" "RUSTFLAGS=--cap-lints=warn" "-e" "RUSTDOCFLAGS=--cap-lints=warn" "-w" "/opt/rustwide/workdir" "--user" "0:0" "e5c28af6b1099fd621d7547d45877665c0ac357122dc0427828c5d96c5a375c7" "/opt/rustwide/cargo-home/bin/cargo" "+1.100.0-beta.1" "build" "--frozen" "--message-format=json" "--release", kill_on_drop: false }`
[INFO] [stderr] warning: `package.homepage` is redundant with `package.repository`
[INFO] [stderr]   --> Cargo.toml:90:12
[INFO] [stderr]    |
[INFO] [stderr] 90 | homepage = "https://github.com/LEVLLN/shilling"
[INFO] [stderr]    |            ^^^^^^^^^^^^^^^^^^^^^^^^^^^^^^^^^^^^
[INFO] [stderr] ...
[INFO] [stderr] 95 | repository = "https://github.com/LEVLLN/shilling"
[INFO] [stderr]    |              ------------------------------------
[INFO] [stderr]    |
[INFO] [stderr]    = note: `cargo::redundant_homepage` is set to `warn` by default
[INFO] [stderr] help: consider removing `package.homepage`
[INFO] [stderr] warning: `shilling` (manifest) generated 1 warning
[INFO] [stderr]    Compiling rustls v0.23.40
[INFO] [stderr]    Compiling futures-task v0.3.32
[INFO] [stderr]    Compiling futures-channel v0.3.32
[INFO] [stderr]    Compiling tokio v1.52.3
[INFO] [stderr]    Compiling getrandom v0.4.2
[INFO] [stderr]    Compiling zerofrom v0.1.8
[INFO] [stderr]    Compiling memchr v2.8.0
[INFO] [stderr]    Compiling chacha20 v0.10.0
[INFO] [stderr]    Compiling serde v1.0.228
[INFO] [stderr]    Compiling aws-lc-rs v1.17.0
[INFO] [stderr]    Compiling aws-lc-sys v0.41.0
[INFO] [stderr]    Compiling yoke v0.8.2
[INFO] [stderr]    Compiling futures-util v0.3.32
[INFO] [stderr]    Compiling zerovec v0.11.6
[INFO] [stderr]    Compiling zerotrie v0.2.4
[INFO] [stderr]    Compiling rand v0.10.1
[INFO] [stderr]    Compiling serde_json v1.0.149
[INFO] [stderr]    Compiling tinystr v0.8.3
[INFO] [stderr]    Compiling potential_utf v0.1.5
[INFO] [stderr]    Compiling icu_collections v2.2.0
[INFO] [stderr]    Compiling icu_locale_core v2.2.0
[INFO] [stderr]    Compiling rustls-webpki v0.103.13
[INFO] [stderr]    Compiling icu_provider v2.2.0
[INFO] [stderr]    Compiling icu_properties v2.2.0
[INFO] [stderr]    Compiling icu_normalizer v2.2.0
[INFO] [stderr]    Compiling idna_adapter v1.2.2
[INFO] [stderr]    Compiling idna v1.1.0
[INFO] [stderr]    Compiling url v2.5.8
[INFO] [stderr]    Compiling tokio-util v0.7.18
[INFO] [stderr]    Compiling tower v0.5.3
[INFO] [stderr]    Compiling tower-http v0.6.10
[INFO] [stderr]    Compiling h2 v0.4.14
[INFO] [stderr]    Compiling tokio-rustls v0.26.4
[INFO] [stderr]    Compiling rustls-platform-verifier v0.7.0
[INFO] [stderr]    Compiling hyper v1.9.0
[INFO] [stderr]    Compiling hyper-util v0.1.20
[INFO] [stderr]    Compiling hyper-rustls v0.27.9
[INFO] [stderr]    Compiling reqwest v0.13.3
[INFO] [stderr]    Compiling shilling v0.2.1 (/opt/rustwide/workdir)
[INFO] [stderr]     Finished `release` profile [optimized] target(s) in 57.24s
[INFO] running `Command { std: "docker" "inspect" "e5c28af6b1099fd621d7547d45877665c0ac357122dc0427828c5d96c5a375c7", kill_on_drop: false }`
[INFO] running `Command { std: "docker" "exec" "-e" "SOURCE_DIR=/opt/rustwide/workdir" "-e" "CARGO_HOME=/opt/rustwide/cargo-home" "-e" "RUSTUP_HOME=/opt/rustwide/rustup-home" "-e" "CARGO_TARGET_DIR=/opt/rustwide/target" "-e" "CARGO_INCREMENTAL=0" "-e" "RUST_BACKTRACE=full" "-e" "RUSTFLAGS=--cap-lints=warn" "-e" "RUSTDOCFLAGS=--cap-lints=warn" "-w" "/opt/rustwide/workdir" "--user" "0:0" "e5c28af6b1099fd621d7547d45877665c0ac357122dc0427828c5d96c5a375c7" "/opt/rustwide/cargo-home/bin/cargo" "+1.100.0-beta.1" "test" "--frozen" "--no-run" "--message-format=json" "--release", kill_on_drop: false }`
[INFO] [stderr] warning: `package.homepage` is redundant with `package.repository`
[INFO] [stderr]   --> Cargo.toml:90:12
[INFO] [stderr]    |
[INFO] [stderr] 90 | homepage = "https://github.com/LEVLLN/shilling"
[INFO] [stderr]    |            ^^^^^^^^^^^^^^^^^^^^^^^^^^^^^^^^^^^^
[INFO] [stderr] ...
[INFO] [stderr] 95 | repository = "https://github.com/LEVLLN/shilling"
[INFO] [stderr]    |              ------------------------------------
[INFO] [stderr]    |
[INFO] [stderr]    = note: `cargo::redundant_homepage` is set to `warn` by default
[INFO] [stderr] help: consider removing `package.homepage`
[INFO] [stderr] warning: `shilling` (manifest) generated 1 warning
[INFO] [stderr]    Compiling memchr v2.8.0
[INFO] [stderr]    Compiling futures-util v0.3.32
[INFO] [stderr]    Compiling winnow v1.0.3
[INFO] [stderr]    Compiling regex-syntax v0.8.10
[INFO] [stderr]    Compiling toml_datetime v1.1.1+spec-1.1.0
[INFO] [stderr]    Compiling rstest_macros v0.26.1
[INFO] [stderr]    Compiling serde_json v1.0.149
[INFO] [stderr]    Compiling rustix v1.1.4
[INFO] [stderr]    Compiling relative-path v1.9.3
[INFO] [stderr]    Compiling pest v2.8.6
[INFO] [stderr]    Compiling console v0.16.3
[INFO] [stderr]    Compiling similar v2.7.0
[INFO] [stderr]    Compiling futures-timer v3.0.3
[INFO] [stderr]    Compiling aho-corasick v1.1.4
[INFO] [stderr]    Compiling tower v0.5.3
[INFO] [stderr]    Compiling hyper-util v0.1.20
[INFO] [stderr]    Compiling tower-http v0.6.10
[INFO] [stderr]    Compiling toml_parser v1.1.2+spec-1.1.0
[INFO] [stderr]    Compiling toml_edit v0.25.11+spec-1.1.0
[INFO] [stderr]    Compiling regex-automata v0.4.14
[INFO] [stderr]    Compiling pest_meta v2.8.6
[INFO] [stderr]    Compiling hyper-rustls v0.27.9
[INFO] [stderr]    Compiling tempfile v3.27.0
[INFO] [stderr]    Compiling reqwest v0.13.3
[INFO] [stderr]    Compiling proc-macro-crate v3.5.0
[INFO] [stderr]    Compiling pest_generator v2.8.6
[INFO] [stderr]    Compiling pest_derive v2.8.6
[INFO] [stderr]    Compiling insta v1.47.2
[INFO] [stderr]    Compiling regex v1.12.3
[INFO] [stderr]    Compiling shilling v0.2.1 (/opt/rustwide/workdir)
[INFO] [stderr]    Compiling rstest v0.26.1
[INFO] [stderr]     Finished `release` profile [optimized] target(s) in 56.94s
[INFO] running `Command { std: "docker" "inspect" "e5c28af6b1099fd621d7547d45877665c0ac357122dc0427828c5d96c5a375c7", kill_on_drop: false }`
[INFO] running `Command { std: "docker" "exec" "-e" "SOURCE_DIR=/opt/rustwide/workdir" "-e" "CARGO_HOME=/opt/rustwide/cargo-home" "-e" "RUSTUP_HOME=/opt/rustwide/rustup-home" "-e" "CARGO_TARGET_DIR=/opt/rustwide/target" "-e" "CARGO_INCREMENTAL=0" "-e" "RUST_BACKTRACE=full" "-e" "RUSTFLAGS=--cap-lints=warn" "-e" "RUSTDOCFLAGS=--cap-lints=warn" "-w" "/opt/rustwide/workdir" "--user" "0:0" "e5c28af6b1099fd621d7547d45877665c0ac357122dc0427828c5d96c5a375c7" "/opt/rustwide/cargo-home/bin/cargo" "+1.100.0-beta.1" "test" "--frozen" "--release", kill_on_drop: false }`
[INFO] [stderr] warning: `package.homepage` is redundant with `package.repository`
[INFO] [stderr]   --> Cargo.toml:90:12
[INFO] [stderr]    |
[INFO] [stderr] 90 | homepage = "https://github.com/LEVLLN/shilling"
[INFO] [stderr]    |            ^^^^^^^^^^^^^^^^^^^^^^^^^^^^^^^^^^^^
[INFO] [stderr] ...
[INFO] [stderr] 95 | repository = "https://github.com/LEVLLN/shilling"
[INFO] [stderr]    |              ------------------------------------
[INFO] [stderr]    |
[INFO] [stderr]    = note: `cargo::redundant_homepage` is set to `warn` by default
[INFO] [stderr] help: consider removing `package.homepage`
[INFO] [stderr] warning: `shilling` (manifest) generated 1 warning
[INFO] [stderr]     Finished `release` profile [optimized] target(s) in 0.23s
[INFO] [stderr]      Running unittests src/lib.rs (/opt/rustwide/target/release/build/shilling/8416d9282e67d63a/out/shilling-8416d9282e67d63a)
[INFO] [stdout] 
[INFO] [stdout] running 62 tests
[INFO] [stdout] test client::tests::get_updates_conflict_ignores_non_api_errors ... ok
[INFO] [stdout] test client::tests::get_updates_conflict_matches_description::case_1_other_consumer ... ok
[INFO] [stdout] test client::tests::backoff_within_expected_bounds::case_5 ... ok
[INFO] [stdout] test client::tests::backoff_within_expected_bounds::case_9 ... ok
[INFO] [stdout] test client::tests::backoff_within_expected_bounds::case_7 ... ok
[INFO] [stdout] test client::tests::backoff_within_expected_bounds::case_6 ... ok
[INFO] [stdout] test client::tests::backoff_within_expected_bounds::case_2 ... ok
[INFO] [stdout] test client::tests::backoff_within_expected_bounds::case_4 ... ok
[INFO] [stdout] test client::tests::retry_delay_api_429_honors_retry_after::case_1 ... ok
[INFO] [stdout] test client::tests::backoff_within_expected_bounds::case_1 ... ok
[INFO] [stdout] test client::tests::get_updates_conflict_matches_description::case_3_unauthorized ... ok
[INFO] [stdout] test client::tests::retry_delay_api_429_honors_retry_after::case_3 ... ok
[INFO] [stdout] test client::tests::get_updates_conflict_matches_description::case_4_empty ... ok
[INFO] [stdout] test client::tests::is_terminated_by_other_getupdates_matches_description::case_1_full_message ... ok
[INFO] [stdout] test client::tests::is_terminated_by_other_getupdates_matches_description::case_2_core_phrase ... ok
[INFO] [stdout] test client::tests::is_terminated_by_other_getupdates_matches_description::case_4_empty ... ok
[INFO] [stdout] test client::tests::backoff_within_expected_bounds::case_3 ... ok
[INFO] [stdout] test client::tests::is_terminated_by_other_getupdates_matches_description::case_3_other_409 ... ok
[INFO] [stdout] test client::tests::get_updates_conflict_matches_description::case_2_webhook ... ok
[INFO] [stdout] test client::tests::retry_delay_http_4xx_returns_none::case_2 ... ok
[INFO] [stdout] test client::tests::retry_delay_http_5xx_uses_backoff::case_1 ... ok
[INFO] [stdout] test client::tests::retry_delay_api_429_honors_retry_after::case_2 ... ok
[INFO] [stdout] test client::tests::retry_delay_api_5xx_uses_backoff::case_3 ... ok
[INFO] [stdout] test client::tests::retry_delay_api_5xx_uses_backoff::case_4 ... ok
[INFO] [stdout] test client::tests::retry_delay_http_4xx_returns_none::case_3 ... ok
[INFO] [stdout] test client::tests::retry_delay_api_4xx_returns_none::case_4 ... ok
[INFO] [stdout] test client::tests::retry_delay_api_5xx_uses_backoff::case_1 ... ok
[INFO] [stdout] test client::tests::retry_delay_http_4xx_returns_none::case_4 ... ok
[INFO] [stdout] test client::tests::retry_delay_api_4xx_returns_none::case_2 ... ok
[INFO] [stdout] test client::tests::retry_delay_api_5xx_uses_backoff::case_2 ... ok
[INFO] [stdout] test client::tests::retry_delay_api_429_without_retry_after_uses_backoff ... ok
[INFO] [stdout] test client::tests::retry_delay_http_4xx_returns_none::case_1 ... ok
[INFO] [stdout] test client::tests::retry_delay_api_4xx_returns_none::case_1 ... ok
[INFO] [stdout] test client::tests::backoff_within_expected_bounds::case_8 ... ok
[INFO] [stdout] test client::tests::retry_delay_http_5xx_uses_backoff::case_2 ... ok
[INFO] [stdout] test client::tests::retry_delay_api_4xx_returns_none::case_3 ... ok
[INFO] [stdout] test client::tests::retry_delay_url_returns_none ... ok
[INFO] [stdout] test client::tests::retry_delay_http_5xx_uses_backoff::case_4 ... ok
[INFO] [stdout] test client::tests::retry_delay_http_5xx_uses_backoff::case_3 ... ok
[INFO] [stdout] test client::tests::retry_delay_transport_uses_backoff ... ok
[INFO] [stdout] test config::tests::debug_hides_the_bot_token_but_keeps_the_url_usable ... ok
[INFO] [stdout] test long_polling::tests::error_backoff_grows_and_caps::case_1_first_failure ... ok
[INFO] [stdout] test long_polling::tests::error_backoff_grows_and_caps::case_2_second_failure ... ok
[INFO] [stdout] test long_polling::tests::error_backoff_grows_and_caps::case_3_third_failure ... ok
[INFO] [stdout] test long_polling::tests::error_backoff_grows_and_caps::case_4_capped ... ok
[INFO] [stdout] test long_polling::tests::error_backoff_grows_and_caps::case_5_capped_far ... ok
[INFO] [stdout] test long_polling::tests::webhook_active_error_names_the_remediation ... ok
[INFO] [stdout] test config::tests::build_cases::case_13 ... FAILED
[INFO] [stdout] test config::tests::build_cases::case_09 ... FAILED
[INFO] [stdout] test config::tests::build_cases::case_05 ... FAILED
[INFO] [stdout] test client::tests::transport_error_never_renders_the_bot_token ... ok
[INFO] [stdout] test config::tests::build_cases::case_08 ... FAILED
[INFO] [stdout] test config::tests::build_cases::case_02 ... FAILED
[INFO] [stdout] test config::tests::build_cases::case_11 ... FAILED
[INFO] [stdout] test config::tests::build_cases::case_01 ... FAILED
[INFO] [stdout] test config::tests::build_cases::case_14 ... FAILED
[INFO] [stdout] test config::tests::build_cases::case_04 ... FAILED
[INFO] [stdout] test config::tests::build_cases::case_10 ... FAILED
[INFO] [stdout] test config::tests::build_cases::case_03 ... FAILED
[INFO] [stdout] test config::tests::build_cases::case_06 ... FAILED
[INFO] [stdout] test config::tests::build_cases::case_07 ... FAILED
[INFO] [stdout] test config::tests::build_cases::case_12 ... FAILED
[INFO] [stdout] 
[INFO] [stdout] failures:
[INFO] [stdout] 
[INFO] [stdout] ---- config::tests::build_cases::case_13 stdout ----
[INFO] [stdout] ━━━━━━━━━━━━━━━━━━━━━━━━━━━━━━━ Snapshot Summary ━━━━━━━━━━━━━━━━━━━━━━━━━━━━━━━
[INFO] [stdout] Snapshot file: src/snapshots/shilling__config__tests__invalid_base_url.snap
[INFO] [stdout] Snapshot: invalid_base_url
[INFO] [stdout] Source: src/config.rs:272
[INFO] [stdout] ────────────────────────────────────────────────────────────────────────────────
[INFO] [stdout] Expression: builder.build()
[INFO] [stdout] ────────────────────────────────────────────────────────────────────────────────
[INFO] [stdout] +new results
[INFO] [stdout] ────────────┬───────────────────────────────────────────────────────────────────
[INFO] [stdout]           1 │+Err(
[INFO] [stdout]           2 │+    InvalidBaseUrl(
[INFO] [stdout]           3 │+        RelativeUrlWithoutBase,
[INFO] [stdout]           4 │+    ),
[INFO] [stdout]           5 │+)
[INFO] [stdout] ────────────┴───────────────────────────────────────────────────────────────────
[INFO] [stdout] 
[INFO] [stdout] thread 'config::tests::build_cases::case_13' (1575) panicked at src/config.rs:272:9:
[INFO] [stdout] called `Result::unwrap()` on an `Err` value: Os { code: 30, kind: ReadOnlyFilesystem, message: "Read-only file system" }
[INFO] [stdout] stack backtrace:
[INFO] [stdout]    0:     0x6402fad6f7c1 - <<std[617be2ca0a6fd877]::sys::backtrace::BacktraceLock>::print::DisplayBacktrace as core[a373ad73a504971]::fmt::Display>::fmt
[INFO] [stdout]    1:     0x6402fad883ea - core[a373ad73a504971]::fmt::write
[INFO] [stdout]    2:     0x6402fad7474c - <alloc[2e1b2a31b91974c5]::vec::Vec<u8> as core[a373ad73a504971]::io::write::Write>::write_fmt
[INFO] [stdout]    3:     0x6402fad478e6 - std[617be2ca0a6fd877]::panicking::default_hook::{closure#0}
[INFO] [stdout]    4:     0x6402fad662e9 - std[617be2ca0a6fd877]::panicking::default_hook
[INFO] [stdout]    5:     0x6402fa8b2cd0 - test[aada8e7e76ba119b]::test_main_inner::{closure#0}
[INFO] [stdout]    6:     0x6402fad66612 - std[617be2ca0a6fd877]::panicking::panic_with_hook
[INFO] [stdout]    7:     0x6402fad47992 - std[617be2ca0a6fd877]::panicking::panic_handler::{closure#0}
[INFO] [stdout]    8:     0x6402fad400e9 - std[617be2ca0a6fd877]::sys::backtrace::__rust_end_short_backtrace::<std[617be2ca0a6fd877]::panicking::panic_handler::{closure#0}, !>
[INFO] [stdout]    9:     0x6402fad4882d - __rustc[ea4f61d10b84890b]::rust_begin_unwind
[INFO] [stdout]   10:     0x6402fad88b4c - core[a373ad73a504971]::panicking::panic_fmt
[INFO] [stdout]   11:     0x6402fad88922 - core[a373ad73a504971]::result::unwrap_failed
[INFO] [stdout]   12:     0x6402fa899500 - shilling[21c89a997e4b5416]::config::tests::build_cases
[INFO] [stdout]   13:     0x6402fa890dc4 - <shilling[21c89a997e4b5416]::config::tests::build_cases::case_13::{closure#0} as core[a373ad73a504971]::ops::function::FnOnce<()>>::call_once
[INFO] [stdout]   14:     0x6402fa8a611b - test[aada8e7e76ba119b]::__rust_begin_short_backtrace::<core[a373ad73a504971]::result::Result<(), alloc[2e1b2a31b91974c5]::string::String>, fn() -> core[a373ad73a504971]::result::Result<(), alloc[2e1b2a31b91974c5]::string::String>>
[INFO] [stdout]   15:     0x6402fa8b32f5 - test[aada8e7e76ba119b]::run_test::{closure#0}
[INFO] [stdout]   16:     0x6402fa8acbe4 - std[617be2ca0a6fd877]::sys::backtrace::__rust_begin_short_backtrace::<test[aada8e7e76ba119b]::run_test::{closure#1}, ()>
[INFO] [stdout]   17:     0x6402fa8b6382 - <std[617be2ca0a6fd877]::thread::lifecycle::spawn_unchecked<test[aada8e7e76ba119b]::run_test::{closure#1}, ()>::{closure#1} as core[a373ad73a504971]::ops::function::FnOnce<()>>::call_once::{shim:vtable#0}
[INFO] [stdout]   18:     0x6402fad6e41f - <std[617be2ca0a6fd877]::sys::thread::unix::Thread>::new::thread_start
[INFO] [stdout]   19:     0x7c1f0261fdfa - <unknown>
[INFO] [stdout]   20:     0x7c1f026b33d4 - clone
[INFO] [stdout]   21:                0x0 - <unknown>
[INFO] [stdout] 
[INFO] [stdout] ---- config::tests::build_cases::case_09 stdout ----
[INFO] [stdout] ━━━━━━━━━━━━━━━━━━━━━━━━━━━━━━━ Snapshot Summary ━━━━━━━━━━━━━━━━━━━━━━━━━━━━━━━
[INFO] [stdout] Snapshot file: src/snapshots/shilling__config__tests__limit_above_max.snap
[INFO] [stdout] Snapshot: limit_above_max
[INFO] [stdout] Source: src/config.rs:272
[INFO] [stdout] ────────────────────────────────────────────────────────────────────────────────
[INFO] [stdout] Expression: builder.build()
[INFO] [stdout] ────────────────────────────────────────────────────────────────────────────────
[INFO] [stdout] +new results
[INFO] [stdout] ────────────┬───────────────────────────────────────────────────────────────────
[INFO] [stderr] error: test failed, to rerun pass `--lib`
[INFO] [stdout]           1 │+Err(
[INFO] [stdout]           2 │+    InvalidGetUpdatesLimit(
[INFO] [stdout]           3 │+        101,
[INFO] [stdout]           4 │+    ),
[INFO] [stdout]           5 │+)
[INFO] [stdout] ────────────┴───────────────────────────────────────────────────────────────────
[INFO] [stdout] 
[INFO] [stdout] thread 'config::tests::build_cases::case_09' (1571) panicked at src/config.rs:272:9:
[INFO] [stdout] called `Result::unwrap()` on an `Err` value: Os { code: 30, kind: ReadOnlyFilesystem, message: "Read-only file system" }
[INFO] [stdout] stack backtrace:
[INFO] [stdout]    0:     0x6402fad6f7c1 - <<std[617be2ca0a6fd877]::sys::backtrace::BacktraceLock>::print::DisplayBacktrace as core[a373ad73a504971]::fmt::Display>::fmt
[INFO] [stdout]    1:     0x6402fad883ea - core[a373ad73a504971]::fmt::write
[INFO] [stdout]    2:     0x6402fad7474c - <alloc[2e1b2a31b91974c5]::vec::Vec<u8> as core[a373ad73a504971]::io::write::Write>::write_fmt
[INFO] [stdout]    3:     0x6402fad478e6 - std[617be2ca0a6fd877]::panicking::default_hook::{closure#0}
[INFO] [stdout]    4:     0x6402fad662e9 - std[617be2ca0a6fd877]::panicking::default_hook
[INFO] [stdout]    5:     0x6402fa8b2cd0 - test[aada8e7e76ba119b]::test_main_inner::{closure#0}
[INFO] [stdout]    6:     0x6402fad66612 - std[617be2ca0a6fd877]::panicking::panic_with_hook
[INFO] [stdout]    7:     0x6402fad47992 - std[617be2ca0a6fd877]::panicking::panic_handler::{closure#0}
[INFO] [stdout]    8:     0x6402fad400e9 - std[617be2ca0a6fd877]::sys::backtrace::__rust_end_short_backtrace::<std[617be2ca0a6fd877]::panicking::panic_handler::{closure#0}, !>
[INFO] [stdout]    9:     0x6402fad4882d - __rustc[ea4f61d10b84890b]::rust_begin_unwind
[INFO] [stdout]   10:     0x6402fad88b4c - core[a373ad73a504971]::panicking::panic_fmt
[INFO] [stdout]   11:     0x6402fad88922 - core[a373ad73a504971]::result::unwrap_failed
[INFO] [stdout]   12:     0x6402fa899500 - shilling[21c89a997e4b5416]::config::tests::build_cases
[INFO] [stdout]   13:     0x6402fa890b31 - <shilling[21c89a997e4b5416]::config::tests::build_cases::case_09::{closure#0} as core[a373ad73a504971]::ops::function::FnOnce<()>>::call_once
[INFO] [stdout]   14:     0x6402fa8a611b - test[aada8e7e76ba119b]::__rust_begin_short_backtrace::<core[a373ad73a504971]::result::Result<(), alloc[2e1b2a31b91974c5]::string::String>, fn() -> core[a373ad73a504971]::result::Result<(), alloc[2e1b2a31b91974c5]::string::String>>
[INFO] [stdout]   15:     0x6402fa8b32f5 - test[aada8e7e76ba119b]::run_test::{closure#0}
[INFO] [stdout]   16:     0x6402fa8acbe4 - std[617be2ca0a6fd877]::sys::backtrace::__rust_begin_short_backtrace::<test[aada8e7e76ba119b]::run_test::{closure#1}, ()>
[INFO] [stdout]   17:     0x6402fa8b6382 - <std[617be2ca0a6fd877]::thread::lifecycle::spawn_unchecked<test[aada8e7e76ba119b]::run_test::{closure#1}, ()>::{closure#1} as core[a373ad73a504971]::ops::function::FnOnce<()>>::call_once::{shim:vtable#0}
[INFO] [stdout]   18:     0x6402fad6e41f - <std[617be2ca0a6fd877]::sys::thread::unix::Thread>::new::thread_start
[INFO] [stdout]   19:     0x7c1f0261fdfa - <unknown>
[INFO] [stdout]   20:     0x7c1f026b33d4 - clone
[INFO] [stdout]   21:                0x0 - <unknown>
[INFO] [stdout] 
[INFO] [stdout] ---- config::tests::build_cases::case_05 stdout ----
[INFO] [stdout] ━━━━━━━━━━━━━━━━━━━━━━━━━━━━━━━ Snapshot Summary ━━━━━━━━━━━━━━━━━━━━━━━━━━━━━━━
[INFO] [stdout] Snapshot file: src/snapshots/shilling__config__tests__timeout_above_max.snap
[INFO] [stdout] Snapshot: timeout_above_max
[INFO] [stdout] Source: src/config.rs:272
[INFO] [stdout] ────────────────────────────────────────────────────────────────────────────────
[INFO] [stdout] Expression: builder.build()
[INFO] [stdout] ────────────────────────────────────────────────────────────────────────────────
[INFO] [stdout] +new results
[INFO] [stdout] ────────────┬───────────────────────────────────────────────────────────────────
[INFO] [stdout]           1 │+Err(
[INFO] [stdout]           2 │+    InvalidGetUpdatesTimeout(
[INFO] [stdout]           3 │+        51,
[INFO] [stdout]           4 │+    ),
[INFO] [stdout]           5 │+)
[INFO] [stdout] ────────────┴───────────────────────────────────────────────────────────────────
[INFO] [stdout] 
[INFO] [stdout] thread 'config::tests::build_cases::case_05' (1566) panicked at src/config.rs:272:9:
[INFO] [stdout] called `Result::unwrap()` on an `Err` value: Os { code: 30, kind: ReadOnlyFilesystem, message: "Read-only file system" }
[INFO] [stdout] stack backtrace:
[INFO] [stdout]    0:     0x6402fad6f7c1 - <<std[617be2ca0a6fd877]::sys::backtrace::BacktraceLock>::print::DisplayBacktrace as core[a373ad73a504971]::fmt::Display>::fmt
[INFO] [stdout]    1:     0x6402fad883ea - core[a373ad73a504971]::fmt::write
[INFO] [stdout]    2:     0x6402fad7474c - <alloc[2e1b2a31b91974c5]::vec::Vec<u8> as core[a373ad73a504971]::io::write::Write>::write_fmt
[INFO] [stdout]    3:     0x6402fad478e6 - std[617be2ca0a6fd877]::panicking::default_hook::{closure#0}
[INFO] [stdout]    4:     0x6402fad662e9 - std[617be2ca0a6fd877]::panicking::default_hook
[INFO] [stdout]    5:     0x6402fa8b2cd0 - test[aada8e7e76ba119b]::test_main_inner::{closure#0}
[INFO] [stdout]    6:     0x6402fad66612 - std[617be2ca0a6fd877]::panicking::panic_with_hook
[INFO] [stdout]    7:     0x6402fad47992 - std[617be2ca0a6fd877]::panicking::panic_handler::{closure#0}
[INFO] [stdout]    8:     0x6402fad400e9 - std[617be2ca0a6fd877]::sys::backtrace::__rust_end_short_backtrace::<std[617be2ca0a6fd877]::panicking::panic_handler::{closure#0}, !>
[INFO] [stdout]    9:     0x6402fad4882d - __rustc[ea4f61d10b84890b]::rust_begin_unwind
[INFO] [stdout]   10:     0x6402fad88b4c - core[a373ad73a504971]::panicking::panic_fmt
[INFO] [stdout]   11:     0x6402fad88922 - core[a373ad73a504971]::result::unwrap_failed
[INFO] [stdout]   12:     0x6402fa899500 - shilling[21c89a997e4b5416]::config::tests::build_cases
[INFO] [stdout]   13:     0x6402fa890a1e - <shilling[21c89a997e4b5416]::config::tests::build_cases::case_05::{closure#0} as core[a373ad73a504971]::ops::function::FnOnce<()>>::call_once
[INFO] [stdout]   14:     0x6402fa8a611b - test[aada8e7e76ba119b]::__rust_begin_short_backtrace::<core[a373ad73a504971]::result::Result<(), alloc[2e1b2a31b91974c5]::string::String>, fn() -> core[a373ad73a504971]::result::Result<(), alloc[2e1b2a31b91974c5]::string::String>>
[INFO] [stdout]   15:     0x6402fa8b32f5 - test[aada8e7e76ba119b]::run_test::{closure#0}
[INFO] [stdout]   16:     0x6402fa8acbe4 - std[617be2ca0a6fd877]::sys::backtrace::__rust_begin_short_backtrace::<test[aada8e7e76ba119b]::run_test::{closure#1}, ()>
[INFO] [stdout]   17:     0x6402fa8b6382 - <std[617be2ca0a6fd877]::thread::lifecycle::spawn_unchecked<test[aada8e7e76ba119b]::run_test::{closure#1}, ()>::{closure#1} as core[a373ad73a504971]::ops::function::FnOnce<()>>::call_once::{shim:vtable#0}
[INFO] [stdout]   18:     0x6402fad6e41f - <std[617be2ca0a6fd877]::sys::thread::unix::Thread>::new::thread_start
[INFO] [stdout]   19:     0x7c1f0261fdfa - <unknown>
[INFO] [stdout]   20:     0x7c1f026b33d4 - clone
[INFO] [stdout]   21:                0x0 - <unknown>
[INFO] [stdout] 
[INFO] [stdout] ---- config::tests::build_cases::case_08 stdout ----
[INFO] [stdout] ━━━━━━━━━━━━━━━━━━━━━━━━━━━━━━━ Snapshot Summary ━━━━━━━━━━━━━━━━━━━━━━━━━━━━━━━
[INFO] [stdout] Snapshot file: src/snapshots/shilling__config__tests__limit_zero.snap
[INFO] [stdout] Snapshot: limit_zero
[INFO] [stdout] Source: src/config.rs:272
[INFO] [stdout] ────────────────────────────────────────────────────────────────────────────────
[INFO] [stdout] Expression: builder.build()
[INFO] [stdout] ────────────────────────────────────────────────────────────────────────────────
[INFO] [stdout] +new results
[INFO] [stdout] ────────────┬───────────────────────────────────────────────────────────────────
[INFO] [stdout]           1 │+Err(
[INFO] [stdout]           2 │+    InvalidGetUpdatesLimit(
[INFO] [stdout]           3 │+        0,
[INFO] [stdout]           4 │+    ),
[INFO] [stdout]           5 │+)
[INFO] [stdout] ────────────┴───────────────────────────────────────────────────────────────────
[INFO] [stdout] 
[INFO] [stdout] thread 'config::tests::build_cases::case_08' (1569) panicked at src/config.rs:272:9:
[INFO] [stdout] called `Result::unwrap()` on an `Err` value: Os { code: 30, kind: ReadOnlyFilesystem, message: "Read-only file system" }
[INFO] [stdout] stack backtrace:
[INFO] [stdout]    0:     0x6402fad6f7c1 - <<std[617be2ca0a6fd877]::sys::backtrace::BacktraceLock>::print::DisplayBacktrace as core[a373ad73a504971]::fmt::Display>::fmt
[INFO] [stdout]    1:     0x6402fad883ea - core[a373ad73a504971]::fmt::write
[INFO] [stdout]    2:     0x6402fad7474c - <alloc[2e1b2a31b91974c5]::vec::Vec<u8> as core[a373ad73a504971]::io::write::Write>::write_fmt
[INFO] [stdout]    3:     0x6402fad478e6 - std[617be2ca0a6fd877]::panicking::default_hook::{closure#0}
[INFO] [stdout]    4:     0x6402fad662e9 - std[617be2ca0a6fd877]::panicking::default_hook
[INFO] [stdout]    5:     0x6402fa8b2cd0 - test[aada8e7e76ba119b]::test_main_inner::{closure#0}
[INFO] [stdout]    6:     0x6402fad66612 - std[617be2ca0a6fd877]::panicking::panic_with_hook
[INFO] [stdout]    7:     0x6402fad47992 - std[617be2ca0a6fd877]::panicking::panic_handler::{closure#0}
[INFO] [stdout]    8:     0x6402fad400e9 - std[617be2ca0a6fd877]::sys::backtrace::__rust_end_short_backtrace::<std[617be2ca0a6fd877]::panicking::panic_handler::{closure#0}, !>
[INFO] [stdout]    9:     0x6402fad4882d - __rustc[ea4f61d10b84890b]::rust_begin_unwind
[INFO] [stdout]   10:     0x6402fad88b4c - core[a373ad73a504971]::panicking::panic_fmt
[INFO] [stdout]   11:     0x6402fad88922 - core[a373ad73a504971]::result::unwrap_failed
[INFO] [stdout]   12:     0x6402fa899500 - shilling[21c89a997e4b5416]::config::tests::build_cases
[INFO] [stdout]   13:     0x6402fa890ae1 - <shilling[21c89a997e4b5416]::config::tests::build_cases::case_08::{closure#0} as core[a373ad73a504971]::ops::function::FnOnce<()>>::call_once
[INFO] [stdout]   14:     0x6402fa8a611b - test[aada8e7e76ba119b]::__rust_begin_short_backtrace::<core[a373ad73a504971]::result::Result<(), alloc[2e1b2a31b91974c5]::string::String>, fn() -> core[a373ad73a504971]::result::Result<(), alloc[2e1b2a31b91974c5]::string::String>>
[INFO] [stdout]   15:     0x6402fa8b32f5 - test[aada8e7e76ba119b]::run_test::{closure#0}
[INFO] [stdout]   16:     0x6402fa8acbe4 - std[617be2ca0a6fd877]::sys::backtrace::__rust_begin_short_backtrace::<test[aada8e7e76ba119b]::run_test::{closure#1}, ()>
[INFO] [stdout]   17:     0x6402fa8b6382 - <std[617be2ca0a6fd877]::thread::lifecycle::spawn_unchecked<test[aada8e7e76ba119b]::run_test::{closure#1}, ()>::{closure#1} as core[a373ad73a504971]::ops::function::FnOnce<()>>::call_once::{shim:vtable#0}
[INFO] [stdout]   18:     0x6402fad6e41f - <std[617be2ca0a6fd877]::sys::thread::unix::Thread>::new::thread_start
[INFO] [stdout]   19:     0x7c1f0261fdfa - <unknown>
[INFO] [stdout]   20:     0x7c1f026b33d4 - clone
[INFO] [stdout]   21:                0x0 - <unknown>
[INFO] [stdout] 
[INFO] [stdout] ---- config::tests::build_cases::case_02 stdout ----
[INFO] [stdout] ━━━━━━━━━━━━━━━━━━━━━━━━━━━━━━━ Snapshot Summary ━━━━━━━━━━━━━━━━━━━━━━━━━━━━━━━
[INFO] [stdout] Snapshot file: src/snapshots/shilling__config__tests__empty_bot_token.snap
[INFO] [stdout] Snapshot: empty_bot_token
[INFO] [stdout] Source: src/config.rs:272
[INFO] [stdout] ────────────────────────────────────────────────────────────────────────────────
[INFO] [stdout] Expression: builder.build()
[INFO] [stdout] ────────────────────────────────────────────────────────────────────────────────
[INFO] [stdout] +new results
[INFO] [stdout] ────────────┬───────────────────────────────────────────────────────────────────
[INFO] [stdout]           1 │+Err(
[INFO] [stdout]           2 │+    EmptyField(
[INFO] [stdout]           3 │+        "bot_token",
[INFO] [stdout]           4 │+    ),
[INFO] [stdout]           5 │+)
[INFO] [stdout] ────────────┴───────────────────────────────────────────────────────────────────
[INFO] [stdout] 
[INFO] [stdout] thread 'config::tests::build_cases::case_02' (1563) panicked at src/config.rs:272:9:
[INFO] [stdout] called `Result::unwrap()` on an `Err` value: Os { code: 30, kind: ReadOnlyFilesystem, message: "Read-only file system" }
[INFO] [stdout] stack backtrace:
[INFO] [stdout]    0:     0x6402fad6f7c1 - <<std[617be2ca0a6fd877]::sys::backtrace::BacktraceLock>::print::DisplayBacktrace as core[a373ad73a504971]::fmt::Display>::fmt
[INFO] [stdout]    1:     0x6402fad883ea - core[a373ad73a504971]::fmt::write
[INFO] [stdout]    2:     0x6402fad7474c - <alloc[2e1b2a31b91974c5]::vec::Vec<u8> as core[a373ad73a504971]::io::write::Write>::write_fmt
[INFO] [stdout]    3:     0x6402fad478e6 - std[617be2ca0a6fd877]::panicking::default_hook::{closure#0}
[INFO] [stdout]    4:     0x6402fad662e9 - std[617be2ca0a6fd877]::panicking::default_hook
[INFO] [stdout]    5:     0x6402fa8b2cd0 - test[aada8e7e76ba119b]::test_main_inner::{closure#0}
[INFO] [stdout]    6:     0x6402fad66612 - std[617be2ca0a6fd877]::panicking::panic_with_hook
[INFO] [stdout]    7:     0x6402fad47992 - std[617be2ca0a6fd877]::panicking::panic_handler::{closure#0}
[INFO] [stdout]    8:     0x6402fad400e9 - std[617be2ca0a6fd877]::sys::backtrace::__rust_end_short_backtrace::<std[617be2ca0a6fd877]::panicking::panic_handler::{closure#0}, !>
[INFO] [stdout]    9:     0x6402fad4882d - __rustc[ea4f61d10b84890b]::rust_begin_unwind
[INFO] [stdout]   10:     0x6402fad88b4c - core[a373ad73a504971]::panicking::panic_fmt
[INFO] [stdout]   11:     0x6402fad88922 - core[a373ad73a504971]::result::unwrap_failed
[INFO] [stdout]   12:     0x6402fa899500 - shilling[21c89a997e4b5416]::config::tests::build_cases
[INFO] [stdout]   13:     0x6402fa890929 - <shilling[21c89a997e4b5416]::config::tests::build_cases::case_02::{closure#0} as core[a373ad73a504971]::ops::function::FnOnce<()>>::call_once
[INFO] [stdout]   14:     0x6402fa8a611b - test[aada8e7e76ba119b]::__rust_begin_short_backtrace::<core[a373ad73a504971]::result::Result<(), alloc[2e1b2a31b91974c5]::string::String>, fn() -> core[a373ad73a504971]::result::Result<(), alloc[2e1b2a31b91974c5]::string::String>>
[INFO] [stdout]   15:     0x6402fa8b32f5 - test[aada8e7e76ba119b]::run_test::{closure#0}
[INFO] [stdout]   16:     0x6402fa8acbe4 - std[617be2ca0a6fd877]::sys::backtrace::__rust_begin_short_backtrace::<test[aada8e7e76ba119b]::run_test::{closure#1}, ()>
[INFO] [stdout]   17:     0x6402fa8b6382 - <std[617be2ca0a6fd877]::thread::lifecycle::spawn_unchecked<test[aada8e7e76ba119b]::run_test::{closure#1}, ()>::{closure#1} as core[a373ad73a504971]::ops::function::FnOnce<()>>::call_once::{shim:vtable#0}
[INFO] [stdout]   18:     0x6402fad6e41f - <std[617be2ca0a6fd877]::sys::thread::unix::Thread>::new::thread_start
[INFO] [stdout]   19:     0x7c1f0261fdfa - <unknown>
[INFO] [stdout]   20:     0x7c1f026b33d4 - clone
[INFO] [stdout]   21:                0x0 - <unknown>
[INFO] [stdout] 
[INFO] [stdout] ---- config::tests::build_cases::case_11 stdout ----
[INFO] [stdout] ━━━━━━━━━━━━━━━━━━━━━━━━━━━━━━━ Snapshot Summary ━━━━━━━━━━━━━━━━━━━━━━━━━━━━━━━
[INFO] [stdout] Snapshot file: src/snapshots/shilling__config__tests__limit_upper_bound.snap
[INFO] [stdout] Snapshot: limit_upper_bound
[INFO] [stdout] Source: src/config.rs:272
[INFO] [stdout] ────────────────────────────────────────────────────────────────────────────────
[INFO] [stdout] Expression: builder.build()
[INFO] [stdout] ────────────────────────────────────────────────────────────────────────────────
[INFO] [stdout] +new results
[INFO] [stdout] ────────────┬───────────────────────────────────────────────────────────────────
[INFO] [stdout]           1 │+Ok(
[INFO] [stdout]           2 │+    Config {
[INFO] [stdout]           3 │+        url: "https://api.telegram.org/12345:REDACTED/",
[INFO] [stdout]           4 │+        get_updates_timeout: 50,
[INFO] [stdout]           5 │+        get_updates_limit: 100,
[INFO] [stdout]           6 │+        allowed_updates: [
[INFO] [stdout]           7 │+            "message",
[INFO] [stdout]           8 │+            "edited_message",
[INFO] [stdout]           9 │+            "callback_query",
[INFO] [stdout]          10 │+        ],
[INFO] [stdout]          11 │+    },
[INFO] [stdout]          12 │+)
[INFO] [stdout] ────────────┴───────────────────────────────────────────────────────────────────
[INFO] [stdout] 
[INFO] [stdout] thread 'config::tests::build_cases::case_11' (1573) panicked at src/config.rs:272:9:
[INFO] [stdout] called `Result::unwrap()` on an `Err` value: Os { code: 30, kind: ReadOnlyFilesystem, message: "Read-only file system" }
[INFO] [stdout] stack backtrace:
[INFO] [stdout]    0:     0x6402fad6f7c1 - <<std[617be2ca0a6fd877]::sys::backtrace::BacktraceLock>::print::DisplayBacktrace as core[a373ad73a504971]::fmt::Display>::fmt
[INFO] [stdout]    1:     0x6402fad883ea - core[a373ad73a504971]::fmt::write
[INFO] [stdout]    2:     0x6402fad7474c - <alloc[2e1b2a31b91974c5]::vec::Vec<u8> as core[a373ad73a504971]::io::write::Write>::write_fmt
[INFO] [stdout]    3:     0x6402fad478e6 - std[617be2ca0a6fd877]::panicking::default_hook::{closure#0}
[INFO] [stdout]    4:     0x6402fad662e9 - std[617be2ca0a6fd877]::panicking::default_hook
[INFO] [stdout]    5:     0x6402fa8b2cd0 - test[aada8e7e76ba119b]::test_main_inner::{closure#0}
[INFO] [stdout]    6:     0x6402fad66612 - std[617be2ca0a6fd877]::panicking::panic_with_hook
[INFO] [stdout]    7:     0x6402fad47992 - std[617be2ca0a6fd877]::panicking::panic_handler::{closure#0}
[INFO] [stdout]    8:     0x6402fad400e9 - std[617be2ca0a6fd877]::sys::backtrace::__rust_end_short_backtrace::<std[617be2ca0a6fd877]::panicking::panic_handler::{closure#0}, !>
[INFO] [stdout]    9:     0x6402fad4882d - __rustc[ea4f61d10b84890b]::rust_begin_unwind
[INFO] [stdout]   10:     0x6402fad88b4c - core[a373ad73a504971]::panicking::panic_fmt
[INFO] [stdout]   11:     0x6402fad88922 - core[a373ad73a504971]::result::unwrap_failed
[INFO] [stdout]   12:     0x6402fa899500 - shilling[21c89a997e4b5416]::config::tests::build_cases
[INFO] [stdout]   13:     0x6402fa890bd1 - <shilling[21c89a997e4b5416]::config::tests::build_cases::case_11::{closure#0} as core[a373ad73a504971]::ops::function::FnOnce<()>>::call_once
[INFO] [stdout]   14:     0x6402fa8a611b - test[aada8e7e76ba119b]::__rust_begin_short_backtrace::<core[a373ad73a504971]::result::Result<(), alloc[2e1b2a31b91974c5]::string::String>, fn() -> core[a373ad73a504971]::result::Result<(), alloc[2e1b2a31b91974c5]::string::String>>
[INFO] [stdout]   15:     0x6402fa8b32f5 - test[aada8e7e76ba119b]::run_test::{closure#0}
[INFO] [stdout]   16:     0x6402fa8acbe4 - std[617be2ca0a6fd877]::sys::backtrace::__rust_begin_short_backtrace::<test[aada8e7e76ba119b]::run_test::{closure#1}, ()>
[INFO] [stdout]   17:     0x6402fa8b6382 - <std[617be2ca0a6fd877]::thread::lifecycle::spawn_unchecked<test[aada8e7e76ba119b]::run_test::{closure#1}, ()>::{closure#1} as core[a373ad73a504971]::ops::function::FnOnce<()>>::call_once::{shim:vtable#0}
[INFO] [stdout]   18:     0x6402fad6e41f - <std[617be2ca0a6fd877]::sys::thread::unix::Thread>::new::thread_start
[INFO] [stdout]   19:     0x7c1f0261fdfa - <unknown>
[INFO] [stdout]   20:     0x7c1f026b33d4 - clone
[INFO] [stdout]   21:                0x0 - <unknown>
[INFO] [stdout] 
[INFO] [stdout] ---- config::tests::build_cases::case_01 stdout ----
[INFO] [stdout] ━━━━━━━━━━━━━━━━━━━━━━━━━━━━━━━ Snapshot Summary ━━━━━━━━━━━━━━━━━━━━━━━━━━━━━━━
[INFO] [stdout] Snapshot file: src/snapshots/shilling__config__tests__empty_bot_id.snap
[INFO] [stdout] Snapshot: empty_bot_id
[INFO] [stdout] Source: src/config.rs:272
[INFO] [stdout] ────────────────────────────────────────────────────────────────────────────────
[INFO] [stdout] Expression: builder.build()
[INFO] [stdout] ────────────────────────────────────────────────────────────────────────────────
[INFO] [stdout] +new results
[INFO] [stdout] ────────────┬───────────────────────────────────────────────────────────────────
[INFO] [stdout]           1 │+Err(
[INFO] [stdout]           2 │+    EmptyField(
[INFO] [stdout]           3 │+        "bot_id",
[INFO] [stdout]           4 │+    ),
[INFO] [stdout]           5 │+)
[INFO] [stdout] ────────────┴───────────────────────────────────────────────────────────────────
[INFO] [stdout] 
[INFO] [stdout] thread 'config::tests::build_cases::case_01' (1562) panicked at src/config.rs:272:9:
[INFO] [stdout] called `Result::unwrap()` on an `Err` value: Os { code: 30, kind: ReadOnlyFilesystem, message: "Read-only file system" }
[INFO] [stdout] stack backtrace:
[INFO] [stdout]    0:     0x6402fad6f7c1 - <<std[617be2ca0a6fd877]::sys::backtrace::BacktraceLock>::print::DisplayBacktrace as core[a373ad73a504971]::fmt::Display>::fmt
[INFO] [stdout]    1:     0x6402fad883ea - core[a373ad73a504971]::fmt::write
[INFO] [stdout]    2:     0x6402fad7474c - <alloc[2e1b2a31b91974c5]::vec::Vec<u8> as core[a373ad73a504971]::io::write::Write>::write_fmt
[INFO] [stdout]    3:     0x6402fad478e6 - std[617be2ca0a6fd877]::panicking::default_hook::{closure#0}
[INFO] [stdout]    4:     0x6402fad662e9 - std[617be2ca0a6fd877]::panicking::default_hook
[INFO] [stdout]    5:     0x6402fa8b2cd0 - test[aada8e7e76ba119b]::test_main_inner::{closure#0}
[INFO] [stdout]    6:     0x6402fad66612 - std[617be2ca0a6fd877]::panicking::panic_with_hook
[INFO] [stdout]    7:     0x6402fad47992 - std[617be2ca0a6fd877]::panicking::panic_handler::{closure#0}
[INFO] [stdout]    8:     0x6402fad400e9 - std[617be2ca0a6fd877]::sys::backtrace::__rust_end_short_backtrace::<std[617be2ca0a6fd877]::panicking::panic_handler::{closure#0}, !>
[INFO] [stdout]    9:     0x6402fad4882d - __rustc[ea4f61d10b84890b]::rust_begin_unwind
[INFO] [stdout]   10:     0x6402fad88b4c - core[a373ad73a504971]::panicking::panic_fmt
[INFO] [stdout]   11:     0x6402fad88922 - core[a373ad73a504971]::result::unwrap_failed
[INFO] [stdout]   12:     0x6402fa899500 - shilling[21c89a997e4b5416]::config::tests::build_cases
[INFO] [stdout]   13:     0x6402fa8907e6 - <shilling[21c89a997e4b5416]::config::tests::build_cases::case_01::{closure#0} as core[a373ad73a504971]::ops::function::FnOnce<()>>::call_once
[INFO] [stdout]   14:     0x6402fa8a611b - test[aada8e7e76ba119b]::__rust_begin_short_backtrace::<core[a373ad73a504971]::result::Result<(), alloc[2e1b2a31b91974c5]::string::String>, fn() -> core[a373ad73a504971]::result::Result<(), alloc[2e1b2a31b91974c5]::string::String>>
[INFO] [stdout]   15:     0x6402fa8b32f5 - test[aada8e7e76ba119b]::run_test::{closure#0}
[INFO] [stdout]   16:     0x6402fa8acbe4 - std[617be2ca0a6fd877]::sys::backtrace::__rust_begin_short_backtrace::<test[aada8e7e76ba119b]::run_test::{closure#1}, ()>
[INFO] [stdout]   17:     0x6402fa8b6382 - <std[617be2ca0a6fd877]::thread::lifecycle::spawn_unchecked<test[aada8e7e76ba119b]::run_test::{closure#1}, ()>::{closure#1} as core[a373ad73a504971]::ops::function::FnOnce<()>>::call_once::{shim:vtable#0}
[INFO] [stdout]   18:     0x6402fad6e41f - <std[617be2ca0a6fd877]::sys::thread::unix::Thread>::new::thread_start
[INFO] [stdout]   19:     0x7c1f0261fdfa - <unknown>
[INFO] [stdout]   20:     0x7c1f026b33d4 - clone
[INFO] [stdout]   21:                0x0 - <unknown>
[INFO] [stdout] 
[INFO] [stdout] ---- config::tests::build_cases::case_14 stdout ----
[INFO] [stdout] ━━━━━━━━━━━━━━━━━━━━━━━━━━━━━━━ Snapshot Summary ━━━━━━━━━━━━━━━━━━━━━━━━━━━━━━━
[INFO] [stdout] Snapshot file: src/snapshots/shilling__config__tests__valid_full.snap
[INFO] [stdout] Snapshot: valid_full
[INFO] [stdout] Source: src/config.rs:272
[INFO] [stdout] ────────────────────────────────────────────────────────────────────────────────
[INFO] [stdout] Expression: builder.build()
[INFO] [stdout] ────────────────────────────────────────────────────────────────────────────────
[INFO] [stdout] +new results
[INFO] [stdout] ────────────┬───────────────────────────────────────────────────────────────────
[INFO] [stdout]           1 │+Ok(
[INFO] [stdout]           2 │+    Config {
[INFO] [stdout]           3 │+        url: "https://example.com/12345:REDACTED/",
[INFO] [stdout]           4 │+        get_updates_timeout: 30,
[INFO] [stdout]           5 │+        get_updates_limit: 50,
[INFO] [stdout]           6 │+        allowed_updates: [
[INFO] [stdout]           7 │+            "message",
[INFO] [stdout]           8 │+            "callback_query",
[INFO] [stdout]           9 │+        ],
[INFO] [stdout]          10 │+    },
[INFO] [stdout]          11 │+)
[INFO] [stdout] ────────────┴───────────────────────────────────────────────────────────────────
[INFO] [stdout] 
[INFO] [stdout] thread 'config::tests::build_cases::case_14' (1576) panicked at src/config.rs:272:9:
[INFO] [stdout] called `Result::unwrap()` on an `Err` value: Os { code: 30, kind: ReadOnlyFilesystem, message: "Read-only file system" }
[INFO] [stdout] stack backtrace:
[INFO] [stdout]    0:     0x6402fad6f7c1 - <<std[617be2ca0a6fd877]::sys::backtrace::BacktraceLock>::print::DisplayBacktrace as core[a373ad73a504971]::fmt::Display>::fmt
[INFO] [stdout]    1:     0x6402fad883ea - core[a373ad73a504971]::fmt::write
[INFO] [stdout]    2:     0x6402fad7474c - <alloc[2e1b2a31b91974c5]::vec::Vec<u8> as core[a373ad73a504971]::io::write::Write>::write_fmt
[INFO] [stdout]    3:     0x6402fad478e6 - std[617be2ca0a6fd877]::panicking::default_hook::{closure#0}
[INFO] [stdout]    4:     0x6402fad662e9 - std[617be2ca0a6fd877]::panicking::default_hook
[INFO] [stdout]    5:     0x6402fa8b2cd0 - test[aada8e7e76ba119b]::test_main_inner::{closure#0}
[INFO] [stdout]    6:     0x6402fad66612 - std[617be2ca0a6fd877]::panicking::panic_with_hook
[INFO] [stdout]    7:     0x6402fad47992 - std[617be2ca0a6fd877]::panicking::panic_handler::{closure#0}
[INFO] [stdout]    8:     0x6402fad400e9 - std[617be2ca0a6fd877]::sys::backtrace::__rust_end_short_backtrace::<std[617be2ca0a6fd877]::panicking::panic_handler::{closure#0}, !>
[INFO] [stdout]    9:     0x6402fad4882d - __rustc[ea4f61d10b84890b]::rust_begin_unwind
[INFO] [stdout]   10:     0x6402fad88b4c - core[a373ad73a504971]::panicking::panic_fmt
[INFO] [stdout]   11:     0x6402fad88922 - core[a373ad73a504971]::result::unwrap_failed
[INFO] [stdout]   12:     0x6402fa899500 - shilling[21c89a997e4b5416]::config::tests::build_cases
[INFO] [stdout]   13:     0x6402fa890f71 - <shilling[21c89a997e4b5416]::config::tests::build_cases::case_14::{closure#0} as core[a373ad73a504971]::ops::function::FnOnce<()>>::call_once
[INFO] [stdout]   14:     0x6402fa8a611b - test[aada8e7e76ba119b]::__rust_begin_short_backtrace::<core[a373ad73a504971]::result::Result<(), alloc[2e1b2a31b91974c5]::string::String>, fn() -> core[a373ad73a504971]::result::Result<(), alloc[2e1b2a31b91974c5]::string::String>>
[INFO] [stdout]   15:     0x6402fa8b32f5 - test[aada8e7e76ba119b]::run_test::{closure#0}
[INFO] [stdout]   16:     0x6402fa8acbe4 - std[617be2ca0a6fd877]::sys::backtrace::__rust_begin_short_backtrace::<test[aada8e7e76ba119b]::run_test::{closure#1}, ()>
[INFO] [stdout]   17:     0x6402fa8b6382 - <std[617be2ca0a6fd877]::thread::lifecycle::spawn_unchecked<test[aada8e7e76ba119b]::run_test::{closure#1}, ()>::{closure#1} as core[a373ad73a504971]::ops::function::FnOnce<()>>::call_once::{shim:vtable#0}
[INFO] [stdout]   18:     0x6402fad6e41f - <std[617be2ca0a6fd877]::sys::thread::unix::Thread>::new::thread_start
[INFO] [stdout]   19:     0x7c1f0261fdfa - <unknown>
[INFO] [stdout]   20:     0x7c1f026b33d4 - clone
[INFO] [stdout]   21:                0x0 - <unknown>
[INFO] [stdout] 
[INFO] [stdout] ---- config::tests::build_cases::case_04 stdout ----
[INFO] [stdout] ━━━━━━━━━━━━━━━━━━━━━━━━━━━━━━━ Snapshot Summary ━━━━━━━━━━━━━━━━━━━━━━━━━━━━━━━
[INFO] [stdout] Snapshot file: src/snapshots/shilling__config__tests__timeout_negative.snap
[INFO] [stdout] Snapshot: timeout_negative
[INFO] [stdout] Source: src/config.rs:272
[INFO] [stdout] ────────────────────────────────────────────────────────────────────────────────
[INFO] [stdout] Expression: builder.build()
[INFO] [stdout] ────────────────────────────────────────────────────────────────────────────────
[INFO] [stdout] +new results
[INFO] [stdout] ────────────┬───────────────────────────────────────────────────────────────────
[INFO] [stdout]           1 │+Err(
[INFO] [stdout]           2 │+    InvalidGetUpdatesTimeout(
[INFO] [stdout]           3 │+        -1,
[INFO] [stdout]           4 │+    ),
[INFO] [stdout]           5 │+)
[INFO] [stdout] ────────────┴───────────────────────────────────────────────────────────────────
[INFO] [stdout] 
[INFO] [stdout] thread 'config::tests::build_cases::case_04' (1565) panicked at src/config.rs:272:9:
[INFO] [stdout] called `Result::unwrap()` on an `Err` value: Os { code: 30, kind: ReadOnlyFilesystem, message: "Read-only file system" }
[INFO] [stdout] stack backtrace:
[INFO] [stdout]    0:     0x6402fad6f7c1 - <<std[617be2ca0a6fd877]::sys::backtrace::BacktraceLock>::print::DisplayBacktrace as core[a373ad73a504971]::fmt::Display>::fmt
[INFO] [stdout]    1:     0x6402fad883ea - core[a373ad73a504971]::fmt::write
[INFO] [stdout]    2:     0x6402fad7474c - <alloc[2e1b2a31b91974c5]::vec::Vec<u8> as core[a373ad73a504971]::io::write::Write>::write_fmt
[INFO] [stdout]    3:     0x6402fad478e6 - std[617be2ca0a6fd877]::panicking::default_hook::{closure#0}
[INFO] [stdout]    4:     0x6402fad662e9 - std[617be2ca0a6fd877]::panicking::default_hook
[INFO] [stdout]    5:     0x6402fa8b2cd0 - test[aada8e7e76ba119b]::test_main_inner::{closure#0}
[INFO] [stdout]    6:     0x6402fad66612 - std[617be2ca0a6fd877]::panicking::panic_with_hook
[INFO] [stdout]    7:     0x6402fad47992 - std[617be2ca0a6fd877]::panicking::panic_handler::{closure#0}
[INFO] [stdout]    8:     0x6402fad400e9 - std[617be2ca0a6fd877]::sys::backtrace::__rust_end_short_backtrace::<std[617be2ca0a6fd877]::panicking::panic_handler::{closure#0}, !>
[INFO] [stdout]    9:     0x6402fad4882d - __rustc[ea4f61d10b84890b]::rust_begin_unwind
[INFO] [stdout]   10:     0x6402fad88b4c - core[a373ad73a504971]::panicking::panic_fmt
[INFO] [stdout]   11:     0x6402fad88922 - core[a373ad73a504971]::result::unwrap_failed
[INFO] [stdout]   12:     0x6402fa899500 - shilling[21c89a997e4b5416]::config::tests::build_cases
[INFO] [stdout]   13:     0x6402fa8909de - <shilling[21c89a997e4b5416]::config::tests::build_cases::case_04::{closure#0} as core[a373ad73a504971]::ops::function::FnOnce<()>>::call_once
[INFO] [stdout]   14:     0x6402fa8a611b - test[aada8e7e76ba119b]::__rust_begin_short_backtrace::<core[a373ad73a504971]::result::Result<(), alloc[2e1b2a31b91974c5]::string::String>, fn() -> core[a373ad73a504971]::result::Result<(), alloc[2e1b2a31b91974c5]::string::String>>
[INFO] [stdout]   15:     0x6402fa8b32f5 - test[aada8e7e76ba119b]::run_test::{closure#0}
[INFO] [stdout]   16:     0x6402fa8acbe4 - std[617be2ca0a6fd877]::sys::backtrace::__rust_begin_short_backtrace::<test[aada8e7e76ba119b]::run_test::{closure#1}, ()>
[INFO] [stdout]   17:     0x6402fa8b6382 - <std[617be2ca0a6fd877]::thread::lifecycle::spawn_unchecked<test[aada8e7e76ba119b]::run_test::{closure#1}, ()>::{closure#1} as core[a373ad73a504971]::ops::function::FnOnce<()>>::call_once::{shim:vtable#0}
[INFO] [stdout]   18:     0x6402fad6e41f - <std[617be2ca0a6fd877]::sys::thread::unix::Thread>::new::thread_start
[INFO] [stdout]   19:     0x7c1f0261fdfa - <unknown>
[INFO] [stdout]   20:     0x7c1f026b33d4 - clone
[INFO] [stdout]   21:                0x0 - <unknown>
[INFO] [stdout] 
[INFO] [stdout] ---- config::tests::build_cases::case_10 stdout ----
[INFO] [stdout] ━━━━━━━━━━━━━━━━━━━━━━━━━━━━━━━ Snapshot Summary ━━━━━━━━━━━━━━━━━━━━━━━━━━━━━━━
[INFO] [stdout] Snapshot file: src/snapshots/shilling__config__tests__limit_lower_bound.snap
[INFO] [stdout] Snapshot: limit_lower_bound
[INFO] [stdout] Source: src/config.rs:272
[INFO] [stdout] ────────────────────────────────────────────────────────────────────────────────
[INFO] [stdout] Expression: builder.build()
[INFO] [stdout] ────────────────────────────────────────────────────────────────────────────────
[INFO] [stdout] +new results
[INFO] [stdout] ────────────┬───────────────────────────────────────────────────────────────────
[INFO] [stdout]           1 │+Ok(
[INFO] [stdout]           2 │+    Config {
[INFO] [stdout]           3 │+        url: "https://api.telegram.org/12345:REDACTED/",
[INFO] [stdout]           4 │+        get_updates_timeout: 50,
[INFO] [stdout]           5 │+        get_updates_limit: 1,
[INFO] [stdout]           6 │+        allowed_updates: [
[INFO] [stdout]           7 │+            "message",
[INFO] [stdout]           8 │+            "edited_message",
[INFO] [stdout]           9 │+            "callback_query",
[INFO] [stdout]          10 │+        ],
[INFO] [stdout]          11 │+    },
[INFO] [stdout]          12 │+)
[INFO] [stdout] ────────────┴───────────────────────────────────────────────────────────────────
[INFO] [stdout] 
[INFO] [stdout] thread 'config::tests::build_cases::case_10' (1572) panicked at src/config.rs:272:9:
[INFO] [stdout] called `Result::unwrap()` on an `Err` value: Os { code: 30, kind: ReadOnlyFilesystem, message: "Read-only file system" }
[INFO] [stdout] stack backtrace:
[INFO] [stdout]    0:     0x6402fad6f7c1 - <<std[617be2ca0a6fd877]::sys::backtrace::BacktraceLock>::print::DisplayBacktrace as core[a373ad73a504971]::fmt::Display>::fmt
[INFO] [stdout]    1:     0x6402fad883ea - core[a373ad73a504971]::fmt::write
[INFO] [stdout]    2:     0x6402fad7474c - <alloc[2e1b2a31b91974c5]::vec::Vec<u8> as core[a373ad73a504971]::io::write::Write>::write_fmt
[INFO] [stdout]    3:     0x6402fad478e6 - std[617be2ca0a6fd877]::panicking::default_hook::{closure#0}
[INFO] [stdout]    4:     0x6402fad662e9 - std[617be2ca0a6fd877]::panicking::default_hook
[INFO] [stdout]    5:     0x6402fa8b2cd0 - test[aada8e7e76ba119b]::test_main_inner::{closure#0}
[INFO] [stdout]    6:     0x6402fad66612 - std[617be2ca0a6fd877]::panicking::panic_with_hook
[INFO] [stdout]    7:     0x6402fad47992 - std[617be2ca0a6fd877]::panicking::panic_handler::{closure#0}
[INFO] [stdout]    8:     0x6402fad400e9 - std[617be2ca0a6fd877]::sys::backtrace::__rust_end_short_backtrace::<std[617be2ca0a6fd877]::panicking::panic_handler::{closure#0}, !>
[INFO] [stdout]    9:     0x6402fad4882d - __rustc[ea4f61d10b84890b]::rust_begin_unwind
[INFO] [stdout]   10:     0x6402fad88b4c - core[a373ad73a504971]::panicking::panic_fmt
[INFO] [stdout]   11:     0x6402fad88922 - core[a373ad73a504971]::result::unwrap_failed
[INFO] [stdout]   12:     0x6402fa899500 - shilling[21c89a997e4b5416]::config::tests::build_cases
[INFO] [stdout]   13:     0x6402fa890b81 - <shilling[21c89a997e4b5416]::config::tests::build_cases::case_10::{closure#0} as core[a373ad73a504971]::ops::function::FnOnce<()>>::call_once
[INFO] [stdout]   14:     0x6402fa8a611b - test[aada8e7e76ba119b]::__rust_begin_short_backtrace::<core[a373ad73a504971]::result::Result<(), alloc[2e1b2a31b91974c5]::string::String>, fn() -> core[a373ad73a504971]::result::Result<(), alloc[2e1b2a31b91974c5]::string::String>>
[INFO] [stdout]   15:     0x6402fa8b32f5 - test[aada8e7e76ba119b]::run_test::{closure#0}
[INFO] [stdout]   16:     0x6402fa8acbe4 - std[617be2ca0a6fd877]::sys::backtrace::__rust_begin_short_backtrace::<test[aada8e7e76ba119b]::run_test::{closure#1}, ()>
[INFO] [stdout]   17:     0x6402fa8b6382 - <std[617be2ca0a6fd877]::thread::lifecycle::spawn_unchecked<test[aada8e7e76ba119b]::run_test::{closure#1}, ()>::{closure#1} as core[a373ad73a504971]::ops::function::FnOnce<()>>::call_once::{shim:vtable#0}
[INFO] [stdout]   18:     0x6402fad6e41f - <std[617be2ca0a6fd877]::sys::thread::unix::Thread>::new::thread_start
[INFO] [stdout]   19:     0x7c1f0261fdfa - <unknown>
[INFO] [stdout]   20:     0x7c1f026b33d4 - clone
[INFO] [stdout]   21:                0x0 - <unknown>
[INFO] [stdout] 
[INFO] [stdout] ---- config::tests::build_cases::case_03 stdout ----
[INFO] [stdout] ━━━━━━━━━━━━━━━━━━━━━━━━━━━━━━━ Snapshot Summary ━━━━━━━━━━━━━━━━━━━━━━━━━━━━━━━
[INFO] [stdout] Snapshot file: src/snapshots/shilling__config__tests__valid_defaults.snap
[INFO] [stdout] Snapshot: valid_defaults
[INFO] [stdout] Source: src/config.rs:272
[INFO] [stdout] ────────────────────────────────────────────────────────────────────────────────
[INFO] [stdout] Expression: builder.build()
[INFO] [stdout] ────────────────────────────────────────────────────────────────────────────────
[INFO] [stdout] +new results
[INFO] [stdout] ────────────┬───────────────────────────────────────────────────────────────────
[INFO] [stdout]           1 │+Ok(
[INFO] [stdout]           2 │+    Config {
[INFO] [stdout]           3 │+        url: "https://api.telegram.org/12345:REDACTED/",
[INFO] [stdout]           4 │+        get_updates_timeout: 50,
[INFO] [stdout]           5 │+        get_updates_limit: 100,
[INFO] [stdout]           6 │+        allowed_updates: [
[INFO] [stdout]           7 │+            "message",
[INFO] [stdout]           8 │+            "edited_message",
[INFO] [stdout]           9 │+            "callback_query",
[INFO] [stdout]          10 │+        ],
[INFO] [stdout]          11 │+    },
[INFO] [stdout]          12 │+)
[INFO] [stdout] ────────────┴───────────────────────────────────────────────────────────────────
[INFO] [stdout] 
[INFO] [stdout] thread 'config::tests::build_cases::case_03' (1564) panicked at src/config.rs:272:9:
[INFO] [stdout] called `Result::unwrap()` on an `Err` value: Os { code: 30, kind: ReadOnlyFilesystem, message: "Read-only file system" }
[INFO] [stdout] stack backtrace:
[INFO] [stdout]    0:     0x6402fad6f7c1 - <<std[617be2ca0a6fd877]::sys::backtrace::BacktraceLock>::print::DisplayBacktrace as core[a373ad73a504971]::fmt::Display>::fmt
[INFO] [stdout]    1:     0x6402fad883ea - core[a373ad73a504971]::fmt::write
[INFO] [stdout]    2:     0x6402fad7474c - <alloc[2e1b2a31b91974c5]::vec::Vec<u8> as core[a373ad73a504971]::io::write::Write>::write_fmt
[INFO] [stdout]    3:     0x6402fad478e6 - std[617be2ca0a6fd877]::panicking::default_hook::{closure#0}
[INFO] [stdout]    4:     0x6402fad662e9 - std[617be2ca0a6fd877]::panicking::default_hook
[INFO] [stdout]    5:     0x6402fa8b2cd0 - test[aada8e7e76ba119b]::test_main_inner::{closure#0}
[INFO] [stdout]    6:     0x6402fad66612 - std[617be2ca0a6fd877]::panicking::panic_with_hook
[INFO] [stdout]    7:     0x6402fad47992 - std[617be2ca0a6fd877]::panicking::panic_handler::{closure#0}
[INFO] [stdout]    8:     0x6402fad400e9 - std[617be2ca0a6fd877]::sys::backtrace::__rust_end_short_backtrace::<std[617be2ca0a6fd877]::panicking::panic_handler::{closure#0}, !>
[INFO] [stdout]    9:     0x6402fad4882d - __rustc[ea4f61d10b84890b]::rust_begin_unwind
[INFO] [stdout]   10:     0x6402fad88b4c - core[a373ad73a504971]::panicking::panic_fmt
[INFO] [stdout]   11:     0x6402fad88922 - core[a373ad73a504971]::result::unwrap_failed
[INFO] [stdout]   12:     0x6402fa899500 - shilling[21c89a997e4b5416]::config::tests::build_cases
[INFO] [stdout]   13:     0x6402fa890999 - <shilling[21c89a997e4b5416]::config::tests::build_cases::case_03::{closure#0} as core[a373ad73a504971]::ops::function::FnOnce<()>>::call_once
[INFO] [stdout]   14:     0x6402fa8a611b - test[aada8e7e76ba119b]::__rust_begin_short_backtrace::<core[a373ad73a504971]::result::Result<(), alloc[2e1b2a31b91974c5]::string::String>, fn() -> core[a373ad73a504971]::result::Result<(), alloc[2e1b2a31b91974c5]::string::String>>
[INFO] [stdout]   15:     0x6402fa8b32f5 - test[aada8e7e76ba119b]::run_test::{closure#0}
[INFO] [stdout]   16:     0x6402fa8acbe4 - std[617be2ca0a6fd877]::sys::backtrace::__rust_begin_short_backtrace::<test[aada8e7e76ba119b]::run_test::{closure#1}, ()>
[INFO] [stdout]   17:     0x6402fa8b6382 - <std[617be2ca0a6fd877]::thread::lifecycle::spawn_unchecked<test[aada8e7e76ba119b]::run_test::{closure#1}, ()>::{closure#1} as core[a373ad73a504971]::ops::function::FnOnce<()>>::call_once::{shim:vtable#0}
[INFO] [stdout]   18:     0x6402fad6e41f - <std[617be2ca0a6fd877]::sys::thread::unix::Thread>::new::thread_start
[INFO] [stdout]   19:     0x7c1f0261fdfa - <unknown>
[INFO] [stdout]   20:     0x7c1f026b33d4 - clone
[INFO] [stdout]   21:                0x0 - <unknown>
[INFO] [stdout] 
[INFO] [stdout] ---- config::tests::build_cases::case_06 stdout ----
[INFO] [stdout] ━━━━━━━━━━━━━━━━━━━━━━━━━━━━━━━ Snapshot Summary ━━━━━━━━━━━━━━━━━━━━━━━━━━━━━━━
[INFO] [stdout] Snapshot file: src/snapshots/shilling__config__tests__timeout_lower_bound.snap
[INFO] [stdout] Snapshot: timeout_lower_bound
[INFO] [stdout] Source: src/config.rs:272
[INFO] [stdout] ────────────────────────────────────────────────────────────────────────────────
[INFO] [stdout] Expression: builder.build()
[INFO] [stdout] ────────────────────────────────────────────────────────────────────────────────
[INFO] [stdout] +new results
[INFO] [stdout] ────────────┬───────────────────────────────────────────────────────────────────
[INFO] [stdout]           1 │+Ok(
[INFO] [stdout]           2 │+    Config {
[INFO] [stdout]           3 │+        url: "https://api.telegram.org/12345:REDACTED/",
[INFO] [stdout]           4 │+        get_updates_timeout: 0,
[INFO] [stdout]           5 │+        get_updates_limit: 100,
[INFO] [stdout]           6 │+        allowed_updates: [
[INFO] [stdout]           7 │+            "message",
[INFO] [stdout]           8 │+            "edited_message",
[INFO] [stdout]           9 │+            "callback_query",
[INFO] [stdout]          10 │+        ],
[INFO] [stdout]          11 │+    },
[INFO] [stdout]          12 │+)
[INFO] [stdout] ────────────┴───────────────────────────────────────────────────────────────────
[INFO] [stdout] 
[INFO] [stdout] thread 'config::tests::build_cases::case_06' (1567) panicked at src/config.rs:272:9:
[INFO] [stdout] called `Result::unwrap()` on an `Err` value: Os { code: 30, kind: ReadOnlyFilesystem, message: "Read-only file system" }
[INFO] [stdout] stack backtrace:
[INFO] [stdout]    0:     0x6402fad6f7c1 - <<std[617be2ca0a6fd877]::sys::backtrace::BacktraceLock>::print::DisplayBacktrace as core[a373ad73a504971]::fmt::Display>::fmt
[INFO] [stdout]    1:     0x6402fad883ea - core[a373ad73a504971]::fmt::write
[INFO] [stdout]    2:     0x6402fad7474c - <alloc[2e1b2a31b91974c5]::vec::Vec<u8> as core[a373ad73a504971]::io::write::Write>::write_fmt
[INFO] [stdout]    3:     0x6402fad478e6 - std[617be2ca0a6fd877]::panicking::default_hook::{closure#0}
[INFO] [stdout]    4:     0x6402fad662e9 - std[617be2ca0a6fd877]::panicking::default_hook
[INFO] [stdout]    5:     0x6402fa8b2cd0 - test[aada8e7e76ba119b]::test_main_inner::{closure#0}
[INFO] [stdout]    6:     0x6402fad66612 - std[617be2ca0a6fd877]::panicking::panic_with_hook
[INFO] [stdout]    7:     0x6402fad47992 - std[617be2ca0a6fd877]::panicking::panic_handler::{closure#0}
[INFO] [stdout]    8:     0x6402fad400e9 - std[617be2ca0a6fd877]::sys::backtrace::__rust_end_short_backtrace::<std[617be2ca0a6fd877]::panicking::panic_handler::{closure#0}, !>
[INFO] [stdout]    9:     0x6402fad4882d - __rustc[ea4f61d10b84890b]::rust_begin_unwind
[INFO] [stdout]   10:     0x6402fad88b4c - core[a373ad73a504971]::panicking::panic_fmt
[INFO] [stdout]   11:     0x6402fad88922 - core[a373ad73a504971]::result::unwrap_failed
[INFO] [stdout]   12:     0x6402fa899500 - shilling[21c89a997e4b5416]::config::tests::build_cases
[INFO] [stdout]   13:     0x6402fa890a5e - <shilling[21c89a997e4b5416]::config::tests::build_cases::case_06::{closure#0} as core[a373ad73a504971]::ops::function::FnOnce<()>>::call_once
[INFO] [stdout]   14:     0x6402fa8a611b - test[aada8e7e76ba119b]::__rust_begin_short_backtrace::<core[a373ad73a504971]::result::Result<(), alloc[2e1b2a31b91974c5]::string::String>, fn() -> core[a373ad73a504971]::result::Result<(), alloc[2e1b2a31b91974c5]::string::String>>
[INFO] [stdout]   15:     0x6402fa8b32f5 - test[aada8e7e76ba119b]::run_test::{closure#0}
[INFO] [stdout]   16:     0x6402fa8acbe4 - std[617be2ca0a6fd877]::sys::backtrace::__rust_begin_short_backtrace::<test[aada8e7e76ba119b]::run_test::{closure#1}, ()>
[INFO] [stdout]   17:     0x6402fa8b6382 - <std[617be2ca0a6fd877]::thread::lifecycle::spawn_unchecked<test[aada8e7e76ba119b]::run_test::{closure#1}, ()>::{closure#1} as core[a373ad73a504971]::ops::function::FnOnce<()>>::call_once::{shim:vtable#0}
[INFO] [stdout]   18:     0x6402fad6e41f - <std[617be2ca0a6fd877]::sys::thread::unix::Thread>::new::thread_start
[INFO] [stdout]   19:     0x7c1f0261fdfa - <unknown>
[INFO] [stdout]   20:     0x7c1f026b33d4 - clone
[INFO] [stdout]   21:                0x0 - <unknown>
[INFO] [stdout] 
[INFO] [stdout] ---- config::tests::build_cases::case_07 stdout ----
[INFO] [stdout] ━━━━━━━━━━━━━━━━━━━━━━━━━━━━━━━ Snapshot Summary ━━━━━━━━━━━━━━━━━━━━━━━━━━━━━━━
[INFO] [stdout] Snapshot file: src/snapshots/shilling__config__tests__timeout_upper_bound.snap
[INFO] [stdout] Snapshot: timeout_upper_bound
[INFO] [stdout] Source: src/config.rs:272
[INFO] [stdout] ────────────────────────────────────────────────────────────────────────────────
[INFO] [stdout] Expression: builder.build()
[INFO] [stdout] ────────────────────────────────────────────────────────────────────────────────
[INFO] [stdout] +new results
[INFO] [stdout] ────────────┬───────────────────────────────────────────────────────────────────
[INFO] [stdout]           1 │+Ok(
[INFO] [stdout]           2 │+    Config {
[INFO] [stdout]           3 │+        url: "https://api.telegram.org/12345:REDACTED/",
[INFO] [stdout]           4 │+        get_updates_timeout: 50,
[INFO] [stdout]           5 │+        get_updates_limit: 100,
[INFO] [stdout]           6 │+        allowed_updates: [
[INFO] [stdout]           7 │+            "message",
[INFO] [stdout]           8 │+            "edited_message",
[INFO] [stdout]           9 │+            "callback_query",
[INFO] [stdout]          10 │+        ],
[INFO] [stdout]          11 │+    },
[INFO] [stdout]          12 │+)
[INFO] [stdout] ────────────┴───────────────────────────────────────────────────────────────────
[INFO] [stdout] 
[INFO] [stdout] thread 'config::tests::build_cases::case_07' (1568) panicked at src/config.rs:272:9:
[INFO] [stdout] called `Result::unwrap()` on an `Err` value: Os { code: 30, kind: ReadOnlyFilesystem, message: "Read-only file system" }
[INFO] [stdout] stack backtrace:
[INFO] [stdout]    0:     0x6402fad6f7c1 - <<std[617be2ca0a6fd877]::sys::backtrace::BacktraceLock>::print::DisplayBacktrace as core[a373ad73a504971]::fmt::Display>::fmt
[INFO] [stdout]    1:     0x6402fad883ea - core[a373ad73a504971]::fmt::write
[INFO] [stdout]    2:     0x6402fad7474c - <alloc[2e1b2a31b91974c5]::vec::Vec<u8> as core[a373ad73a504971]::io::write::Write>::write_fmt
[INFO] [stdout]    3:     0x6402fad478e6 - std[617be2ca0a6fd877]::panicking::default_hook::{closure#0}
[INFO] [stdout]    4:     0x6402fad662e9 - std[617be2ca0a6fd877]::panicking::default_hook
[INFO] [stdout]    5:     0x6402fa8b2cd0 - test[aada8e7e76ba119b]::test_main_inner::{closure#0}
[INFO] [stdout]    6:     0x6402fad66612 - std[617be2ca0a6fd877]::panicking::panic_with_hook
[INFO] [stdout]    7:     0x6402fad47992 - std[617be2ca0a6fd877]::panicking::panic_handler::{closure#0}
[INFO] [stdout]    8:     0x6402fad400e9 - std[617be2ca0a6fd877]::sys::backtrace::__rust_end_short_backtrace::<std[617be2ca0a6fd877]::panicking::panic_handler::{closure#0}, !>
[INFO] [stdout]    9:     0x6402fad4882d - __rustc[ea4f61d10b84890b]::rust_begin_unwind
[INFO] [stdout]   10:     0x6402fad88b4c - core[a373ad73a504971]::panicking::panic_fmt
[INFO] [stdout]   11:     0x6402fad88922 - core[a373ad73a504971]::result::unwrap_failed
[INFO] [stdout]   12:     0x6402fa899500 - shilling[21c89a997e4b5416]::config::tests::build_cases
[INFO] [stdout]   13:     0x6402fa890a9e - <shilling[21c89a997e4b5416]::config::tests::build_cases::case_07::{closure#0} as core[a373ad73a504971]::ops::function::FnOnce<()>>::call_once
[INFO] [stdout]   14:     0x6402fa8a611b - test[aada8e7e76ba119b]::__rust_begin_short_backtrace::<core[a373ad73a504971]::result::Result<(), alloc[2e1b2a31b91974c5]::string::String>, fn() -> core[a373ad73a504971]::result::Result<(), alloc[2e1b2a31b91974c5]::string::String>>
[INFO] [stdout]   15:     0x6402fa8b32f5 - test[aada8e7e76ba119b]::run_test::{closure#0}
[INFO] [stdout]   16:     0x6402fa8acbe4 - std[617be2ca0a6fd877]::sys::backtrace::__rust_begin_short_backtrace::<test[aada8e7e76ba119b]::run_test::{closure#1}, ()>
[INFO] [stdout]   17:     0x6402fa8b6382 - <std[617be2ca0a6fd877]::thread::lifecycle::spawn_unchecked<test[aada8e7e76ba119b]::run_test::{closure#1}, ()>::{closure#1} as core[a373ad73a504971]::ops::function::FnOnce<()>>::call_once::{shim:vtable#0}
[INFO] [stdout]   18:     0x6402fad6e41f - <std[617be2ca0a6fd877]::sys::thread::unix::Thread>::new::thread_start
[INFO] [stdout]   19:     0x7c1f0261fdfa - <unknown>
[INFO] [stdout]   20:     0x7c1f026b33d4 - clone
[INFO] [stdout]   21:                0x0 - <unknown>
[INFO] [stdout] 
[INFO] [stdout] ---- config::tests::build_cases::case_12 stdout ----
[INFO] [stdout] ━━━━━━━━━━━━━━━━━━━━━━━━━━━━━━━ Snapshot Summary ━━━━━━━━━━━━━━━━━━━━━━━━━━━━━━━
[INFO] [stdout] Snapshot file: src/snapshots/shilling__config__tests__empty_allowed_updates.snap
[INFO] [stdout] Snapshot: empty_allowed_updates
[INFO] [stdout] Source: src/config.rs:272
[INFO] [stdout] ────────────────────────────────────────────────────────────────────────────────
[INFO] [stdout] Expression: builder.build()
[INFO] [stdout] ────────────────────────────────────────────────────────────────────────────────
[INFO] [stdout] +new results
[INFO] [stdout] ────────────┬───────────────────────────────────────────────────────────────────
[INFO] [stdout]           1 │+Err(
[INFO] [stdout]           2 │+    InvalidAllowedUpdates,
[INFO] [stdout]           3 │+)
[INFO] [stdout] ────────────┴───────────────────────────────────────────────────────────────────
[INFO] [stdout] 
[INFO] [stdout] thread 'config::tests::build_cases::case_12' (1574) panicked at src/config.rs:272:9:
[INFO] [stdout] called `Result::unwrap()` on an `Err` value: Os { code: 30, kind: ReadOnlyFilesystem, message: "Read-only file system" }
[INFO] [stdout] stack backtrace:
[INFO] [stdout]    0:     0x6402fad6f7c1 - <<std[617be2ca0a6fd877]::sys::backtrace::BacktraceLock>::print::DisplayBacktrace as core[a373ad73a504971]::fmt::Display>::fmt
[INFO] [stdout]    1:     0x6402fad883ea - core[a373ad73a504971]::fmt::write
[INFO] [stdout]    2:     0x6402fad7474c - <alloc[2e1b2a31b91974c5]::vec::Vec<u8> as core[a373ad73a504971]::io::write::Write>::write_fmt
[INFO] [stdout]    3:     0x6402fad478e6 - std[617be2ca0a6fd877]::panicking::default_hook::{closure#0}
[INFO] [stdout]    4:     0x6402fad662e9 - std[617be2ca0a6fd877]::panicking::default_hook
[INFO] [stdout]    5:     0x6402fa8b2cd0 - test[aada8e7e76ba119b]::test_main_inner::{closure#0}
[INFO] [stdout]    6:     0x6402fad66612 - std[617be2ca0a6fd877]::panicking::panic_with_hook
[INFO] [stdout]    7:     0x6402fad47992 - std[617be2ca0a6fd877]::panicking::panic_handler::{closure#0}
[INFO] [stdout]    8:     0x6402fad400e9 - std[617be2ca0a6fd877]::sys::backtrace::__rust_end_short_backtrace::<std[617be2ca0a6fd877]::panicking::panic_handler::{closure#0}, !>
[INFO] [stdout]    9:     0x6402fad4882d - __rustc[ea4f61d10b84890b]::rust_begin_unwind
[INFO] [stdout]   10:     0x6402fad88b4c - core[a373ad73a504971]::panicking::panic_fmt
[INFO] [stdout]   11:     0x6402fad88922 - core[a373ad73a504971]::result::unwrap_failed
[INFO] [stdout]   12:     0x6402fa899500 - shilling[21c89a997e4b5416]::config::tests::build_cases
[INFO] [stdout]   13:     0x6402fa890ca2 - <shilling[21c89a997e4b5416]::config::tests::build_cases::case_12::{closure#0} as core[a373ad73a504971]::ops::function::FnOnce<()>>::call_once
[INFO] [stdout]   14:     0x6402fa8a611b - test[aada8e7e76ba119b]::__rust_begin_short_backtrace::<core[a373ad73a504971]::result::Result<(), alloc[2e1b2a31b91974c5]::string::String>, fn() -> core[a373ad73a504971]::result::Result<(), alloc[2e1b2a31b91974c5]::string::String>>
[INFO] [stdout]   15:     0x6402fa8b32f5 - test[aada8e7e76ba119b]::run_test::{closure#0}
[INFO] [stdout]   16:     0x6402fa8acbe4 - std[617be2ca0a6fd877]::sys::backtrace::__rust_begin_short_backtrace::<test[aada8e7e76ba119b]::run_test::{closure#1}, ()>
[INFO] [stdout]   17:     0x6402fa8b6382 - <std[617be2ca0a6fd877]::thread::lifecycle::spawn_unchecked<test[aada8e7e76ba119b]::run_test::{closure#1}, ()>::{closure#1} as core[a373ad73a504971]::ops::function::FnOnce<()>>::call_once::{shim:vtable#0}
[INFO] [stdout]   18:     0x6402fad6e41f - <std[617be2ca0a6fd877]::sys::thread::unix::Thread>::new::thread_start
[INFO] [stdout]   19:     0x7c1f0261fdfa - <unknown>
[INFO] [stdout]   20:     0x7c1f026b33d4 - clone
[INFO] [stdout]   21:                0x0 - <unknown>
[INFO] [stdout] 
[INFO] [stdout] 
[INFO] [stdout] failures:
[INFO] [stdout]     config::tests::build_cases::case_01
[INFO] [stdout]     config::tests::build_cases::case_02
[INFO] [stdout]     config::tests::build_cases::case_03
[INFO] [stdout]     config::tests::build_cases::case_04
[INFO] [stdout]     config::tests::build_cases::case_05
[INFO] [stdout]     config::tests::build_cases::case_06
[INFO] [stdout]     config::tests::build_cases::case_07
[INFO] [stdout]     config::tests::build_cases::case_08
[INFO] [stdout]     config::tests::build_cases::case_09
[INFO] [stdout]     config::tests::build_cases::case_10
[INFO] [stdout]     config::tests::build_cases::case_11
[INFO] [stdout]     config::tests::build_cases::case_12
[INFO] [stdout]     config::tests::build_cases::case_13
[INFO] [stdout]     config::tests::build_cases::case_14
[INFO] [stdout] 
[INFO] [stdout] test result: FAILED. 48 passed; 14 failed; 0 ignored; 0 measured; 0 filtered out; finished in 1.35s
[INFO] [stdout] 
[INFO] running `Command { std: "docker" "inspect" "e5c28af6b1099fd621d7547d45877665c0ac357122dc0427828c5d96c5a375c7", kill_on_drop: false }`
[INFO] running `Command { std: "docker" "rm" "-f" "e5c28af6b1099fd621d7547d45877665c0ac357122dc0427828c5d96c5a375c7", kill_on_drop: false }`
[INFO] [stdout] e5c28af6b1099fd621d7547d45877665c0ac357122dc0427828c5d96c5a375c7
