[INFO] fetching crate shield-maker 0.1.0...
[INFO] testing shield-maker-0.1.0 against 1.100.0-beta.1+cargoflags=--release for beta-release-1.100-2
[INFO] extracting crate shield-maker 0.1.0 into /workspace/builds/worker-5-tc2/source
[INFO] started tweaking crates.io crate shield-maker 0.1.0
[INFO] finished tweaking crates.io crate shield-maker 0.1.0
[INFO] tweaked toml for crates.io crate shield-maker 0.1.0 written to /workspace/builds/worker-5-tc2/source/Cargo.toml
[INFO] validating manifest of crates.io crate shield-maker 0.1.0 on toolchain 1.100.0-beta.1
[INFO] running `Command { std: CARGO_HOME="/workspace/cargo-home" RUSTUP_HOME="/workspace/rustup-home" "/workspace/cargo-home/bin/cargo" "+1.100.0-beta.1" "metadata" "--manifest-path" "Cargo.toml" "--no-deps", kill_on_drop: false }`
[INFO] running `Command { std: CARGO_HOME="/workspace/cargo-home" RUSTUP_HOME="/workspace/rustup-home" "/workspace/cargo-home/bin/cargo" "+1.100.0-beta.1" "generate-lockfile" "--manifest-path" "Cargo.toml", kill_on_drop: false }`
[INFO] [stderr]     Updating crates.io index
[INFO] [stderr]      Locking 6 packages to highest compatible versions
[INFO] running `Command { std: CARGO_HOME="/workspace/cargo-home" RUSTUP_HOME="/workspace/rustup-home" "/workspace/cargo-home/bin/cargo" "+1.100.0-beta.1" "fetch" "--manifest-path" "Cargo.toml", kill_on_drop: false }`
[INFO] running `Command { std: "docker" "create" "-v" "/var/lib/crater-agent-workspace/builds/worker-5-tc2/source:/opt/rustwide/workdir:ro,Z" "-v" "/var/lib/crater-agent-workspace/builds/worker-5-tc2/target:/opt/rustwide/target:rw,Z" "-v" "/var/lib/crater-agent-workspace/cargo-home:/opt/rustwide/cargo-home:ro,Z" "-v" "/var/lib/crater-agent-workspace/rustup-home:/opt/rustwide/rustup-home:ro,Z" "-m" "1610612736" "--network" "none" "ghcr.io/rust-lang/crates-build-env/linux@sha256:77db811e55d90add9212f6832c23229e3de5f1c1f9905e8cb07319ea15df73ac" "sleep" "infinity", kill_on_drop: false }`
[INFO] [stdout] 0b3ca1d1074c773fbaf14b7caf8da3a3f66286f091518f6a6e8aa4c855ae0353
[INFO] running `Command { std: "docker" "start" "0b3ca1d1074c773fbaf14b7caf8da3a3f66286f091518f6a6e8aa4c855ae0353", kill_on_drop: false }`
[INFO] running `Command { std: "docker" "inspect" "0b3ca1d1074c773fbaf14b7caf8da3a3f66286f091518f6a6e8aa4c855ae0353", kill_on_drop: false }`
[INFO] running `Command { std: "docker" "exec" "-e" "SOURCE_DIR=/opt/rustwide/workdir" "-e" "CARGO_HOME=/opt/rustwide/cargo-home" "-e" "RUSTUP_HOME=/opt/rustwide/rustup-home" "-e" "CARGO_TARGET_DIR=/opt/rustwide/target" "-w" "/opt/rustwide/workdir" "--user" "0:0" "0b3ca1d1074c773fbaf14b7caf8da3a3f66286f091518f6a6e8aa4c855ae0353" "/opt/rustwide/cargo-home/bin/cargo" "+1.100.0-beta.1" "metadata" "--no-deps" "--format-version=1", kill_on_drop: false }`
[INFO] running `Command { std: "docker" "inspect" "0b3ca1d1074c773fbaf14b7caf8da3a3f66286f091518f6a6e8aa4c855ae0353", kill_on_drop: false }`
[INFO] running `Command { std: "docker" "exec" "-e" "SOURCE_DIR=/opt/rustwide/workdir" "-e" "CARGO_HOME=/opt/rustwide/cargo-home" "-e" "RUSTUP_HOME=/opt/rustwide/rustup-home" "-e" "CARGO_TARGET_DIR=/opt/rustwide/target" "-e" "CARGO_INCREMENTAL=0" "-e" "RUST_BACKTRACE=full" "-e" "RUSTFLAGS=--cap-lints=warn" "-e" "RUSTDOCFLAGS=--cap-lints=warn" "-w" "/opt/rustwide/workdir" "--user" "0:0" "0b3ca1d1074c773fbaf14b7caf8da3a3f66286f091518f6a6e8aa4c855ae0353" "/opt/rustwide/cargo-home/bin/cargo" "+1.100.0-beta.1" "build" "--frozen" "--message-format=json" "--release", kill_on_drop: false }`
[INFO] [stderr]    Compiling lazy_static v0.1.16
[INFO] [stderr]    Compiling css-color-parser v0.1.2
[INFO] [stderr]    Compiling shield-maker v0.1.0 (/opt/rustwide/workdir)
[INFO] [stdout] warning: variant `Raw` is never constructed
[INFO] [stdout]  --> src/xml.rs:5:5
[INFO] [stdout]   |
[INFO] [stdout] 3 | pub(crate) enum Element {
[INFO] [stdout]   |                 ------- variant in this enum
[INFO] [stdout] 4 |     Text(String),
[INFO] [stdout] 5 |     Raw(String),
[INFO] [stdout]   |     ^^^
[INFO] [stdout]   |
[INFO] [stdout]   = note: `#[warn(dead_code)]` (part of `#[warn(unused)]`) on by default
[INFO] [stdout] 
[INFO] [stdout] 
[INFO] [stdout] warning: method `push_raw` is never used
[INFO] [stdout]   --> src/xml.rs:69:8
[INFO] [stdout]    |
[INFO] [stdout] 62 | pub(crate) trait Pusher {
[INFO] [stdout]    |                  ------ method in this trait
[INFO] [stdout] ...
[INFO] [stdout] 69 |     fn push_raw(&mut self, content: &str) {
[INFO] [stdout]    |        ^^^^^^^^
[INFO] [stdout] 
[INFO] [stdout] 
[INFO] [stderr]     Finished `release` profile [optimized] target(s) in 1.03s
[INFO] running `Command { std: "docker" "inspect" "0b3ca1d1074c773fbaf14b7caf8da3a3f66286f091518f6a6e8aa4c855ae0353", kill_on_drop: false }`
[INFO] running `Command { std: "docker" "exec" "-e" "SOURCE_DIR=/opt/rustwide/workdir" "-e" "CARGO_HOME=/opt/rustwide/cargo-home" "-e" "RUSTUP_HOME=/opt/rustwide/rustup-home" "-e" "CARGO_TARGET_DIR=/opt/rustwide/target" "-e" "CARGO_INCREMENTAL=0" "-e" "RUST_BACKTRACE=full" "-e" "RUSTFLAGS=--cap-lints=warn" "-e" "RUSTDOCFLAGS=--cap-lints=warn" "-w" "/opt/rustwide/workdir" "--user" "0:0" "0b3ca1d1074c773fbaf14b7caf8da3a3f66286f091518f6a6e8aa4c855ae0353" "/opt/rustwide/cargo-home/bin/cargo" "+1.100.0-beta.1" "test" "--frozen" "--no-run" "--message-format=json" "--release", kill_on_drop: false }`
[INFO] [stderr]    Compiling shield-maker v0.1.0 (/opt/rustwide/workdir)
[INFO] [stdout] warning: variant `Raw` is never constructed
[INFO] [stdout]  --> src/xml.rs:5:5
[INFO] [stdout]   |
[INFO] [stdout] 3 | pub(crate) enum Element {
[INFO] [stdout]   |                 ------- variant in this enum
[INFO] [stdout] 4 |     Text(String),
[INFO] [stdout] 5 |     Raw(String),
[INFO] [stdout]   |     ^^^
[INFO] [stdout]   |
[INFO] [stdout]   = note: `#[warn(dead_code)]` (part of `#[warn(unused)]`) on by default
[INFO] [stdout] 
[INFO] [stdout] 
[INFO] [stdout] warning: method `push_raw` is never used
[INFO] [stdout]   --> src/xml.rs:69:8
[INFO] [stdout]    |
[INFO] [stdout] 62 | pub(crate) trait Pusher {
[INFO] [stdout]    |                  ------ method in this trait
[INFO] [stdout] ...
[INFO] [stdout] 69 |     fn push_raw(&mut self, content: &str) {
[INFO] [stdout]    |        ^^^^^^^^
[INFO] [stdout] 
[INFO] [stdout] 
[INFO] [stderr]     Finished `release` profile [optimized] target(s) in 0.85s
[INFO] running `Command { std: "docker" "inspect" "0b3ca1d1074c773fbaf14b7caf8da3a3f66286f091518f6a6e8aa4c855ae0353", kill_on_drop: false }`
[INFO] running `Command { std: "docker" "exec" "-e" "SOURCE_DIR=/opt/rustwide/workdir" "-e" "CARGO_HOME=/opt/rustwide/cargo-home" "-e" "RUSTUP_HOME=/opt/rustwide/rustup-home" "-e" "CARGO_TARGET_DIR=/opt/rustwide/target" "-e" "CARGO_INCREMENTAL=0" "-e" "RUST_BACKTRACE=full" "-e" "RUSTFLAGS=--cap-lints=warn" "-e" "RUSTDOCFLAGS=--cap-lints=warn" "-w" "/opt/rustwide/workdir" "--user" "0:0" "0b3ca1d1074c773fbaf14b7caf8da3a3f66286f091518f6a6e8aa4c855ae0353" "/opt/rustwide/cargo-home/bin/cargo" "+1.100.0-beta.1" "test" "--frozen" "--release", kill_on_drop: false }`
[INFO] [stderr] warning: variant `Raw` is never constructed
[INFO] [stderr]  --> src/xml.rs:5:5
[INFO] [stderr]   |
[INFO] [stderr] 3 | pub(crate) enum Element {
[INFO] [stderr]   |                 ------- variant in this enum
[INFO] [stderr] 4 |     Text(String),
[INFO] [stderr] 5 |     Raw(String),
[INFO] [stderr]   |     ^^^
[INFO] [stderr]   |
[INFO] [stderr]   = note: `#[warn(dead_code)]` (part of `#[warn(unused)]`) on by default
[INFO] [stderr] 
[INFO] [stderr] warning: method `push_raw` is never used
[INFO] [stderr]   --> src/xml.rs:69:8
[INFO] [stderr]    |
[INFO] [stderr] 62 | pub(crate) trait Pusher {
[INFO] [stderr]    |                  ------ method in this trait
[INFO] [stderr] ...
[INFO] [stderr] 69 |     fn push_raw(&mut self, content: &str) {
[INFO] [stderr]    |        ^^^^^^^^
[INFO] [stderr] 
[INFO] [stderr] warning: `shield-maker` (lib) generated 2 warnings
[INFO] [stderr]     Finished `release` profile [optimized] target(s) in 0.04s
[INFO] [stderr]      Running unittests src/lib.rs (/opt/rustwide/target/release/build/shield-maker/73810d54141d5ce3/out/shield_maker-73810d54141d5ce3)
[INFO] [stdout] 
[INFO] [stdout] running 7 tests
[INFO] [stdout] test color::tests::returns_none_when_named_color_is_unknown ... ok
[INFO] [stdout] test color::tests::finds_color_by_alias ... ok
[INFO] [stdout] test color::tests::test_brightness ... ok
[INFO] [stdout] test xml::tests::writes_nested_elements ... ok
[INFO] [stdout] test xml::tests::writes_simple_element ... ok
[INFO] [stdout] test color::tests::returns_a_found_color ... ok
[INFO] [stdout] test color::tests::returns_none_when_alias_is_incorrect ... ok
[INFO] [stdout] 
[INFO] [stdout] test result: ok. 7 passed; 0 failed; 0 ignored; 0 measured; 0 filtered out; finished in 0.01s
[INFO] [stdout] 
[INFO] [stderr]      Running tests/tests.rs (/opt/rustwide/target/release/build/shield-maker/e6b734fbaa89ba90/out/tests-e6b734fbaa89ba90)
[INFO] [stdout] 
[INFO] [stdout] running 3 tests
[INFO] [stdout] test test::test_flat_badge ... FAILED
[INFO] [stdout] test test::test_plastic_badge ... FAILED
[INFO] [stdout] test test::test_flat_square_badge ... FAILED
[INFO] [stdout] 
[INFO] [stdout] failures:
[INFO] [stdout] 
[INFO] [stdout] ---- test::test_flat_badge stdout ----
[INFO] [stdout] 
[INFO] [stdout] thread 'test::test_flat_badge' (205) panicked at tests/tests.rs:15:35:
[INFO] [stdout] Could not read DejaVuSans.ttf at /opt/rustwide/workdir/tests/resources/DejaVuSans.ttf: No such file or directory (os error 2)
[INFO] [stdout] stack backtrace:
[INFO] [stdout]    0:     0x5f1178d24d51 - <<std[617be2ca0a6fd877]::sys::backtrace::BacktraceLock>::print::DisplayBacktrace as core[a373ad73a504971]::fmt::Display>::fmt
[INFO] [stdout]    1:     0x5f1178d39cca - core[a373ad73a504971]::fmt::write
[INFO] [stdout]    2:     0x5f1178d28f8c - <alloc[2e1b2a31b91974c5]::vec::Vec<u8> as core[a373ad73a504971]::io::write::Write>::write_fmt
[INFO] [stdout]    3:     0x5f1178d00ea6 - std[617be2ca0a6fd877]::panicking::default_hook::{closure#0}
[INFO] [stdout]    4:     0x5f1178d1d0d9 - std[617be2ca0a6fd877]::panicking::default_hook
[INFO] [stdout]    5:     0x5f1178c939f0 - test[aada8e7e76ba119b]::test_main_inner::{closure#0}
[INFO] [stdout]    6:     0x5f1178d1d292 - std[617be2ca0a6fd877]::panicking::panic_with_hook
[INFO] [stdout]    7:     0x5f1178d00f52 - std[617be2ca0a6fd877]::panicking::panic_handler::{closure#0}
[INFO] [stdout]    8:     0x5f1178cf9ad9 - std[617be2ca0a6fd877]::sys::backtrace::__rust_end_short_backtrace::<std[617be2ca0a6fd877]::panicking::panic_handler::{closure#0}, !>
[INFO] [stdout]    9:     0x5f1178d01b5d - __rustc[ea4f61d10b84890b]::rust_begin_unwind
[INFO] [stdout]   10:     0x5f1178d3a3fc - core[a373ad73a504971]::panicking::panic_fmt
[INFO] [stdout]   11:     0x5f1178c84bba - tests[cffe3e0b8afe69ec]::test::get_resource::{closure#0}
[INFO] [stdout]   12:     0x5f1178c84ddc - tests[cffe3e0b8afe69ec]::test::get_resource
[INFO] [stdout]   13:     0x5f1178c84e34 - tests[cffe3e0b8afe69ec]::test::get_font
[INFO] [stdout]   14:     0x5f1178c86784 - <tests[cffe3e0b8afe69ec]::test::test_flat_badge::{closure#0} as core[a373ad73a504971]::ops::function::FnOnce<()>>::call_once
[INFO] [stdout]   15:     0x5f1178c86e3b - test[aada8e7e76ba119b]::__rust_begin_short_backtrace::<core[a373ad73a504971]::result::Result<(), alloc[2e1b2a31b91974c5]::string::String>, fn() -> core[a373ad73a504971]::result::Result<(), alloc[2e1b2a31b91974c5]::string::String>>
[INFO] [stdout]   16:     0x5f1178c94015 - test[aada8e7e76ba119b]::run_test::{closure#0}
[INFO] [stdout]   17:     0x5f1178c8d904 - std[617be2ca0a6fd877]::sys::backtrace::__rust_begin_short_backtrace::<test[aada8e7e76ba119b]::run_test::{closure#1}, ()>
[INFO] [stdout]   18:     0x5f1178c970a2 - <std[617be2ca0a6fd877]::thread::lifecycle::spawn_unchecked<test[aada8e7e76ba119b]::run_test::{closure#1}, ()>::{closure#1} as core[a373ad73a504971]::ops::function::FnOnce<()>>::call_once::{shim:vtable#0}
[INFO] [stdout]   19:     0x5f1178d2429f - <std[617be2ca0a6fd877]::sys::thread::unix::Thread>::new::thread_start
[INFO] [stdout]   20:     0x71dd034b9dfa - <unknown>
[INFO] [stdout]   21:     0x71dd0354d3d4 - clone
[INFO] [stdout]   22:                0x0 - <unknown>
[INFO] [stdout] 
[INFO] [stdout] ---- test::test_plastic_badge stdout ----
[INFO] [stdout] 
[INFO] [stdout] thread 'test::test_plastic_badge' (207) panicked at tests/tests.rs:15:35:
[INFO] [stdout] Could not read DejaVuSans.ttf at /opt/rustwide/workdir/tests/resources/DejaVuSans.ttf: No such file or directory (os error 2)
[INFO] [stdout] stack backtrace:
[INFO] [stdout]    0:     0x5f1178d24d51 - <<std[617be2ca0a6fd877]::sys::backtrace::BacktraceLock>::print::DisplayBacktrace as core[a373ad73a504971]::fmt::Display>::fmt
[INFO] [stdout]    1:     0x5f1178d39cca - core[a373ad73a504971]::fmt::write
[INFO] [stdout]    2:     0x5f1178d28f8c - <alloc[2e1b2a31b91974c5]::vec::Vec<u8> as core[a373ad73a504971]::io::write::Write>::write_fmt
[INFO] [stdout]    3:     0x5f1178d00ea6 - std[617be2ca0a6fd877]::panicking::default_hook::{closure#0}
[INFO] [stdout]    4:     0x5f1178d1d0d9 - std[617be2ca0a6fd877]::panicking::default_hook
[INFO] [stdout]    5:     0x5f1178c939f0 - test[aada8e7e76ba119b]::test_main_inner::{closure#0}
[INFO] [stdout]    6:     0x5f1178d1d292 - std[617be2ca0a6fd877]::panicking::panic_with_hook
[INFO] [stdout]    7:     0x5f1178d00f52 - std[617be2ca0a6fd877]::panicking::panic_handler::{closure#0}
[INFO] [stdout]    8:     0x5f1178cf9ad9 - std[617be2ca0a6fd877]::sys::backtrace::__rust_end_short_backtrace::<std[617be2ca0a6fd877]::panicking::panic_handler::{closure#0}, !>
[INFO] [stdout]    9:     0x5f1178d01b5d - __rustc[ea4f61d10b84890b]::rust_begin_unwind
[INFO] [stdout]   10:     0x5f1178d3a3fc - core[a373ad73a504971]::panicking::panic_fmt
[INFO] [stdout]   11:     0x5f1178c84bba - tests[cffe3e0b8afe69ec]::test::get_resource::{closure#0}
[INFO] [stdout]   12:     0x5f1178c84ddc - tests[cffe3e0b8afe69ec]::test::get_resource
[INFO] [stdout]   13:     0x5f1178c84e34 - tests[cffe3e0b8afe69ec]::test::get_font
[INFO] [stdout]   14:     0x5f1178c86954 - <tests[cffe3e0b8afe69ec]::test::test_plastic_badge::{closure#0} as core[a373ad73a504971]::ops::function::FnOnce<()>>::call_once
[INFO] [stdout]   15:     0x5f1178c86e3b - test[aada8e7e76ba119b]::__rust_begin_short_backtrace::<core[a373ad73a504971]::result::Result<(), alloc[2e1b2a31b91974c5]::string::String>, fn() -> core[a373ad73a504971]::result::Result<(), alloc[2e1b2a31b91974c5]::string::String>>
[INFO] [stdout]   16:     0x5f1178c94015 - test[aada8e7e76ba119b]::run_test::{closure#0}
[INFO] [stdout]   17:     0x5f1178c8d904 - std[617be2ca0a6fd877]::sys::backtrace::__rust_begin_short_backtrace::<test[aada8e7e76ba119b]::run_test::{closure#1}, ()>
[INFO] [stdout]   18:     0x5f1178c970a2 - <std[617be2ca0a6fd877]::thread::lifecycle::spawn_unchecked<test[aada8e7e76ba119b]::run_test::{closure#1}, ()>::{closure#1} as core[a373ad73a504971]::ops::function::FnOnce<()>>::call_once::{shim:vtable#0}
[INFO] [stdout]   19:     0x5f1178d2429f - <std[617be2ca0a6fd877]::sys::thread::unix::Thread>::new::thread_start
[INFO] [stdout]   20:     0x71dd034b9dfa - <unknown>
[INFO] [stdout]   21:     0x71dd0354d3d4 - clone
[INFO] [stdout]   22:                0x0 - <unknown>
[INFO] [stdout] 
[INFO] [stdout] ---- test::test_flat_square_badge stdout ----
[INFO] [stdout] 
[INFO] [stdout] thread 'test::test_flat_square_badge' (206) panicked at tests/tests.rs:15:35:
[INFO] [stdout] Could not read DejaVuSans.ttf at /opt/rustwide/workdir/tests/resources/DejaVuSans.ttf: No such file or directory (os error 2)
[INFO] [stdout] stack backtrace:
[INFO] [stdout]    0:     0x5f1178d24d51 - <<std[617be2ca0a6fd877]::sys::backtrace::BacktraceLock>::print::DisplayBacktrace as core[a373ad73a504971]::fmt::Display>::fmt
[INFO] [stdout]    1:     0x5f1178d39cca - core[a373ad73a504971]::fmt::write
[INFO] [stdout]    2:     0x5f1178d28f8c - <alloc[2e1b2a31b91974c5]::vec::Vec<u8> as core[a373ad73a504971]::io::write::Write>::write_fmt
[INFO] [stdout]    3:     0x5f1178d00ea6 - std[617be2ca0a6fd877]::panicking::default_hook::{closure#0}
[INFO] [stdout]    4:     0x5f1178d1d0d9 - std[617be2ca0a6fd877]::panicking::default_hook
[INFO] [stdout]    5:     0x5f1178c939f0 - test[aada8e7e76ba119b]::test_main_inner::{closure#0}
[INFO] [stdout]    6:     0x5f1178d1d292 - std[617be2ca0a6fd877]::panicking::panic_with_hook
[INFO] [stdout]    7:     0x5f1178d00f52 - std[617be2ca0a6fd877]::panicking::panic_handler::{closure#0}
[INFO] [stdout]    8:     0x5f1178cf9ad9 - std[617be2ca0a6fd877]::sys::backtrace::__rust_end_short_backtrace::<std[617be2ca0a6fd877]::panicking::panic_handler::{closure#0}, !>
[INFO] [stdout]    9:     0x5f1178d01b5d - __rustc[ea4f61d10b84890b]::rust_begin_unwind
[INFO] [stdout]   10:     0x5f1178d3a3fc - core[a373ad73a504971]::panicking::panic_fmt
[INFO] [stdout]   11:     0x5f1178c84bba - tests[cffe3e0b8afe69ec]::test::get_resource::{closure#0}
[INFO] [stdout]   12:     0x5f1178c84ddc - tests[cffe3e0b8afe69ec]::test::get_resource
[INFO] [stdout]   13:     0x5f1178c84e34 - tests[cffe3e0b8afe69ec]::test::get_font
[INFO] [stdout]   14:     0x5f1178c86b24 - <tests[cffe3e0b8afe69ec]::test::test_flat_square_badge::{closure#0} as core[a373ad73a504971]::ops::function::FnOnce<()>>::call_once
[INFO] [stdout]   15:     0x5f1178c86e3b - test[aada8e7e76ba119b]::__rust_begin_short_backtrace::<core[a373ad73a504971]::result::Result<(), alloc[2e1b2a31b91974c5]::string::String>, fn() -> core[a373ad73a504971]::result::Result<(), alloc[2e1b2a31b91974c5]::string::String>>
[INFO] [stdout]   16:     0x5f1178c94015 - test[aada8e7e76ba119b]::run_test::{closure#0}
[INFO] [stdout]   17:     0x5f1178c8d904 - std[617be2ca0a6fd877]::sys::backtrace::__rust_begin_short_backtrace::<test[aada8e7e76ba119b]::run_test::{closure#1}, ()>
[INFO] [stdout]   18:     0x5f1178c970a2 - <std[617be2ca0a6fd877]::thread::lifecycle::spawn_unchecked<test[aada8e7e76ba119b]::run_test::{closure#1}, ()>::{closure#1} as core[a373ad73a504971]::ops::function::FnOnce<()>>::call_once::{shim:vtable#0}
[INFO] [stdout]   19:     0x5f1178d2429f - <std[617be2ca0a6fd877]::sys::thread::unix::Thread>::new::thread_start
[INFO] [stdout]   20:     0x71dd034b9dfa - <unknown>
[INFO] [stdout]   21:     0x71dd0354d3d4 - clone
[INFO] [stdout]   22:                0x0 - <unknown>
[INFO] [stdout] 
[INFO] [stdout] 
[INFO] [stdout] failures:
[INFO] [stdout]     test::test_flat_badge
[INFO] [stdout]     test::test_flat_square_badge
[INFO] [stdout]     test::test_plastic_badge
[INFO] [stdout] 
[INFO] [stdout] test result: FAILED. 0 passed; 3 failed; 0 ignored; 0 measured; 0 filtered out; finished in 0.00s
[INFO] [stdout] 
[INFO] [stderr] error: test failed, to rerun pass `--test tests`
[INFO] running `Command { std: "docker" "inspect" "0b3ca1d1074c773fbaf14b7caf8da3a3f66286f091518f6a6e8aa4c855ae0353", kill_on_drop: false }`
[INFO] running `Command { std: "docker" "rm" "-f" "0b3ca1d1074c773fbaf14b7caf8da3a3f66286f091518f6a6e8aa4c855ae0353", kill_on_drop: false }`
[INFO] [stdout] 0b3ca1d1074c773fbaf14b7caf8da3a3f66286f091518f6a6e8aa4c855ae0353
