[INFO] fetching crate shiden 0.1.2...
[INFO] testing shiden-0.1.2 against 1.100.0-beta.1+cargoflags=--release for beta-release-1.100-2
[INFO] extracting crate shiden 0.1.2 into /workspace/builds/worker-7-tc2/source
[INFO] started tweaking crates.io crate shiden 0.1.2
[INFO] finished tweaking crates.io crate shiden 0.1.2
[INFO] tweaked toml for crates.io crate shiden 0.1.2 written to /workspace/builds/worker-7-tc2/source/Cargo.toml
[INFO] validating manifest of crates.io crate shiden 0.1.2 on toolchain 1.100.0-beta.1
[INFO] running `Command { std: CARGO_HOME="/workspace/cargo-home" RUSTUP_HOME="/workspace/rustup-home" "/workspace/cargo-home/bin/cargo" "+1.100.0-beta.1" "metadata" "--manifest-path" "Cargo.toml" "--no-deps", kill_on_drop: false }`
[INFO] crate crates.io crate shiden 0.1.2 already has a lockfile, it will not be regenerated
[INFO] running `Command { std: CARGO_HOME="/workspace/cargo-home" RUSTUP_HOME="/workspace/rustup-home" "/workspace/cargo-home/bin/cargo" "+1.100.0-beta.1" "fetch" "--manifest-path" "Cargo.toml", kill_on_drop: false }`
[INFO] [stderr] warning: unused build dependency `which`
[INFO] [stderr]  --> Cargo.toml:5:21
[INFO] [stderr]   |
[INFO] [stderr] 5 | [build-dependencies.which]
[INFO] [stderr]   |                     ^^^^^^
[INFO] [stderr]   |
[INFO] [stderr]   = note: `cargo::unused_dependencies` is set to `warn` by default
[INFO] [stderr] help: consider removing the dependency on `which`
[INFO] [stderr] warning: `shiden` (manifest) generated 1 warning
[INFO] running `Command { std: "docker" "create" "-v" "/var/lib/crater-agent-workspace/builds/worker-7-tc2/source:/opt/rustwide/workdir:ro,Z" "-v" "/var/lib/crater-agent-workspace/builds/worker-7-tc2/target:/opt/rustwide/target:rw,Z" "-v" "/var/lib/crater-agent-workspace/cargo-home:/opt/rustwide/cargo-home:ro,Z" "-v" "/var/lib/crater-agent-workspace/rustup-home:/opt/rustwide/rustup-home:ro,Z" "-m" "1610612736" "--network" "none" "ghcr.io/rust-lang/crates-build-env/linux@sha256:77db811e55d90add9212f6832c23229e3de5f1c1f9905e8cb07319ea15df73ac" "sleep" "infinity", kill_on_drop: false }`
[INFO] [stdout] d8163073e787b0fc345648fa07d694f49805e48e00997a35f4a23bc95c8b5d41
[INFO] running `Command { std: "docker" "start" "d8163073e787b0fc345648fa07d694f49805e48e00997a35f4a23bc95c8b5d41", kill_on_drop: false }`
[INFO] running `Command { std: "docker" "inspect" "d8163073e787b0fc345648fa07d694f49805e48e00997a35f4a23bc95c8b5d41", kill_on_drop: false }`
[INFO] running `Command { std: "docker" "exec" "-e" "SOURCE_DIR=/opt/rustwide/workdir" "-e" "CARGO_HOME=/opt/rustwide/cargo-home" "-e" "RUSTUP_HOME=/opt/rustwide/rustup-home" "-e" "CARGO_TARGET_DIR=/opt/rustwide/target" "-w" "/opt/rustwide/workdir" "--user" "0:0" "d8163073e787b0fc345648fa07d694f49805e48e00997a35f4a23bc95c8b5d41" "/opt/rustwide/cargo-home/bin/cargo" "+1.100.0-beta.1" "metadata" "--no-deps" "--format-version=1", kill_on_drop: false }`
[INFO] running `Command { std: "docker" "inspect" "d8163073e787b0fc345648fa07d694f49805e48e00997a35f4a23bc95c8b5d41", kill_on_drop: false }`
[INFO] running `Command { std: "docker" "exec" "-e" "SOURCE_DIR=/opt/rustwide/workdir" "-e" "CARGO_HOME=/opt/rustwide/cargo-home" "-e" "RUSTUP_HOME=/opt/rustwide/rustup-home" "-e" "CARGO_TARGET_DIR=/opt/rustwide/target" "-e" "CARGO_INCREMENTAL=0" "-e" "RUST_BACKTRACE=full" "-e" "RUSTFLAGS=--cap-lints=warn" "-e" "RUSTDOCFLAGS=--cap-lints=warn" "-w" "/opt/rustwide/workdir" "--user" "0:0" "d8163073e787b0fc345648fa07d694f49805e48e00997a35f4a23bc95c8b5d41" "/opt/rustwide/cargo-home/bin/cargo" "+1.100.0-beta.1" "build" "--frozen" "--message-format=json" "--release", kill_on_drop: false }`
[INFO] [stderr] warning: unused build dependency `which`
[INFO] [stderr]  --> Cargo.toml:5:21
[INFO] [stderr]   |
[INFO] [stderr] 5 | [build-dependencies.which]
[INFO] [stderr]   |                     ^^^^^^
[INFO] [stderr]   |
[INFO] [stderr]   = note: `cargo::unused_dependencies` is set to `warn` by default
[INFO] [stderr] help: consider removing the dependency on `which`
[INFO] [stderr] warning: `shiden` (manifest) generated 1 warning
[INFO] [stderr]    Compiling cc v1.2.56
[INFO] [stderr]    Compiling syn v2.0.114
[INFO] [stderr]    Compiling socket2 v0.6.2
[INFO] [stderr]    Compiling futures-util v0.3.32
[INFO] [stderr]    Compiling tracing v0.1.44
[INFO] [stderr]    Compiling native-tls v0.2.18
[INFO] [stderr]    Compiling simd-adler32 v0.3.8
[INFO] [stderr]    Compiling http v0.2.12
[INFO] [stderr]    Compiling zerocopy v0.8.37
[INFO] [stderr]    Compiling rustls v0.21.12
[INFO] [stderr]    Compiling miniz_oxide v0.8.9
[INFO] [stderr]    Compiling tokio v1.49.0
[INFO] [stderr]    Compiling http-body v0.4.6
[INFO] [stderr]    Compiling flate2 v1.1.8
[INFO] [stderr]    Compiling openssl-sys v0.9.111
[INFO] [stderr]    Compiling ring v0.17.14
[INFO] [stderr]    Compiling openssl v0.10.75
[INFO] [stderr]    Compiling http-body-util v0.1.3
[INFO] [stderr]    Compiling socket2 v0.5.10
[INFO] [stderr]    Compiling aho-corasick v1.1.4
[INFO] [stderr]    Compiling zip v2.4.2
[INFO] [stderr]    Compiling bumpalo v3.20.2
[INFO] [stderr]    Compiling anstream v0.6.21
[INFO] [stderr]    Compiling zopfli v0.8.3
[INFO] [stderr]    Compiling time v0.3.47
[INFO] [stderr]    Compiling console v0.15.11
[INFO] [stderr]    Compiling regex-automata v0.4.14
[INFO] [stderr]    Compiling synstructure v0.13.2
[INFO] [stderr]    Compiling hyper v1.8.1
[INFO] [stderr]    Compiling tokio-util v0.7.18
[INFO] [stderr]    Compiling tower v0.5.3
[INFO] [stderr]    Compiling zerofrom-derive v0.1.6
[INFO] [stderr]    Compiling yoke-derive v0.8.1
[INFO] [stderr]    Compiling displaydoc v0.2.5
[INFO] [stderr]    Compiling zerofrom v0.1.6
[INFO] [stderr]    Compiling zerovec-derive v0.11.2
[INFO] [stderr]    Compiling serde_derive v1.0.228
[INFO] [stderr]    Compiling yoke v0.8.1
[INFO] [stderr]    Compiling zerotrie v0.2.3
[INFO] [stderr]    Compiling openssl-macros v0.1.1
[INFO] [stderr]    Compiling zerovec v0.11.5
[INFO] [stderr]    Compiling tinystr v0.8.2
[INFO] [stderr]    Compiling icu_locale_core v2.1.1
[INFO] [stderr]    Compiling potential_utf v0.1.4
[INFO] [stderr]    Compiling icu_collections v2.1.1
[INFO] [stderr]    Compiling hyper-util v0.1.20
[INFO] [stderr]    Compiling h2 v0.3.27
[INFO] [stderr]    Compiling icu_provider v2.1.1
[INFO] [stderr]    Compiling icu_properties v2.1.2
[INFO] [stderr]    Compiling serde v1.0.228
[INFO] [stderr]    Compiling icu_normalizer v2.1.1
[INFO] [stderr]    Compiling idna_adapter v1.2.1
[INFO] [stderr]    Compiling tokio-native-tls v0.3.1
[INFO] [stderr]    Compiling serde_urlencoded v0.7.1
[INFO] [stderr]    Compiling idna v1.1.0
[INFO] [stderr]    Compiling thiserror-impl v2.0.18
[INFO] [stderr]    Compiling hyper-tls v0.6.0
[INFO] [stderr]    Compiling url v2.5.8
[INFO] [stderr]    Compiling serde_spanned v0.6.9
[INFO] [stderr]    Compiling toml_datetime v0.6.11
[INFO] [stderr]    Compiling tower-http v0.6.8
[INFO] [stderr]    Compiling thiserror v2.0.18
[INFO] [stderr]    Compiling hyper v0.14.32
[INFO] [stderr]    Compiling ahash v0.8.12
[INFO] [stderr]    Compiling filetime v0.2.27
[INFO] [stderr]    Compiling sct v0.7.1
[INFO] [stderr]    Compiling rustls-webpki v0.101.7
[INFO] [stderr]    Compiling self_update v0.41.0
[INFO] [stderr]    Compiling winnow v0.5.40
[INFO] [stderr]    Compiling clap_derive v4.5.55
[INFO] [stderr]    Compiling indicatif v0.17.11
[INFO] [stderr]    Compiling toml_edit v0.19.15
[INFO] [stderr]    Compiling rustls-pemfile v1.0.4
[INFO] [stderr]    Compiling clap_builder v4.5.58
[INFO] [stderr]    Compiling tar v0.4.44
[INFO] [stderr]    Compiling hashbrown v0.13.2
[INFO] [stderr]    Compiling reqwest v0.12.28
[INFO] [stderr]    Compiling tokio-rustls v0.24.1
[INFO] [stderr]    Compiling regex v1.12.3
[INFO] [stderr]    Compiling hyper-rustls v0.24.2
[INFO] [stderr]    Compiling self-replace v1.5.0
[INFO] [stderr]    Compiling quick-xml v0.23.1
[INFO] [stderr]    Compiling either v1.15.0
[INFO] [stderr]    Compiling webpki-roots v0.25.4
[INFO] [stderr]    Compiling sync_wrapper v0.1.2
[INFO] [stderr]    Compiling reqwest v0.11.27
[INFO] [stderr]    Compiling clap v4.5.58
[INFO] [stderr]    Compiling toml v0.7.8
[INFO] [stderr]    Compiling object v0.30.4
[INFO] [stderr]    Compiling shiden v0.1.2 (/opt/rustwide/workdir)
[INFO] [stderr]     Finished `release` profile [optimized] target(s) in 4m 19s
[INFO] running `Command { std: "docker" "inspect" "d8163073e787b0fc345648fa07d694f49805e48e00997a35f4a23bc95c8b5d41", kill_on_drop: false }`
[INFO] running `Command { std: "docker" "exec" "-e" "SOURCE_DIR=/opt/rustwide/workdir" "-e" "CARGO_HOME=/opt/rustwide/cargo-home" "-e" "RUSTUP_HOME=/opt/rustwide/rustup-home" "-e" "CARGO_TARGET_DIR=/opt/rustwide/target" "-e" "CARGO_INCREMENTAL=0" "-e" "RUST_BACKTRACE=full" "-e" "RUSTFLAGS=--cap-lints=warn" "-e" "RUSTDOCFLAGS=--cap-lints=warn" "-w" "/opt/rustwide/workdir" "--user" "0:0" "d8163073e787b0fc345648fa07d694f49805e48e00997a35f4a23bc95c8b5d41" "/opt/rustwide/cargo-home/bin/cargo" "+1.100.0-beta.1" "test" "--frozen" "--no-run" "--message-format=json" "--release", kill_on_drop: false }`
[INFO] [stderr] warning: unused build dependency `which`
[INFO] [stderr]  --> Cargo.toml:5:21
[INFO] [stderr]   |
[INFO] [stderr] 5 | [build-dependencies.which]
[INFO] [stderr]   |                     ^^^^^^
[INFO] [stderr]   |
[INFO] [stderr]   = note: `cargo::unused_dependencies` is set to `warn` by default
[INFO] [stderr] help: consider removing the dependency on `which`
[INFO] [stderr] warning: `shiden` (manifest) generated 1 warning
[INFO] [stderr]    Compiling shiden v0.1.2 (/opt/rustwide/workdir)
[INFO] [stderr]     Finished `release` profile [optimized] target(s) in 13.15s
[INFO] running `Command { std: "docker" "inspect" "d8163073e787b0fc345648fa07d694f49805e48e00997a35f4a23bc95c8b5d41", kill_on_drop: false }`
[INFO] running `Command { std: "docker" "exec" "-e" "SOURCE_DIR=/opt/rustwide/workdir" "-e" "CARGO_HOME=/opt/rustwide/cargo-home" "-e" "RUSTUP_HOME=/opt/rustwide/rustup-home" "-e" "CARGO_TARGET_DIR=/opt/rustwide/target" "-e" "CARGO_INCREMENTAL=0" "-e" "RUST_BACKTRACE=full" "-e" "RUSTFLAGS=--cap-lints=warn" "-e" "RUSTDOCFLAGS=--cap-lints=warn" "-w" "/opt/rustwide/workdir" "--user" "0:0" "d8163073e787b0fc345648fa07d694f49805e48e00997a35f4a23bc95c8b5d41" "/opt/rustwide/cargo-home/bin/cargo" "+1.100.0-beta.1" "test" "--frozen" "--release", kill_on_drop: false }`
[INFO] [stderr] warning: unused build dependency `which`
[INFO] [stderr]  --> Cargo.toml:5:21
[INFO] [stderr]   |
[INFO] [stderr] 5 | [build-dependencies.which]
[INFO] [stderr]   |                     ^^^^^^
[INFO] [stderr]   |
[INFO] [stderr]   = note: `cargo::unused_dependencies` is set to `warn` by default
[INFO] [stderr] help: consider removing the dependency on `which`
[INFO] [stderr] warning: `shiden` (manifest) generated 1 warning
[INFO] [stderr]     Finished `release` profile [optimized] target(s) in 0.44s
[INFO] [stderr]      Running unittests src/main.rs (/opt/rustwide/target/release/build/shiden/8def109e1293f97b/out/shiden-8def109e1293f97b)
[INFO] [stdout] 
[INFO] [stdout] running 51 tests
[INFO] [stdout] test build::linux::tests::compile_linux_network_helpers ... ok
[INFO] [stdout] test build::linux::tests::compile_assign_index ... ok
[INFO] [stdout] test build::linux::tests::compile_locals_and_arith ... ok
[INFO] [stdout] test build::linux::tests::compile_function_call_simple ... ok
[INFO] [stdout] test build::linux::tests::compile_println_with_placeholder_and_expr ... ok
[INFO] [stdout] test build::linux::tests::compile_short_circuit_and ... ok
[INFO] [stdout] test build::linux::tests::compile_short_circuit_or ... ok
[INFO] [stdout] test build::windows::tests::compile_windows_args_path_embeds_args_helpers_on_unix ... ok
[INFO] [stdout] test build::linux::tests::compile_simple_println_and_run ... ok
[INFO] [stdout] test build::windows::tests::compile_windows_network_helpers_on_unix ... ok
[INFO] [stdout] test build::windows::tests::compile_windows_embeds_runtime_helpers_on_unix ... ok
[INFO] [stdout] test build::linux::tests::compile_locals_simple ... ok
[INFO] [stdout] test build::linux::tests::compile_while_and_run ... ok
[INFO] [stdout] test build::windows::tests::import_relocations_are_applied ... ok
[INFO] [stdout] test cli::tests::clap_parses_check_json_flag ... ok
[INFO] [stdout] test cli::tests::clap_parses_compile_dir_arg ... ok
[INFO] [stdout] test cli::tests::clap_parses_compile_no_arg ... ok
[INFO] [stdout] test build::windows::tests::compile_windows_produces_pe_on_unix ... ok
[INFO] [stdout] test cli::tests::clap_parses_parse_file ... ok
[INFO] [stdout] test cli::tests::manifest_parsing_reads_targets ... ok
[INFO] [stdout] test cli::tests::clap_parses_run_stdin ... ok
[INFO] [stdout] test cli::tests::load_manifest_reads_and_parses ... ok
[INFO] [stdout] test cli::tests::new_creates_manifest_toml ... ok
[INFO] [stdout] test cli::tests::resolve_manifest_path_dir_and_file ... ok
[INFO] [stdout] test frontend::tests::parse_array_and_index ... ok
[INFO] [stdout] test frontend::tests::parse_float_lets ... ok
[INFO] [stdout] test frontend::tests::parse_ftpdb_library_call_name_lowering ... ok
[INFO] [stdout] test frontend::tests::parse_function_with_let_and_call ... ok
[INFO] [stdout] test frontend::tests::parse_function_with_params ... ok
[INFO] [stdout] test frontend::tests::parse_http_library_call_name_lowering ... ok
[INFO] [stdout] test frontend::tests::parse_if_else ... ok
[INFO] [stdout] test frontend::tests::parse_let_with_type ... ok
[INFO] [stdout] test frontend::tests::parse_while_simple ... ok
[INFO] [stdout] test frontend::tests::debug_parse_brainfuck_example ... FAILED
[INFO] [stdout] test libraries::networking::http::tests::test_http_response_is_ok ... ok
[INFO] [stdout] test frontend::tests::debug_parse_brainfuck_function ... FAILED
[INFO] [stdout] test cli::tests::compile_command_builds_all_manifest_targets ... ok
[INFO] [stdout] test build::linux::tests::debug_array_run ... ok
[INFO] [stdout] test syntax::tests::ast_structs_smoke ... ok
[INFO] [stdout] test libraries::networking::tests::http_post_reads_response_and_status ... ok
[INFO] [stdout] test libraries::networking::tests::tcp_connect_send_recv_close_roundtrip ... ok
[INFO] [stdout] test syntax::tests::lex_function_example ... ok
[INFO] [stdout] test libraries::networking::http::tests::test_http_get ... ok
[INFO] [stdout] test syntax::tests::lex_brainfuck_example ... FAILED
[INFO] [stdout] test syntax::tests::lex_type_suffix_on_float ... ok
[INFO] [stdout] test syntax::tests::lex_println_unit_has_type ... ok
[INFO] [stdout] test libraries::networking::tests::http_get_reads_response_and_status ... ok
[INFO] [stdout] test syntax::tests::lex_type_suffix_on_char ... ok
[INFO] [stdout] test build::linux::tests::compile_function_call_debug ... ok
[INFO] [stdout] test build::linux::tests::compile_if_else_and_run ... ok
[INFO] [stderr] error: test failed, to rerun pass `--bin shiden`
[INFO] [stdout] test build::linux::tests::compile_function_call_many_args ... ok
[INFO] [stdout] 
[INFO] [stdout] failures:
[INFO] [stdout] 
[INFO] [stdout] ---- frontend::tests::debug_parse_brainfuck_example stdout ----
[INFO] [stdout] 
[INFO] [stdout] thread 'frontend::tests::debug_parse_brainfuck_example' (2063) panicked at src/frontend/mod.rs:1098:77:
[INFO] [stdout] read example: Os { code: 2, kind: NotFound, message: "No such file or directory" }
[INFO] [stdout] stack backtrace:
[INFO] [stdout]    0:     0x615144bd2ab1 - <<std[617be2ca0a6fd877]::sys::backtrace::BacktraceLock>::print::DisplayBacktrace as core[a373ad73a504971]::fmt::Display>::fmt
[INFO] [stdout]    1:     0x615144beb11a - core[a373ad73a504971]::fmt::write
[INFO] [stdout]    2:     0x615144bd872c - <alloc[2e1b2a31b91974c5]::vec::Vec<u8> as core[a373ad73a504971]::io::write::Write>::write_fmt
[INFO] [stdout]    3:     0x615144ba9f86 - std[617be2ca0a6fd877]::panicking::default_hook::{closure#0}
[INFO] [stdout]    4:     0x615144bc88a9 - std[617be2ca0a6fd877]::panicking::default_hook
[INFO] [stdout]    5:     0x615144b04da0 - test[aada8e7e76ba119b]::test_main_inner::{closure#0}
[INFO] [stdout]    6:     0x615144bc8bd2 - std[617be2ca0a6fd877]::panicking::panic_with_hook
[INFO] [stdout]    7:     0x615144baa032 - std[617be2ca0a6fd877]::panicking::panic_handler::{closure#0}
[INFO] [stdout]    8:     0x615144ba29b9 - std[617be2ca0a6fd877]::sys::backtrace::__rust_end_short_backtrace::<std[617be2ca0a6fd877]::panicking::panic_handler::{closure#0}, !>
[INFO] [stdout]    9:     0x615144baaeed - __rustc[ea4f61d10b84890b]::rust_begin_unwind
[INFO] [stdout]   10:     0x615144beb87c - core[a373ad73a504971]::panicking::panic_fmt
[INFO] [stdout]   11:     0x615144beb652 - core[a373ad73a504971]::result::unwrap_failed
[INFO] [stdout]   12:     0x6151448a284f - <shiden[76f73cf6af1f7c1]::frontend::tests::debug_parse_brainfuck_example::{closure#0} as core[a373ad73a504971]::ops::function::FnOnce<()>>::call_once
[INFO] [stdout]   13:     0x615144af81eb - test[aada8e7e76ba119b]::__rust_begin_short_backtrace::<core[a373ad73a504971]::result::Result<(), alloc[2e1b2a31b91974c5]::string::String>, fn() -> core[a373ad73a504971]::result::Result<(), alloc[2e1b2a31b91974c5]::string::String>>
[INFO] [stdout]   14:     0x615144b053c5 - test[aada8e7e76ba119b]::run_test::{closure#0}
[INFO] [stdout]   15:     0x615144afecb4 - std[617be2ca0a6fd877]::sys::backtrace::__rust_begin_short_backtrace::<test[aada8e7e76ba119b]::run_test::{closure#1}, ()>
[INFO] [stdout]   16:     0x615144b08452 - <std[617be2ca0a6fd877]::thread::lifecycle::spawn_unchecked<test[aada8e7e76ba119b]::run_test::{closure#1}, ()>::{closure#1} as core[a373ad73a504971]::ops::function::FnOnce<()>>::call_once::{shim:vtable#0}
[INFO] [stdout]   17:     0x615144bd13ff - <std[617be2ca0a6fd877]::sys::thread::unix::Thread>::new::thread_start
[INFO] [stdout]   18:     0x761e92208dfa - <unknown>
[INFO] [stdout]   19:     0x761e9229c3d4 - clone
[INFO] [stdout]   20:                0x0 - <unknown>
[INFO] [stdout] 
[INFO] [stdout] ---- frontend::tests::debug_parse_brainfuck_function stdout ----
[INFO] [stdout] 
[INFO] [stdout] thread 'frontend::tests::debug_parse_brainfuck_function' (2064) panicked at src/frontend/mod.rs:1105:77:
[INFO] [stdout] read example: Os { code: 2, kind: NotFound, message: "No such file or directory" }
[INFO] [stdout] stack backtrace:
[INFO] [stdout]    0:     0x615144bd2ab1 - <<std[617be2ca0a6fd877]::sys::backtrace::BacktraceLock>::print::DisplayBacktrace as core[a373ad73a504971]::fmt::Display>::fmt
[INFO] [stdout]    1:     0x615144beb11a - core[a373ad73a504971]::fmt::write
[INFO] [stdout]    2:     0x615144bd872c - <alloc[2e1b2a31b91974c5]::vec::Vec<u8> as core[a373ad73a504971]::io::write::Write>::write_fmt
[INFO] [stdout]    3:     0x615144ba9f86 - std[617be2ca0a6fd877]::panicking::default_hook::{closure#0}
[INFO] [stdout]    4:     0x615144bc88a9 - std[617be2ca0a6fd877]::panicking::default_hook
[INFO] [stdout]    5:     0x615144b04da0 - test[aada8e7e76ba119b]::test_main_inner::{closure#0}
[INFO] [stdout]    6:     0x615144bc8bd2 - std[617be2ca0a6fd877]::panicking::panic_with_hook
[INFO] [stdout]    7:     0x615144baa032 - std[617be2ca0a6fd877]::panicking::panic_handler::{closure#0}
[INFO] [stdout]    8:     0x615144ba29b9 - std[617be2ca0a6fd877]::sys::backtrace::__rust_end_short_backtrace::<std[617be2ca0a6fd877]::panicking::panic_handler::{closure#0}, !>
[INFO] [stdout]    9:     0x615144baaeed - __rustc[ea4f61d10b84890b]::rust_begin_unwind
[INFO] [stdout]   10:     0x615144beb87c - core[a373ad73a504971]::panicking::panic_fmt
[INFO] [stdout]   11:     0x615144beb652 - core[a373ad73a504971]::result::unwrap_failed
[INFO] [stdout]   12:     0x6151448a2f11 - <shiden[76f73cf6af1f7c1]::frontend::tests::debug_parse_brainfuck_function::{closure#0} as core[a373ad73a504971]::ops::function::FnOnce<()>>::call_once
[INFO] [stdout]   13:     0x615144af81eb - test[aada8e7e76ba119b]::__rust_begin_short_backtrace::<core[a373ad73a504971]::result::Result<(), alloc[2e1b2a31b91974c5]::string::String>, fn() -> core[a373ad73a504971]::result::Result<(), alloc[2e1b2a31b91974c5]::string::String>>
[INFO] [stdout]   14:     0x615144b053c5 - test[aada8e7e76ba119b]::run_test::{closure#0}
[INFO] [stdout]   15:     0x615144afecb4 - std[617be2ca0a6fd877]::sys::backtrace::__rust_begin_short_backtrace::<test[aada8e7e76ba119b]::run_test::{closure#1}, ()>
[INFO] [stdout]   16:     0x615144b08452 - <std[617be2ca0a6fd877]::thread::lifecycle::spawn_unchecked<test[aada8e7e76ba119b]::run_test::{closure#1}, ()>::{closure#1} as core[a373ad73a504971]::ops::function::FnOnce<()>>::call_once::{shim:vtable#0}
[INFO] [stdout]   17:     0x615144bd13ff - <std[617be2ca0a6fd877]::sys::thread::unix::Thread>::new::thread_start
[INFO] [stdout]   18:     0x761e92208dfa - <unknown>
[INFO] [stdout]   19:     0x761e9229c3d4 - clone
[INFO] [stdout]   20:                0x0 - <unknown>
[INFO] [stdout] 
[INFO] [stdout] ---- syntax::tests::lex_brainfuck_example stdout ----
[INFO] [stdout] 
[INFO] [stdout] thread 'syntax::tests::lex_brainfuck_example' (2086) panicked at src/syntax/mod.rs:570:77:
[INFO] [stdout] read example: Os { code: 2, kind: NotFound, message: "No such file or directory" }
[INFO] [stdout] stack backtrace:
[INFO] [stdout]    0:     0x615144bd2ab1 - <<std[617be2ca0a6fd877]::sys::backtrace::BacktraceLock>::print::DisplayBacktrace as core[a373ad73a504971]::fmt::Display>::fmt
[INFO] [stdout]    1:     0x615144beb11a - core[a373ad73a504971]::fmt::write
[INFO] [stdout]    2:     0x615144bd872c - <alloc[2e1b2a31b91974c5]::vec::Vec<u8> as core[a373ad73a504971]::io::write::Write>::write_fmt
[INFO] [stdout]    3:     0x615144ba9f86 - std[617be2ca0a6fd877]::panicking::default_hook::{closure#0}
[INFO] [stdout]    4:     0x615144bc88a9 - std[617be2ca0a6fd877]::panicking::default_hook
[INFO] [stdout]    5:     0x615144b04da0 - test[aada8e7e76ba119b]::test_main_inner::{closure#0}
[INFO] [stdout]    6:     0x615144bc8bd2 - std[617be2ca0a6fd877]::panicking::panic_with_hook
[INFO] [stdout]    7:     0x615144baa032 - std[617be2ca0a6fd877]::panicking::panic_handler::{closure#0}
[INFO] [stdout]    8:     0x615144ba29b9 - std[617be2ca0a6fd877]::sys::backtrace::__rust_end_short_backtrace::<std[617be2ca0a6fd877]::panicking::panic_handler::{closure#0}, !>
[INFO] [stdout]    9:     0x615144baaeed - __rustc[ea4f61d10b84890b]::rust_begin_unwind
[INFO] [stdout]   10:     0x615144beb87c - core[a373ad73a504971]::panicking::panic_fmt
[INFO] [stdout]   11:     0x615144beb652 - core[a373ad73a504971]::result::unwrap_failed
[INFO] [stdout]   12:     0x6151448c3a98 - <shiden[76f73cf6af1f7c1]::syntax::tests::lex_brainfuck_example::{closure#0} as core[a373ad73a504971]::ops::function::FnOnce<()>>::call_once
[INFO] [stdout]   13:     0x615144af81eb - test[aada8e7e76ba119b]::__rust_begin_short_backtrace::<core[a373ad73a504971]::result::Result<(), alloc[2e1b2a31b91974c5]::string::String>, fn() -> core[a373ad73a504971]::result::Result<(), alloc[2e1b2a31b91974c5]::string::String>>
[INFO] [stdout]   14:     0x615144b053c5 - test[aada8e7e76ba119b]::run_test::{closure#0}
[INFO] [stdout]   15:     0x615144afecb4 - std[617be2ca0a6fd877]::sys::backtrace::__rust_begin_short_backtrace::<test[aada8e7e76ba119b]::run_test::{closure#1}, ()>
[INFO] [stdout]   16:     0x615144b08452 - <std[617be2ca0a6fd877]::thread::lifecycle::spawn_unchecked<test[aada8e7e76ba119b]::run_test::{closure#1}, ()>::{closure#1} as core[a373ad73a504971]::ops::function::FnOnce<()>>::call_once::{shim:vtable#0}
[INFO] [stdout]   17:     0x615144bd13ff - <std[617be2ca0a6fd877]::sys::thread::unix::Thread>::new::thread_start
[INFO] [stdout]   18:     0x761e92208dfa - <unknown>
[INFO] [stdout]   19:     0x761e9229c3d4 - clone
[INFO] [stdout]   20:                0x0 - <unknown>
[INFO] [stdout] 
[INFO] [stdout] 
[INFO] [stdout] failures:
[INFO] [stdout]     frontend::tests::debug_parse_brainfuck_example
[INFO] [stdout]     frontend::tests::debug_parse_brainfuck_function
[INFO] [stdout]     syntax::tests::lex_brainfuck_example
[INFO] [stdout] 
[INFO] [stdout] test result: FAILED. 48 passed; 3 failed; 0 ignored; 0 measured; 0 filtered out; finished in 0.07s
[INFO] [stdout] 
[INFO] running `Command { std: "docker" "inspect" "d8163073e787b0fc345648fa07d694f49805e48e00997a35f4a23bc95c8b5d41", kill_on_drop: false }`
[INFO] running `Command { std: "docker" "rm" "-f" "d8163073e787b0fc345648fa07d694f49805e48e00997a35f4a23bc95c8b5d41", kill_on_drop: false }`
[INFO] [stdout] d8163073e787b0fc345648fa07d694f49805e48e00997a35f4a23bc95c8b5d41
