[INFO] fetching crate shepherd-cli 6.8.3...
[INFO] testing shepherd-cli-6.8.3 against 1.100.0-beta.1+cargoflags=--release for beta-release-1.100-2
[INFO] extracting crate shepherd-cli 6.8.3 into /workspace/builds/worker-7-tc2/source
[INFO] started tweaking crates.io crate shepherd-cli 6.8.3
[INFO] removed 0 missing tests
[INFO] finished tweaking crates.io crate shepherd-cli 6.8.3
[INFO] tweaked toml for crates.io crate shepherd-cli 6.8.3 written to /workspace/builds/worker-7-tc2/source/Cargo.toml
[INFO] validating manifest of crates.io crate shepherd-cli 6.8.3 on toolchain 1.100.0-beta.1
[INFO] running `Command { std: CARGO_HOME="/workspace/cargo-home" RUSTUP_HOME="/workspace/rustup-home" "/workspace/cargo-home/bin/cargo" "+1.100.0-beta.1" "metadata" "--manifest-path" "Cargo.toml" "--no-deps", kill_on_drop: false }`
[INFO] crate crates.io crate shepherd-cli 6.8.3 already has a lockfile, it will not be regenerated
[INFO] running `Command { std: CARGO_HOME="/workspace/cargo-home" RUSTUP_HOME="/workspace/rustup-home" "/workspace/cargo-home/bin/cargo" "+1.100.0-beta.1" "fetch" "--manifest-path" "Cargo.toml", kill_on_drop: false }`
[INFO] running `Command { std: "docker" "create" "-v" "/var/lib/crater-agent-workspace/builds/worker-7-tc2/source:/opt/rustwide/workdir:ro,Z" "-v" "/var/lib/crater-agent-workspace/builds/worker-7-tc2/target:/opt/rustwide/target:rw,Z" "-v" "/var/lib/crater-agent-workspace/cargo-home:/opt/rustwide/cargo-home:ro,Z" "-v" "/var/lib/crater-agent-workspace/rustup-home:/opt/rustwide/rustup-home:ro,Z" "-m" "1610612736" "--network" "none" "ghcr.io/rust-lang/crates-build-env/linux@sha256:77db811e55d90add9212f6832c23229e3de5f1c1f9905e8cb07319ea15df73ac" "sleep" "infinity", kill_on_drop: false }`
[INFO] [stdout] 5272397a565ca0285eb2357905e8218413fe7fc113a6701a37bc26421aed3f88
[INFO] running `Command { std: "docker" "start" "5272397a565ca0285eb2357905e8218413fe7fc113a6701a37bc26421aed3f88", kill_on_drop: false }`
[INFO] running `Command { std: "docker" "inspect" "5272397a565ca0285eb2357905e8218413fe7fc113a6701a37bc26421aed3f88", kill_on_drop: false }`
[INFO] running `Command { std: "docker" "exec" "-e" "SOURCE_DIR=/opt/rustwide/workdir" "-e" "CARGO_HOME=/opt/rustwide/cargo-home" "-e" "RUSTUP_HOME=/opt/rustwide/rustup-home" "-e" "CARGO_TARGET_DIR=/opt/rustwide/target" "-w" "/opt/rustwide/workdir" "--user" "0:0" "5272397a565ca0285eb2357905e8218413fe7fc113a6701a37bc26421aed3f88" "/opt/rustwide/cargo-home/bin/cargo" "+1.100.0-beta.1" "metadata" "--no-deps" "--format-version=1", kill_on_drop: false }`
[INFO] running `Command { std: "docker" "inspect" "5272397a565ca0285eb2357905e8218413fe7fc113a6701a37bc26421aed3f88", kill_on_drop: false }`
[INFO] running `Command { std: "docker" "exec" "-e" "SOURCE_DIR=/opt/rustwide/workdir" "-e" "CARGO_HOME=/opt/rustwide/cargo-home" "-e" "RUSTUP_HOME=/opt/rustwide/rustup-home" "-e" "CARGO_TARGET_DIR=/opt/rustwide/target" "-e" "CARGO_INCREMENTAL=0" "-e" "RUST_BACKTRACE=full" "-e" "RUSTFLAGS=--cap-lints=warn" "-e" "RUSTDOCFLAGS=--cap-lints=warn" "-w" "/opt/rustwide/workdir" "--user" "0:0" "5272397a565ca0285eb2357905e8218413fe7fc113a6701a37bc26421aed3f88" "/opt/rustwide/cargo-home/bin/cargo" "+1.100.0-beta.1" "build" "--frozen" "--message-format=json" "--release", kill_on_drop: false }`
[INFO] [stderr]    Compiling tempfile v3.27.0
[INFO] [stderr]    Compiling minijinja v2.24.0
[INFO] [stderr]    Compiling shepherd-cli v6.8.3 (/opt/rustwide/workdir)
[INFO] [stderr]     Finished `release` profile [optimized] target(s) in 21.11s
[INFO] running `Command { std: "docker" "inspect" "5272397a565ca0285eb2357905e8218413fe7fc113a6701a37bc26421aed3f88", kill_on_drop: false }`
[INFO] running `Command { std: "docker" "exec" "-e" "SOURCE_DIR=/opt/rustwide/workdir" "-e" "CARGO_HOME=/opt/rustwide/cargo-home" "-e" "RUSTUP_HOME=/opt/rustwide/rustup-home" "-e" "CARGO_TARGET_DIR=/opt/rustwide/target" "-e" "CARGO_INCREMENTAL=0" "-e" "RUST_BACKTRACE=full" "-e" "RUSTFLAGS=--cap-lints=warn" "-e" "RUSTDOCFLAGS=--cap-lints=warn" "-w" "/opt/rustwide/workdir" "--user" "0:0" "5272397a565ca0285eb2357905e8218413fe7fc113a6701a37bc26421aed3f88" "/opt/rustwide/cargo-home/bin/cargo" "+1.100.0-beta.1" "test" "--frozen" "--no-run" "--message-format=json" "--release", kill_on_drop: false }`
[INFO] [stderr]    Compiling shepherd-cli v6.8.3 (/opt/rustwide/workdir)
[INFO] [stderr]     Finished `release` profile [optimized] target(s) in 4.38s
[INFO] running `Command { std: "docker" "inspect" "5272397a565ca0285eb2357905e8218413fe7fc113a6701a37bc26421aed3f88", kill_on_drop: false }`
[INFO] running `Command { std: "docker" "exec" "-e" "SOURCE_DIR=/opt/rustwide/workdir" "-e" "CARGO_HOME=/opt/rustwide/cargo-home" "-e" "RUSTUP_HOME=/opt/rustwide/rustup-home" "-e" "CARGO_TARGET_DIR=/opt/rustwide/target" "-e" "CARGO_INCREMENTAL=0" "-e" "RUST_BACKTRACE=full" "-e" "RUSTFLAGS=--cap-lints=warn" "-e" "RUSTDOCFLAGS=--cap-lints=warn" "-w" "/opt/rustwide/workdir" "--user" "0:0" "5272397a565ca0285eb2357905e8218413fe7fc113a6701a37bc26421aed3f88" "/opt/rustwide/cargo-home/bin/cargo" "+1.100.0-beta.1" "test" "--frozen" "--release", kill_on_drop: false }`
[INFO] [stderr]     Finished `release` profile [optimized] target(s) in 0.07s
[INFO] [stderr]      Running unittests src/main.rs (/opt/rustwide/target/release/build/shepherd-cli/6f22d4e38c44c447/out/shepherd-6f22d4e38c44c447)
[INFO] [stdout] 
[INFO] [stdout] running 2 tests
[INFO] [stdout] test tests::git_environment_namespace_accepts_windows_casing ... ok
[INFO] [stderr]      Running tests/doctor.rs (/opt/rustwide/target/release/build/shepherd-cli/ce97707ca5d4012b/out/doctor-ce97707ca5d4012b)
[INFO] [stdout] test tests::read_bound_applies_to_opened_stream_not_only_stat_size ... ok
[INFO] [stdout] 
[INFO] [stdout] test result: ok. 2 passed; 0 failed; 0 ignored; 0 measured; 0 filtered out; finished in 0.00s
[INFO] [stdout] 
[INFO] [stdout] 
[INFO] [stdout] running 11 tests
[INFO] [stdout] test missing_installed_opencode_renderer_is_reported ... FAILED
[INFO] [stdout] test absent_plugin_and_relative_root_are_failures ... ok
[INFO] [stdout] test root_only_roles_are_not_registered_as_children ... ok
[INFO] [stdout] test wrong_version_is_actionable_and_read_only ... ok
[INFO] [stdout] test missing_optional_jq_is_warning_not_blanket_failure ... FAILED
[INFO] [stdout] test corrupt_installed_skill_is_not_silently_skipped ... ok
[INFO] [stdout] test installed_hook_must_be_registered_and_executable ... ok
[INFO] [stdout] test missing_native_claude_commands_are_reported ... ok
[INFO] [stdout] test extra_event_duplicate_hook_and_echo_only_command_are_not_healthy ... ok
[INFO] [stdout] test actual_source_carriers_are_diagnosable_without_runtime ... FAILED
[INFO] [stderr] error: test failed, to rerun pass `--test doctor`
[INFO] [stdout] test corrupt_manifest_and_escaping_declared_path_are_rejected ... ok
[INFO] [stdout] 
[INFO] [stdout] failures:
[INFO] [stdout] 
[INFO] [stdout] ---- missing_installed_opencode_renderer_is_reported stdout ----
[INFO] [stdout] 
[INFO] [stdout] thread 'missing_installed_opencode_renderer_is_reported' (413) panicked at tests/doctor.rs:107:48:
[INFO] [stdout] called `Result::unwrap()` on an `Err` value: Os { code: 2, kind: NotFound, message: "No such file or directory" }
[INFO] [stdout] stack backtrace:
[INFO] [stdout]    0:     0x651a0be32701 - <<std[617be2ca0a6fd877]::sys::backtrace::BacktraceLock>::print::DisplayBacktrace as core[a373ad73a504971]::fmt::Display>::fmt
[INFO] [stdout]    1:     0x651a0be473da - core[a373ad73a504971]::fmt::write
[INFO] [stdout]    2:     0x651a0be36bec - <alloc[2e1b2a31b91974c5]::vec::Vec<u8> as core[a373ad73a504971]::io::write::Write>::write_fmt
[INFO] [stdout]    3:     0x651a0be0bcd6 - std[617be2ca0a6fd877]::panicking::default_hook::{closure#0}
[INFO] [stdout]    4:     0x651a0be28fe9 - std[617be2ca0a6fd877]::panicking::default_hook
[INFO] [stdout]    5:     0x651a0bdc3dd0 - test[aada8e7e76ba119b]::test_main_inner::{closure#0}
[INFO] [stdout]    6:     0x651a0be291a2 - std[617be2ca0a6fd877]::panicking::panic_with_hook
[INFO] [stdout]    7:     0x651a0be0bd82 - std[617be2ca0a6fd877]::panicking::panic_handler::{closure#0}
[INFO] [stdout]    8:     0x651a0be04749 - std[617be2ca0a6fd877]::sys::backtrace::__rust_end_short_backtrace::<std[617be2ca0a6fd877]::panicking::panic_handler::{closure#0}, !>
[INFO] [stdout]    9:     0x651a0be0ca4d - __rustc[ea4f61d10b84890b]::rust_begin_unwind
[INFO] [stdout]   10:     0x651a0be47b0c - core[a373ad73a504971]::panicking::panic_fmt
[INFO] [stdout]   11:     0x651a0be478e2 - core[a373ad73a504971]::result::unwrap_failed
[INFO] [stdout]   12:     0x651a0bd9e747 - doctor[2c8872669ed4579e]::missing_installed_opencode_renderer_is_reported::copy_directory
[INFO] [stdout]   13:     0x651a0bda279c - <doctor[2c8872669ed4579e]::missing_installed_opencode_renderer_is_reported::{closure#0} as core[a373ad73a504971]::ops::function::FnOnce<()>>::call_once
[INFO] [stdout]   14:     0x651a0bdb721b - test[aada8e7e76ba119b]::__rust_begin_short_backtrace::<core[a373ad73a504971]::result::Result<(), alloc[2e1b2a31b91974c5]::string::String>, fn() -> core[a373ad73a504971]::result::Result<(), alloc[2e1b2a31b91974c5]::string::String>>
[INFO] [stdout]   15:     0x651a0bdc43f5 - test[aada8e7e76ba119b]::run_test::{closure#0}
[INFO] [stdout]   16:     0x651a0bdbdce4 - std[617be2ca0a6fd877]::sys::backtrace::__rust_begin_short_backtrace::<test[aada8e7e76ba119b]::run_test::{closure#1}, ()>
[INFO] [stdout]   17:     0x651a0bdc7482 - <std[617be2ca0a6fd877]::thread::lifecycle::spawn_unchecked<test[aada8e7e76ba119b]::run_test::{closure#1}, ()>::{closure#1} as core[a373ad73a504971]::ops::function::FnOnce<()>>::call_once::{shim:vtable#0}
[INFO] [stdout]   18:     0x651a0be319af - <std[617be2ca0a6fd877]::sys::thread::unix::Thread>::new::thread_start
[INFO] [stdout]   19:     0x7589842e9dfa - <unknown>
[INFO] [stdout]   20:     0x75898437d3d4 - clone
[INFO] [stdout]   21:                0x0 - <unknown>
[INFO] [stdout] 
[INFO] [stdout] ---- missing_optional_jq_is_warning_not_blanket_failure stdout ----
[INFO] [stdout] 
[INFO] [stdout] thread 'missing_optional_jq_is_warning_not_blanket_failure' (415) panicked at tests/doctor.rs:299:5:
[INFO] [stdout] {
[INFO] [stdout]   "schema": "shepherd.doctor/1",
[INFO] [stdout]   "host": "claude",
[INFO] [stdout]   "plugin_root": "/opt",
[INFO] [stdout]   "helper_path": "/opt/rustwide/target/release/shepherd",
[INFO] [stdout]   "helper_version": "6.8.3",
[INFO] [stdout]   "plugin_version": null,
[INFO] [stdout]   "ok": false,
[INFO] [stdout]   "findings": [
[INFO] [stdout]     "required installed file is missing: .claude-plugin/plugin.json; reinstall the matching Shepherd plugin"
[INFO] [stdout]   ],
[INFO] [stdout]   "warnings": [
[INFO] [stdout]     "file checks do not prove host hook trust, event delivery, or child dispatch; verify those in the selected host"
[INFO] [stdout]   ]
[INFO] [stdout] }
[INFO] [stdout] 
[INFO] [stdout] stack backtrace:
[INFO] [stdout]    0:     0x651a0be32701 - <<std[617be2ca0a6fd877]::sys::backtrace::BacktraceLock>::print::DisplayBacktrace as core[a373ad73a504971]::fmt::Display>::fmt
[INFO] [stdout]    1:     0x651a0be473da - core[a373ad73a504971]::fmt::write
[INFO] [stdout]    2:     0x651a0be36bec - <alloc[2e1b2a31b91974c5]::vec::Vec<u8> as core[a373ad73a504971]::io::write::Write>::write_fmt
[INFO] [stdout]    3:     0x651a0be0bcd6 - std[617be2ca0a6fd877]::panicking::default_hook::{closure#0}
[INFO] [stdout]    4:     0x651a0be28fe9 - std[617be2ca0a6fd877]::panicking::default_hook
[INFO] [stdout]    5:     0x651a0bdc3dd0 - test[aada8e7e76ba119b]::test_main_inner::{closure#0}
[INFO] [stdout]    6:     0x651a0be291a2 - std[617be2ca0a6fd877]::panicking::panic_with_hook
[INFO] [stdout]    7:     0x651a0be0bd82 - std[617be2ca0a6fd877]::panicking::panic_handler::{closure#0}
[INFO] [stdout]    8:     0x651a0be04749 - std[617be2ca0a6fd877]::sys::backtrace::__rust_end_short_backtrace::<std[617be2ca0a6fd877]::panicking::panic_handler::{closure#0}, !>
[INFO] [stdout]    9:     0x651a0be0ca4d - __rustc[ea4f61d10b84890b]::rust_begin_unwind
[INFO] [stdout]   10:     0x651a0be47b0c - core[a373ad73a504971]::panicking::panic_fmt
[INFO] [stdout]   11:     0x651a0bda3f09 - <doctor[2c8872669ed4579e]::missing_optional_jq_is_warning_not_blanket_failure::{closure#0} as core[a373ad73a504971]::ops::function::FnOnce<()>>::call_once
[INFO] [stdout]   12:     0x651a0bdb721b - test[aada8e7e76ba119b]::__rust_begin_short_backtrace::<core[a373ad73a504971]::result::Result<(), alloc[2e1b2a31b91974c5]::string::String>, fn() -> core[a373ad73a504971]::result::Result<(), alloc[2e1b2a31b91974c5]::string::String>>
[INFO] [stdout]   13:     0x651a0bdc43f5 - test[aada8e7e76ba119b]::run_test::{closure#0}
[INFO] [stdout]   14:     0x651a0bdbdce4 - std[617be2ca0a6fd877]::sys::backtrace::__rust_begin_short_backtrace::<test[aada8e7e76ba119b]::run_test::{closure#1}, ()>
[INFO] [stdout]   15:     0x651a0bdc7482 - <std[617be2ca0a6fd877]::thread::lifecycle::spawn_unchecked<test[aada8e7e76ba119b]::run_test::{closure#1}, ()>::{closure#1} as core[a373ad73a504971]::ops::function::FnOnce<()>>::call_once::{shim:vtable#0}
[INFO] [stdout]   16:     0x651a0be319af - <std[617be2ca0a6fd877]::sys::thread::unix::Thread>::new::thread_start
[INFO] [stdout]   17:     0x7589842e9dfa - <unknown>
[INFO] [stdout]   18:     0x75898437d3d4 - clone
[INFO] [stdout]   19:                0x0 - <unknown>
[INFO] [stdout] 
[INFO] [stdout] ---- actual_source_carriers_are_diagnosable_without_runtime stdout ----
[INFO] [stdout] 
[INFO] [stdout] thread 'actual_source_carriers_are_diagnosable_without_runtime' (408) panicked at tests/doctor.rs:31:9:
[INFO] [stdout] claude: {
[INFO] [stdout]   "schema": "shepherd.doctor/1",
[INFO] [stdout]   "host": "claude",
[INFO] [stdout]   "plugin_root": "/opt",
[INFO] [stdout]   "helper_path": "/opt/rustwide/target/release/shepherd",
[INFO] [stdout]   "helper_version": "6.8.3",
[INFO] [stdout]   "plugin_version": null,
[INFO] [stdout]   "ok": false,
[INFO] [stdout]   "findings": [
[INFO] [stdout]     "required installed file is missing: .claude-plugin/plugin.json; reinstall the matching Shepherd plugin"
[INFO] [stdout]   ],
[INFO] [stdout]   "warnings": [
[INFO] [stdout]     "file checks do not prove host hook trust, event delivery, or child dispatch; verify those in the selected host"
[INFO] [stdout]   ]
[INFO] [stdout] }
[INFO] [stdout] 
[INFO] [stdout] stack backtrace:
[INFO] [stdout]    0:     0x651a0be32701 - <<std[617be2ca0a6fd877]::sys::backtrace::BacktraceLock>::print::DisplayBacktrace as core[a373ad73a504971]::fmt::Display>::fmt
[INFO] [stdout]    1:     0x651a0be473da - core[a373ad73a504971]::fmt::write
[INFO] [stdout]    2:     0x651a0be36bec - <alloc[2e1b2a31b91974c5]::vec::Vec<u8> as core[a373ad73a504971]::io::write::Write>::write_fmt
[INFO] [stdout]    3:     0x651a0be0bcd6 - std[617be2ca0a6fd877]::panicking::default_hook::{closure#0}
[INFO] [stdout]    4:     0x651a0be28fe9 - std[617be2ca0a6fd877]::panicking::default_hook
[INFO] [stdout]    5:     0x651a0bdc3dd0 - test[aada8e7e76ba119b]::test_main_inner::{closure#0}
[INFO] [stdout]    6:     0x651a0be291a2 - std[617be2ca0a6fd877]::panicking::panic_with_hook
[INFO] [stdout]    7:     0x651a0be0bd82 - std[617be2ca0a6fd877]::panicking::panic_handler::{closure#0}
[INFO] [stdout]    8:     0x651a0be04749 - std[617be2ca0a6fd877]::sys::backtrace::__rust_end_short_backtrace::<std[617be2ca0a6fd877]::panicking::panic_handler::{closure#0}, !>
[INFO] [stdout]    9:     0x651a0be0ca4d - __rustc[ea4f61d10b84890b]::rust_begin_unwind
[INFO] [stdout]   10:     0x651a0be47b0c - core[a373ad73a504971]::panicking::panic_fmt
[INFO] [stdout]   11:     0x651a0bda48c8 - <doctor[2c8872669ed4579e]::actual_source_carriers_are_diagnosable_without_runtime::{closure#0} as core[a373ad73a504971]::ops::function::FnOnce<()>>::call_once
[INFO] [stdout]   12:     0x651a0bdb721b - test[aada8e7e76ba119b]::__rust_begin_short_backtrace::<core[a373ad73a504971]::result::Result<(), alloc[2e1b2a31b91974c5]::string::String>, fn() -> core[a373ad73a504971]::result::Result<(), alloc[2e1b2a31b91974c5]::string::String>>
[INFO] [stdout]   13:     0x651a0bdc43f5 - test[aada8e7e76ba119b]::run_test::{closure#0}
[INFO] [stdout]   14:     0x651a0bdbdce4 - std[617be2ca0a6fd877]::sys::backtrace::__rust_begin_short_backtrace::<test[aada8e7e76ba119b]::run_test::{closure#1}, ()>
[INFO] [stdout]   15:     0x651a0bdc7482 - <std[617be2ca0a6fd877]::thread::lifecycle::spawn_unchecked<test[aada8e7e76ba119b]::run_test::{closure#1}, ()>::{closure#1} as core[a373ad73a504971]::ops::function::FnOnce<()>>::call_once::{shim:vtable#0}
[INFO] [stdout]   16:     0x651a0be319af - <std[617be2ca0a6fd877]::sys::thread::unix::Thread>::new::thread_start
[INFO] [stdout]   17:     0x7589842e9dfa - <unknown>
[INFO] [stdout]   18:     0x75898437d3d4 - clone
[INFO] [stdout]   19:                0x0 - <unknown>
[INFO] [stdout] 
[INFO] [stdout] 
[INFO] [stdout] failures:
[INFO] [stdout]     actual_source_carriers_are_diagnosable_without_runtime
[INFO] [stdout]     missing_installed_opencode_renderer_is_reported
[INFO] [stdout]     missing_optional_jq_is_warning_not_blanket_failure
[INFO] [stdout] 
[INFO] [stdout] test result: FAILED. 8 passed; 3 failed; 0 ignored; 0 measured; 0 filtered out; finished in 0.02s
[INFO] [stdout] 
[INFO] running `Command { std: "docker" "inspect" "5272397a565ca0285eb2357905e8218413fe7fc113a6701a37bc26421aed3f88", kill_on_drop: false }`
[INFO] running `Command { std: "docker" "rm" "-f" "5272397a565ca0285eb2357905e8218413fe7fc113a6701a37bc26421aed3f88", kill_on_drop: false }`
[INFO] [stdout] 5272397a565ca0285eb2357905e8218413fe7fc113a6701a37bc26421aed3f88
