[INFO] fetching crate shelly-liveview 0.6.0...
[INFO] testing shelly-liveview-0.6.0 against 1.100.0-beta.1+cargoflags=--release for beta-release-1.100-2
[INFO] extracting crate shelly-liveview 0.6.0 into /workspace/builds/worker-3-tc2/source
[INFO] started tweaking crates.io crate shelly-liveview 0.6.0
[INFO] removed 0 missing tests
[INFO] finished tweaking crates.io crate shelly-liveview 0.6.0
[INFO] tweaked toml for crates.io crate shelly-liveview 0.6.0 written to /workspace/builds/worker-3-tc2/source/Cargo.toml
[INFO] validating manifest of crates.io crate shelly-liveview 0.6.0 on toolchain 1.100.0-beta.1
[INFO] running `Command { std: CARGO_HOME="/workspace/cargo-home" RUSTUP_HOME="/workspace/rustup-home" "/workspace/cargo-home/bin/cargo" "+1.100.0-beta.1" "metadata" "--manifest-path" "Cargo.toml" "--no-deps", kill_on_drop: false }`
[INFO] crate crates.io crate shelly-liveview 0.6.0 already has a lockfile, it will not be regenerated
[INFO] running `Command { std: CARGO_HOME="/workspace/cargo-home" RUSTUP_HOME="/workspace/rustup-home" "/workspace/cargo-home/bin/cargo" "+1.100.0-beta.1" "fetch" "--manifest-path" "Cargo.toml", kill_on_drop: false }`
[INFO] [stderr] warning: `package.homepage` is redundant with `package.repository`
[INFO] [stderr]   --> Cargo.toml:49:12
[INFO] [stderr]    |
[INFO] [stderr] 49 | homepage = "https://repos.noumena.mx/nodes/radicle.noumena.mx/rad:z283vaWE8vZZaLzBMDFHmQskKF3zC"
[INFO] [stderr]    |            ^^^^^^^^^^^^^^^^^^^^^^^^^^^^^^^^^^^^^^^^^^^^^^^^^^^^^^^^^^^^^^^^^^^^^^^^^^^^^^^^^^^^^
[INFO] [stderr] ...
[INFO] [stderr] 54 | repository = "https://repos.noumena.mx/nodes/radicle.noumena.mx/rad:z283vaWE8vZZaLzBMDFHmQskKF3zC"
[INFO] [stderr]    |              -------------------------------------------------------------------------------------
[INFO] [stderr]    |
[INFO] [stderr]    = note: `cargo::redundant_homepage` is set to `warn` by default
[INFO] [stderr] help: consider removing `package.homepage`
[INFO] [stderr] warning: `shelly-liveview` (manifest) generated 1 warning
[INFO] running `Command { std: "docker" "create" "-v" "/var/lib/crater-agent-workspace/builds/worker-3-tc2/source:/opt/rustwide/workdir:ro,Z" "-v" "/var/lib/crater-agent-workspace/builds/worker-3-tc2/target:/opt/rustwide/target:rw,Z" "-v" "/var/lib/crater-agent-workspace/cargo-home:/opt/rustwide/cargo-home:ro,Z" "-v" "/var/lib/crater-agent-workspace/rustup-home:/opt/rustwide/rustup-home:ro,Z" "-m" "1610612736" "--network" "none" "ghcr.io/rust-lang/crates-build-env/linux@sha256:77db811e55d90add9212f6832c23229e3de5f1c1f9905e8cb07319ea15df73ac" "sleep" "infinity", kill_on_drop: false }`
[INFO] [stdout] f77f9563686429a173156ba66ba59cd411a1451c07ab0203dad005df4b0f10ea
[INFO] running `Command { std: "docker" "start" "f77f9563686429a173156ba66ba59cd411a1451c07ab0203dad005df4b0f10ea", kill_on_drop: false }`
[INFO] running `Command { std: "docker" "inspect" "f77f9563686429a173156ba66ba59cd411a1451c07ab0203dad005df4b0f10ea", kill_on_drop: false }`
[INFO] running `Command { std: "docker" "exec" "-e" "SOURCE_DIR=/opt/rustwide/workdir" "-e" "CARGO_HOME=/opt/rustwide/cargo-home" "-e" "RUSTUP_HOME=/opt/rustwide/rustup-home" "-e" "CARGO_TARGET_DIR=/opt/rustwide/target" "-w" "/opt/rustwide/workdir" "--user" "0:0" "f77f9563686429a173156ba66ba59cd411a1451c07ab0203dad005df4b0f10ea" "/opt/rustwide/cargo-home/bin/cargo" "+1.100.0-beta.1" "metadata" "--no-deps" "--format-version=1", kill_on_drop: false }`
[INFO] running `Command { std: "docker" "inspect" "f77f9563686429a173156ba66ba59cd411a1451c07ab0203dad005df4b0f10ea", kill_on_drop: false }`
[INFO] running `Command { std: "docker" "exec" "-e" "SOURCE_DIR=/opt/rustwide/workdir" "-e" "CARGO_HOME=/opt/rustwide/cargo-home" "-e" "RUSTUP_HOME=/opt/rustwide/rustup-home" "-e" "CARGO_TARGET_DIR=/opt/rustwide/target" "-e" "CARGO_INCREMENTAL=0" "-e" "RUST_BACKTRACE=full" "-e" "RUSTFLAGS=--cap-lints=warn" "-e" "RUSTDOCFLAGS=--cap-lints=warn" "-w" "/opt/rustwide/workdir" "--user" "0:0" "f77f9563686429a173156ba66ba59cd411a1451c07ab0203dad005df4b0f10ea" "/opt/rustwide/cargo-home/bin/cargo" "+1.100.0-beta.1" "build" "--frozen" "--message-format=json" "--release", kill_on_drop: false }`
[INFO] [stderr] warning: `package.homepage` is redundant with `package.repository`
[INFO] [stderr]   --> Cargo.toml:49:12
[INFO] [stderr]    |
[INFO] [stderr] 49 | homepage = "https://repos.noumena.mx/nodes/radicle.noumena.mx/rad:z283vaWE8vZZaLzBMDFHmQskKF3zC"
[INFO] [stderr]    |            ^^^^^^^^^^^^^^^^^^^^^^^^^^^^^^^^^^^^^^^^^^^^^^^^^^^^^^^^^^^^^^^^^^^^^^^^^^^^^^^^^^^^^
[INFO] [stderr] ...
[INFO] [stderr] 54 | repository = "https://repos.noumena.mx/nodes/radicle.noumena.mx/rad:z283vaWE8vZZaLzBMDFHmQskKF3zC"
[INFO] [stderr]    |              -------------------------------------------------------------------------------------
[INFO] [stderr]    |
[INFO] [stderr]    = note: `cargo::redundant_homepage` is set to `warn` by default
[INFO] [stderr] help: consider removing `package.homepage`
[INFO] [stderr] warning: `shelly-liveview` (manifest) generated 1 warning
[INFO] [stderr]    Compiling thiserror-impl v1.0.69
[INFO] [stderr]    Compiling tokio-macros v2.7.0
[INFO] [stderr]    Compiling socket2 v0.6.3
[INFO] [stderr]    Compiling mio v1.2.0
[INFO] [stderr]    Compiling getrandom v0.4.2
[INFO] [stderr]    Compiling serde v1.0.228
[INFO] [stderr]    Compiling uuid v1.23.1
[INFO] [stderr]    Compiling tokio v1.52.2
[INFO] [stderr]    Compiling thiserror v1.0.69
[INFO] [stderr]    Compiling shelly-liveview v0.6.0 (/opt/rustwide/workdir)
[INFO] [stderr]     Finished `release` profile [optimized] target(s) in 24.12s
[INFO] running `Command { std: "docker" "inspect" "f77f9563686429a173156ba66ba59cd411a1451c07ab0203dad005df4b0f10ea", kill_on_drop: false }`
[INFO] running `Command { std: "docker" "exec" "-e" "SOURCE_DIR=/opt/rustwide/workdir" "-e" "CARGO_HOME=/opt/rustwide/cargo-home" "-e" "RUSTUP_HOME=/opt/rustwide/rustup-home" "-e" "CARGO_TARGET_DIR=/opt/rustwide/target" "-e" "CARGO_INCREMENTAL=0" "-e" "RUST_BACKTRACE=full" "-e" "RUSTFLAGS=--cap-lints=warn" "-e" "RUSTDOCFLAGS=--cap-lints=warn" "-w" "/opt/rustwide/workdir" "--user" "0:0" "f77f9563686429a173156ba66ba59cd411a1451c07ab0203dad005df4b0f10ea" "/opt/rustwide/cargo-home/bin/cargo" "+1.100.0-beta.1" "test" "--frozen" "--no-run" "--message-format=json" "--release", kill_on_drop: false }`
[INFO] [stderr] warning: `package.homepage` is redundant with `package.repository`
[INFO] [stderr]   --> Cargo.toml:49:12
[INFO] [stderr]    |
[INFO] [stderr] 49 | homepage = "https://repos.noumena.mx/nodes/radicle.noumena.mx/rad:z283vaWE8vZZaLzBMDFHmQskKF3zC"
[INFO] [stderr]    |            ^^^^^^^^^^^^^^^^^^^^^^^^^^^^^^^^^^^^^^^^^^^^^^^^^^^^^^^^^^^^^^^^^^^^^^^^^^^^^^^^^^^^^
[INFO] [stderr] ...
[INFO] [stderr] 54 | repository = "https://repos.noumena.mx/nodes/radicle.noumena.mx/rad:z283vaWE8vZZaLzBMDFHmQskKF3zC"
[INFO] [stderr]    |              -------------------------------------------------------------------------------------
[INFO] [stderr]    |
[INFO] [stderr]    = note: `cargo::redundant_homepage` is set to `warn` by default
[INFO] [stderr] help: consider removing `package.homepage`
[INFO] [stderr] warning: `shelly-liveview` (manifest) generated 1 warning
[INFO] [stderr]    Compiling bitflags v2.11.1
[INFO] [stderr]    Compiling num-traits v0.2.19
[INFO] [stderr]    Compiling getrandom v0.3.4
[INFO] [stderr]    Compiling wait-timeout v0.2.1
[INFO] [stderr]    Compiling ppv-lite86 v0.2.21
[INFO] [stderr]    Compiling shelly-macros v0.6.0
[INFO] [stderr]    Compiling rand_core v0.9.5
[INFO] [stderr]    Compiling rustix v1.1.4
[INFO] [stderr]    Compiling rand v0.9.4
[INFO] [stderr]    Compiling rand_xorshift v0.4.0
[INFO] [stderr]    Compiling rand_chacha v0.9.0
[INFO] [stderr]    Compiling tempfile v3.27.0
[INFO] [stderr]    Compiling rusty-fork v0.3.1
[INFO] [stderr]    Compiling proptest v1.11.0
[INFO] [stderr]    Compiling shelly-liveview v0.6.0 (/opt/rustwide/workdir)
[INFO] [stderr]     Finished `release` profile [optimized] target(s) in 45.60s
[INFO] running `Command { std: "docker" "inspect" "f77f9563686429a173156ba66ba59cd411a1451c07ab0203dad005df4b0f10ea", kill_on_drop: false }`
[INFO] running `Command { std: "docker" "exec" "-e" "SOURCE_DIR=/opt/rustwide/workdir" "-e" "CARGO_HOME=/opt/rustwide/cargo-home" "-e" "RUSTUP_HOME=/opt/rustwide/rustup-home" "-e" "CARGO_TARGET_DIR=/opt/rustwide/target" "-e" "CARGO_INCREMENTAL=0" "-e" "RUST_BACKTRACE=full" "-e" "RUSTFLAGS=--cap-lints=warn" "-e" "RUSTDOCFLAGS=--cap-lints=warn" "-w" "/opt/rustwide/workdir" "--user" "0:0" "f77f9563686429a173156ba66ba59cd411a1451c07ab0203dad005df4b0f10ea" "/opt/rustwide/cargo-home/bin/cargo" "+1.100.0-beta.1" "test" "--frozen" "--release", kill_on_drop: false }`
[INFO] [stderr] warning: `package.homepage` is redundant with `package.repository`
[INFO] [stderr]   --> Cargo.toml:49:12
[INFO] [stderr]    |
[INFO] [stderr] 49 | homepage = "https://repos.noumena.mx/nodes/radicle.noumena.mx/rad:z283vaWE8vZZaLzBMDFHmQskKF3zC"
[INFO] [stderr]    |            ^^^^^^^^^^^^^^^^^^^^^^^^^^^^^^^^^^^^^^^^^^^^^^^^^^^^^^^^^^^^^^^^^^^^^^^^^^^^^^^^^^^^^
[INFO] [stderr] ...
[INFO] [stderr] 54 | repository = "https://repos.noumena.mx/nodes/radicle.noumena.mx/rad:z283vaWE8vZZaLzBMDFHmQskKF3zC"
[INFO] [stderr]    |              -------------------------------------------------------------------------------------
[INFO] [stderr]    |
[INFO] [stderr]    = note: `cargo::redundant_homepage` is set to `warn` by default
[INFO] [stderr] help: consider removing `package.homepage`
[INFO] [stderr] warning: `shelly-liveview` (manifest) generated 1 warning
[INFO] [stderr]     Finished `release` profile [optimized] target(s) in 0.10s
[INFO] [stderr]      Running unittests src/lib.rs (/opt/rustwide/target/release/build/shelly-liveview/0560a9a4423a7dae/out/shelly-0560a9a4423a7dae)
[INFO] [stdout] 
[INFO] [stdout] running 105 tests
[INFO] [stdout] test component::tests::live_component_default_callbacks_return_ok ... ok
[INFO] [stdout] test component::tests::component_id_and_render_parts_round_trip ... ok
[INFO] [stdout] test context::tests::context_can_queue_chart_append_many_without_root_render ... ok
[INFO] [stdout] test context::tests::context_can_queue_chart_annotation_messages_without_root_render ... ok
[INFO] [stdout] test context::tests::context_can_queue_redirects ... ok
[INFO] [stdout] test context::tests::context_can_set_and_clear_render_cadence_override ... ok
[INFO] [stdout] test context::tests::context_tracks_route_params ... ok
[INFO] [stdout] test context::tests::context_can_queue_interop_and_webrtc_messages_without_root_render ... ok
[INFO] [stdout] test context::tests::context_can_queue_pubsub_commands_without_root_render ... ok
[INFO] [stdout] test context::tests::context_can_queue_toast_and_inbox_messages_without_root_render ... ok
[INFO] [stdout] test context::tests::context_can_queue_stream_batch_messages_without_root_render ... ok
[INFO] [stdout] test context::tests::context_can_queue_chart_stream_message_without_root_render ... ok
[INFO] [stdout] test form::tests::parse_path_segments_supports_bracket_and_dot_paths ... ok
[INFO] [stdout] test form::tests::validation_errors_html_and_optional_set_paths_are_supported ... ok
[INFO] [stdout] test form::tests::validation_errors_set_remove_and_reindex ... ok
[INFO] [stdout] test html::tests::html_from_and_template_snapshot_helpers_cover_metadata_paths ... ok
[INFO] [stdout] test html::tests::html_wraps_fragment ... ok
[INFO] [stdout] test context::tests::context_can_queue_navigation_messages ... ok
[INFO] [stdout] test context::tests::context_can_queue_runtime_commands_without_root_render ... ok
[INFO] [stdout] test invariants::tests::client_invariants_cover_hex_event_navigation_and_upload_rules ... ok
[INFO] [stdout] test invariants::tests::client_connect_rejects_unsupported_protocol ... ok
[INFO] [stdout] test html::tests::template_renders_static_and_dynamic_segments ... ok
[INFO] [stdout] test form::tests::validation_reindex_keeps_non_numeric_array_segments ... ok
[INFO] [stdout] test context::tests::context_tracks_tenant_context ... ok
[INFO] [stdout] test context::tests::context_can_queue_stream_messages_without_root_render ... ok
[INFO] [stdout] test form::tests::value_as_string_returns_empty_for_non_strings ... ok
[INFO] [stdout] test event::tests::event_new_defaults_to_null_value ... ok
[INFO] [stdout] test html::tests::escape_html_escapes_text_and_attribute_delimiters ... ok
[INFO] [stdout] test context::tests::context_can_queue_chart_series_replace_and_reset_without_root_render ... ok
[INFO] [stdout] test context::tests::context_can_queue_grid_window_replace_without_root_render ... ok
[INFO] [stdout] test context::tests::context_can_queue_grid_replace_without_root_render ... ok
[INFO] [stdout] test invariants::tests::hello_fallback_requires_reason ... ok
[INFO] [stdout] test invariants::tests::descriptors_map_to_expected_axes ... ok
[INFO] [stdout] test invariants::tests::describe_server_message_and_invariants_cover_remaining_variant_matrix ... ok
[INFO] [stdout] test invariants::tests::describe_client_message_covers_every_instruction_class_branch ... ok
[INFO] [stdout] test invariants::tests::server_hello_invariants_cover_resume_and_protocol_rules ... ok
[INFO] [stdout] test protocol::tests::decodes_navigation_requests ... ok
[INFO] [stdout] test invariants::tests::server_sequence_requires_monotonic_revisions ... ok
[INFO] [stdout] test form::tests::form_data_object_array_and_missing_paths_cover_edge_cases ... ok
[INFO] [stdout] test protocol::tests::decodes_protocol_connect_correlation_fields ... ok
[INFO] [stdout] test form::tests::form_data_reads_nested_values ... ok
[INFO] [stdout] test protocol::tests::decodes_protocol_connect_resume_token ... ok
[INFO] [stdout] test live_view::tests::live_view_default_callbacks_return_ok ... ok
[INFO] [stdout] test invariants::tests::server_message_invariants_cover_chart_notification_grid_and_interop ... ok
[INFO] [stdout] test nested::tests::nested_live_view_id_round_trips ... ok
[INFO] [stdout] test protocol::tests::decodes_protocol_connect_resume_hints ... ok
[INFO] [stdout] test nested::tests::nested_live_view_state_is_copyable ... ok
[INFO] [stdout] test protocol::tests::decodes_protocol_connect ... ok
[INFO] [stdout] test protocol::tests::encodes_navigation_messages ... ok
[INFO] [stdout] test protocol::tests::encodes_stream_messages ... ok
[INFO] [stdout] test protocol::tests::encodes_server_diff ... ok
[INFO] [stdout] test protocol::tests::decodes_protocol_connect_tenant_context ... ok
[INFO] [stdout] test invariants::tests::server_message_invariants_cover_render_stream_upload_and_navigation ... ok
[INFO] [stdout] test protocol::tests::encodes_toast_and_inbox_messages ... ok
[INFO] [stdout] test protocol::tests::encodes_server_patch ... ok
[INFO] [stdout] test protocol::tests::decodes_upload_requests ... ok
[INFO] [stdout] test pubsub::tests::default_presence_methods_return_empty_snapshot ... ok
[INFO] [stdout] test pubsub::tests::pubsub_debug_and_presence_cleanup_cover_additional_branches ... ok
[INFO] [stdout] test replay::tests::inspector_frames_cover_client_kind_and_summary_variants ... ok
[INFO] [stdout] test pubsub::tests::in_process_pubsub_broadcasts_to_subscribers ... ok
[INFO] [stdout] test invariants::tests::server_sequence_rejects_hello_order_and_duplicates ... ok
[INFO] [stdout] test pubsub::tests::in_process_pubsub_reports_cluster_capabilities_and_presence ... ok
[INFO] [stdout] test protocol::tests::decodes_client_event ... ok
[INFO] [stdout] test protocol::tests::rejects_upload_chunk_without_required_fields ... ok
[INFO] [stdout] test pubsub::tests::broadcast_subscription_maps_lagged_and_closed_recv_errors ... ok
[INFO] [stdout] test pubsub::tests::custom_backend_can_fanout_across_multiple_pubsub_instances ... ok
[INFO] [stdout] test session::tests::connect_with_supported_protocol_is_noop ... ok
[INFO] [stdout] test session::tests::event_errors_do_not_increment_revision_or_leak_pushes ... ok
[INFO] [stdout] test session::tests::mount_can_queue_runtime_commands ... ok
[INFO] [stdout] test protocol::tests::rejects_event_without_event_name ... ok
[INFO] [stdout] test replay::tests::production_redaction_masks_sensitive_payloads ... ok
[INFO] [stdout] test protocol::tests::rejects_unknown_client_message_type ... ok
[INFO] [stdout] test protocol::tests::encodes_chart_messages ... ok
[INFO] [stdout] test replay::tests::redaction_policy_covers_connect_upload_and_server_variants ... ok
[INFO] [stdout] test session::tests::nested_live_view_lifecycle_suspend_resume_and_terminate_are_isolated ... ok
[INFO] [stdout] test session::tests::per_view_override_can_disable_render_cadence ... ok
[INFO] [stdout] test replay::tests::replay_trace_detects_mismatch_and_revision_issues ... ok
[INFO] [stdout] test replay::tests::replay_trace_round_trips_json_and_empty_reports ... ok
[INFO] [stdout] test session::tests::nested_live_view_event_failure_does_not_corrupt_parent_or_siblings ... ok
[INFO] [stdout] test session::tests::nested_live_view_mounts_and_handles_scoped_events_without_parent_remount ... ok
[INFO] [stdout] test session::tests::plain_html_keeps_full_patch_fallback ... ok
[INFO] [stdout] test session::tests::connect_and_event_propagate_tenant_context ... ok
[INFO] [stdout] test session::tests::protocol_paths_cover_navigation_upload_and_component_error_branches ... ok
[INFO] [stdout] test session::tests::scoped_component_event_patches_only_target_component ... ok
[INFO] [stdout] test replay::tests::replay_trace_reproduces_session_without_live_dependencies ... ok
[INFO] [stdout] test replay::tests::inspector_supports_time_travel_navigation ... ok
[INFO] [stdout] test replay::tests::validate_server_revisions_rejects_regressions ... ok
[INFO] [stdout] test session::tests::session_dispatches_event_and_patches ... ok
[INFO] [stdout] test session::tests::connect_with_unsupported_protocol_returns_structured_error ... ok
[INFO] [stdout] test session::tests::session_responds_to_ping_without_rendering ... ok
[INFO] [stdout] test session::tests::mount_failure_drains_side_effects_and_keeps_session_safe ... ok
[INFO] [stdout] test session::tests::stream_events_send_only_stream_operations ... ok
[INFO] [stdout] test session::tests::telemetry_sink_failures_do_not_break_runtime_flow ... ok
[INFO] [stdout] test session::tests::session_emits_mount_and_event_telemetry ... ok
[INFO] [stdout] test session::tests::session_public_helpers_cover_route_hello_snapshot_and_trace_paths ... ok
[INFO] [stdout] test form::tests::dotted_path_normalization_round_trips ... ok
[INFO] [stdout] test session::tests::stream_batch_delete_telemetry_and_empty_flush_paths_are_exercised ... ok
[INFO] [stdout] test session::tests::stream_burst_events_send_batch_operations ... ok
[INFO] [stdout] test session::tests::template_updates_send_only_changed_dynamic_slots ... ok
[INFO] [stdout] test telemetry::tests::noop_sink_accepts_events ... ok
[INFO] [stdout] test telemetry::tests::telemetry_event_builders_populate_all_optional_fields ... ok
[INFO] [stdout] test telemetry::tests::memory_sink_records_events_and_reports_poisoned_mutex ... ok
[INFO] [stdout] test protocol::tests::encodes_upload_status_messages ... ok
[INFO] [stdout] test session::tests::unknown_events_do_not_panic ... ok
[INFO] [stdout] test session::tests::render_cadence_coalesces_bursty_root_patches ... ok
[INFO] [stdout] 
[INFO] [stdout] test result: ok. 105 passed; 0 failed; 0 ignored; 0 measured; 0 filtered out; finished in 0.05s
[INFO] [stdout] 
[INFO] [stderr]      Running tests/property_protocol.rs (/opt/rustwide/target/release/build/shelly-liveview/a1fa0df9c3e0733b/out/property_protocol-a1fa0df9c3e0733b)
[INFO] [stdout] 
[INFO] [stdout] running 7 tests
[INFO] [stdout] test strictly_increasing_render_revisions_pass_sequence_validation ... ok
[INFO] [stdout] test unknown_client_message_type_is_rejected ... ok
[INFO] [stdout] test connect_with_malformed_trace_ids_fails_invariants ... ok
[INFO] [stdout] test supported_connect_with_valid_trace_fields_passes_invariants ... ok
[INFO] [stdout] test session_revision_is_monotonic_for_successful_events ... ok
[INFO] [stderr]      Running tests/protocol_compatibility_matrix.rs (/opt/rustwide/target/release/build/shelly-liveview/bb7d0c94c8981479/out/protocol_compatibility_matrix-bb7d0c94c8981479)
[INFO] [stdout] test failing_events_never_increment_revision ... ok
[INFO] [stdout] test client_event_roundtrips_through_json ... ok
[INFO] [stdout] 
[INFO] [stdout] test result: ok. 7 passed; 0 failed; 0 ignored; 0 measured; 0 filtered out; finished in 0.01s
[INFO] [stdout] 
[INFO] [stdout] 
[INFO] [stdout] running 4 tests
[INFO] [stdout] test client_connect_protocol_version_matrix ... ok
[INFO] [stdout] test supported_versions_constant_is_consistent ... ok
[INFO] [stdout] test sequence_ordering_matrix ... ok
[INFO] [stdout] test hello_fallback_path_matrix ... ok
[INFO] [stdout] 
[INFO] [stdout] test result: ok. 4 passed; 0 failed; 0 ignored; 0 measured; 0 filtered out; finished in 0.00s
[INFO] [stdout] 
[INFO] [stderr]      Running tests/protocol_contract.rs (/opt/rustwide/target/release/build/shelly-liveview/adc76f8de7590820/out/protocol_contract-adc76f8de7590820)
[INFO] [stdout] 
[INFO] [stdout] running 22 tests
[INFO] [stdout] test protocol_diff_shape_is_stable ... ok
[INFO] [stdout] test protocol_chart_annotation_shapes_are_stable ... ok
[INFO] [stdout] test protocol_event_shape_is_stable ... ok
[INFO] [stdout] test protocol_connect_shape_is_stable ... ok
[INFO] [stdout] test protocol_connect_resume_shape_is_stable ... ok
[INFO] [stdout] test protocol_grid_replace_shape_is_stable ... ok
[INFO] [stdout] test protocol_chart_series_replace_and_reset_shapes_are_stable ... ok
[INFO] [stdout] test protocol_diff_fixture_matches_contract ... ok
[INFO] [stdout] test protocol_patch_shape_is_stable ... ok
[INFO] [stdout] test protocol_client_event_fixture_matches_contract ... ok
[INFO] [stdout] test protocol_stream_insert_shape_is_stable ... ok
[INFO] [stdout] test protocol_toast_and_inbox_shapes_are_stable ... ok
[INFO] [stdout] test protocol_interop_dispatch_shape_is_stable ... ok
[INFO] [stdout] test protocol_chart_series_append_many_shape_is_stable ... ok
[INFO] [stdout] test protocol_grid_rows_replace_shape_is_stable ... ok
[INFO] [stdout] test protocol_stream_batch_shape_is_stable ... ok
[INFO] [stdout] test protocol_chart_series_append_shape_is_stable ... ok
[INFO] [stdout] test protocol_upload_shape_is_stable ... ok
[INFO] [stdout] test protocol_stream_delete_shape_is_stable ... ok
[INFO] [stdout] test protocol_navigate_shape_is_stable ... ok
[INFO] [stdout] test protocol_patch_fixture_matches_contract ... ok
[INFO] [stdout] test protocol_patch_url_shape_is_stable ... ok
[INFO] [stdout] 
[INFO] [stdout] test result: ok. 22 passed; 0 failed; 0 ignored; 0 measured; 0 filtered out; finished in 0.01s
[INFO] [stdout] 
[INFO] [stderr]      Running tests/protocol_fuzz_corpus.rs (/opt/rustwide/target/release/build/shelly-liveview/a687ca17a451807c/out/protocol_fuzz_corpus-a687ca17a451807c)
[INFO] [stdout] 
[INFO] [stdout] running 2 tests
[INFO] [stdout] test protocol_message_corpus_is_parseable_and_exercises_invariants ... FAILED
[INFO] [stdout] test browser_payload_corpus_exercises_event_conversion_paths ... FAILED
[INFO] [stdout] 
[INFO] [stdout] failures:
[INFO] [stdout] 
[INFO] [stdout] ---- protocol_message_corpus_is_parseable_and_exercises_invariants stdout ----
[INFO] [stdout] 
[INFO] [stdout] thread 'protocol_message_corpus_is_parseable_and_exercises_invariants' (996) panicked at tests/protocol_fuzz_corpus.rs:16:31:
[INFO] [stdout] failed to read corpus /opt/rustwide/workdir/../../fuzz/corpus/protocol_message: No such file or directory (os error 2)
[INFO] [stdout] stack backtrace:
[INFO] [stdout]    0:     0x62973f07a231 - <<std[617be2ca0a6fd877]::sys::backtrace::BacktraceLock>::print::DisplayBacktrace as core[a373ad73a504971]::fmt::Display>::fmt
[INFO] [stdout]    1:     0x62973f08eb8a - core[a373ad73a504971]::fmt::write
[INFO] [stdout]    2:     0x62973f07e73c - <alloc[2e1b2a31b91974c5]::vec::Vec<u8> as core[a373ad73a504971]::io::write::Write>::write_fmt
[INFO] [stdout]    3:     0x62973f055b16 - std[617be2ca0a6fd877]::panicking::default_hook::{closure#0}
[INFO] [stdout]    4:     0x62973f072359 - std[617be2ca0a6fd877]::panicking::default_hook
[INFO] [stdout]    5:     0x62973f003380 - test[aada8e7e76ba119b]::test_main_inner::{closure#0}
[INFO] [stdout]    6:     0x62973f072512 - std[617be2ca0a6fd877]::panicking::panic_with_hook
[INFO] [stdout]    7:     0x62973f055bc2 - std[617be2ca0a6fd877]::panicking::panic_handler::{closure#0}
[INFO] [stdout]    8:     0x62973f04e6a9 - std[617be2ca0a6fd877]::sys::backtrace::__rust_end_short_backtrace::<std[617be2ca0a6fd877]::panicking::panic_handler::{closure#0}, !>
[INFO] [stdout]    9:     0x62973f0567cd - __rustc[ea4f61d10b84890b]::rust_begin_unwind
[INFO] [stdout]   10:     0x62973f08f2bc - core[a373ad73a504971]::panicking::panic_fmt
[INFO] [stdout]   11:     0x62973efec3b9 - protocol_fuzz_corpus[c31e6be24d85bf08]::corpus_paths::{closure#0}
[INFO] [stdout]   12:     0x62973efec91c - protocol_fuzz_corpus[c31e6be24d85bf08]::corpus_paths
[INFO] [stdout]   13:     0x62973efedfba - <protocol_fuzz_corpus[c31e6be24d85bf08]::protocol_message_corpus_is_parseable_and_exercises_invariants::{closure#0} as core[a373ad73a504971]::ops::function::FnOnce<()>>::call_once
[INFO] [stdout]   14:     0x62973eff67cb - test[aada8e7e76ba119b]::__rust_begin_short_backtrace::<core[a373ad73a504971]::result::Result<(), alloc[2e1b2a31b91974c5]::string::String>, fn() -> core[a373ad73a504971]::result::Result<(), alloc[2e1b2a31b91974c5]::string::String>>
[INFO] [stdout]   15:     0x62973f0039a5 - test[aada8e7e76ba119b]::run_test::{closure#0}
[INFO] [stdout]   16:     0x62973effd294 - std[617be2ca0a6fd877]::sys::backtrace::__rust_begin_short_backtrace::<test[aada8e7e76ba119b]::run_test::{closure#1}, ()>
[INFO] [stdout]   17:     0x62973f006a32 - <std[617be2ca0a6fd877]::thread::lifecycle::spawn_unchecked<test[aada8e7e76ba119b]::run_test::{closure#1}, ()>::{closure#1} as core[a373ad73a504971]::ops::function::FnOnce<()>>::call_once::{shim:vtable#0}
[INFO] [stdout]   18:     0x62973f07972f - <std[617be2ca0a6fd877]::sys::thread::unix::Thread>::new::thread_start
[INFO] [stdout]   19:     0x76dac475bdfa - <unknown>
[INFO] [stdout]   20:     0x76dac47ef3d4 - clone
[INFO] [stdout]   21:                0x0 - <unknown>
[INFO] [stdout] 
[INFO] [stdout] ---- browser_payload_corpus_exercises_event_conversion_paths stdout ----
[INFO] [stdout] 
[INFO] [stdout] thread 'browser_payload_corpus_exercises_event_conversion_paths' (995) panicked at tests/protocol_fuzz_corpus.rs:16:31:
[INFO] [stdout] failed to read corpus /opt/rustwide/workdir/../../fuzz/corpus/browser_event_payload: No such file or directory (os error 2)
[INFO] [stdout] stack backtrace:
[INFO] [stdout]    0:     0x62973f07a231 - <<std[617be2ca0a6fd877]::sys::backtrace::BacktraceLock>::print::DisplayBacktrace as core[a373ad73a504971]::fmt::Display>::fmt
[INFO] [stdout]    1:     0x62973f08eb8a - core[a373ad73a504971]::fmt::write
[INFO] [stdout]    2:     0x62973f07e73c - <alloc[2e1b2a31b91974c5]::vec::Vec<u8> as core[a373ad73a504971]::io::write::Write>::write_fmt
[INFO] [stdout]    3:     0x62973f055b16 - std[617be2ca0a6fd877]::panicking::default_hook::{closure#0}
[INFO] [stdout]    4:     0x62973f072359 - std[617be2ca0a6fd877]::panicking::default_hook
[INFO] [stdout]    5:     0x62973f003380 - test[aada8e7e76ba119b]::test_main_inner::{closure#0}
[INFO] [stdout]    6:     0x62973f072512 - std[617be2ca0a6fd877]::panicking::panic_with_hook
[INFO] [stderr] error: test failed, to rerun pass `--test protocol_fuzz_corpus`
[INFO] [stdout]    7:     0x62973f055bc2 - std[617be2ca0a6fd877]::panicking::panic_handler::{closure#0}
[INFO] [stdout]    8:     0x62973f04e6a9 - std[617be2ca0a6fd877]::sys::backtrace::__rust_end_short_backtrace::<std[617be2ca0a6fd877]::panicking::panic_handler::{closure#0}, !>
[INFO] [stdout]    9:     0x62973f0567cd - __rustc[ea4f61d10b84890b]::rust_begin_unwind
[INFO] [stdout]   10:     0x62973f08f2bc - core[a373ad73a504971]::panicking::panic_fmt
[INFO] [stdout]   11:     0x62973efec3b9 - protocol_fuzz_corpus[c31e6be24d85bf08]::corpus_paths::{closure#0}
[INFO] [stdout]   12:     0x62973efec91c - protocol_fuzz_corpus[c31e6be24d85bf08]::corpus_paths
[INFO] [stdout]   13:     0x62973efed20d - <protocol_fuzz_corpus[c31e6be24d85bf08]::browser_payload_corpus_exercises_event_conversion_paths::{closure#0} as core[a373ad73a504971]::ops::function::FnOnce<()>>::call_once
[INFO] [stdout]   14:     0x62973eff67cb - test[aada8e7e76ba119b]::__rust_begin_short_backtrace::<core[a373ad73a504971]::result::Result<(), alloc[2e1b2a31b91974c5]::string::String>, fn() -> core[a373ad73a504971]::result::Result<(), alloc[2e1b2a31b91974c5]::string::String>>
[INFO] [stdout]   15:     0x62973f0039a5 - test[aada8e7e76ba119b]::run_test::{closure#0}
[INFO] [stdout]   16:     0x62973effd294 - std[617be2ca0a6fd877]::sys::backtrace::__rust_begin_short_backtrace::<test[aada8e7e76ba119b]::run_test::{closure#1}, ()>
[INFO] [stdout]   17:     0x62973f006a32 - <std[617be2ca0a6fd877]::thread::lifecycle::spawn_unchecked<test[aada8e7e76ba119b]::run_test::{closure#1}, ()>::{closure#1} as core[a373ad73a504971]::ops::function::FnOnce<()>>::call_once::{shim:vtable#0}
[INFO] [stdout]   18:     0x62973f07972f - <std[617be2ca0a6fd877]::sys::thread::unix::Thread>::new::thread_start
[INFO] [stdout]   19:     0x76dac475bdfa - <unknown>
[INFO] [stdout]   20:     0x76dac47ef3d4 - clone
[INFO] [stdout]   21:                0x0 - <unknown>
[INFO] [stdout] 
[INFO] [stdout] 
[INFO] [stdout] failures:
[INFO] [stdout]     browser_payload_corpus_exercises_event_conversion_paths
[INFO] [stdout]     protocol_message_corpus_is_parseable_and_exercises_invariants
[INFO] [stdout] 
[INFO] [stdout] test result: FAILED. 0 passed; 2 failed; 0 ignored; 0 measured; 0 filtered out; finished in 0.00s
[INFO] [stdout] 
[INFO] running `Command { std: "docker" "inspect" "f77f9563686429a173156ba66ba59cd411a1451c07ab0203dad005df4b0f10ea", kill_on_drop: false }`
[INFO] running `Command { std: "docker" "rm" "-f" "f77f9563686429a173156ba66ba59cd411a1451c07ab0203dad005df4b0f10ea", kill_on_drop: false }`
[INFO] [stdout] f77f9563686429a173156ba66ba59cd411a1451c07ab0203dad005df4b0f10ea
