[INFO] fetching crate shelly-data 0.6.0...
[INFO] testing shelly-data-0.6.0 against 1.99.0-beta.8+cargoflags=--release for beta-release-1.100-2
[INFO] extracting crate shelly-data 0.6.0 into /workspace/builds/worker-4-tc1/source
[INFO] started tweaking crates.io crate shelly-data 0.6.0
[INFO] removed 0 missing tests
[INFO] finished tweaking crates.io crate shelly-data 0.6.0
[INFO] tweaked toml for crates.io crate shelly-data 0.6.0 written to /workspace/builds/worker-4-tc1/source/Cargo.toml
[INFO] validating manifest of crates.io crate shelly-data 0.6.0 on toolchain 1.99.0-beta.8
[INFO] running `Command { std: CARGO_HOME="/workspace/cargo-home" RUSTUP_HOME="/workspace/rustup-home" "/workspace/cargo-home/bin/cargo" "+1.99.0-beta.8" "metadata" "--manifest-path" "Cargo.toml" "--no-deps", kill_on_drop: false }`
[INFO] crate crates.io crate shelly-data 0.6.0 already has a lockfile, it will not be regenerated
[INFO] running `Command { std: CARGO_HOME="/workspace/cargo-home" RUSTUP_HOME="/workspace/rustup-home" "/workspace/cargo-home/bin/cargo" "+1.99.0-beta.8" "fetch" "--manifest-path" "Cargo.toml", kill_on_drop: false }`
[INFO] running `Command { std: "docker" "create" "-v" "/var/lib/crater-agent-workspace/builds/worker-4-tc1/source:/opt/rustwide/workdir:ro,Z" "-v" "/var/lib/crater-agent-workspace/builds/worker-4-tc1/target:/opt/rustwide/target:rw,Z" "-v" "/var/lib/crater-agent-workspace/cargo-home:/opt/rustwide/cargo-home:ro,Z" "-v" "/var/lib/crater-agent-workspace/rustup-home:/opt/rustwide/rustup-home:ro,Z" "-m" "1610612736" "--network" "none" "ghcr.io/rust-lang/crates-build-env/linux@sha256:77db811e55d90add9212f6832c23229e3de5f1c1f9905e8cb07319ea15df73ac" "sleep" "infinity", kill_on_drop: false }`
[INFO] [stdout] 20381f6efbffe9ba6254d7bd781ab9d525d2b630ad348512ce65cab0f97e1591
[INFO] running `Command { std: "docker" "start" "20381f6efbffe9ba6254d7bd781ab9d525d2b630ad348512ce65cab0f97e1591", kill_on_drop: false }`
[INFO] running `Command { std: "docker" "inspect" "20381f6efbffe9ba6254d7bd781ab9d525d2b630ad348512ce65cab0f97e1591", kill_on_drop: false }`
[INFO] running `Command { std: "docker" "exec" "-e" "SOURCE_DIR=/opt/rustwide/workdir" "-e" "CARGO_HOME=/opt/rustwide/cargo-home" "-e" "RUSTUP_HOME=/opt/rustwide/rustup-home" "-e" "CARGO_TARGET_DIR=/opt/rustwide/target" "-w" "/opt/rustwide/workdir" "--user" "0:0" "20381f6efbffe9ba6254d7bd781ab9d525d2b630ad348512ce65cab0f97e1591" "/opt/rustwide/cargo-home/bin/cargo" "+1.99.0-beta.8" "metadata" "--no-deps" "--format-version=1", kill_on_drop: false }`
[INFO] running `Command { std: "docker" "inspect" "20381f6efbffe9ba6254d7bd781ab9d525d2b630ad348512ce65cab0f97e1591", kill_on_drop: false }`
[INFO] running `Command { std: "docker" "exec" "-e" "SOURCE_DIR=/opt/rustwide/workdir" "-e" "CARGO_HOME=/opt/rustwide/cargo-home" "-e" "RUSTUP_HOME=/opt/rustwide/rustup-home" "-e" "CARGO_TARGET_DIR=/opt/rustwide/target" "-e" "CARGO_INCREMENTAL=0" "-e" "RUST_BACKTRACE=full" "-e" "RUSTFLAGS=--cap-lints=warn" "-e" "RUSTDOCFLAGS=--cap-lints=warn" "-w" "/opt/rustwide/workdir" "--user" "0:0" "20381f6efbffe9ba6254d7bd781ab9d525d2b630ad348512ce65cab0f97e1591" "/opt/rustwide/cargo-home/bin/cargo" "+1.99.0-beta.8" "build" "--frozen" "--message-format=json" "--release", kill_on_drop: false }`
[INFO] [stderr]    Compiling syn v2.0.117
[INFO] [stderr]    Compiling mio v1.2.0
[INFO] [stderr]    Compiling socket2 v0.6.3
[INFO] [stderr]    Compiling tokio-macros v2.7.0
[INFO] [stderr]    Compiling thiserror-impl v1.0.69
[INFO] [stderr]    Compiling tracing-attributes v0.1.31
[INFO] [stderr]    Compiling serde_derive v1.0.228
[INFO] [stderr]    Compiling tokio v1.52.2
[INFO] [stderr]    Compiling thiserror v1.0.69
[INFO] [stderr]    Compiling tracing v0.1.44
[INFO] [stderr]    Compiling serde v1.0.228
[INFO] [stderr]    Compiling shelly-data v0.6.0 (/opt/rustwide/workdir)
[INFO] [stderr]     Finished `release` profile [optimized] target(s) in 45.49s
[INFO] running `Command { std: "docker" "inspect" "20381f6efbffe9ba6254d7bd781ab9d525d2b630ad348512ce65cab0f97e1591", kill_on_drop: false }`
[INFO] running `Command { std: "docker" "exec" "-e" "SOURCE_DIR=/opt/rustwide/workdir" "-e" "CARGO_HOME=/opt/rustwide/cargo-home" "-e" "RUSTUP_HOME=/opt/rustwide/rustup-home" "-e" "CARGO_TARGET_DIR=/opt/rustwide/target" "-e" "CARGO_INCREMENTAL=0" "-e" "RUST_BACKTRACE=full" "-e" "RUSTFLAGS=--cap-lints=warn" "-e" "RUSTDOCFLAGS=--cap-lints=warn" "-w" "/opt/rustwide/workdir" "--user" "0:0" "20381f6efbffe9ba6254d7bd781ab9d525d2b630ad348512ce65cab0f97e1591" "/opt/rustwide/cargo-home/bin/cargo" "+1.99.0-beta.8" "test" "--frozen" "--no-run" "--message-format=json" "--release", kill_on_drop: false }`
[INFO] [stderr]    Compiling zerocopy v0.8.48
[INFO] [stderr]    Compiling getrandom v0.3.4
[INFO] [stderr]    Compiling fastrand v2.4.1
[INFO] [stderr]    Compiling wait-timeout v0.2.1
[INFO] [stderr]    Compiling rand_core v0.9.5
[INFO] [stderr]    Compiling tempfile v3.27.0
[INFO] [stderr]    Compiling rand v0.9.4
[INFO] [stderr]    Compiling rand_xorshift v0.4.0
[INFO] [stderr]    Compiling rusty-fork v0.3.1
[INFO] [stderr]    Compiling ppv-lite86 v0.2.21
[INFO] [stderr]    Compiling rand_chacha v0.9.0
[INFO] [stderr]    Compiling proptest v1.11.0
[INFO] [stderr]    Compiling shelly-data v0.6.0 (/opt/rustwide/workdir)
[INFO] [stderr]     Finished `release` profile [optimized] target(s) in 55.61s
[INFO] running `Command { std: "docker" "inspect" "20381f6efbffe9ba6254d7bd781ab9d525d2b630ad348512ce65cab0f97e1591", kill_on_drop: false }`
[INFO] running `Command { std: "docker" "exec" "-e" "SOURCE_DIR=/opt/rustwide/workdir" "-e" "CARGO_HOME=/opt/rustwide/cargo-home" "-e" "RUSTUP_HOME=/opt/rustwide/rustup-home" "-e" "CARGO_TARGET_DIR=/opt/rustwide/target" "-e" "CARGO_INCREMENTAL=0" "-e" "RUST_BACKTRACE=full" "-e" "RUSTFLAGS=--cap-lints=warn" "-e" "RUSTDOCFLAGS=--cap-lints=warn" "-w" "/opt/rustwide/workdir" "--user" "0:0" "20381f6efbffe9ba6254d7bd781ab9d525d2b630ad348512ce65cab0f97e1591" "/opt/rustwide/cargo-home/bin/cargo" "+1.99.0-beta.8" "test" "--frozen" "--release", kill_on_drop: false }`
[INFO] [stderr]     Finished `release` profile [optimized] target(s) in 0.11s
[INFO] [stderr]      Running unittests src/lib.rs (/opt/rustwide/target/release/deps/shelly_data-156e5634b0427fdb)
[INFO] [stdout] 
[INFO] [stdout] running 91 tests
[INFO] [stdout] test app_services::tests::background_job_helper_builders_and_error_mapping_cover_state_matrix ... ok
[INFO] [stdout] test app_services::tests::background_job_service_wraps_job_orchestrator_contract ... ok
[INFO] [stdout] test app_services::tests::in_memory_cache_backend_supports_set_get_delete_and_ttl ... ok
[INFO] [stdout] test app_services::tests::app_service_lock_poisoning_paths_are_reported_with_unavailable_codes ... ok
[INFO] [stdout] test adapter::tests::adapter_parse_accepts_aliases_case_and_whitespace ... ok
[INFO] [stdout] test adapter::tests::parse_database_config ... ok
[INFO] [stdout] test app_services::tests::map_app_service_result_wraps_errors_with_source_context ... ok
[INFO] [stdout] test adapter::tests::resolve_url_prefers_inline_then_env ... ok
[INFO] [stdout] test app_services::tests::in_memory_identity_service_signs_in_and_signs_out ... ok
[INFO] [stdout] test app_services::tests::in_memory_queue_backend_is_fifo_per_topic ... ok
[INFO] [stdout] test adapter::tests::adapter_parse_rejects_unknown_values ... ok
[INFO] [stdout] test app_services::tests::in_memory_identity_service_rejects_invalid_credentials ... ok
[INFO] [stdout] test app_services::tests::identity_service_covers_insert_validation_ttl_floor_and_expiry ... ok
[INFO] [stdout] test app_services::tests::queue_and_email_services_cover_invalid_input_paths ... ok
[INFO] [stdout] test app_services::tests::tenant_quota_background_jobs_enforce_per_tenant_limits ... ok
[INFO] [stdout] test app_services::tests::tenant_quota_rolls_back_slot_when_inner_enqueue_fails ... ok
[INFO] [stdout] test async_repo::tests::async_memory_repo_supports_insert_and_list ... ok
[INFO] [stdout] test async_repo::tests::async_memory_repo_supports_update_and_delete ... ok
[INFO] [stdout] test changeset::tests::changeset_collects_validation_errors ... ok
[INFO] [stdout] test app_services::tests::transactional_email_service_records_sent_messages ... ok
[INFO] [stdout] test async_repo::tests::async_memory_repo_reports_lock_poisoned_errors_and_adapter_kind ... ok
[INFO] [stdout] test async_repo::tests::async_query_context_cancellation_stops_query ... ok
[INFO] [stdout] test async_repo::tests::async_query_context_reset_and_explicit_deadline_paths_are_exercised ... ok
[INFO] [stdout] test changeset::tests::nested_changeset_paths_support_validation_and_lookup ... ok
[INFO] [stdout] test changeset::tests::nested_changesets_extract_child_objects_and_arrays ... ok
[INFO] [stdout] test changeset::tests::changeset_helper_methods_cover_optional_and_manual_error_paths ... ok
[INFO] [stdout] test changeset::tests::changeset_number_range_covers_min_and_max_errors ... ok
[INFO] [stdout] test integrations::tests::adapter_error_paths_cover_invalid_inputs_and_failure_reporting ... ok
[INFO] [stdout] test integrations::tests::axiom_bridge_enriches_events_with_trace_and_correlation ... ok
[INFO] [stdout] test integrations::tests::high_volume_window_query_profiles_support_compact_payloads ... ok
[INFO] [stdout] test integrations::tests::integration_result_maps_into_data_error ... ok
[INFO] [stdout] test integrations::tests::job_orchestration_contract_supports_enqueue_and_status ... ok
[INFO] [stdout] test integrations::tests::query_context_helpers_encode_trace_correlation_retry_timeout ... ok
[INFO] [stdout] test async_repo::tests::async_query_context_deadline_exceeded_stops_query ... ok
[INFO] [stdout] test integrations::tests::reference_opensearch_adapter_filters_rows ... ok
[INFO] [stdout] test integrations::tests::reference_singlestore_adapter_runs_typed_sql_boundary ... ok
[INFO] [stdout] test integrations::tests::reference_trigger_orchestrator_supports_completion_and_polling ... ok
[INFO] [stdout] test integrations::tests::retry_policy_retries_transient_errors ... ok
[INFO] [stdout] test integrations::tests::reference_bigquery_adapter_runs_typed_sql_boundary ... ok
[INFO] [stdout] test integrations::tests::retry_policy_stops_on_permanent_errors ... ok
[INFO] [stdout] test integrations::tests::reference_clickhouse_adapter_runs_typed_sql_boundary ... ok
[INFO] [stdout] test integrations::tests::run_with_contract_respects_context_retry_override ... ok
[INFO] [stdout] test integrations::tests::run_with_contract_async_respects_context_retry_override ... ok
[INFO] [stdout] test integrations::tests::lifecycle_hooks_are_called ... ok
[INFO] [stdout] test integrations::tests::opensearch_window_search_uses_window_contract ... ok
[INFO] [stdout] test integrations::tests::reference_axiom_sink_records_events ... ok
[INFO] [stdout] test integrations::tests::conformance_suite_captures_failures_for_unavailable_dependencies ... ok
[INFO] [stdout] test migration::tests::migration_loader_rejects_invalid_marker_order ... ok
[INFO] [stdout] test migration::tests::rollback_fails_when_applied_migration_file_is_missing ... ok
[INFO] [stdout] test migration::tests::rollback_fails_when_down_sql_is_empty ... ok
[INFO] [stdout] test pipeline::tests::conformance_report_tracks_failures ... ok
[INFO] [stdout] test pipeline::tests::enterprise_pipeline_adapters_cover_success_and_error_paths ... ok
[INFO] [stdout] test pipeline::tests::file_and_object_store_profiles_roundtrip_rows ... ok
[INFO] [stdout] test pipeline::tests::in_memory_pipeline_stores_cover_crud_paths ... ok
[INFO] [stdout] test pipeline::tests::pipeline_builder_and_helper_paths_cover_edge_cases ... ok
[INFO] [stdout] test pipeline::tests::pipeline_runtime_command_wrappers_execute_scheduled_and_event ... ok
[INFO] [stdout] test integrations::tests::conformance_suite_passes_with_reference_adapters ... ok
[INFO] [stdout] test pipeline::tests::pipeline_runtime_respects_operator_pause_and_cancel_controls ... ok
[INFO] [stdout] test pipeline::tests::pipeline_runtime_covers_transform_and_sink_failure_paths ... ok
[INFO] [stdout] test pipeline::tests::pipeline_runtime_resume_checkpoint_and_idempotent_sink_prevents_duplicates ... ok
[INFO] [stdout] test migration::tests::migration_lifecycle_applies_and_rolls_back ... ok
[INFO] [stdout] test query::tests::filter_builders_create_expected_filters ... ok
[INFO] [stdout] test pipeline::tests::pipeline_runtime_routes_transform_dead_letters_and_tracks_counts ... ok
[INFO] [stdout] test pipeline::tests::source_profiles_cover_missing_and_invalid_payload_paths ... ok
[INFO] [stdout] test query::tests::query_builder_collects_filters_sorts_pagination_and_preloads ... ok
[INFO] [stdout] test query::tests::query_window_normalizes_empty_end_range ... ok
[INFO] [stdout] test query::tests::query_fingerprint_and_window_tokens_are_deterministic ... ok
[INFO] [stdout] test query::tests::invalid_window_token_is_detected ... ok
[INFO] [stdout] test query::tests::pagination_clamps_zero_values_to_one ... ok
[INFO] [stdout] test pipeline::tests::pipeline_runtime_covers_source_error_and_deadline_paths ... ok
[INFO] [stdout] test repo::tests::keyset_pagination_supports_forward_and_backward_windows ... ok
[INFO] [stdout] test repo::tests::incremental_diff_tracks_insert_update_and_remove ... ok
[INFO] [stdout] test repo::tests::list_window_rejects_mismatched_query_token ... ok
[INFO] [stdout] test repo::tests::memory_repo_works_for_adapter_selection ... ok
[INFO] [stdout] test integrations::tests::run_with_contract_returns_timeout_error ... ok
[INFO] [stdout] test repo::tests::query_observability_tracker_surfaces_slow_and_n_plus_one_hints ... ok
[INFO] [stdout] test repo::tests::tenant_scoped_repo_policy_hook_can_reject_operations ... ok
[INFO] [stdout] test repo::tests::list_window_emits_tokens_and_compact_payload ... ok
[INFO] [stdout] test repo::tests::adapter_for_rejects_none_and_selects_expected_driver ... ok
[INFO] [stdout] test repo::tests::tenant_scoped_repo_requires_tenant_context_by_default ... ok
[INFO] [stdout] test repo::tests::list_applies_filters_sorts_and_pagination ... ok
[INFO] [stdout] test repo::tests::optimistic_lock_update_enforces_version_match_and_bumps_version ... ok
[INFO] [stdout] test repo::tests::tenant_scoped_repo_update_and_window_list_enforce_scope ... ok
[INFO] [stdout] test repo::tests::tenant_scoped_repo_enforces_row_level_isolation ... ok
[INFO] [stdout] test repo::tests::update_delete_and_find_cover_missing_rows ... ok
[INFO] [stdout] test schema::tests::required_marks_field_as_required ... ok
[INFO] [stdout] test repo::tests::unit_of_work_rolls_back_on_error ... ok
[INFO] [stdout] test schema::tests::schema_builder_collects_fields ... ok
[INFO] [stdout] test schema::tests::schema_definition_trait_can_expose_schema ... ok
[INFO] [stdout] test pipeline::tests::pipeline_adapter_conformance_suite_passes_with_reference_adapters ... ok
[INFO] [stdout] test integrations::tests::run_with_retry_async_retries_transient_errors ... ok
[INFO] [stdout] 
[INFO] [stdout] test result: ok. 91 passed; 0 failed; 0 ignored; 0 measured; 0 filtered out; finished in 0.17s
[INFO] [stdout] 
[INFO] [stderr]      Running tests/m48_driver_profiles.rs (/opt/rustwide/target/release/deps/m48_driver_profiles-45e1b829ff1f7fff)
[INFO] [stdout] 
[INFO] [stdout] running 1 test
[INFO] [stdout] test m48_driver_profiles_emit_machine_readable_artifacts ... FAILED
[INFO] [stdout] 
[INFO] [stdout] failures:
[INFO] [stdout] 
[INFO] [stdout] ---- m48_driver_profiles_emit_machine_readable_artifacts stdout ----
[INFO] [stdout] 
[INFO] [stdout] thread 'm48_driver_profiles_emit_machine_readable_artifacts' (741) panicked at tests/m48_driver_profiles.rs:182:9:
[INFO] [stdout] assertion failed: profile.avg_latency_us > 0 || profile.iterations == 1
[INFO] [stdout] stack backtrace:
[INFO] [stdout]    0:     0x5cceca2d1a91 - <<std[70759c8f55707aa4]::sys::backtrace::BacktraceLock>::print::DisplayBacktrace as core[df12db4294e9bfd3]::fmt::Display>::fmt
[INFO] [stdout]    1:     0x5cceca2e6aaa - core[df12db4294e9bfd3]::fmt::write
[INFO] [stdout]    2:     0x5cceca2d5f2c - <alloc[2182bb758b4b3781]::vec::Vec<u8> as core[df12db4294e9bfd3]::io::write::Write>::write_fmt
[INFO] [stdout]    3:     0x5cceca2ad2d6 - std[70759c8f55707aa4]::panicking::default_hook::{closure#0}
[INFO] [stdout]    4:     0x5cceca2c9e89 - std[70759c8f55707aa4]::panicking::default_hook
[INFO] [stdout]    5:     0x5cceca25c770 - test[9d35eded1c95d3be]::test_main_inner::<test[9d35eded1c95d3be]::test_main_static::{closure#0}>::{closure#0}
[INFO] [stdout]    6:     0x5cceca2ca042 - std[70759c8f55707aa4]::panicking::panic_with_hook
[INFO] [stdout]    7:     0x5cceca2ad3b4 - std[70759c8f55707aa4]::panicking::panic_handler::{closure#0}
[INFO] [stdout]    8:     0x5cceca2a5fe9 - std[70759c8f55707aa4]::sys::backtrace::__rust_end_short_backtrace::<std[70759c8f55707aa4]::panicking::panic_handler::{closure#0}, !>
[INFO] [stdout]    9:     0x5cceca2adf7d - __rustc[8fa7c3cbc660c2b3]::rust_begin_unwind
[INFO] [stdout]   10:     0x5cceca2e720c - core[df12db4294e9bfd3]::panicking::panic_fmt
[INFO] [stdout]   11:     0x5cceca2e71d2 - core[df12db4294e9bfd3]::panicking::panic
[INFO] [stdout]   12:     0x5cceca24c6a9 - m48_driver_profiles[6490ad007daa66e7]::m48_driver_profiles_emit_machine_readable_artifacts
[INFO] [stdout]   13:     0x5cceca24dae9 - <m48_driver_profiles[6490ad007daa66e7]::m48_driver_profiles_emit_machine_readable_artifacts::{closure#0} as core[df12db4294e9bfd3]::ops::function::FnOnce<()>>::call_once
[INFO] [stdout]   14:     0x5cceca24fa5b - test[9d35eded1c95d3be]::__rust_begin_short_backtrace::<core[df12db4294e9bfd3]::result::Result<(), alloc[2182bb758b4b3781]::string::String>, fn() -> core[df12db4294e9bfd3]::result::Result<(), alloc[2182bb758b4b3781]::string::String>>
[INFO] [stdout]   15:     0x5cceca25d0c5 - test[9d35eded1c95d3be]::run_test::{closure#0}
[INFO] [stdout]   16:     0x5cceca256984 - std[70759c8f55707aa4]::sys::backtrace::__rust_begin_short_backtrace::<test[9d35eded1c95d3be]::run_test::{closure#1}, ()>
[INFO] [stdout]   17:     0x5cceca260222 - <std[70759c8f55707aa4]::thread::lifecycle::spawn_unchecked<test[9d35eded1c95d3be]::run_test::{closure#1}, ()>::{closure#1} as core[df12db4294e9bfd3]::ops::function::FnOnce<()>>::call_once::{shim:vtable#0}
[INFO] [stdout]   18:     0x5cceca2d1149 - <std[70759c8f55707aa4]::sys::thread::unix::Thread>::new::thread_start
[INFO] [stdout]   19:     0x7393ffc05dfa - <unknown>
[INFO] [stdout]   20:     0x7393ffc993d4 - clone
[INFO] [stdout]   21:                0x0 - <unknown>
[INFO] [stdout] 
[INFO] [stdout] 
[INFO] [stdout] failures:
[INFO] [stdout]     m48_driver_profiles_emit_machine_readable_artifacts
[INFO] [stdout] 
[INFO] [stdout] test result: FAILED. 0 passed; 1 failed; 0 ignored; 0 measured; 0 filtered out; finished in 0.01s
[INFO] [stdout] 
[INFO] [stderr] error: test failed, to rerun pass `--test m48_driver_profiles`
[INFO] running `Command { std: "docker" "inspect" "20381f6efbffe9ba6254d7bd781ab9d525d2b630ad348512ce65cab0f97e1591", kill_on_drop: false }`
[INFO] running `Command { std: "docker" "rm" "-f" "20381f6efbffe9ba6254d7bd781ab9d525d2b630ad348512ce65cab0f97e1591", kill_on_drop: false }`
[INFO] [stdout] 20381f6efbffe9ba6254d7bd781ab9d525d2b630ad348512ce65cab0f97e1591
