[INFO] fetching crate shellver 2.0.1...
[INFO] testing shellver-2.0.1 against 1.100.0-beta.1+cargoflags=--release for beta-release-1.100-2
[INFO] extracting crate shellver 2.0.1 into /workspace/builds/worker-2-tc2/source
[INFO] started tweaking crates.io crate shellver 2.0.1
[INFO] removed 0 missing examples
[INFO] removed 0 missing tests
[INFO] finished tweaking crates.io crate shellver 2.0.1
[INFO] tweaked toml for crates.io crate shellver 2.0.1 written to /workspace/builds/worker-2-tc2/source/Cargo.toml
[INFO] validating manifest of crates.io crate shellver 2.0.1 on toolchain 1.100.0-beta.1
[INFO] running `Command { std: CARGO_HOME="/workspace/cargo-home" RUSTUP_HOME="/workspace/rustup-home" "/workspace/cargo-home/bin/cargo" "+1.100.0-beta.1" "metadata" "--manifest-path" "Cargo.toml" "--no-deps", kill_on_drop: false }`
[INFO] crate crates.io crate shellver 2.0.1 already has a lockfile, it will not be regenerated
[INFO] running `Command { std: CARGO_HOME="/workspace/cargo-home" RUSTUP_HOME="/workspace/rustup-home" "/workspace/cargo-home/bin/cargo" "+1.100.0-beta.1" "fetch" "--manifest-path" "Cargo.toml", kill_on_drop: false }`
[INFO] running `Command { std: "docker" "create" "-v" "/var/lib/crater-agent-workspace/builds/worker-2-tc2/source:/opt/rustwide/workdir:ro,Z" "-v" "/var/lib/crater-agent-workspace/builds/worker-2-tc2/target:/opt/rustwide/target:rw,Z" "-v" "/var/lib/crater-agent-workspace/cargo-home:/opt/rustwide/cargo-home:ro,Z" "-v" "/var/lib/crater-agent-workspace/rustup-home:/opt/rustwide/rustup-home:ro,Z" "-m" "1610612736" "--network" "none" "ghcr.io/rust-lang/crates-build-env/linux@sha256:77db811e55d90add9212f6832c23229e3de5f1c1f9905e8cb07319ea15df73ac" "sleep" "infinity", kill_on_drop: false }`
[INFO] [stdout] 9e00654f6958e59b2ddc592804fde294c05213edd6e93fe5afc22a06817675aa
[INFO] running `Command { std: "docker" "start" "9e00654f6958e59b2ddc592804fde294c05213edd6e93fe5afc22a06817675aa", kill_on_drop: false }`
[INFO] running `Command { std: "docker" "inspect" "9e00654f6958e59b2ddc592804fde294c05213edd6e93fe5afc22a06817675aa", kill_on_drop: false }`
[INFO] running `Command { std: "docker" "exec" "-e" "SOURCE_DIR=/opt/rustwide/workdir" "-e" "CARGO_HOME=/opt/rustwide/cargo-home" "-e" "RUSTUP_HOME=/opt/rustwide/rustup-home" "-e" "CARGO_TARGET_DIR=/opt/rustwide/target" "-w" "/opt/rustwide/workdir" "--user" "0:0" "9e00654f6958e59b2ddc592804fde294c05213edd6e93fe5afc22a06817675aa" "/opt/rustwide/cargo-home/bin/cargo" "+1.100.0-beta.1" "metadata" "--no-deps" "--format-version=1", kill_on_drop: false }`
[INFO] running `Command { std: "docker" "inspect" "9e00654f6958e59b2ddc592804fde294c05213edd6e93fe5afc22a06817675aa", kill_on_drop: false }`
[INFO] running `Command { std: "docker" "exec" "-e" "SOURCE_DIR=/opt/rustwide/workdir" "-e" "CARGO_HOME=/opt/rustwide/cargo-home" "-e" "RUSTUP_HOME=/opt/rustwide/rustup-home" "-e" "CARGO_TARGET_DIR=/opt/rustwide/target" "-e" "CARGO_INCREMENTAL=0" "-e" "RUST_BACKTRACE=full" "-e" "RUSTFLAGS=--cap-lints=warn" "-e" "RUSTDOCFLAGS=--cap-lints=warn" "-w" "/opt/rustwide/workdir" "--user" "0:0" "9e00654f6958e59b2ddc592804fde294c05213edd6e93fe5afc22a06817675aa" "/opt/rustwide/cargo-home/bin/cargo" "+1.100.0-beta.1" "build" "--frozen" "--message-format=json" "--release", kill_on_drop: false }`
[INFO] [stderr]    Compiling regex-syntax v0.8.10
[INFO] [stderr]    Compiling regex-automata v0.4.14
[INFO] [stderr]    Compiling regex v1.12.3
[INFO] [stderr]    Compiling shellver v2.0.1 (/opt/rustwide/workdir)
[INFO] [stderr]     Finished `release` profile [optimized] target(s) in 12.12s
[INFO] running `Command { std: "docker" "inspect" "9e00654f6958e59b2ddc592804fde294c05213edd6e93fe5afc22a06817675aa", kill_on_drop: false }`
[INFO] running `Command { std: "docker" "exec" "-e" "SOURCE_DIR=/opt/rustwide/workdir" "-e" "CARGO_HOME=/opt/rustwide/cargo-home" "-e" "RUSTUP_HOME=/opt/rustwide/rustup-home" "-e" "CARGO_TARGET_DIR=/opt/rustwide/target" "-e" "CARGO_INCREMENTAL=0" "-e" "RUST_BACKTRACE=full" "-e" "RUSTFLAGS=--cap-lints=warn" "-e" "RUSTDOCFLAGS=--cap-lints=warn" "-w" "/opt/rustwide/workdir" "--user" "0:0" "9e00654f6958e59b2ddc592804fde294c05213edd6e93fe5afc22a06817675aa" "/opt/rustwide/cargo-home/bin/cargo" "+1.100.0-beta.1" "test" "--frozen" "--no-run" "--message-format=json" "--release", kill_on_drop: false }`
[INFO] [stderr]    Compiling regex-syntax v0.8.10
[INFO] [stderr]    Compiling regex-automata v0.4.14
[INFO] [stderr]    Compiling regex v1.12.3
[INFO] [stderr]    Compiling shellver v2.0.1 (/opt/rustwide/workdir)
[INFO] [stderr]     Finished `release` profile [optimized] target(s) in 24.68s
[INFO] running `Command { std: "docker" "inspect" "9e00654f6958e59b2ddc592804fde294c05213edd6e93fe5afc22a06817675aa", kill_on_drop: false }`
[INFO] running `Command { std: "docker" "exec" "-e" "SOURCE_DIR=/opt/rustwide/workdir" "-e" "CARGO_HOME=/opt/rustwide/cargo-home" "-e" "RUSTUP_HOME=/opt/rustwide/rustup-home" "-e" "CARGO_TARGET_DIR=/opt/rustwide/target" "-e" "CARGO_INCREMENTAL=0" "-e" "RUST_BACKTRACE=full" "-e" "RUSTFLAGS=--cap-lints=warn" "-e" "RUSTDOCFLAGS=--cap-lints=warn" "-w" "/opt/rustwide/workdir" "--user" "0:0" "9e00654f6958e59b2ddc592804fde294c05213edd6e93fe5afc22a06817675aa" "/opt/rustwide/cargo-home/bin/cargo" "+1.100.0-beta.1" "test" "--frozen" "--release", kill_on_drop: false }`
[INFO] [stderr]     Finished `release` profile [optimized] target(s) in 0.02s
[INFO] [stderr]      Running unittests src/lib.rs (/opt/rustwide/target/release/build/shellver/7793fe4013aa0c94/out/shellver-7793fe4013aa0c94)
[INFO] [stdout] 
[INFO] [stdout] running 21 tests
[INFO] [stdout] test lib_tests::tests::detect_with_read_error ... ok
[INFO] [stdout] test lib_tests::tests::detect_with_comm_read_error ... ok
[INFO] [stdout] test lib_tests::tests::detect_with_ok ... ok
[INFO] [stdout] test lib_tests::tests::ppid_from_path_parse_ok ... ok
[INFO] [stdout] test lib_tests::tests::ppid_from_path_missing ... ok
[INFO] [stdout] test lib_tests::tests::detect_with_run_error ... ok
[INFO] [stdout] test lib_tests::tests::shell_from_pid_returns_none ... ok
[INFO] [stdout] test lib_tests::tests::detect_with_status_read_error ... ok
[INFO] [stdout] test lib_tests::tests::detect_with_not_found ... ok
[INFO] [stdout] test lib_tests::tests::shell_version_returns_none_dash ... ok
[INFO] [stdout] test lib_tests::tests::ppid_from_path_read_error ... ok
[INFO] [stdout] test lib_tests::tests::shell_version_on_invalid_command ... ok
[INFO] [stdout] test lib_tests::tests::ppid_from_path_parse_error ... ok
[INFO] [stdout] test lib_tests::tests::shell_version_returns_none ... ok
[INFO] [stdout] test lib_tests::tests::shell_version_returns_some_ksh ... ok
[INFO] [stdout] test lib_tests::tests::shell_version_returns_some_mksh ... ok
[INFO] [stdout] test lib_tests::tests::supported_shells_size ... ok
[INFO] [stdout] test lib_tests::tests::shell_version_returns_some_bash ... ok
[INFO] [stderr]      Running unittests src/main.rs (/opt/rustwide/target/release/build/shellver/a3bec4a3dd84a3b3/out/shellver-a3bec4a3dd84a3b3)
[INFO] [stdout] test lib_tests::tests::shell_version_returns_some_elvish ... ok
[INFO] [stderr]      Running tests/cli.rs (/opt/rustwide/target/release/build/shellver/7b4c3d630decb0f0/out/cli-7b4c3d630decb0f0)
[INFO] [stdout] test lib_tests::tests::shell_from_pid_returns_some ... ok
[INFO] [stdout] test lib_tests::tests::shell_version_on_invalid_input ... ok
[INFO] [stdout] 
[INFO] [stdout] test result: ok. 21 passed; 0 failed; 0 ignored; 0 measured; 0 filtered out; finished in 0.01s
[INFO] [stdout] 
[INFO] [stdout] 
[INFO] [stdout] running 0 tests
[INFO] [stdout] 
[INFO] [stdout] test result: ok. 0 passed; 0 failed; 0 ignored; 0 measured; 0 filtered out; finished in 0.00s
[INFO] [stdout] 
[INFO] [stdout] 
[INFO] [stdout] running 1 test
[INFO] [stderr] Error: Custom { kind: NotFound, error: "shell not found" }
[INFO] [stdout] test runs_ok ... FAILED
[INFO] [stdout] 
[INFO] [stdout] failures:
[INFO] [stdout] 
[INFO] [stdout] ---- runs_ok stdout ----
[INFO] [stdout] 
[INFO] [stdout] thread 'runs_ok' (320) panicked at tests/cli.rs:8:5:
[INFO] [stdout] assertion failed: status.success()
[INFO] [stdout] stack backtrace:
[INFO] [stdout]    0:     0x5fac7b9dc3f7 - <unknown>
[INFO] [stdout]    1:     0x5fac7b9c5e84 - <unknown>
[INFO] [stdout]    2:     0x5fac7b9db9bb - <unknown>
[INFO] [stdout]    3:     0x5fac7b9db5b9 - <unknown>
[INFO] [stdout]    4:     0x5fac7b9db23a - <unknown>
[INFO] [stdout]    5:     0x5fac7b9dad6b - <unknown>
[INFO] [stdout]    6:     0x5fac7ba00b62 - <unknown>
[INFO] [stdout]    7:     0x5fac7ba00ae9 - <unknown>
[INFO] [stdout]    8:     0x5fac7ba00fdc - <unknown>
[INFO] [stdout]    9:     0x5fac7b9c5d1b - <unknown>
[INFO] [stdout]   10:     0x5fac7b9c7061 - <unknown>
[INFO] [stdout]   11:     0x5fac7b9c479b - <unknown>
[INFO] [stdout]   12:     0x5fac7ba1741b - <unknown>
[INFO] [stdout]   13:     0x5fac7ba13176 - <unknown>
[INFO] [stdout]   14:     0x5fac7ba128dc - <unknown>
[INFO] [stdout]   15:     0x5fac7ba312fc - <unknown>
[INFO] [stdout]   16:     0x5fac7ba026f8 - <unknown>
[INFO] [stdout]   17:     0x7d681814edfa - <unknown>
[INFO] [stdout]   18:     0x7d68181e23d4 - clone
[INFO] [stdout]   19:                0x0 - <unknown>
[INFO] [stdout] 
[INFO] [stdout] 
[INFO] [stdout] failures:
[INFO] [stdout]     runs_ok
[INFO] [stdout] 
[INFO] [stdout] test result: FAILED. 0 passed; 1 failed; 0 ignored; 0 measured; 0 filtered out; finished in 0.01s
[INFO] [stdout] 
[INFO] [stderr] error: test failed, to rerun pass `--test cli`
[INFO] running `Command { std: "docker" "inspect" "9e00654f6958e59b2ddc592804fde294c05213edd6e93fe5afc22a06817675aa", kill_on_drop: false }`
[INFO] running `Command { std: "docker" "rm" "-f" "9e00654f6958e59b2ddc592804fde294c05213edd6e93fe5afc22a06817675aa", kill_on_drop: false }`
[INFO] [stdout] 9e00654f6958e59b2ddc592804fde294c05213edd6e93fe5afc22a06817675aa
