[INFO] fetching crate shellfn 0.2.1...
[INFO] testing shellfn-0.2.1 against 1.100.0-beta.1+cargoflags=--release for beta-release-1.100-2
[INFO] extracting crate shellfn 0.2.1 into /workspace/builds/worker-7-tc2/source
[INFO] started tweaking crates.io crate shellfn 0.2.1
[INFO] removed 0 missing examples
[INFO] removed 0 missing tests
[INFO] finished tweaking crates.io crate shellfn 0.2.1
[INFO] tweaked toml for crates.io crate shellfn 0.2.1 written to /workspace/builds/worker-7-tc2/source/Cargo.toml
[INFO] validating manifest of crates.io crate shellfn 0.2.1 on toolchain 1.100.0-beta.1
[INFO] running `Command { std: CARGO_HOME="/workspace/cargo-home" RUSTUP_HOME="/workspace/rustup-home" "/workspace/cargo-home/bin/cargo" "+1.100.0-beta.1" "metadata" "--manifest-path" "Cargo.toml" "--no-deps", kill_on_drop: false }`
[INFO] crate crates.io crate shellfn 0.2.1 already has a lockfile, it will not be regenerated
[INFO] running `Command { std: CARGO_HOME="/workspace/cargo-home" RUSTUP_HOME="/workspace/rustup-home" "/workspace/cargo-home/bin/cargo" "+1.100.0-beta.1" "fetch" "--manifest-path" "Cargo.toml", kill_on_drop: false }`
[INFO] running `Command { std: "docker" "create" "-v" "/var/lib/crater-agent-workspace/builds/worker-7-tc2/source:/opt/rustwide/workdir:ro,Z" "-v" "/var/lib/crater-agent-workspace/builds/worker-7-tc2/target:/opt/rustwide/target:rw,Z" "-v" "/var/lib/crater-agent-workspace/cargo-home:/opt/rustwide/cargo-home:ro,Z" "-v" "/var/lib/crater-agent-workspace/rustup-home:/opt/rustwide/rustup-home:ro,Z" "-m" "1610612736" "--network" "none" "ghcr.io/rust-lang/crates-build-env/linux@sha256:77db811e55d90add9212f6832c23229e3de5f1c1f9905e8cb07319ea15df73ac" "sleep" "infinity", kill_on_drop: false }`
[INFO] [stdout] ba347a4cff5be5585755b4e4ddd7753f547984b7b6f04e8cf7c9c3391b6e5cd0
[INFO] running `Command { std: "docker" "start" "ba347a4cff5be5585755b4e4ddd7753f547984b7b6f04e8cf7c9c3391b6e5cd0", kill_on_drop: false }`
[INFO] running `Command { std: "docker" "inspect" "ba347a4cff5be5585755b4e4ddd7753f547984b7b6f04e8cf7c9c3391b6e5cd0", kill_on_drop: false }`
[INFO] running `Command { std: "docker" "exec" "-e" "SOURCE_DIR=/opt/rustwide/workdir" "-e" "CARGO_HOME=/opt/rustwide/cargo-home" "-e" "RUSTUP_HOME=/opt/rustwide/rustup-home" "-e" "CARGO_TARGET_DIR=/opt/rustwide/target" "-w" "/opt/rustwide/workdir" "--user" "0:0" "ba347a4cff5be5585755b4e4ddd7753f547984b7b6f04e8cf7c9c3391b6e5cd0" "/opt/rustwide/cargo-home/bin/cargo" "+1.100.0-beta.1" "metadata" "--no-deps" "--format-version=1", kill_on_drop: false }`
[INFO] running `Command { std: "docker" "inspect" "ba347a4cff5be5585755b4e4ddd7753f547984b7b6f04e8cf7c9c3391b6e5cd0", kill_on_drop: false }`
[INFO] running `Command { std: "docker" "exec" "-e" "SOURCE_DIR=/opt/rustwide/workdir" "-e" "CARGO_HOME=/opt/rustwide/cargo-home" "-e" "RUSTUP_HOME=/opt/rustwide/rustup-home" "-e" "CARGO_TARGET_DIR=/opt/rustwide/target" "-e" "CARGO_INCREMENTAL=0" "-e" "RUST_BACKTRACE=full" "-e" "RUSTFLAGS=--cap-lints=warn" "-e" "RUSTDOCFLAGS=--cap-lints=warn" "-w" "/opt/rustwide/workdir" "--user" "0:0" "ba347a4cff5be5585755b4e4ddd7753f547984b7b6f04e8cf7c9c3391b6e5cd0" "/opt/rustwide/cargo-home/bin/cargo" "+1.100.0-beta.1" "build" "--frozen" "--message-format=json" "--release", kill_on_drop: false }`
[INFO] [stderr]    Compiling thiserror v2.0.11
[INFO] [stderr]    Compiling either v1.13.0
[INFO] [stderr]    Compiling itertools v0.15.0
[INFO] [stderr]    Compiling syn v2.0.98
[INFO] [stderr]    Compiling syn v3.0.4
[INFO] [stderr]    Compiling shellwords v1.1.0
[INFO] [stderr]    Compiling thiserror-impl v2.0.11
[INFO] [stderr]    Compiling shellfn-core v0.2.1
[INFO] [stderr]    Compiling darling_core v0.24.1
[INFO] [stderr]    Compiling darling_macro v0.24.1
[INFO] [stderr]    Compiling darling v0.24.1
[INFO] [stderr]    Compiling shellfn-attribute v0.2.1
[INFO] [stderr]    Compiling shellfn v0.2.1 (/opt/rustwide/workdir)
[INFO] [stderr]     Finished `release` profile [optimized] target(s) in 12.57s
[INFO] running `Command { std: "docker" "inspect" "ba347a4cff5be5585755b4e4ddd7753f547984b7b6f04e8cf7c9c3391b6e5cd0", kill_on_drop: false }`
[INFO] running `Command { std: "docker" "exec" "-e" "SOURCE_DIR=/opt/rustwide/workdir" "-e" "CARGO_HOME=/opt/rustwide/cargo-home" "-e" "RUSTUP_HOME=/opt/rustwide/rustup-home" "-e" "CARGO_TARGET_DIR=/opt/rustwide/target" "-e" "CARGO_INCREMENTAL=0" "-e" "RUST_BACKTRACE=full" "-e" "RUSTFLAGS=--cap-lints=warn" "-e" "RUSTDOCFLAGS=--cap-lints=warn" "-w" "/opt/rustwide/workdir" "--user" "0:0" "ba347a4cff5be5585755b4e4ddd7753f547984b7b6f04e8cf7c9c3391b6e5cd0" "/opt/rustwide/cargo-home/bin/cargo" "+1.100.0-beta.1" "test" "--frozen" "--no-run" "--message-format=json" "--release", kill_on_drop: false }`
[INFO] [stderr]    Compiling shellfn v0.2.1 (/opt/rustwide/workdir)
[INFO] [stderr]     Finished `release` profile [optimized] target(s) in 3.06s
[INFO] running `Command { std: "docker" "inspect" "ba347a4cff5be5585755b4e4ddd7753f547984b7b6f04e8cf7c9c3391b6e5cd0", kill_on_drop: false }`
[INFO] running `Command { std: "docker" "exec" "-e" "SOURCE_DIR=/opt/rustwide/workdir" "-e" "CARGO_HOME=/opt/rustwide/cargo-home" "-e" "RUSTUP_HOME=/opt/rustwide/rustup-home" "-e" "CARGO_TARGET_DIR=/opt/rustwide/target" "-e" "CARGO_INCREMENTAL=0" "-e" "RUST_BACKTRACE=full" "-e" "RUSTFLAGS=--cap-lints=warn" "-e" "RUSTDOCFLAGS=--cap-lints=warn" "-w" "/opt/rustwide/workdir" "--user" "0:0" "ba347a4cff5be5585755b4e4ddd7753f547984b7b6f04e8cf7c9c3391b6e5cd0" "/opt/rustwide/cargo-home/bin/cargo" "+1.100.0-beta.1" "test" "--frozen" "--release", kill_on_drop: false }`
[INFO] [stderr]     Finished `release` profile [optimized] target(s) in 0.05s
[INFO] [stderr]      Running unittests src/lib.rs (/opt/rustwide/target/release/build/shellfn/b08146114ca73915/out/shellfn-b08146114ca73915)
[INFO] [stdout] 
[INFO] [stdout] running 0 tests
[INFO] [stdout] 
[INFO] [stdout] test result: ok. 0 passed; 0 failed; 0 ignored; 0 measured; 0 filtered out; finished in 0.00s
[INFO] [stdout] 
[INFO] [stderr]      Running tests/tests.rs (/opt/rustwide/target/release/build/shellfn/0285b475704262b9/out/tests-0285b475704262b9)
[INFO] [stdout] 
[INFO] [stdout] running 72 tests
[INFO] [stdout] test analyzes_return_type::when_fn_returns_iterator::and_it_is_not_wrapped_with_result::and_the_item_is_wrapped_with_result::and_fn_should_not_panic::returns_no_items_when_script_is_invalid ... ok
[INFO] [stdout] test analyzes_return_type::when_fn_returns_iterator::and_it_is_not_wrapped_with_result::and_the_item_is_not_wrapped_with_result::and_fn_should_panic::panics_when_parsing_fails - should panic ... ok
[INFO] [stderr] bash: line 2: invalid: command not found
[INFO] [stderr] bash: line 2: invalid: command not found
[INFO] [stdout] test analyzes_return_type::when_fn_returns_iterator::and_it_is_not_wrapped_with_result::and_the_item_is_not_wrapped_with_result::and_fn_should_panic::panics_when_script_is_invalid - should panic ... ok
[INFO] [stdout] test analyzes_return_type::when_fn_returns_iterator::and_it_is_not_wrapped_with_result::and_the_item_is_wrapped_with_result::and_fn_should_not_panic::returns_parsing_results_when_script_ends_with_success ... ok
[INFO] [stdout] test analyzes_return_type::when_fn_returns_iterator::and_it_is_not_wrapped_with_result::and_the_item_is_not_wrapped_with_result::and_fn_should_not_panic::returns_only_successfuly_parsed_values_when_script_ends_with_success ... ok
[INFO] [stdout] test analyzes_return_type::when_fn_does_not_return_anything::and_fn_should_not_panic::does_nothing_when_script_ends_with_success ... ok
[INFO] [stdout] test analyzes_return_type::when_fn_does_not_return_anything::and_fn_should_panic::panics_when_script_ends_with_failure - should panic ... ok
[INFO] [stdout] test analyzes_return_type::when_fn_returns_iterator::and_it_is_not_wrapped_with_result::and_the_item_is_wrapped_with_result::and_fn_should_not_panic::returns_parsing_results_when_script_ends_with_failure ... ok
[INFO] [stdout] test analyzes_return_type::when_fn_does_not_return_anything::and_fn_should_not_panic::does_nothing_when_script_is_invalid ... ok
[INFO] [stdout] test analyzes_return_type::when_fn_returns_iterator::and_it_is_not_wrapped_with_result::and_the_item_is_not_wrapped_with_result::and_fn_should_panic::panics_when_script_ends_with_failure - should panic ... ok
[INFO] [stdout] test analyzes_return_type::when_fn_returns_iterator::and_it_is_not_wrapped_with_result::and_the_item_is_not_wrapped_with_result::and_fn_should_not_panic::returns_only_successfuly_parsed_values_when_script_ends_with_failure ... ok
[INFO] [stdout] test analyzes_return_type::when_fn_returns_iterator::and_it_is_not_wrapped_with_result::and_the_item_is_not_wrapped_with_result::and_fn_should_panic::returns_parsed_values_when_script_ends_with_success ... ok
[INFO] [stdout] test analyzes_return_type::when_fn_returns_iterator::and_it_is_not_wrapped_with_result::and_the_item_is_wrapped_with_result::and_fn_should_panic::panics_when_script_is_invalid - should panic ... ok
[INFO] [stdout] test analyzes_return_type::when_fn_does_not_return_anything::and_fn_should_panic::panics_when_script_is_invalid - should panic ... ok
[INFO] [stdout] test analyzes_return_type::when_fn_returns_iterator::and_it_is_wrapped_with_result::and_the_item_is_not_wrapped_with_result::and_fn_should_not_panic::returns_error_when_script_is_invalid ... ok
[INFO] [stdout] test analyzes_return_type::when_fn_returns_iterator::and_it_is_not_wrapped_with_result::and_the_item_is_not_wrapped_with_result::and_fn_should_not_panic::returns_no_items_when_script_is_invalid ... ok
[INFO] [stdout] test analyzes_return_type::when_fn_returns_iterator::and_it_is_not_wrapped_with_result::and_the_item_is_wrapped_with_result::and_fn_should_panic::returns_parsing_results_when_script_ends_with_success ... ok
[INFO] [stdout] test analyzes_return_type::when_fn_does_not_return_anything::and_fn_should_panic::does_nothing_when_script_ends_with_success ... ok
[INFO] [stdout] test analyzes_return_type::when_fn_does_not_return_anything::and_fn_should_not_panic::does_nothing_when_script_ends_with_failure ... ok
[INFO] [stdout] test analyzes_return_type::when_fn_returns_iterator::and_it_is_not_wrapped_with_result::and_the_item_is_wrapped_with_result::and_fn_should_panic::panics_when_script_ends_with_failure - should panic ... ok
[INFO] [stdout] test analyzes_return_type::when_fn_returns_iterator::and_it_is_wrapped_with_result::and_the_item_is_wrapped_with_result::returns_error_when_script_is_invalid ... ok
[INFO] [stdout] test analyzes_return_type::when_fn_returns_iterator::and_it_is_wrapped_with_result::and_the_item_is_not_wrapped_with_result::and_fn_should_panic::returns_error_when_script_is_invalid ... ok
[INFO] [stdout] test analyzes_return_type::when_fn_returns_iterator::and_it_is_wrapped_with_result::and_the_item_is_not_wrapped_with_result::and_fn_should_not_panic::returns_only_successfuly_parsed_values_when_script_ends_with_success ... ok
[INFO] [stdout] test analyzes_return_type::when_fn_returns_single_value::and_it_is_not_wrapped_with_result::panics_when_script_is_invalid - should panic ... ok
[INFO] [stdout] test analyzes_return_type::when_fn_returns_iterator::and_it_is_wrapped_with_result::and_the_item_is_not_wrapped_with_result::and_fn_should_panic::returns_parsed_values_when_script_ends_with_success ... ok
[INFO] [stdout] test analyzes_return_type::when_fn_returns_single_value::and_it_is_not_wrapped_with_result::panics_when_parsing_fails - should panic ... ok
[INFO] [stdout] test analyzes_return_type::when_fn_returns_iterator::and_it_is_wrapped_with_result::and_the_item_is_not_wrapped_with_result::and_fn_should_not_panic::returns_only_successfuly_parsed_values_when_script_ends_with_failure ... ok
[INFO] [stdout] test analyzes_return_type::when_fn_returns_single_value::and_it_is_not_wrapped_with_result::panics_when_script_ends_with_failure - should panic ... ok
[INFO] [stdout] test analyzes_return_type::when_fn_returns_iterator::and_it_is_wrapped_with_result::and_the_item_is_not_wrapped_with_result::and_fn_should_panic::panics_when_parsing_fails - should panic ... ok
[INFO] [stdout] test analyzes_return_type::when_fn_returns_iterator::and_it_is_wrapped_with_result::and_the_item_is_not_wrapped_with_result::and_fn_should_panic::returns_parsed_values_when_script_ends_with_failure ... ok
[INFO] [stdout] test analyzes_return_type::when_fn_returns_iterator::and_it_is_wrapped_with_result::and_the_item_is_wrapped_with_result::returns_parsing_results_when_script_ends_with_success ... ok
[INFO] [stdout] test analyzes_return_type::when_fn_returns_unit::and_it_is_not_wrapped_with_result::panics_when_script_is_invalid - should panic ... ok
[INFO] [stderr] sleep: invalid time interval 'DEFINITELY_NOT_INT'
[INFO] [stderr] Try 'sleep --help' for more information.
[INFO] [stdout] test analyzes_return_type::when_fn_returns_single_value::and_it_is_wrapped_with_result::returns_error_when_script_is_invalid ... ok
[INFO] [stdout] test analyzes_return_type::when_fn_returns_vec::and_it_is_not_wrapped_with_result::and_the_item_is_not_wrapped_with_result::and_fn_should_panic::panics_when_parsing_fails - should panic ... ok
[INFO] [stdout] test analyzes_return_type::when_fn_returns_unit::and_it_is_wrapped_with_result::returns_error_when_script_is_invalid ... ok
[INFO] [stdout] test analyzes_return_type::when_fn_returns_vec::and_it_is_not_wrapped_with_result::and_the_item_is_not_wrapped_with_result::and_fn_should_panic::panics_when_script_ends_with_failure - should panic ... ok
[INFO] [stdout] test analyzes_return_type::when_fn_returns_unit::and_it_is_not_wrapped_with_result::does_nothing_when_script_ends_with_success ... ok
[INFO] [stdout] test analyzes_return_type::when_fn_returns_unit::and_it_is_wrapped_with_result::returns_error_when_script_ends_with_failure ... ok
[INFO] [stdout] test analyzes_return_type::when_fn_returns_single_value::and_it_is_wrapped_with_result::returns_parsed_value_when_script_ends_with_success ... ok
[INFO] [stdout] test analyzes_return_type::when_fn_returns_vec::and_it_is_not_wrapped_with_result::and_the_item_is_not_wrapped_with_result::and_fn_should_not_panic::returns_only_successfuly_parsed_values_when_script_ends_with_failure ... ok
[INFO] [stdout] test analyzes_return_type::when_fn_returns_single_value::and_it_is_not_wrapped_with_result::returns_parsed_value_when_script_ends_with_success ... ok
[INFO] [stdout] test analyzes_return_type::when_fn_returns_single_value::and_it_is_wrapped_with_result::returns_error_when_parsing_fails ... ok
[INFO] [stdout] test analyzes_return_type::when_fn_returns_vec::and_it_is_not_wrapped_with_result::and_the_item_is_not_wrapped_with_result::and_fn_should_not_panic::returns_only_successfuly_parsed_values_when_script_ends_with_success ... ok
[INFO] [stdout] test analyzes_return_type::when_fn_returns_single_value::and_it_is_wrapped_with_result::returns_error_when_script_ends_with_failure ... ok
[INFO] [stdout] test analyzes_return_type::when_fn_returns_iterator::and_it_is_wrapped_with_result::and_the_item_is_wrapped_with_result::returns_parsing_results_when_script_ends_with_failure ... ok
[INFO] [stdout] test analyzes_return_type::when_fn_returns_vec::and_it_is_not_wrapped_with_result::and_the_item_is_not_wrapped_with_result::and_fn_should_not_panic::returns_no_items_when_script_is_invalid ... ok
[INFO] [stdout] test analyzes_return_type::when_fn_returns_vec::and_it_is_not_wrapped_with_result::and_the_item_is_not_wrapped_with_result::and_fn_should_panic::panics_when_script_is_invalid - should panic ... ok
[INFO] [stdout] test analyzes_return_type::when_fn_returns_vec::and_it_is_not_wrapped_with_result::and_the_item_is_wrapped_with_result::and_fn_should_not_panic::returns_no_items_when_script_is_invalid ... ok
[INFO] [stdout] test analyzes_return_type::when_fn_returns_vec::and_it_is_not_wrapped_with_result::and_the_item_is_wrapped_with_result::and_fn_should_not_panic::returns_parsing_results_when_script_ends_with_failure ... ok
[INFO] [stdout] test analyzes_return_type::when_fn_returns_vec::and_it_is_not_wrapped_with_result::and_the_item_is_wrapped_with_result::and_fn_should_panic::returns_parsing_results_when_script_ends_with_success ... ok
[INFO] [stdout] test analyzes_return_type::when_fn_returns_vec::and_it_is_not_wrapped_with_result::and_the_item_is_not_wrapped_with_result::and_fn_should_panic::returns_parsed_values_when_script_ends_with_success ... ok
[INFO] [stderr] sleep: invalid time interval 'DEFINITELY_NOT_INT'
[INFO] [stderr] Try 'sleep --help' for more information.
[INFO] [stdout] test analyzes_return_type::when_fn_returns_vec::and_it_is_not_wrapped_with_result::and_the_item_is_wrapped_with_result::and_fn_should_panic::panics_when_script_is_invalid - should panic ... ok
[INFO] [stdout] test analyzes_return_type::when_fn_returns_unit::and_it_is_not_wrapped_with_result::panics_when_script_ends_with_failure - should panic ... ok
[INFO] [stdout] test analyzes_return_type::when_fn_returns_vec::and_it_is_wrapped_with_result::and_the_item_is_not_wrapped_with_result::and_fn_should_panic::returns_error_when_script_is_invalid ... ok
[INFO] [stdout] test analyzes_return_type::when_fn_returns_vec::and_it_is_wrapped_with_result::and_the_item_is_not_wrapped_with_result::and_fn_should_panic::panics_when_parsing_fails - should panic ... ok
[INFO] [stdout] test analyzes_return_type::when_fn_returns_unit::and_it_is_wrapped_with_result::returns_ok_when_script_ends_with_success ... ok
[INFO] [stdout] test analyzes_return_type::when_fn_returns_vec::and_it_is_wrapped_with_result::and_the_item_is_not_wrapped_with_result::and_fn_should_not_panic::returns_only_successfuly_parsed_values_when_script_ends_with_success ... ok
[INFO] [stdout] test analyzes_return_type::when_fn_returns_vec::and_it_is_not_wrapped_with_result::and_the_item_is_wrapped_with_result::and_fn_should_not_panic::returns_parsing_results_when_script_ends_with_success ... ok
[INFO] [stdout] test analyzes_return_type::when_fn_returns_vec::and_it_is_not_wrapped_with_result::and_the_item_is_wrapped_with_result::and_fn_should_panic::panics_when_script_ends_with_failure - should panic ... ok
[INFO] [stdout] test analyzes_return_type::when_fn_returns_vec::and_it_is_wrapped_with_result::and_the_item_is_not_wrapped_with_result::and_fn_should_panic::returns_error_when_script_ends_with_failure ... ok
[INFO] [stdout] test parses_return_value ... ok
[INFO] [stdout] test analyzes_return_type::when_fn_returns_vec::and_it_is_wrapped_with_result::and_the_item_is_wrapped_with_result::returns_parsing_results_when_script_ends_with_success ... ok
[INFO] [stdout] test analyzes_return_type::when_fn_returns_vec::and_it_is_wrapped_with_result::and_the_item_is_not_wrapped_with_result::and_fn_should_not_panic::returns_error_when_script_is_invalid ... ok
[INFO] [stdout] test runs_simple_bash_script ... ok
[INFO] [stdout] test runs_script_with_program_on_custom_position ... FAILED
[INFO] [stdout] test analyzes_return_type::when_fn_returns_vec::and_it_is_wrapped_with_result::and_the_item_is_not_wrapped_with_result::and_fn_should_not_panic::returns_error_when_script_ends_with_failure ... ok
[INFO] [stdout] test replaces_env_vars_in_args ... ok
[INFO] [stdout] test analyzes_return_type::when_fn_returns_vec::and_it_is_wrapped_with_result::and_the_item_is_not_wrapped_with_result::and_fn_should_panic::returns_parsed_values_when_script_ends_with_success ... ok
[INFO] [stdout] test analyzes_return_type::when_fn_returns_vec::and_it_is_wrapped_with_result::and_the_item_is_wrapped_with_result::returns_error_when_script_is_invalid ... ok
[INFO] [stdout] test runs_simple_python_script ... FAILED
[INFO] [stdout] test analyzes_return_type::when_fn_returns_vec::and_it_is_wrapped_with_result::and_the_item_is_wrapped_with_result::returns_error_when_script_ends_with_failure ... ok
[INFO] [stdout] test sets_env_vars ... ok
[INFO] [stdout] 
[INFO] [stdout] failures:
[INFO] [stdout] 
[INFO] [stdout] ---- runs_script_with_program_on_custom_position stdout ----
[INFO] [stdout] 
[INFO] [stdout] thread 'runs_script_with_program_on_custom_position' (693) panicked at /opt/rustwide/cargo-home/registry/src/index.crates.io-1949cf8c6b5b557f/shellfn-core-0.2.1/src/execute/item.rs:81:10:
[INFO] [stdout] Shell execution failed: Os { code: 2, kind: NotFound, message: "No such file or directory" }
[INFO] [stdout] stack backtrace:
[INFO] [stdout]    0:     0x5dcc4ab42211 - <<std[617be2ca0a6fd877]::sys::backtrace::BacktraceLock>::print::DisplayBacktrace as core[a373ad73a504971]::fmt::Display>::fmt
[INFO] [stdout]    1:     0x5dcc4ab5675a - core[a373ad73a504971]::fmt::write
[INFO] [stdout]    2:     0x5dcc4ab4666c - <alloc[2e1b2a31b91974c5]::vec::Vec<u8> as core[a373ad73a504971]::io::write::Write>::write_fmt
[INFO] [stdout]    3:     0x5dcc4ab1e136 - std[617be2ca0a6fd877]::panicking::default_hook::{closure#0}
[INFO] [stdout]    4:     0x5dcc4ab3a8a9 - std[617be2ca0a6fd877]::panicking::default_hook
[INFO] [stdout]    5:     0x5dcc4aad6800 - test[aada8e7e76ba119b]::test_main_inner::{closure#0}
[INFO] [stdout]    6:     0x5dcc4ab3aa62 - std[617be2ca0a6fd877]::panicking::panic_with_hook
[INFO] [stdout]    7:     0x5dcc4ab1e1e2 - std[617be2ca0a6fd877]::panicking::panic_handler::{closure#0}
[INFO] [stdout]    8:     0x5dcc4ab16ef9 - std[617be2ca0a6fd877]::sys::backtrace::__rust_end_short_backtrace::<std[617be2ca0a6fd877]::panicking::panic_handler::{closure#0}, !>
[INFO] [stdout]    9:     0x5dcc4ab1eded - __rustc[ea4f61d10b84890b]::rust_begin_unwind
[INFO] [stdout]   10:     0x5dcc4ab56e8c - core[a373ad73a504971]::panicking::panic_fmt
[INFO] [stdout]   11:     0x5dcc4ab56c62 - core[a373ad73a504971]::result::unwrap_failed
[INFO] [stdout]   12:     0x5dcc4aab5236 - shellfn_core[cbc039f985e08029]::execute::item::execute_parse_panic::<alloc[2e1b2a31b91974c5]::string::String, alloc[2e1b2a31b91974c5]::string::String, &str, alloc[2e1b2a31b91974c5]::string::String, &str, alloc[2e1b2a31b91974c5]::vec::Vec<alloc[2e1b2a31b91974c5]::string::String>, alloc[2e1b2a31b91974c5]::vec::Vec<(&str, alloc[2e1b2a31b91974c5]::string::String)>>
[INFO] [stdout]   13:     0x5dcc4aab89cf - <tests[d73bee5674e81b69]::runs_script_with_program_on_custom_position::{closure#0} as core[a373ad73a504971]::ops::function::FnOnce<()>>::call_once
[INFO] [stdout]   14:     0x5dcc4aac9c4b - test[aada8e7e76ba119b]::__rust_begin_short_backtrace::<core[a373ad73a504971]::result::Result<(), alloc[2e1b2a31b91974c5]::string::String>, fn() -> core[a373ad73a504971]::result::Result<(), alloc[2e1b2a31b91974c5]::string::String>>
[INFO] [stdout]   15:     0x5dcc4aad6e25 - test[aada8e7e76ba119b]::run_test::{closure#0}
[INFO] [stdout]   16:     0x5dcc4aad0714 - std[617be2ca0a6fd877]::sys::backtrace::__rust_begin_short_backtrace::<test[aada8e7e76ba119b]::run_test::{closure#1}, ()>
[INFO] [stdout]   17:     0x5dcc4aad9eb2 - <std[617be2ca0a6fd877]::thread::lifecycle::spawn_unchecked<test[aada8e7e76ba119b]::run_test::{closure#1}, ()>::{closure#1} as core[a373ad73a504971]::ops::function::FnOnce<()>>::call_once::{shim:vtable#0}
[INFO] [stdout]   18:     0x5dcc4ab41a6f - <std[617be2ca0a6fd877]::sys::thread::unix::Thread>::new::thread_start
[INFO] [stdout]   19:     0x7cda6d8dadfa - <unknown>
[INFO] [stdout]   20:     0x7cda6d96e3d4 - clone
[INFO] [stdout]   21:                0x0 - <unknown>
[INFO] [stdout] 
[INFO] [stdout] ---- runs_simple_python_script stdout ----
[INFO] [stdout] 
[INFO] [stdout] thread 'runs_simple_python_script' (697) panicked at /opt/rustwide/cargo-home/registry/src/index.crates.io-1949cf8c6b5b557f/shellfn-core-0.2.1/src/execute/item.rs:81:10:
[INFO] [stdout] Shell execution failed: Os { code: 2, kind: NotFound, message: "No such file or directory" }
[INFO] [stdout] stack backtrace:
[INFO] [stdout]    0:     0x5dcc4ab42211 - <<std[617be2ca0a6fd877]::sys::backtrace::BacktraceLock>::print::DisplayBacktrace as core[a373ad73a504971]::fmt::Display>::fmt
[INFO] [stdout]    1:     0x5dcc4ab5675a - core[a373ad73a504971]::fmt::write
[INFO] [stdout]    2:     0x5dcc4ab4666c - <alloc[2e1b2a31b91974c5]::vec::Vec<u8> as core[a373ad73a504971]::io::write::Write>::write_fmt
[INFO] [stdout]    3:     0x5dcc4ab1e136 - std[617be2ca0a6fd877]::panicking::default_hook::{closure#0}
[INFO] [stdout]    4:     0x5dcc4ab3a8a9 - std[617be2ca0a6fd877]::panicking::default_hook
[INFO] [stdout]    5:     0x5dcc4aad6800 - test[aada8e7e76ba119b]::test_main_inner::{closure#0}
[INFO] [stdout]    6:     0x5dcc4ab3aa62 - std[617be2ca0a6fd877]::panicking::panic_with_hook
[INFO] [stdout]    7:     0x5dcc4ab1e1e2 - std[617be2ca0a6fd877]::panicking::panic_handler::{closure#0}
[INFO] [stdout]    8:     0x5dcc4ab16ef9 - std[617be2ca0a6fd877]::sys::backtrace::__rust_end_short_backtrace::<std[617be2ca0a6fd877]::panicking::panic_handler::{closure#0}, !>
[INFO] [stdout]    9:     0x5dcc4ab1eded - __rustc[ea4f61d10b84890b]::rust_begin_unwind
[INFO] [stdout]   10:     0x5dcc4ab56e8c - core[a373ad73a504971]::panicking::panic_fmt
[INFO] [stdout]   11:     0x5dcc4ab56c62 - core[a373ad73a504971]::result::unwrap_failed
[INFO] [stdout]   12:     0x5dcc4aab5236 - shellfn_core[cbc039f985e08029]::execute::item::execute_parse_panic::<alloc[2e1b2a31b91974c5]::string::String, alloc[2e1b2a31b91974c5]::string::String, &str, alloc[2e1b2a31b91974c5]::string::String, &str, alloc[2e1b2a31b91974c5]::vec::Vec<alloc[2e1b2a31b91974c5]::string::String>, alloc[2e1b2a31b91974c5]::vec::Vec<(&str, alloc[2e1b2a31b91974c5]::string::String)>>
[INFO] [stdout]   13:     0x5dcc4aab8707 - <tests[d73bee5674e81b69]::runs_simple_python_script::{closure#0} as core[a373ad73a504971]::ops::function::FnOnce<()>>::call_once
[INFO] [stdout]   14:     0x5dcc4aac9c4b - test[aada8e7e76ba119b]::__rust_begin_short_backtrace::<core[a373ad73a504971]::result::Result<(), alloc[2e1b2a31b91974c5]::string::String>, fn() -> core[a373ad73a504971]::result::Result<(), alloc[2e1b2a31b91974c5]::string::String>>
[INFO] [stdout]   15:     0x5dcc4aad6e25 - test[aada8e7e76ba119b]::run_test::{closure#0}
[INFO] [stdout]   16:     0x5dcc4aad0714 - std[617be2ca0a6fd877]::sys::backtrace::__rust_begin_short_backtrace::<test[aada8e7e76ba119b]::run_test::{closure#1}, ()>
[INFO] [stdout]   17:     0x5dcc4aad9eb2 - <std[617be2ca0a6fd877]::thread::lifecycle::spawn_unchecked<test[aada8e7e76ba119b]::run_test::{closure#1}, ()>::{closure#1} as core[a373ad73a504971]::ops::function::FnOnce<()>>::call_once::{shim:vtable#0}
[INFO] [stdout]   18:     0x5dcc4ab41a6f - <std[617be2ca0a6fd877]::sys::thread::unix::Thread>::new::thread_start
[INFO] [stdout]   19:     0x7cda6d8dadfa - <unknown>
[INFO] [stdout]   20:     0x7cda6d96e3d4 - clone
[INFO] [stdout]   21:                0x0 - <unknown>
[INFO] [stdout] 
[INFO] [stdout] 
[INFO] [stdout] failures:
[INFO] [stdout]     runs_script_with_program_on_custom_position
[INFO] [stdout]     runs_simple_python_script
[INFO] [stdout] 
[INFO] [stdout] test result: FAILED. 70 passed; 2 failed; 0 ignored; 0 measured; 0 filtered out; finished in 0.08s
[INFO] [stdout] 
[INFO] [stderr] error: test failed, to rerun pass `--test tests`
[INFO] running `Command { std: "docker" "inspect" "ba347a4cff5be5585755b4e4ddd7753f547984b7b6f04e8cf7c9c3391b6e5cd0", kill_on_drop: false }`
[INFO] running `Command { std: "docker" "rm" "-f" "ba347a4cff5be5585755b4e4ddd7753f547984b7b6f04e8cf7c9c3391b6e5cd0", kill_on_drop: false }`
[INFO] [stdout] ba347a4cff5be5585755b4e4ddd7753f547984b7b6f04e8cf7c9c3391b6e5cd0
