[INFO] fetching crate sheldon 0.8.5...
[INFO] testing sheldon-0.8.5 against 1.100.0-beta.1+cargoflags=--release for beta-release-1.100-2
[INFO] extracting crate sheldon 0.8.5 into /workspace/builds/worker-2-tc2/source
[INFO] started tweaking crates.io crate sheldon 0.8.5
[INFO] finished tweaking crates.io crate sheldon 0.8.5
[INFO] tweaked toml for crates.io crate sheldon 0.8.5 written to /workspace/builds/worker-2-tc2/source/Cargo.toml
[INFO] validating manifest of crates.io crate sheldon 0.8.5 on toolchain 1.100.0-beta.1
[INFO] running `Command { std: CARGO_HOME="/workspace/cargo-home" RUSTUP_HOME="/workspace/rustup-home" "/workspace/cargo-home/bin/cargo" "+1.100.0-beta.1" "metadata" "--manifest-path" "Cargo.toml" "--no-deps", kill_on_drop: false }`
[INFO] crate crates.io crate sheldon 0.8.5 already has a lockfile, it will not be regenerated
[INFO] running `Command { std: CARGO_HOME="/workspace/cargo-home" RUSTUP_HOME="/workspace/rustup-home" "/workspace/cargo-home/bin/cargo" "+1.100.0-beta.1" "fetch" "--manifest-path" "Cargo.toml", kill_on_drop: false }`
[INFO] running `Command { std: "docker" "create" "-v" "/var/lib/crater-agent-workspace/builds/worker-2-tc2/source:/opt/rustwide/workdir:ro,Z" "-v" "/var/lib/crater-agent-workspace/builds/worker-2-tc2/target:/opt/rustwide/target:rw,Z" "-v" "/var/lib/crater-agent-workspace/cargo-home:/opt/rustwide/cargo-home:ro,Z" "-v" "/var/lib/crater-agent-workspace/rustup-home:/opt/rustwide/rustup-home:ro,Z" "-m" "1610612736" "--network" "none" "ghcr.io/rust-lang/crates-build-env/linux@sha256:77db811e55d90add9212f6832c23229e3de5f1c1f9905e8cb07319ea15df73ac" "sleep" "infinity", kill_on_drop: false }`
[INFO] [stdout] 4f9f54a1cbe13fc662c6e7afff15cf20f516a9f5453425a57238072e4d22571c
[INFO] running `Command { std: "docker" "start" "4f9f54a1cbe13fc662c6e7afff15cf20f516a9f5453425a57238072e4d22571c", kill_on_drop: false }`
[INFO] running `Command { std: "docker" "inspect" "4f9f54a1cbe13fc662c6e7afff15cf20f516a9f5453425a57238072e4d22571c", kill_on_drop: false }`
[INFO] running `Command { std: "docker" "exec" "-e" "SOURCE_DIR=/opt/rustwide/workdir" "-e" "CARGO_HOME=/opt/rustwide/cargo-home" "-e" "RUSTUP_HOME=/opt/rustwide/rustup-home" "-e" "CARGO_TARGET_DIR=/opt/rustwide/target" "-w" "/opt/rustwide/workdir" "--user" "0:0" "4f9f54a1cbe13fc662c6e7afff15cf20f516a9f5453425a57238072e4d22571c" "/opt/rustwide/cargo-home/bin/cargo" "+1.100.0-beta.1" "metadata" "--no-deps" "--format-version=1", kill_on_drop: false }`
[INFO] running `Command { std: "docker" "inspect" "4f9f54a1cbe13fc662c6e7afff15cf20f516a9f5453425a57238072e4d22571c", kill_on_drop: false }`
[INFO] running `Command { std: "docker" "exec" "-e" "SOURCE_DIR=/opt/rustwide/workdir" "-e" "CARGO_HOME=/opt/rustwide/cargo-home" "-e" "RUSTUP_HOME=/opt/rustwide/rustup-home" "-e" "CARGO_TARGET_DIR=/opt/rustwide/target" "-e" "CARGO_INCREMENTAL=0" "-e" "RUST_BACKTRACE=full" "-e" "RUSTFLAGS=--cap-lints=warn" "-e" "RUSTDOCFLAGS=--cap-lints=warn" "-w" "/opt/rustwide/workdir" "--user" "0:0" "4f9f54a1cbe13fc662c6e7afff15cf20f516a9f5453425a57238072e4d22571c" "/opt/rustwide/cargo-home/bin/cargo" "+1.100.0-beta.1" "build" "--frozen" "--message-format=json" "--release", kill_on_drop: false }`
[INFO] [stderr]    Compiling proc-macro2 v1.0.95
[INFO] [stderr]    Compiling unicode-ident v1.0.18
[INFO] [stderr]    Compiling libc v0.2.174
[INFO] [stderr]    Compiling shlex v1.3.0
[INFO] [stderr]    Compiling pkg-config v0.3.32
[INFO] [stderr]    Compiling vcpkg v0.2.15
[INFO] [stderr]    Compiling stable_deref_trait v1.2.0
[INFO] [stderr]    Compiling crossbeam-utils v0.8.21
[INFO] [stderr]    Compiling serde v1.0.219
[INFO] [stderr]    Compiling memchr v2.7.5
[INFO] [stderr]    Compiling litemap v0.8.0
[INFO] [stderr]    Compiling writeable v0.6.1
[INFO] [stderr]    Compiling icu_normalizer_data v2.0.0
[INFO] [stderr]    Compiling icu_properties_data v2.0.1
[INFO] [stderr]    Compiling regex-syntax v0.8.5
[INFO] [stderr]    Compiling anyhow v1.0.98
[INFO] [stderr]    Compiling rayon-core v1.12.1
[INFO] [stderr]    Compiling either v1.15.0
[INFO] [stderr]    Compiling smallvec v1.15.1
[INFO] [stderr]    Compiling log v0.4.27
[INFO] [stderr]    Compiling bitflags v2.9.1
[INFO] [stderr]    Compiling heck v0.5.0
[INFO] [stderr]    Compiling utf8_iter v1.0.4
[INFO] [stderr]    Compiling strsim v0.11.1
[INFO] [stderr]    Compiling percent-encoding v2.3.1
[INFO] [stderr]    Compiling clap_lex v0.7.5
[INFO] [stderr]    Compiling equivalent v1.0.2
[INFO] [stderr]    Compiling same-file v1.0.6
[INFO] [stderr]    Compiling rustix v1.0.8
[INFO] [stderr]    Compiling hashbrown v0.15.4
[INFO] [stderr]    Compiling anstyle v1.0.11
[INFO] [stderr]    Compiling winnow v0.7.12
[INFO] [stderr]    Compiling walkdir v2.5.0
[INFO] [stderr]    Compiling form_urlencoded v1.2.1
[INFO] [stderr]    Compiling aho-corasick v1.1.3
[INFO] [stderr]    Compiling bstr v1.12.0
[INFO] [stderr]    Compiling crossbeam-epoch v0.9.18
[INFO] [stderr]    Compiling clap_builder v4.5.41
[INFO] [stderr]    Compiling toml_writer v1.0.2
[INFO] [stderr]    Compiling openssl-probe v0.1.6
[INFO] [stderr]    Compiling quote v1.0.40
[INFO] [stderr]    Compiling thiserror v2.0.12
[INFO] [stderr]    Compiling crossbeam-deque v0.8.6
[INFO] [stderr]    Compiling linux-raw-sys v0.9.4
[INFO] [stderr]    Compiling curl v0.4.48
[INFO] [stderr]    Compiling sheldon v0.8.5 (/opt/rustwide/workdir)
[INFO] [stderr]    Compiling syn v2.0.104
[INFO] [stderr]    Compiling jobserver v0.1.33
[INFO] [stderr]    Compiling socket2 v0.5.10
[INFO] [stderr]    Compiling env_home v0.1.0
[INFO] [stderr]    Compiling cc v1.2.30
[INFO] [stderr]    Compiling fmutex v0.3.0
[INFO] [stderr]    Compiling itertools v0.14.0
[INFO] [stderr]    Compiling home v0.5.11
[INFO] [stderr]    Compiling constcat v0.6.1
[INFO] [stderr]    Compiling maplit v1.0.2
[INFO] [stderr]    Compiling yansi v1.0.1
[INFO] [stderr]    Compiling casual v0.2.0
[INFO] [stderr]    Compiling regex-automata v0.4.9
[INFO] [stderr]    Compiling rayon v1.10.0
[INFO] [stderr]    Compiling toml_parser v1.0.1
[INFO] [stderr]    Compiling libz-sys v1.1.22
[INFO] [stderr]    Compiling openssl-sys v0.9.109
[INFO] [stderr]    Compiling libssh2-sys v0.3.1
[INFO] [stderr]    Compiling curl-sys v0.4.82+curl-8.14.1
[INFO] [stderr]    Compiling libgit2-sys v0.18.2+1.9.1
[INFO] [stderr]    Compiling which v8.0.0
[INFO] [stderr]    Compiling synstructure v0.13.2
[INFO] [stderr]    Compiling globset v0.4.16
[INFO] [stderr]    Compiling regex v1.11.1
[INFO] [stderr]    Compiling regex-macro v0.3.0
[INFO] [stderr]    Compiling zerofrom-derive v0.1.6
[INFO] [stderr]    Compiling yoke-derive v0.8.0
[INFO] [stderr]    Compiling zerovec-derive v0.11.1
[INFO] [stderr]    Compiling displaydoc v0.2.5
[INFO] [stderr]    Compiling serde_derive v1.0.219
[INFO] [stderr]    Compiling clap_derive v4.5.41
[INFO] [stderr]    Compiling ignore v0.4.23
[INFO] [stderr]    Compiling thiserror-impl v2.0.12
[INFO] [stderr]    Compiling zerofrom v0.1.6
[INFO] [stderr]    Compiling yoke v0.8.0
[INFO] [stderr]    Compiling zerovec v0.11.2
[INFO] [stderr]    Compiling zerotrie v0.2.2
[INFO] [stderr]    Compiling globwalk v0.9.1
[INFO] [stderr]    Compiling clap v4.5.41
[INFO] [stderr]    Compiling clap_complete v4.5.55
[INFO] [stderr]    Compiling tinystr v0.8.1
[INFO] [stderr]    Compiling potential_utf v0.1.2
[INFO] [stderr]    Compiling icu_locale_core v2.0.0
[INFO] [stderr]    Compiling icu_collections v2.0.0
[INFO] [stderr]    Compiling icu_provider v2.0.0
[INFO] [stderr]    Compiling icu_properties v2.0.1
[INFO] [stderr]    Compiling icu_normalizer v2.0.0
[INFO] [stderr]    Compiling idna_adapter v1.2.1
[INFO] [stderr]    Compiling idna v1.0.3
[INFO] [stderr]    Compiling toml_datetime v0.7.0
[INFO] [stderr]    Compiling indexmap v2.10.0
[INFO] [stderr]    Compiling url v2.5.4
[INFO] [stderr]    Compiling serde_spanned v1.0.0
[INFO] [stderr]    Compiling upon v0.10.0
[INFO] [stderr]    Compiling toml_edit v0.23.2
[INFO] [stderr]    Compiling toml v0.9.2
[INFO] [stderr]    Compiling git2 v0.20.2
[INFO] [stderr]     Finished `release` profile [optimized] target(s) in 2m 02s
[INFO] running `Command { std: "docker" "inspect" "4f9f54a1cbe13fc662c6e7afff15cf20f516a9f5453425a57238072e4d22571c", kill_on_drop: false }`
[INFO] running `Command { std: "docker" "exec" "-e" "SOURCE_DIR=/opt/rustwide/workdir" "-e" "CARGO_HOME=/opt/rustwide/cargo-home" "-e" "RUSTUP_HOME=/opt/rustwide/rustup-home" "-e" "CARGO_TARGET_DIR=/opt/rustwide/target" "-e" "CARGO_INCREMENTAL=0" "-e" "RUST_BACKTRACE=full" "-e" "RUSTFLAGS=--cap-lints=warn" "-e" "RUSTDOCFLAGS=--cap-lints=warn" "-w" "/opt/rustwide/workdir" "--user" "0:0" "4f9f54a1cbe13fc662c6e7afff15cf20f516a9f5453425a57238072e4d22571c" "/opt/rustwide/cargo-home/bin/cargo" "+1.100.0-beta.1" "test" "--frozen" "--no-run" "--message-format=json" "--release", kill_on_drop: false }`
[INFO] [stderr]    Compiling rustix v1.0.8
[INFO] [stderr]    Compiling getrandom v0.3.3
[INFO] [stderr]    Compiling serde_json v1.0.141
[INFO] [stderr]    Compiling unicode-width v0.1.14
[INFO] [stderr]    Compiling cfg-if v1.0.1
[INFO] [stderr]    Compiling diff v0.1.13
[INFO] [stderr]    Compiling ryu v1.0.20
[INFO] [stderr]    Compiling unicode-ident v1.0.18
[INFO] [stderr]    Compiling itoa v1.0.15
[INFO] [stderr]    Compiling once_cell v1.21.3
[INFO] [stderr]    Compiling fastrand v2.3.0
[INFO] [stderr]    Compiling upon v0.10.0
[INFO] [stderr]    Compiling upon v0.8.1
[INFO] [stderr]    Compiling pretty_assertions v1.4.1
[INFO] [stderr]    Compiling goldie v0.5.0
[INFO] [stderr]    Compiling which v8.0.0
[INFO] [stderr]    Compiling tempfile v3.20.0
[INFO] [stderr]    Compiling sheldon v0.8.5 (/opt/rustwide/workdir)
[INFO] [stderr]     Finished `release` profile [optimized] target(s) in 24.14s
[INFO] running `Command { std: "docker" "inspect" "4f9f54a1cbe13fc662c6e7afff15cf20f516a9f5453425a57238072e4d22571c", kill_on_drop: false }`
[INFO] running `Command { std: "docker" "exec" "-e" "SOURCE_DIR=/opt/rustwide/workdir" "-e" "CARGO_HOME=/opt/rustwide/cargo-home" "-e" "RUSTUP_HOME=/opt/rustwide/rustup-home" "-e" "CARGO_TARGET_DIR=/opt/rustwide/target" "-e" "CARGO_INCREMENTAL=0" "-e" "RUST_BACKTRACE=full" "-e" "RUSTFLAGS=--cap-lints=warn" "-e" "RUSTDOCFLAGS=--cap-lints=warn" "-w" "/opt/rustwide/workdir" "--user" "0:0" "4f9f54a1cbe13fc662c6e7afff15cf20f516a9f5453425a57238072e4d22571c" "/opt/rustwide/cargo-home/bin/cargo" "+1.100.0-beta.1" "test" "--frozen" "--release", kill_on_drop: false }`
[INFO] [stderr]     Finished `release` profile [optimized] target(s) in 0.14s
[INFO] [stderr]      Running unittests src/main.rs (/opt/rustwide/target/release/build/sheldon/df780ec97729fc9e/out/sheldon-df780ec97729fc9e)
[INFO] [stdout] 
[INFO] [stdout] running 88 tests
[INFO] [stdout] test cli::tests::raw_opt_add_git_with_github_expect_conflict ... ok
[INFO] [stdout] test cli::tests::raw_opt_add_local_with_reference_expect_conflict ... ok
[INFO] [stdout] test cli::tests::raw_opt_add_local_with_protocol_expect_conflict ... ok
[INFO] [stdout] test cli::tests::raw_opt_add_local_options ... ok
[INFO] [stdout] test cli::tests::raw_opt_add_no_source ... ok
[INFO] [stdout] test cli::tests::raw_opt_init_with_invalid_shell ... ok
[INFO] [stdout] test cli::tests::raw_opt_add_github_options ... ok
[INFO] [stdout] test cli::tests::raw_opt_source_with_update_and_reinstall_expect_conflict ... ok
[INFO] [stdout] test cli::tests::raw_opt_add_remote_with_reference_expect_conflict ... ok
[INFO] [stdout] test cli::tests::raw_opt_long_version ... ok
[INFO] [stdout] test cli::tests::raw_opt_add_git_with_protocol_expect_conflict ... ok
[INFO] [stdout] test cli::tests::raw_opt_no_options ... ok
[INFO] [stdout] test cli::tests::raw_opt_add_remote_options ... ok
[INFO] [stdout] test cli::tests::raw_opt_lock_with_update_and_reinstall_expect_conflict ... ok
[INFO] [stdout] test cli::tests::raw_opt_options ... ok
[INFO] [stdout] test cli::tests::raw_opt_version ... ok
[INFO] [stdout] test config::edit::tests::edit_config_from_path ... ok
[INFO] [stdout] test config::edit::tests::edit_config_default ... ok
[INFO] [stdout] test config::edit::tests::edit_config_empty_add_git ... ok
[INFO] [stdout] test config::edit::tests::edit_config_empty_add_github ... ok
[INFO] [stdout] test cli::tests::raw_opt_add_gist_options ... ok
[INFO] [stdout] test config::edit::tests::edit_config_from_str_invalid ... ok
[INFO] [stdout] test config::edit::tests::edit_config_others_add_git ... ok
[INFO] [stdout] test cli::tests::raw_opt_add_git_with_options ... ok
[INFO] [stdout] test config::file::tests::gist_repository_deserialize_two_slashes ... ok
[INFO] [stdout] test config::file::tests::gist_repository_deserialize ... ok
[INFO] [stdout] test config::file::tests::gist_repository_to_string ... ok
[INFO] [stdout] test config::file::tests::gist_repository_deserialize_not_hex ... ok
[INFO] [stdout] test config::edit::tests::edit_config_default_bash ... ok
[INFO] [stdout] test config::file::tests::git_reference_deserialize_tag ... ok
[INFO] [stdout] test config::file::tests::gist_repository_to_string_with_owner ... ok
[INFO] [stdout] test config::file::tests::git_reference_deserialize_branch ... ok
[INFO] [stdout] test config::edit::tests::edit_config_default_zsh ... ok
[INFO] [stdout] test config::file::tests::git_reference_deserialize_rev ... ok
[INFO] [stdout] test config::file::tests::raw_plugin_deserialize_profiles ... ok
[INFO] [stdout] test config::file::tests::shell_deserialize_as_str ... ok
[INFO] [stdout] test config::file::tests::shell_deserialize_invalid ... ok
[INFO] [stdout] test config::file::tests::shell_to_string ... ok
[INFO] [stdout] test config::file::tests::raw_plugin_deserialize_git ... ok
[INFO] [stdout] test config::file::tests::github_repository_deserialize ... ok
[INFO] [stdout] test config::normalize::tests::normalize_plugin_external_invalid_template ... ok
[INFO] [stdout] test config::file::tests::raw_plugin_deserialize_github ... ok
[INFO] [stdout] test config::file::tests::raw_plugin_deserialize_hooks ... ok
[INFO] [stdout] test config::normalize::tests::normalize_plugin_gist_with_git ... ok
[INFO] [stdout] test config::normalize::tests::normalize_plugin_conflicts ... ok
[INFO] [stdout] test config::normalize::tests::normalize_plugin_gist_with_https ... ok
[INFO] [stdout] test config::normalize::tests::normalize_plugin_gist_with_ssh ... ok
[INFO] [stdout] test config::normalize::tests::normalize_plugin_git ... ok
[INFO] [stdout] test config::file::tests::github_repository_deserialize_no_slashes ... ok
[INFO] [stdout] test config::file::tests::github_repository_deserialize_two_slashes ... ok
[INFO] [stdout] test config::file::tests::github_repository_to_string ... ok
[INFO] [stdout] test config::normalize::tests::normalize_plugin_remote_with_reference ... ok
[INFO] [stdout] test config::normalize::tests::normalize_plugin_github_with_git ... ok
[INFO] [stdout] test cli::tests::raw_opt_add_remote_with_protocol_expect_conflict ... ok
[INFO] [stdout] test config::normalize::tests::normalize_plugin_inline_apply ... ok
[INFO] [stdout] test config::normalize::tests::normalize_plugin_local ... ok
[INFO] [stdout] test config::normalize::tests::normalize_plugin_inline ... ok
[INFO] [stdout] test context::tests::context_expand_tilde ... ok
[INFO] [stdout] test context::tests::context_replace_home ... ok
[INFO] [stdout] test config::normalize::tests::normalize_plugin_github_with_https ... ok
[INFO] [stdout] test config::normalize::tests::normalize_plugin_github_with_ssh ... ok
[INFO] [stdout] test config::normalize::tests::normalize_plugin_remote ... ok
[INFO] [stdout] test lock::source::git::tests::git_checkout_to_string ... ok
[INFO] [stdout] test lock::source::git::tests::lock_git_git_with_checkout ... ignored
[INFO] [stdout] test config::normalize::tests::normalize_plugin_remote_with_ssh ... ok
[INFO] [stdout] test lock::plugin::tests::external_plugin_lock_remote ... FAILED
[INFO] [stdout] test lock::source::remote::tests::lock_remote_and_reinstall ... FAILED
[INFO] [stdout] test cli::tests::raw_opt_init_help ... ok
[INFO] [stdout] test cli::tests::raw_opt_help ... ok
[INFO] [stdout] test cli::tests::raw_opt_add_help ... ok
[INFO] [stdout] test cli::tests::raw_opt_source_help ... ok
[INFO] [stdout] test lock::tests::lock_config_empty ... ok
[INFO] [stdout] test lock::source::tests::source_to_string ... ok
[INFO] [stdout] test cli::tests::raw_opt_lock_help ... ok
[INFO] [stdout] test cli::tests::raw_opt_subcommand_required ... ok
[INFO] [stdout] test lock::source::tests::lock_with_remote ... FAILED
[INFO] [stdout] test lock::source::git::tests::lock_git_https_with_checkout ... FAILED
[INFO] [stdout] test lock::plugin::tests::external_plugin_lock_git_with_uses ... FAILED
[INFO] [stdout] test lock::plugin::tests::external_plugin_lock_git_with_matches ... FAILED
[INFO] [stdout] test lock::tests::locked_config_clean ... FAILED
[INFO] [stdout] test lock::plugin::tests::external_plugin_lock_git_with_matches_not_each ... FAILED
[INFO] [stdout] test lock::source::git::tests::lock_git_and_reinstall ... FAILED
[INFO] [stdout] test lock::tests::locked_config_to_and_from_path ... ok
[INFO] [stdout] test lock::source::git::tests::git_checkout_resolve_rev ... FAILED
[INFO] [stdout] test lock::source::git::tests::git_checkout_resolve_branch ... FAILED
[INFO] [stdout] test lock::source::git::tests::git_checkout_resolve_tag ... FAILED
[INFO] [stdout] test lock::source::tests::lock_with_git ... FAILED
[INFO] [stdout] test lock::source::local::tests::lock_local ... FAILED
[INFO] [stdout] 
[INFO] [stdout] failures:
[INFO] [stdout] 
[INFO] [stdout] ---- lock::plugin::tests::external_plugin_lock_remote stdout ----
[INFO] [stdout] 
[INFO] [stdout] thread 'lock::plugin::tests::external_plugin_lock_remote' (3375) panicked at src/lock/plugin.rs:293:71:
[INFO] [stdout] called `Result::unwrap()` on an `Err` value: failed to download `https://github.com/rossmacarthur/sheldon-test/raw/master/test.plugin.zsh`
[INFO] [stdout] 
[INFO] [stdout] Caused by:
[INFO] [stdout]     [6] Could not resolve hostname (Could not resolve host: github.com)
[INFO] [stdout] 
[INFO] [stdout] Stack backtrace:
[INFO] [stdout]    0: <unknown>
[INFO] [stdout]    1: <unknown>
[INFO] [stdout]    2: <unknown>
[INFO] [stdout]    3: <unknown>
[INFO] [stdout]    4: <unknown>
[INFO] [stdout]    5: <unknown>
[INFO] [stdout]    6: <unknown>
[INFO] [stdout]    7: <unknown>
[INFO] [stdout]    8: <unknown>
[INFO] [stdout]    9: <unknown>
[INFO] [stdout]   10: clone
[INFO] [stdout] stack backtrace:
[INFO] [stdout]    0:     0x579a7eafd0d1 - <unknown>
[INFO] [stdout]    1:     0x579a7eb15b4a - <unknown>
[INFO] [stdout]    2:     0x579a7eb01e3c - <unknown>
[INFO] [stdout]    3:     0x579a7ead5d16 - <unknown>
[INFO] [stdout]    4:     0x579a7eaf3cd9 - <unknown>
[INFO] [stdout]    5:     0x579a7e86a570 - <unknown>
[INFO] [stdout]    6:     0x579a7eaf4002 - <unknown>
[INFO] [stdout]    7:     0x579a7ead5dc2 - <unknown>
[INFO] [stdout]    8:     0x579a7eacdfd9 - <unknown>
[INFO] [stdout]    9:     0x579a7ead6ded - <unknown>
[INFO] [stdout]   10:     0x579a7eb1636c - <unknown>
[INFO] [stdout]   11:     0x579a7eb16142 - <unknown>
[INFO] [stdout]   12:     0x579a7e765fb1 - <unknown>
[INFO] [stdout]   13:     0x579a7e85d9bb - <unknown>
[INFO] [stdout]   14:     0x579a7e86ab95 - <unknown>
[INFO] [stdout]   15:     0x579a7e864484 - <unknown>
[INFO] [stdout]   16:     0x579a7e86dc22 - <unknown>
[INFO] [stdout]   17:     0x579a7eafc09f - <unknown>
[INFO] [stdout]   18:     0x763bacd95dfa - <unknown>
[INFO] [stdout]   19:     0x763bace293d4 - clone
[INFO] [stdout]   20:                0x0 - <unknown>
[INFO] [stdout] 
[INFO] [stdout] ---- lock::source::remote::tests::lock_remote_and_reinstall stdout ----
[INFO] [stdout] 
[INFO] [stdout] thread 'lock::source::remote::tests::lock_remote_and_reinstall' (3388) panicked at src/lock/source/remote.rs:61:72:
[INFO] [stdout] called `Result::unwrap()` on an `Err` value: failed to download `https://github.com/rossmacarthur/sheldon/raw/0.3.0/LICENSE-MIT`
[INFO] [stdout] 
[INFO] [stdout] Caused by:
[INFO] [stdout]     [6] Could not resolve hostname (Could not resolve host: github.com)
[INFO] [stdout] 
[INFO] [stdout] Stack backtrace:
[INFO] [stdout]    0: <unknown>
[INFO] [stdout]    1: <unknown>
[INFO] [stdout]    2: <unknown>
[INFO] [stdout]    3: <unknown>
[INFO] [stdout]    4: <unknown>
[INFO] [stdout]    5: <unknown>
[INFO] [stdout]    6: <unknown>
[INFO] [stdout]    7: <unknown>
[INFO] [stdout]    8: <unknown>
[INFO] [stdout]    9: clone
[INFO] [stdout] stack backtrace:
[INFO] [stdout]    0:     0x579a7eafd0d1 - <unknown>
[INFO] [stdout]    1:     0x579a7eb15b4a - <unknown>
[INFO] [stdout]    2:     0x579a7eb01e3c - <unknown>
[INFO] [stdout]    3:     0x579a7ead5d16 - <unknown>
[INFO] [stdout]    4:     0x579a7eaf3cd9 - <unknown>
[INFO] [stdout]    5:     0x579a7e86a570 - <unknown>
[INFO] [stdout]    6:     0x579a7eaf4002 - <unknown>
[INFO] [stdout]    7:     0x579a7ead5dc2 - <unknown>
[INFO] [stdout]    8:     0x579a7eacdfd9 - <unknown>
[INFO] [stdout]    9:     0x579a7ead6ded - <unknown>
[INFO] [stdout]   10:     0x579a7eb1636c - <unknown>
[INFO] [stdout]   11:     0x579a7eb16142 - <unknown>
[INFO] [stdout]   12:     0x579a7e768ccc - <unknown>
[INFO] [stdout]   13:     0x579a7e85d9bb - <unknown>
[INFO] [stdout]   14:     0x579a7e86ab95 - <unknown>
[INFO] [stdout]   15:     0x579a7e864484 - <unknown>
[INFO] [stdout]   16:     0x579a7e86dc22 - <unknown>
[INFO] [stdout]   17:     0x579a7eafc09f - <unknown>
[INFO] [stdout]   18:     0x763bacd95dfa - <unknown>
[INFO] [stdout]   19:     0x763bace293d4 - clone
[INFO] [stdout]   20:                0x0 - <unknown>
[INFO] [stdout] 
[INFO] [stdout] ---- lock::source::tests::lock_with_remote stdout ----
[INFO] [stdout] 
[INFO] [stdout] thread 'lock::source::tests::lock_with_remote' (3391) panicked at src/lock/source/mod.rs:160:41:
[INFO] [stdout] called `Result::unwrap()` on an `Err` value: failed to download `https://github.com/rossmacarthur/sheldon/raw/0.3.0/LICENSE-MIT`
[INFO] [stdout] 
[INFO] [stdout] Caused by:
[INFO] [stdout]     [6] Could not resolve hostname (Could not resolve host: github.com)
[INFO] [stdout] 
[INFO] [stdout] Stack backtrace:
[INFO] [stdout]    0: <unknown>
[INFO] [stdout]    1: <unknown>
[INFO] [stdout]    2: <unknown>
[INFO] [stdout]    3: <unknown>
[INFO] [stdout]    4: <unknown>
[INFO] [stdout]    5: <unknown>
[INFO] [stdout]    6: <unknown>
[INFO] [stdout]    7: <unknown>
[INFO] [stdout]    8: <unknown>
[INFO] [stdout]    9: <unknown>
[INFO] [stdout]   10: clone
[INFO] [stdout] stack backtrace:
[INFO] [stdout]    0:     0x579a7eafd0d1 - <unknown>
[INFO] [stdout]    1:     0x579a7eb15b4a - <unknown>
[INFO] [stdout]    2:     0x579a7eb01e3c - <unknown>
[INFO] [stdout]    3:     0x579a7ead5d16 - <unknown>
[INFO] [stdout]    4:     0x579a7eaf3cd9 - <unknown>
[INFO] [stdout]    5:     0x579a7e86a570 - <unknown>
[INFO] [stdout]    6:     0x579a7eaf4002 - <unknown>
[INFO] [stdout]    7:     0x579a7ead5dc2 - <unknown>
[INFO] [stdout]    8:     0x579a7eacdfd9 - <unknown>
[INFO] [stdout]    9:     0x579a7ead6ded - <unknown>
[INFO] [stdout]   10:     0x579a7eb1636c - <unknown>
[INFO] [stdout]   11:     0x579a7eb16142 - <unknown>
[INFO] [stdout]   12:     0x579a7e77197a - <unknown>
[INFO] [stdout]   13:     0x579a7e85d9bb - <unknown>
[INFO] [stdout]   14:     0x579a7e86ab95 - <unknown>
[INFO] [stdout]   15:     0x579a7e864484 - <unknown>
[INFO] [stdout]   16:     0x579a7e86dc22 - <unknown>
[INFO] [stdout]   17:     0x579a7eafc09f - <unknown>
[INFO] [stdout]   18:     0x763bacd95dfa - <unknown>
[INFO] [stdout]   19:     0x763bace293d4 - clone
[INFO] [stdout]   20:                0x0 - <unknown>
[INFO] [stdout] 
[INFO] [stdout] ---- lock::source::git::tests::lock_git_https_with_checkout stdout ----
[INFO] [stdout] 
[INFO] [stdout] thread 'lock::source::git::tests::lock_git_https_with_checkout' (3383) panicked at src/lock/source/git.rs:241:10:
[INFO] [stdout] called `Result::unwrap()` on an `Err` value: failed to git clone `https://github.com/rossmacarthur/sheldon-test`
[INFO] [stdout] 
[INFO] [stdout] Caused by:
[INFO] [stdout]     failed to resolve address for github.com: Temporary failure in name resolution; class=Net (12)
[INFO] [stdout] 
[INFO] [stdout] Stack backtrace:
[INFO] [stdout]    0: <unknown>
[INFO] [stdout]    1: <unknown>
[INFO] [stdout]    2: <unknown>
[INFO] [stdout]    3: <unknown>
[INFO] [stdout]    4: <unknown>
[INFO] [stdout]    5: <unknown>
[INFO] [stdout]    6: <unknown>
[INFO] [stdout]    7: <unknown>
[INFO] [stdout]    8: <unknown>
[INFO] [stdout]    9: <unknown>
[INFO] [stdout]   10: <unknown>
[INFO] [stdout]   11: clone
[INFO] [stdout] stack backtrace:
[INFO] [stdout]    0:     0x579a7eafd0d1 - <unknown>
[INFO] [stdout]    1:     0x579a7eb15b4a - <unknown>
[INFO] [stdout]    2:     0x579a7eb01e3c - <unknown>
[INFO] [stdout]    3:     0x579a7ead5d16 - <unknown>
[INFO] [stdout]    4:     0x579a7eaf3cd9 - <unknown>
[INFO] [stdout]    5:     0x579a7e86a570 - <unknown>
[INFO] [stdout]    6:     0x579a7eaf4002 - <unknown>
[INFO] [stdout]    7:     0x579a7ead5dc2 - <unknown>
[INFO] [stdout]    8:     0x579a7eacdfd9 - <unknown>
[INFO] [stdout]    9:     0x579a7ead6ded - <unknown>
[INFO] [stdout]   10:     0x579a7eb1636c - <unknown>
[INFO] [stdout]   11:     0x579a7eb16142 - <unknown>
[INFO] [stdout]   12:     0x579a7e778798 - <unknown>
[INFO] [stdout]   13:     0x579a7e85d9bb - <unknown>
[INFO] [stdout]   14:     0x579a7e86ab95 - <unknown>
[INFO] [stdout]   15:     0x579a7e864484 - <unknown>
[INFO] [stdout]   16:     0x579a7e86dc22 - <unknown>
[INFO] [stdout]   17:     0x579a7eafc09f - <unknown>
[INFO] [stdout]   18:     0x763bacd95dfa - <unknown>
[INFO] [stdout]   19:     0x763bace293d4 - clone
[INFO] [stdout]   20:                0x0 - <unknown>
[INFO] [stdout] 
[INFO] [stdout] ---- lock::plugin::tests::external_plugin_lock_git_with_uses stdout ----
[INFO] [stdout] 
[INFO] [stdout] thread 'lock::plugin::tests::external_plugin_lock_git_with_uses' (3374) panicked at src/lock/plugin.rs:180:71:
[INFO] [stdout] called `Result::unwrap()` on an `Err` value: failed to git clone `https://github.com/rossmacarthur/sheldon-test`
[INFO] [stdout] 
[INFO] [stdout] Caused by:
[INFO] [stdout]     failed to resolve address for github.com: Temporary failure in name resolution; class=Net (12)
[INFO] [stdout] 
[INFO] [stdout] Stack backtrace:
[INFO] [stdout]    0: <unknown>
[INFO] [stdout]    1: <unknown>
[INFO] [stdout]    2: <unknown>
[INFO] [stdout]    3: <unknown>
[INFO] [stdout]    4: <unknown>
[INFO] [stdout]    5: <unknown>
[INFO] [stdout]    6: <unknown>
[INFO] [stdout]    7: <unknown>
[INFO] [stdout]    8: <unknown>
[INFO] [stdout]    9: <unknown>
[INFO] [stdout]   10: <unknown>
[INFO] [stdout]   11: <unknown>
[INFO] [stdout]   12: clone
[INFO] [stdout] stack backtrace:
[INFO] [stdout]    0:     0x579a7eafd0d1 - <unknown>
[INFO] [stdout]    1:     0x579a7eb15b4a - <unknown>
[INFO] [stdout]    2:     0x579a7eb01e3c - <unknown>
[INFO] [stdout]    3:     0x579a7ead5d16 - <unknown>
[INFO] [stdout]    4:     0x579a7eaf3cd9 - <unknown>
[INFO] [stdout]    5:     0x579a7e86a570 - <unknown>
[INFO] [stdout]    6:     0x579a7eaf4002 - <unknown>
[INFO] [stdout]    7:     0x579a7ead5dc2 - <unknown>
[INFO] [stdout]    8:     0x579a7eacdfd9 - <unknown>
[INFO] [stdout]    9:     0x579a7ead6ded - <unknown>
[INFO] [stdout]   10:     0x579a7eb1636c - <unknown>
[INFO] [stdout]   11:     0x579a7eb16142 - <unknown>
[INFO] [stdout]   12:     0x579a7e766b44 - <unknown>
[INFO] [stdout]   13:     0x579a7e85d9bb - <unknown>
[INFO] [stdout]   14:     0x579a7e86ab95 - <unknown>
[INFO] [stdout]   15:     0x579a7e864484 - <unknown>
[INFO] [stdout]   16:     0x579a7e86dc22 - <unknown>
[INFO] [stdout]   17:     0x579a7eafc09f - <unknown>
[INFO] [stdout]   18:     0x763bacd95dfa - <unknown>
[INFO] [stdout]   19:     0x763bace293d4 - clone
[INFO] [stdout]   20:                0x0 - <unknown>
[INFO] [stdout] 
[INFO] [stdout] ---- lock::plugin::tests::external_plugin_lock_git_with_matches stdout ----
[INFO] [stdout] 
[INFO] [stdout] thread 'lock::plugin::tests::external_plugin_lock_git_with_matches' (3372) panicked at src/lock/plugin.rs:221:71:
[INFO] [stdout] called `Result::unwrap()` on an `Err` value: failed to git clone `https://github.com/rossmacarthur/sheldon-test`
[INFO] [stdout] 
[INFO] [stdout] Caused by:
[INFO] [stdout]     failed to resolve address for github.com: Temporary failure in name resolution; class=Net (12)
[INFO] [stdout] 
[INFO] [stdout] Stack backtrace:
[INFO] [stdout]    0: <unknown>
[INFO] [stdout]    1: <unknown>
[INFO] [stdout]    2: <unknown>
[INFO] [stdout]    3: <unknown>
[INFO] [stdout]    4: <unknown>
[INFO] [stdout]    5: <unknown>
[INFO] [stdout]    6: <unknown>
[INFO] [stdout]    7: <unknown>
[INFO] [stdout]    8: <unknown>
[INFO] [stdout]    9: <unknown>
[INFO] [stdout]   10: <unknown>
[INFO] [stdout]   11: <unknown>
[INFO] [stdout]   12: clone
[INFO] [stdout] stack backtrace:
[INFO] [stdout]    0:     0x579a7eafd0d1 - <unknown>
[INFO] [stdout]    1:     0x579a7eb15b4a - <unknown>
[INFO] [stdout]    2:     0x579a7eb01e3c - <unknown>
[INFO] [stdout]    3:     0x579a7ead5d16 - <unknown>
[INFO] [stdout]    4:     0x579a7eaf3cd9 - <unknown>
[INFO] [stdout]    5:     0x579a7e86a570 - <unknown>
[INFO] [stdout]    6:     0x579a7eaf4002 - <unknown>
[INFO] [stdout]    7:     0x579a7ead5dc2 - <unknown>
[INFO] [stdout]    8:     0x579a7eacdfd9 - <unknown>
[INFO] [stdout]    9:     0x579a7ead6ded - <unknown>
[INFO] [stdout]   10:     0x579a7eb1636c - <unknown>
[INFO] [stdout]   11:     0x579a7eb16142 - <unknown>
[INFO] [stdout]   12:     0x579a7e767641 - <unknown>
[INFO] [stdout]   13:     0x579a7e85d9bb - <unknown>
[INFO] [stdout]   14:     0x579a7e86ab95 - <unknown>
[INFO] [stdout]   15:     0x579a7e864484 - <unknown>
[INFO] [stdout]   16:     0x579a7e86dc22 - <unknown>
[INFO] [stdout]   17:     0x579a7eafc09f - <unknown>
[INFO] [stdout]   18:     0x763bacd95dfa - <unknown>
[INFO] [stdout]   19:     0x763bace293d4 - clone
[INFO] [stdout]   20:                0x0 - <unknown>
[INFO] [stdout] 
[INFO] [stdout] ---- lock::tests::locked_config_clean stdout ----
[INFO] [stdout] 
[INFO] [stdout] thread 'lock::tests::locked_config_clean' (3394) panicked at src/lock/mod.rs:377:9:
[INFO] [stdout] assertion failed: ctx.clone_dir().join("github.com/rossmacarthur/sheldon-test").exists()
[INFO] [stdout] stack backtrace:
[INFO] [stdout]    0:     0x579a7eafd0d1 - <unknown>
[INFO] [stdout]    1:     0x579a7eb15b4a - <unknown>
[INFO] [stdout]    2:     0x579a7eb01e3c - <unknown>
[INFO] [stdout]    3:     0x579a7ead5d16 - <unknown>
[INFO] [stdout]    4:     0x579a7eaf3cd9 - <unknown>
[INFO] [stdout]    5:     0x579a7e86a570 - <unknown>
[INFO] [stdout]    6:     0x579a7eaf4002 - <unknown>
[INFO] [stdout]    7:     0x579a7ead5df4 - <unknown>
[INFO] [stdout]    8:     0x579a7eacdfd9 - <unknown>
[INFO] [stdout]    9:     0x579a7ead6ded - <unknown>
[INFO] [stdout]   10:     0x579a7eb1636c - <unknown>
[INFO] [stdout]   11:     0x579a7eb16332 - <unknown>
[INFO] [stdout]   12:     0x579a7e7549be - <unknown>
[INFO] [stdout]   13:     0x579a7e85d9bb - <unknown>
[INFO] [stdout]   14:     0x579a7e86ab95 - <unknown>
[INFO] [stdout]   15:     0x579a7e864484 - <unknown>
[INFO] [stdout]   16:     0x579a7e86dc22 - <unknown>
[INFO] [stdout]   17:     0x579a7eafc09f - <unknown>
[INFO] [stdout]   18:     0x763bacd95dfa - <unknown>
[INFO] [stdout]   19:     0x763bace293d4 - clone
[INFO] [stdout]   20:                0x0 - <unknown>
[INFO] [stdout] 
[INFO] [stdout] ---- lock::plugin::tests::external_plugin_lock_git_with_matches_not_each stdout ----
[INFO] [stdout] 
[INFO] [stdout] thread 'lock::plugin::tests::external_plugin_lock_git_with_matches_not_each' (3373) panicked at src/lock/plugin.rs:256:71:
[INFO] [stdout] called `Result::unwrap()` on an `Err` value: failed to git clone `https://github.com/rossmacarthur/sheldon-test`
[INFO] [stdout] 
[INFO] [stdout] Caused by:
[INFO] [stdout]     failed to resolve address for github.com: Temporary failure in name resolution; class=Net (12)
[INFO] [stdout] 
[INFO] [stdout] Stack backtrace:
[INFO] [stdout]    0: <unknown>
[INFO] [stdout]    1: <unknown>
[INFO] [stdout]    2: <unknown>
[INFO] [stdout]    3: <unknown>
[INFO] [stdout]    4: <unknown>
[INFO] [stdout]    5: <unknown>
[INFO] [stdout]    6: <unknown>
[INFO] [stdout]    7: <unknown>
[INFO] [stdout]    8: <unknown>
[INFO] [stdout]    9: <unknown>
[INFO] [stdout]   10: <unknown>
[INFO] [stdout]   11: <unknown>
[INFO] [stdout]   12: clone
[INFO] [stdout] stack backtrace:
[INFO] [stdout]    0:     0x579a7eafd0d1 - <unknown>
[INFO] [stdout]    1:     0x579a7eb15b4a - <unknown>
[INFO] [stdout]    2:     0x579a7eb01e3c - <unknown>
[INFO] [stdout]    3:     0x579a7ead5d16 - <unknown>
[INFO] [stdout]    4:     0x579a7eaf3cd9 - <unknown>
[INFO] [stdout]    5:     0x579a7e86a570 - <unknown>
[INFO] [stdout]    6:     0x579a7eaf4002 - <unknown>
[INFO] [stdout]    7:     0x579a7ead5dc2 - <unknown>
[INFO] [stdout]    8:     0x579a7eacdfd9 - <unknown>
[INFO] [stdout]    9:     0x579a7ead6ded - <unknown>
[INFO] [stdout]   10:     0x579a7eb1636c - <unknown>
[INFO] [stdout]   11:     0x579a7eb16142 - <unknown>
[INFO] [stdout]   12:     0x579a7e767ff6 - <unknown>
[INFO] [stdout]   13:     0x579a7e85d9bb - <unknown>
[INFO] [stdout]   14:     0x579a7e86ab95 - <unknown>
[INFO] [stdout]   15:     0x579a7e864484 - <unknown>
[INFO] [stdout]   16:     0x579a7e86dc22 - <unknown>
[INFO] [stdout]   17:     0x579a7eafc09f - <unknown>
[INFO] [stdout]   18:     0x763bacd95dfa - <unknown>
[INFO] [stdout]   19:     0x763bace293d4 - clone
[INFO] [stdout]   20:                0x0 - <unknown>
[INFO] [stdout] 
[INFO] [stdout] ---- lock::source::git::tests::lock_git_and_reinstall stdout ----
[INFO] [stdout] 
[INFO] [stdout] thread 'lock::source::git::tests::lock_git_and_reinstall' (3381) panicked at src/lock/source/git.rs:206:86:
[INFO] [stdout] called `Result::unwrap()` on an `Err` value: failed to git clone `https://github.com/rossmacarthur/sheldon-test`
[INFO] [stdout] 
[INFO] [stdout] Caused by:
[INFO] [stdout]     failed to resolve address for github.com: Temporary failure in name resolution; class=Net (12)
[INFO] [stdout] 
[INFO] [stdout] Stack backtrace:
[INFO] [stdout]    0: <unknown>
[INFO] [stdout]    1: <unknown>
[INFO] [stdout]    2: <unknown>
[INFO] [stdout]    3: <unknown>
[INFO] [stdout]    4: <unknown>
[INFO] [stdout]    5: <unknown>
[INFO] [stdout]    6: <unknown>
[INFO] [stdout]    7: <unknown>
[INFO] [stdout]    8: <unknown>
[INFO] [stdout]    9: <unknown>
[INFO] [stdout]   10: <unknown>
[INFO] [stdout]   11: clone
[INFO] [stdout] stack backtrace:
[INFO] [stdout]    0:     0x579a7eafd0d1 - <unknown>
[INFO] [stdout]    1:     0x579a7eb15b4a - <unknown>
[INFO] [stdout]    2:     0x579a7eb01e3c - <unknown>
[INFO] [stdout]    3:     0x579a7ead5d16 - <unknown>
[INFO] [stdout]    4:     0x579a7eaf3cd9 - <unknown>
[INFO] [stdout]    5:     0x579a7e86a570 - <unknown>
[INFO] [stdout]    6:     0x579a7eaf4002 - <unknown>
[INFO] [stdout]    7:     0x579a7ead5dc2 - <unknown>
[INFO] [stdout]    8:     0x579a7eacdfd9 - <unknown>
[INFO] [stdout]    9:     0x579a7ead6ded - <unknown>
[INFO] [stdout]   10:     0x579a7eb1636c - <unknown>
[INFO] [stdout]   11:     0x579a7eb16142 - <unknown>
[INFO] [stdout]   12:     0x579a7e77646e - <unknown>
[INFO] [stdout]   13:     0x579a7e85d9bb - <unknown>
[INFO] [stdout]   14:     0x579a7e86ab95 - <unknown>
[INFO] [stdout]   15:     0x579a7e864484 - <unknown>
[INFO] [stdout]   16:     0x579a7e86dc22 - <unknown>
[INFO] [stdout]   17:     0x579a7eafc09f - <unknown>
[INFO] [stdout]   18:     0x763bacd95dfa - <unknown>
[INFO] [stdout]   19:     0x763bace293d4 - clone
[INFO] [stdout]   20:                0x0 - <unknown>
[INFO] [stdout] 
[INFO] [stdout] ---- lock::source::git::tests::git_checkout_resolve_rev stdout ----
[INFO] [stdout] 
[INFO] [stdout] thread 'lock::source::git::tests::git_checkout_resolve_rev' (3377) panicked at src/lock/source/git.rs:196:37:
[INFO] [stdout] open sheldon-test git repository: Error { code: -3, klass: 6, message: "could not find repository at '/tmp/.tmphAdxef'" }
[INFO] [stdout] stack backtrace:
[INFO] [stdout]    0:     0x579a7eafd0d1 - <unknown>
[INFO] [stdout]    1:     0x579a7eb15b4a - <unknown>
[INFO] [stdout]    2:     0x579a7eb01e3c - <unknown>
[INFO] [stdout]    3:     0x579a7ead5d16 - <unknown>
[INFO] [stdout]    4:     0x579a7eaf3cd9 - <unknown>
[INFO] [stdout]    5:     0x579a7e86a570 - <unknown>
[INFO] [stdout]    6:     0x579a7eaf4002 - <unknown>
[INFO] [stdout]    7:     0x579a7ead5dc2 - <unknown>
[INFO] [stdout]    8:     0x579a7eacdfd9 - <unknown>
[INFO] [stdout]    9:     0x579a7ead6ded - <unknown>
[INFO] [stdout]   10:     0x579a7eb1636c - <unknown>
[INFO] [stdout]   11:     0x579a7eb16142 - <unknown>
[INFO] [stdout]   12:     0x579a7e76f9c8 - <unknown>
[INFO] [stdout]   13:     0x579a7e776aef - <unknown>
[INFO] [stdout]   14:     0x579a7e85d9bb - <unknown>
[INFO] [stdout]   15:     0x579a7e86ab95 - <unknown>
[INFO] [stdout]   16:     0x579a7e864484 - <unknown>
[INFO] [stdout]   17:     0x579a7e86dc22 - <unknown>
[INFO] [stdout]   18:     0x579a7eafc09f - <unknown>
[INFO] [stdout]   19:     0x763bacd95dfa - <unknown>
[INFO] [stdout]   20:     0x763bace293d4 - clone
[INFO] [stdout]   21:                0x0 - <unknown>
[INFO] [stdout] 
[INFO] [stdout] ---- lock::source::git::tests::git_checkout_resolve_branch stdout ----
[INFO] [stdout] 
[INFO] [stdout] thread 'lock::source::git::tests::git_checkout_resolve_branch' (3376) panicked at src/lock/source/git.rs:196:37:
[INFO] [stdout] open sheldon-test git repository: Error { code: -3, klass: 6, message: "could not find repository at '/tmp/.tmphTZTF7'" }
[INFO] [stdout] stack backtrace:
[INFO] [stdout]    0:     0x579a7eafd0d1 - <unknown>
[INFO] [stdout]    1:     0x579a7eb15b4a - <unknown>
[INFO] [stdout]    2:     0x579a7eb01e3c - <unknown>
[INFO] [stdout]    3:     0x579a7ead5d16 - <unknown>
[INFO] [stdout]    4:     0x579a7eaf3cd9 - <unknown>
[INFO] [stdout]    5:     0x579a7e86a570 - <unknown>
[INFO] [stdout]    6:     0x579a7eaf4002 - <unknown>
[INFO] [stdout]    7:     0x579a7ead5dc2 - <unknown>
[INFO] [stdout]    8:     0x579a7eacdfd9 - <unknown>
[INFO] [stdout]    9:     0x579a7ead6ded - <unknown>
[INFO] [stdout]   10:     0x579a7eb1636c - <unknown>
[INFO] [stdout]   11:     0x579a7eb16142 - <unknown>
[INFO] [stdout]   12:     0x579a7e76f9c8 - <unknown>
[INFO] [stdout]   13:     0x579a7e777d9f - <unknown>
[INFO] [stdout]   14:     0x579a7e85d9bb - <unknown>
[INFO] [stdout]   15:     0x579a7e86ab95 - <unknown>
[INFO] [stdout]   16:     0x579a7e864484 - <unknown>
[INFO] [stdout]   17:     0x579a7e86dc22 - <unknown>
[INFO] [stdout]   18:     0x579a7eafc09f - <unknown>
[INFO] [stdout]   19:     0x763bacd95dfa - <unknown>
[INFO] [stdout]   20:     0x763bace293d4 - clone
[INFO] [stdout]   21:                0x0 - <unknown>
[INFO] [stdout] 
[INFO] [stdout] ---- lock::source::git::tests::git_checkout_resolve_tag stdout ----
[INFO] [stdout] 
[INFO] [stdout] thread 'lock::source::git::tests::git_checkout_resolve_tag' (3379) panicked at src/lock/source/git.rs:196:37:
[INFO] [stdout] open sheldon-test git repository: Error { code: -3, klass: 6, message: "could not find repository at '/tmp/.tmprLrb1Z'" }
[INFO] [stdout] stack backtrace:
[INFO] [stdout]    0:     0x579a7eafd0d1 - <unknown>
[INFO] [stdout]    1:     0x579a7eb15b4a - <unknown>
[INFO] [stdout]    2:     0x579a7eb01e3c - <unknown>
[INFO] [stdout]    3:     0x579a7ead5d16 - <unknown>
[INFO] [stdout]    4:     0x579a7eaf3cd9 - <unknown>
[INFO] [stdout]    5:     0x579a7e86a570 - <unknown>
[INFO] [stdout]    6:     0x579a7eaf4002 - <unknown>
[INFO] [stdout]    7:     0x579a7ead5dc2 - <unknown>
[INFO] [stdout]    8:     0x579a7eacdfd9 - <unknown>
[INFO] [stdout]    9:     0x579a7ead6ded - <unknown>
[INFO] [stdout]   10:     0x579a7eb1636c - <unknown>
[INFO] [stdout]   11:     0x579a7eb16142 - <unknown>
[INFO] [stdout]   12:     0x579a7e76f9c8 - <unknown>
[INFO] [stdout]   13:     0x579a7e777061 - <unknown>
[INFO] [stdout]   14:     0x579a7e85d9bb - <unknown>
[INFO] [stdout]   15:     0x579a7e86ab95 - <unknown>
[INFO] [stdout]   16:     0x579a7e864484 - <unknown>
[INFO] [stdout]   17:     0x579a7e86dc22 - <unknown>
[INFO] [stdout]   18:     0x579a7eafc09f - <unknown>
[INFO] [stdout]   19:     0x763bacd95dfa - <unknown>
[INFO] [stdout]   20:     0x763bace293d4 - clone
[INFO] [stdout]   21:                0x0 - <unknown>
[INFO] [stdout] 
[INFO] [stdout] ---- lock::source::tests::lock_with_git stdout ----
[INFO] [stdout] 
[INFO] [stdout] thread 'lock::source::tests::lock_with_git' (3390) panicked at src/lock/source/mod.rs:139:41:
[INFO] [stdout] called `Result::unwrap()` on an `Err` value: failed to git clone `https://github.com/rossmacarthur/sheldon-test`
[INFO] [stdout] 
[INFO] [stdout] Caused by:
[INFO] [stdout]     failed to resolve address for github.com: Temporary failure in name resolution; class=Net (12)
[INFO] [stdout] 
[INFO] [stdout] Stack backtrace:
[INFO] [stdout]    0: <unknown>
[INFO] [stdout]    1: <unknown>
[INFO] [stdout]    2: <unknown>
[INFO] [stdout]    3: <unknown>
[INFO] [stdout]    4: <unknown>
[INFO] [stdout]    5: <unknown>
[INFO] [stdout]    6: <unknown>
[INFO] [stdout]    7: <unknown>
[INFO] [stdout]    8: <unknown>
[INFO] [stdout]    9: <unknown>
[INFO] [stdout]   10: <unknown>
[INFO] [stdout]   11: <unknown>
[INFO] [stdout]   12: clone
[INFO] [stdout] stack backtrace:
[INFO] [stdout]    0:     0x579a7eafd0d1 - <unknown>
[INFO] [stdout]    1:     0x579a7eb15b4a - <unknown>
[INFO] [stdout]    2:     0x579a7eb01e3c - <unknown>
[INFO] [stdout]    3:     0x579a7ead5d16 - <unknown>
[INFO] [stdout]    4:     0x579a7eaf3cd9 - <unknown>
[INFO] [stdout]    5:     0x579a7e86a570 - <unknown>
[INFO] [stdout]    6:     0x579a7eaf4002 - <unknown>
[INFO] [stdout]    7:     0x579a7ead5dc2 - <unknown>
[INFO] [stdout]    8:     0x579a7eacdfd9 - <unknown>
[INFO] [stdout]    9:     0x579a7ead6ded - <unknown>
[INFO] [stdout]   10:     0x579a7eb1636c - <unknown>
[INFO] [stdout]   11:     0x579a7eb16142 - <unknown>
[INFO] [stdout]   12:     0x579a7e771517 - <unknown>
[INFO] [stdout]   13:     0x579a7e85d9bb - <unknown>
[INFO] [stdout]   14:     0x579a7e86ab95 - <unknown>
[INFO] [stdout]   15:     0x579a7e864484 - <unknown>
[INFO] [stdout]   16:     0x579a7e86dc22 - <unknown>
[INFO] [stdout]   17:     0x579a7eafc09f - <unknown>
[INFO] [stdout]   18:     0x763bacd95dfa - <unknown>
[INFO] [stdout]   19:     0x763bace293d4 - clone
[INFO] [stdout]   20:                0x0 - <unknown>
[INFO] [stdout] 
[INFO] [stdout] ---- lock::source::local::tests::lock_local stdout ----
[INFO] [stdout] 
[INFO] [stdout] thread 'lock::source::local::tests::lock_local' (3385) panicked at src/lock/source/local.rs:65:37:
[INFO] [stdout] open sheldon-test git repository: Error { code: -3, klass: 6, message: "could not find repository at '/tmp/.tmp23sxk9'" }
[INFO] [stdout] stack backtrace:
[INFO] [stdout]    0:     0x579a7eafd0d1 - <unknown>
[INFO] [stdout]    1:     0x579a7eb15b4a - <unknown>
[INFO] [stdout]    2:     0x579a7eb01e3c - <unknown>
[INFO] [stdout]    3:     0x579a7ead5d16 - <unknown>
[INFO] [stdout]    4:     0x579a7eaf3cd9 - <unknown>
[INFO] [stdout]    5:     0x579a7e86a570 - <unknown>
[INFO] [stdout]    6:     0x579a7eaf4002 - <unknown>
[INFO] [stdout]    7:     0x579a7ead5dc2 - <unknown>
[INFO] [stdout]    8:     0x579a7eacdfd9 - <unknown>
[INFO] [stdout]    9:     0x579a7ead6ded - <unknown>
[INFO] [stdout]   10:     0x579a7eb1636c - <unknown>
[INFO] [stdout]   11:     0x579a7eb16142 - <unknown>
[INFO] [stdout]   12:     0x579a7e733d43 - <unknown>
[INFO] [stdout]   13:     0x579a7e85d9bb - <unknown>
[INFO] [stdout]   14:     0x579a7e86ab95 - <unknown>
[INFO] [stdout]   15:     0x579a7e864484 - <unknown>
[INFO] [stdout]   16:     0x579a7e86dc22 - <unknown>
[INFO] [stdout]   17:     0x579a7eafc09f - <unknown>
[INFO] [stdout]   18:     0x763bacd95dfa - <unknown>
[INFO] [stdout]   19:     0x763bace293d4 - clone
[INFO] [stdout]   20:                0x0 - <unknown>
[INFO] [stdout] 
[INFO] [stdout] 
[INFO] [stdout] failures:
[INFO] [stdout]     lock::plugin::tests::external_plugin_lock_git_with_matches
[INFO] [stdout]     lock::plugin::tests::external_plugin_lock_git_with_matches_not_each
[INFO] [stdout]     lock::plugin::tests::external_plugin_lock_git_with_uses
[INFO] [stdout]     lock::plugin::tests::external_plugin_lock_remote
[INFO] [stdout]     lock::source::git::tests::git_checkout_resolve_branch
[INFO] [stdout]     lock::source::git::tests::git_checkout_resolve_rev
[INFO] [stdout]     lock::source::git::tests::git_checkout_resolve_tag
[INFO] [stdout]     lock::source::git::tests::lock_git_and_reinstall
[INFO] [stdout]     lock::source::git::tests::lock_git_https_with_checkout
[INFO] [stdout]     lock::source::local::tests::lock_local
[INFO] [stdout]     lock::source::remote::tests::lock_remote_and_reinstall
[INFO] [stdout]     lock::source::tests::lock_with_git
[INFO] [stdout]     lock::source::tests::lock_with_remote
[INFO] [stdout]     lock::tests::locked_config_clean
[INFO] [stdout] 
[INFO] [stdout] test result: FAILED. 73 passed; 14 failed; 1 ignored; 0 measured; 0 filtered out; finished in 0.25s
[INFO] [stdout] 
[INFO] [stderr] error: test failed, to rerun pass `--bin sheldon`
[INFO] running `Command { std: "docker" "inspect" "4f9f54a1cbe13fc662c6e7afff15cf20f516a9f5453425a57238072e4d22571c", kill_on_drop: false }`
[INFO] running `Command { std: "docker" "rm" "-f" "4f9f54a1cbe13fc662c6e7afff15cf20f516a9f5453425a57238072e4d22571c", kill_on_drop: false }`
[INFO] [stdout] 4f9f54a1cbe13fc662c6e7afff15cf20f516a9f5453425a57238072e4d22571c
