[INFO] fetching crate sharpie 0.2.0...
[INFO] testing sharpie-0.2.0 against 1.100.0-beta.1+cargoflags=--release for beta-release-1.100-2
[INFO] extracting crate sharpie 0.2.0 into /workspace/builds/worker-2-tc2/source
[INFO] started tweaking crates.io crate sharpie 0.2.0
[INFO] finished tweaking crates.io crate sharpie 0.2.0
[INFO] tweaked toml for crates.io crate sharpie 0.2.0 written to /workspace/builds/worker-2-tc2/source/Cargo.toml
[INFO] validating manifest of crates.io crate sharpie 0.2.0 on toolchain 1.100.0-beta.1
[INFO] running `Command { std: CARGO_HOME="/workspace/cargo-home" RUSTUP_HOME="/workspace/rustup-home" "/workspace/cargo-home/bin/cargo" "+1.100.0-beta.1" "metadata" "--manifest-path" "Cargo.toml" "--no-deps", kill_on_drop: false }`
[INFO] crate crates.io crate sharpie 0.2.0 already has a lockfile, it will not be regenerated
[INFO] running `Command { std: CARGO_HOME="/workspace/cargo-home" RUSTUP_HOME="/workspace/rustup-home" "/workspace/cargo-home/bin/cargo" "+1.100.0-beta.1" "fetch" "--manifest-path" "Cargo.toml", kill_on_drop: false }`
[INFO] running `Command { std: "docker" "create" "-v" "/var/lib/crater-agent-workspace/builds/worker-2-tc2/source:/opt/rustwide/workdir:ro,Z" "-v" "/var/lib/crater-agent-workspace/builds/worker-2-tc2/target:/opt/rustwide/target:rw,Z" "-v" "/var/lib/crater-agent-workspace/cargo-home:/opt/rustwide/cargo-home:ro,Z" "-v" "/var/lib/crater-agent-workspace/rustup-home:/opt/rustwide/rustup-home:ro,Z" "-m" "1610612736" "--network" "none" "ghcr.io/rust-lang/crates-build-env/linux@sha256:77db811e55d90add9212f6832c23229e3de5f1c1f9905e8cb07319ea15df73ac" "sleep" "infinity", kill_on_drop: false }`
[INFO] [stdout] 29c4e80d65e5469c37a922606444e750d814824b07644cca6becb0bf3fcb734d
[INFO] running `Command { std: "docker" "start" "29c4e80d65e5469c37a922606444e750d814824b07644cca6becb0bf3fcb734d", kill_on_drop: false }`
[INFO] running `Command { std: "docker" "inspect" "29c4e80d65e5469c37a922606444e750d814824b07644cca6becb0bf3fcb734d", kill_on_drop: false }`
[INFO] running `Command { std: "docker" "exec" "-e" "SOURCE_DIR=/opt/rustwide/workdir" "-e" "CARGO_HOME=/opt/rustwide/cargo-home" "-e" "RUSTUP_HOME=/opt/rustwide/rustup-home" "-e" "CARGO_TARGET_DIR=/opt/rustwide/target" "-w" "/opt/rustwide/workdir" "--user" "0:0" "29c4e80d65e5469c37a922606444e750d814824b07644cca6becb0bf3fcb734d" "/opt/rustwide/cargo-home/bin/cargo" "+1.100.0-beta.1" "metadata" "--no-deps" "--format-version=1", kill_on_drop: false }`
[INFO] running `Command { std: "docker" "inspect" "29c4e80d65e5469c37a922606444e750d814824b07644cca6becb0bf3fcb734d", kill_on_drop: false }`
[INFO] running `Command { std: "docker" "exec" "-e" "SOURCE_DIR=/opt/rustwide/workdir" "-e" "CARGO_HOME=/opt/rustwide/cargo-home" "-e" "RUSTUP_HOME=/opt/rustwide/rustup-home" "-e" "CARGO_TARGET_DIR=/opt/rustwide/target" "-e" "CARGO_INCREMENTAL=0" "-e" "RUST_BACKTRACE=full" "-e" "RUSTFLAGS=--cap-lints=warn" "-e" "RUSTDOCFLAGS=--cap-lints=warn" "-w" "/opt/rustwide/workdir" "--user" "0:0" "29c4e80d65e5469c37a922606444e750d814824b07644cca6becb0bf3fcb734d" "/opt/rustwide/cargo-home/bin/cargo" "+1.100.0-beta.1" "build" "--frozen" "--message-format=json" "--release", kill_on_drop: false }`
[INFO] [stderr]    Compiling proc-macro2 v1.0.51
[INFO] [stderr]    Compiling quote v1.0.23
[INFO] [stderr]    Compiling unicode-ident v1.0.6
[INFO] [stderr]    Compiling syn v1.0.107
[INFO] [stderr]    Compiling libc v0.2.139
[INFO] [stderr]    Compiling cc v1.0.79
[INFO] [stderr]    Compiling once_cell v1.17.0
[INFO] [stderr]    Compiling base64 v0.21.0
[INFO] [stderr]    Compiling pem v1.1.1
[INFO] [stderr]    Compiling ring v0.16.20
[INFO] [stderr]    Compiling snafu-derive v0.7.4
[INFO] [stderr]    Compiling snafu v0.7.4
[INFO] [stderr]    Compiling sharpie v0.2.0 (/opt/rustwide/workdir)
[INFO] [stderr]     Finished `release` profile [optimized] target(s) in 12.27s
[INFO] running `Command { std: "docker" "inspect" "29c4e80d65e5469c37a922606444e750d814824b07644cca6becb0bf3fcb734d", kill_on_drop: false }`
[INFO] running `Command { std: "docker" "exec" "-e" "SOURCE_DIR=/opt/rustwide/workdir" "-e" "CARGO_HOME=/opt/rustwide/cargo-home" "-e" "RUSTUP_HOME=/opt/rustwide/rustup-home" "-e" "CARGO_TARGET_DIR=/opt/rustwide/target" "-e" "CARGO_INCREMENTAL=0" "-e" "RUST_BACKTRACE=full" "-e" "RUSTFLAGS=--cap-lints=warn" "-e" "RUSTDOCFLAGS=--cap-lints=warn" "-w" "/opt/rustwide/workdir" "--user" "0:0" "29c4e80d65e5469c37a922606444e750d814824b07644cca6becb0bf3fcb734d" "/opt/rustwide/cargo-home/bin/cargo" "+1.100.0-beta.1" "test" "--frozen" "--no-run" "--message-format=json" "--release", kill_on_drop: false }`
[INFO] [stderr]    Compiling anyhow v1.0.69
[INFO] [stderr]    Compiling sharpie v0.2.0 (/opt/rustwide/workdir)
[INFO] [stderr]     Finished `release` profile [optimized] target(s) in 2.16s
[INFO] running `Command { std: "docker" "inspect" "29c4e80d65e5469c37a922606444e750d814824b07644cca6becb0bf3fcb734d", kill_on_drop: false }`
[INFO] running `Command { std: "docker" "exec" "-e" "SOURCE_DIR=/opt/rustwide/workdir" "-e" "CARGO_HOME=/opt/rustwide/cargo-home" "-e" "RUSTUP_HOME=/opt/rustwide/rustup-home" "-e" "CARGO_TARGET_DIR=/opt/rustwide/target" "-e" "CARGO_INCREMENTAL=0" "-e" "RUST_BACKTRACE=full" "-e" "RUSTFLAGS=--cap-lints=warn" "-e" "RUSTDOCFLAGS=--cap-lints=warn" "-w" "/opt/rustwide/workdir" "--user" "0:0" "29c4e80d65e5469c37a922606444e750d814824b07644cca6becb0bf3fcb734d" "/opt/rustwide/cargo-home/bin/cargo" "+1.100.0-beta.1" "test" "--frozen" "--release", kill_on_drop: false }`
[INFO] [stderr]     Finished `release` profile [optimized] target(s) in 0.05s
[INFO] [stderr]      Running unittests src/lib.rs (/opt/rustwide/target/release/build/sharpie/9abe6ce2ab0b4303/out/sharpie-9abe6ce2ab0b4303)
[INFO] [stdout] 
[INFO] [stdout] running 13 tests
[INFO] [stdout] test rsa::tests::test_ossl_signed ... ok
[INFO] [stdout] test ed::tests::test_base64 ... ok
[INFO] [stdout] test rsa::tests::test_negatives ... ok
[INFO] [stdout] test ed::tests::test_nodejs_verified ... FAILED
[INFO] [stdout] test rsa::tests::test_pk8pem ... ok
[INFO] [stdout] test ed::tests::test_nodejs_signed ... ok
[INFO] [stdout] test ed::tests::test_pem ... ok
[INFO] [stdout] test rsa::tests::test_pk8der ... ok
[INFO] [stdout] test rsa::tests::test_pem ... ok
[INFO] [stdout] test ed::tests::test_negatives ... ok
[INFO] [stdout] test ed::tests::test_pkcs8v2 ... ok
[INFO] [stdout] test rsa::tests::test_ossl_verified ... FAILED
[INFO] [stdout] test rsa::tests::test_base64 ... ok
[INFO] [stdout] 
[INFO] [stdout] failures:
[INFO] [stdout] 
[INFO] [stdout] ---- ed::tests::test_nodejs_verified stdout ----
[INFO] [stdout] 
[INFO] [stdout] thread 'ed::tests::test_nodejs_verified' (635) panicked at src/ed.rs:240:38:
[INFO] [stdout] should remove: Os { code: 30, kind: ReadOnlyFilesystem, message: "Read-only file system" }
[INFO] [stdout] stack backtrace:
[INFO] [stdout]    0:     0x5a2ffc486781 - <<std[617be2ca0a6fd877]::sys::backtrace::BacktraceLock>::print::DisplayBacktrace as core[a373ad73a504971]::fmt::Display>::fmt
[INFO] [stdout]    1:     0x5a2ffc49a7da - core[a373ad73a504971]::fmt::write
[INFO] [stdout]    2:     0x5a2ffc48a99c - <alloc[2e1b2a31b91974c5]::vec::Vec<u8> as core[a373ad73a504971]::io::write::Write>::write_fmt
[INFO] [stdout]    3:     0x5a2ffc462316 - std[617be2ca0a6fd877]::panicking::default_hook::{closure#0}
[INFO] [stdout]    4:     0x5a2ffc47e6b9 - std[617be2ca0a6fd877]::panicking::default_hook
[INFO] [stdout]    5:     0x5a2ffc3fc660 - test[aada8e7e76ba119b]::test_main_inner::{closure#0}
[INFO] [stdout]    6:     0x5a2ffc47e872 - std[617be2ca0a6fd877]::panicking::panic_with_hook
[INFO] [stdout]    7:     0x5a2ffc4623c2 - std[617be2ca0a6fd877]::panicking::panic_handler::{closure#0}
[INFO] [stdout]    8:     0x5a2ffc45ae99 - std[617be2ca0a6fd877]::sys::backtrace::__rust_end_short_backtrace::<std[617be2ca0a6fd877]::panicking::panic_handler::{closure#0}, !>
[INFO] [stdout]    9:     0x5a2ffc462fcd - __rustc[ea4f61d10b84890b]::rust_begin_unwind
[INFO] [stdout]   10:     0x5a2ffc49af0c - core[a373ad73a504971]::panicking::panic_fmt
[INFO] [stdout]   11:     0x5a2ffc49ace2 - core[a373ad73a504971]::result::unwrap_failed
[INFO] [stdout]   12:     0x5a2ffc3ed4b4 - <sharpie[102b5e6160b0f865]::ed::tests::test_nodejs_verified::{closure#0} as core[a373ad73a504971]::ops::function::FnOnce<()>>::call_once
[INFO] [stdout]   13:     0x5a2ffc3efaab - test[aada8e7e76ba119b]::__rust_begin_short_backtrace::<core[a373ad73a504971]::result::Result<(), alloc[2e1b2a31b91974c5]::string::String>, fn() -> core[a373ad73a504971]::result::Result<(), alloc[2e1b2a31b91974c5]::string::String>>
[INFO] [stdout]   14:     0x5a2ffc3fcc85 - test[aada8e7e76ba119b]::run_test::{closure#0}
[INFO] [stdout]   15:     0x5a2ffc3f6574 - std[617be2ca0a6fd877]::sys::backtrace::__rust_begin_short_backtrace::<test[aada8e7e76ba119b]::run_test::{closure#1}, ()>
[INFO] [stdout]   16:     0x5a2ffc3ffd12 - <std[617be2ca0a6fd877]::thread::lifecycle::spawn_unchecked<test[aada8e7e76ba119b]::run_test::{closure#1}, ()>::{closure#1} as core[a373ad73a504971]::ops::function::FnOnce<()>>::call_once::{shim:vtable#0}
[INFO] [stdout]   17:     0x5a2ffc485abf - <std[617be2ca0a6fd877]::sys::thread::unix::Thread>::new::thread_start
[INFO] [stdout]   18:     0x742f57bd1dfa - <unknown>
[INFO] [stdout]   19:     0x742f57c653d4 - clone
[INFO] [stdout]   20:                0x0 - <unknown>
[INFO] [stdout] 
[INFO] [stdout] ---- rsa::tests::test_ossl_verified stdout ----
[INFO] [stdout] 
[INFO] [stdout] thread 'rsa::tests::test_ossl_verified' (641) panicked at src/rsa.rs:271:38:
[INFO] [stdout] should remove: Os { code: 30, kind: ReadOnlyFilesystem, message: "Read-only file system" }
[INFO] [stdout] stack backtrace:
[INFO] [stdout]    0:     0x5a2ffc486781 - <<std[617be2ca0a6fd877]::sys::backtrace::BacktraceLock>::print::DisplayBacktrace as core[a373ad73a504971]::fmt::Display>::fmt
[INFO] [stdout]    1:     0x5a2ffc49a7da - core[a373ad73a504971]::fmt::write
[INFO] [stdout]    2:     0x5a2ffc48a99c - <alloc[2e1b2a31b91974c5]::vec::Vec<u8> as core[a373ad73a504971]::io::write::Write>::write_fmt
[INFO] [stdout]    3:     0x5a2ffc462316 - std[617be2ca0a6fd877]::panicking::default_hook::{closure#0}
[INFO] [stdout]    4:     0x5a2ffc47e6b9 - std[617be2ca0a6fd877]::panicking::default_hook
[INFO] [stdout]    5:     0x5a2ffc3fc660 - test[aada8e7e76ba119b]::test_main_inner::{closure#0}
[INFO] [stdout]    6:     0x5a2ffc47e872 - std[617be2ca0a6fd877]::panicking::panic_with_hook
[INFO] [stdout]    7:     0x5a2ffc4623c2 - std[617be2ca0a6fd877]::panicking::panic_handler::{closure#0}
[INFO] [stdout]    8:     0x5a2ffc45ae99 - std[617be2ca0a6fd877]::sys::backtrace::__rust_end_short_backtrace::<std[617be2ca0a6fd877]::panicking::panic_handler::{closure#0}, !>
[INFO] [stdout]    9:     0x5a2ffc462fcd - __rustc[ea4f61d10b84890b]::rust_begin_unwind
[INFO] [stdout]   10:     0x5a2ffc49af0c - core[a373ad73a504971]::panicking::panic_fmt
[INFO] [stdout]   11:     0x5a2ffc49ace2 - core[a373ad73a504971]::result::unwrap_failed
[INFO] [stdout]   12:     0x5a2ffc3e9c17 - <sharpie[102b5e6160b0f865]::rsa::tests::test_ossl_verified::{closure#0} as core[a373ad73a504971]::ops::function::FnOnce<()>>::call_once
[INFO] [stdout]   13:     0x5a2ffc3efaab - test[aada8e7e76ba119b]::__rust_begin_short_backtrace::<core[a373ad73a504971]::result::Result<(), alloc[2e1b2a31b91974c5]::string::String>, fn() -> core[a373ad73a504971]::result::Result<(), alloc[2e1b2a31b91974c5]::string::String>>
[INFO] [stdout]   14:     0x5a2ffc3fcc85 - test[aada8e7e76ba119b]::run_test::{closure#0}
[INFO] [stdout]   15:     0x5a2ffc3f6574 - std[617be2ca0a6fd877]::sys::backtrace::__rust_begin_short_backtrace::<test[aada8e7e76ba119b]::run_test::{closure#1}, ()>
[INFO] [stderr] error: test failed, to rerun pass `--lib`
[INFO] [stdout]   16:     0x5a2ffc3ffd12 - <std[617be2ca0a6fd877]::thread::lifecycle::spawn_unchecked<test[aada8e7e76ba119b]::run_test::{closure#1}, ()>::{closure#1} as core[a373ad73a504971]::ops::function::FnOnce<()>>::call_once::{shim:vtable#0}
[INFO] [stdout]   17:     0x5a2ffc485abf - <std[617be2ca0a6fd877]::sys::thread::unix::Thread>::new::thread_start
[INFO] [stdout]   18:     0x742f57bd1dfa - <unknown>
[INFO] [stdout]   19:     0x742f57c653d4 - clone
[INFO] [stdout]   20:                0x0 - <unknown>
[INFO] [stdout] 
[INFO] [stdout] 
[INFO] [stdout] failures:
[INFO] [stdout]     ed::tests::test_nodejs_verified
[INFO] [stdout]     rsa::tests::test_ossl_verified
[INFO] [stdout] 
[INFO] [stdout] test result: FAILED. 11 passed; 2 failed; 0 ignored; 0 measured; 0 filtered out; finished in 0.06s
[INFO] [stdout] 
[INFO] running `Command { std: "docker" "inspect" "29c4e80d65e5469c37a922606444e750d814824b07644cca6becb0bf3fcb734d", kill_on_drop: false }`
[INFO] running `Command { std: "docker" "rm" "-f" "29c4e80d65e5469c37a922606444e750d814824b07644cca6becb0bf3fcb734d", kill_on_drop: false }`
[INFO] [stdout] 29c4e80d65e5469c37a922606444e750d814824b07644cca6becb0bf3fcb734d
