[INFO] fetching crate sharpebench-wasm 0.28.0...
[INFO] testing sharpebench-wasm-0.28.0 against 1.99.0-beta.8+cargoflags=--release for beta-release-1.100-2
[INFO] extracting crate sharpebench-wasm 0.28.0 into /workspace/builds/worker-4-tc1/source
[INFO] started tweaking crates.io crate sharpebench-wasm 0.28.0
[INFO] removed 0 missing tests
[INFO] finished tweaking crates.io crate sharpebench-wasm 0.28.0
[INFO] tweaked toml for crates.io crate sharpebench-wasm 0.28.0 written to /workspace/builds/worker-4-tc1/source/Cargo.toml
[INFO] validating manifest of crates.io crate sharpebench-wasm 0.28.0 on toolchain 1.99.0-beta.8
[INFO] running `Command { std: CARGO_HOME="/workspace/cargo-home" RUSTUP_HOME="/workspace/rustup-home" "/workspace/cargo-home/bin/cargo" "+1.99.0-beta.8" "metadata" "--manifest-path" "Cargo.toml" "--no-deps", kill_on_drop: false }`
[INFO] crate crates.io crate sharpebench-wasm 0.28.0 already has a lockfile, it will not be regenerated
[INFO] running `Command { std: CARGO_HOME="/workspace/cargo-home" RUSTUP_HOME="/workspace/rustup-home" "/workspace/cargo-home/bin/cargo" "+1.99.0-beta.8" "fetch" "--manifest-path" "Cargo.toml", kill_on_drop: false }`
[INFO] [stderr]     Updating crates.io index
[INFO] [stderr]  Downloading crates ...
[INFO] [stderr]   Downloaded sharpebench-edge v0.28.0
[INFO] [stderr]   Downloaded sharpebench-attest v0.28.0
[INFO] [stderr]   Downloaded sharpebench-protocol v0.28.0
[INFO] [stderr]   Downloaded sharpebench-stats v0.28.0
[INFO] [stderr]   Downloaded sharpebench-core v0.28.0
[INFO] running `Command { std: "docker" "create" "-v" "/var/lib/crater-agent-workspace/builds/worker-4-tc1/source:/opt/rustwide/workdir:ro,Z" "-v" "/var/lib/crater-agent-workspace/builds/worker-4-tc1/target:/opt/rustwide/target:rw,Z" "-v" "/var/lib/crater-agent-workspace/cargo-home:/opt/rustwide/cargo-home:ro,Z" "-v" "/var/lib/crater-agent-workspace/rustup-home:/opt/rustwide/rustup-home:ro,Z" "-m" "1610612736" "--network" "none" "ghcr.io/rust-lang/crates-build-env/linux@sha256:77db811e55d90add9212f6832c23229e3de5f1c1f9905e8cb07319ea15df73ac" "sleep" "infinity", kill_on_drop: false }`
[INFO] [stdout] e18ba65a50cc84ddeb660bfe84735d9dc47287b32bdb25af1001423d21a7ba82
[INFO] running `Command { std: "docker" "start" "e18ba65a50cc84ddeb660bfe84735d9dc47287b32bdb25af1001423d21a7ba82", kill_on_drop: false }`
[INFO] running `Command { std: "docker" "inspect" "e18ba65a50cc84ddeb660bfe84735d9dc47287b32bdb25af1001423d21a7ba82", kill_on_drop: false }`
[INFO] running `Command { std: "docker" "exec" "-e" "SOURCE_DIR=/opt/rustwide/workdir" "-e" "CARGO_HOME=/opt/rustwide/cargo-home" "-e" "RUSTUP_HOME=/opt/rustwide/rustup-home" "-e" "CARGO_TARGET_DIR=/opt/rustwide/target" "-w" "/opt/rustwide/workdir" "--user" "0:0" "e18ba65a50cc84ddeb660bfe84735d9dc47287b32bdb25af1001423d21a7ba82" "/opt/rustwide/cargo-home/bin/cargo" "+1.99.0-beta.8" "metadata" "--no-deps" "--format-version=1", kill_on_drop: false }`
[INFO] running `Command { std: "docker" "inspect" "e18ba65a50cc84ddeb660bfe84735d9dc47287b32bdb25af1001423d21a7ba82", kill_on_drop: false }`
[INFO] running `Command { std: "docker" "exec" "-e" "SOURCE_DIR=/opt/rustwide/workdir" "-e" "CARGO_HOME=/opt/rustwide/cargo-home" "-e" "RUSTUP_HOME=/opt/rustwide/rustup-home" "-e" "CARGO_TARGET_DIR=/opt/rustwide/target" "-e" "CARGO_INCREMENTAL=0" "-e" "RUST_BACKTRACE=full" "-e" "RUSTFLAGS=--cap-lints=warn" "-e" "RUSTDOCFLAGS=--cap-lints=warn" "-w" "/opt/rustwide/workdir" "--user" "0:0" "e18ba65a50cc84ddeb660bfe84735d9dc47287b32bdb25af1001423d21a7ba82" "/opt/rustwide/cargo-home/bin/cargo" "+1.99.0-beta.8" "build" "--frozen" "--message-format=json" "--release", kill_on_drop: false }`
[INFO] [stderr]    Compiling hybrid-array v0.4.15
[INFO] [stderr]    Compiling cmov v0.5.4
[INFO] [stderr]    Compiling semver v1.0.28
[INFO] [stderr]    Compiling cpubits v0.1.1
[INFO] [stderr]    Compiling serde_json v1.0.151
[INFO] [stderr]    Compiling zeroize v1.9.0
[INFO] [stderr]    Compiling libc v0.2.189
[INFO] [stderr]    Compiling signature v3.0.0
[INFO] [stderr]    Compiling subtle v2.6.1
[INFO] [stderr]    Compiling sharpebench-stats v0.28.0
[INFO] [stderr]    Compiling syn v3.0.5
[INFO] [stderr]    Compiling curve25519-dalek-derive v0.1.1
[INFO] [stderr]    Compiling ed25519 v3.0.0
[INFO] [stderr]    Compiling rustc_version v0.4.1
[INFO] [stderr]    Compiling ctutils v0.4.2
[INFO] [stderr]    Compiling curve25519-dalek v5.0.0
[INFO] [stderr]    Compiling crypto-common v0.2.2
[INFO] [stderr]    Compiling block-buffer v0.12.1
[INFO] [stderr]    Compiling inout v0.2.2
[INFO] [stderr]    Compiling getrandom v0.4.3
[INFO] [stderr]    Compiling digest v0.11.3
[INFO] [stderr]    Compiling cipher v0.5.2
[INFO] [stderr]    Compiling universal-hash v0.6.1
[INFO] [stderr]    Compiling aead v0.6.1
[INFO] [stderr]    Compiling polyval v0.7.3
[INFO] [stderr]    Compiling ctr v0.10.1
[INFO] [stderr]    Compiling aes v0.9.3
[INFO] [stderr]    Compiling sha2 v0.11.0
[INFO] [stderr]    Compiling hmac v0.13.0
[INFO] [stderr]    Compiling serde_derive v1.0.229
[INFO] [stderr]    Compiling aes-gcm-siv v0.12.1
[INFO] [stderr]    Compiling ed25519-dalek v3.0.0
[INFO] [stderr]    Compiling serde v1.0.229
[INFO] [stderr]    Compiling sharpebench-protocol v0.28.0
[INFO] [stderr]    Compiling sharpebench-attest v0.28.0
[INFO] [stderr]    Compiling sharpebench-edge v0.28.0
[INFO] [stderr]    Compiling sharpebench-core v0.28.0
[INFO] [stderr]    Compiling sharpebench-wasm v0.28.0 (/opt/rustwide/workdir)
[INFO] [stderr]     Finished `release` profile [optimized] target(s) in 51.85s
[INFO] running `Command { std: "docker" "inspect" "e18ba65a50cc84ddeb660bfe84735d9dc47287b32bdb25af1001423d21a7ba82", kill_on_drop: false }`
[INFO] running `Command { std: "docker" "exec" "-e" "SOURCE_DIR=/opt/rustwide/workdir" "-e" "CARGO_HOME=/opt/rustwide/cargo-home" "-e" "RUSTUP_HOME=/opt/rustwide/rustup-home" "-e" "CARGO_TARGET_DIR=/opt/rustwide/target" "-e" "CARGO_INCREMENTAL=0" "-e" "RUST_BACKTRACE=full" "-e" "RUSTFLAGS=--cap-lints=warn" "-e" "RUSTDOCFLAGS=--cap-lints=warn" "-w" "/opt/rustwide/workdir" "--user" "0:0" "e18ba65a50cc84ddeb660bfe84735d9dc47287b32bdb25af1001423d21a7ba82" "/opt/rustwide/cargo-home/bin/cargo" "+1.99.0-beta.8" "test" "--frozen" "--no-run" "--message-format=json" "--release", kill_on_drop: false }`
[INFO] [stderr]    Compiling sharpebench-wasm v0.28.0 (/opt/rustwide/workdir)
[INFO] [stderr]     Finished `release` profile [optimized] target(s) in 11.39s
[INFO] running `Command { std: "docker" "inspect" "e18ba65a50cc84ddeb660bfe84735d9dc47287b32bdb25af1001423d21a7ba82", kill_on_drop: false }`
[INFO] running `Command { std: "docker" "exec" "-e" "SOURCE_DIR=/opt/rustwide/workdir" "-e" "CARGO_HOME=/opt/rustwide/cargo-home" "-e" "RUSTUP_HOME=/opt/rustwide/rustup-home" "-e" "CARGO_TARGET_DIR=/opt/rustwide/target" "-e" "CARGO_INCREMENTAL=0" "-e" "RUST_BACKTRACE=full" "-e" "RUSTFLAGS=--cap-lints=warn" "-e" "RUSTDOCFLAGS=--cap-lints=warn" "-w" "/opt/rustwide/workdir" "--user" "0:0" "e18ba65a50cc84ddeb660bfe84735d9dc47287b32bdb25af1001423d21a7ba82" "/opt/rustwide/cargo-home/bin/cargo" "+1.99.0-beta.8" "test" "--frozen" "--release", kill_on_drop: false }`
[INFO] [stderr]     Finished `release` profile [optimized] target(s) in 0.08s
[INFO] [stderr]      Running unittests src/lib.rs (/opt/rustwide/target/release/deps/sharpebench_wasm-f63b1e9687788fff)
[INFO] [stdout] 
[INFO] [stdout] running 21 tests
[INFO] [stdout] test tests::is_my_sharpe_real_json_parses_and_carries_a_verdict ... ok
[INFO] [stdout] test tests::is_my_sharpe_real_full_json_out_of_bounds_is_error ... ok
[INFO] [stdout] test tests::is_my_sharpe_real_json_defaults_optional_config ... ok
[INFO] [stdout] test tests::is_my_sharpe_real_json_missing_n_trials_is_error ... ok
[INFO] [stdout] test tests::decompose_uncertainty_json_reports_three_legs_and_the_caveat ... ok
[INFO] [stdout] test tests::bad_json_is_an_error_not_a_panic ... ok
[INFO] [stdout] test tests::regime_compare_json_exposes_the_core_report_and_refuses_misalignment ... ok
[INFO] [stdout] test tests::honesty_frequency_reaches_the_verdict_and_refuses_what_is_not_one ... ok
[INFO] [stdout] test tests::uncertainty_refuses_nonbinary_numbers_at_their_input_index ... ok
[INFO] [stdout] test tests::score_agent_emits_a_composite ... ok
[INFO] [stdout] test tests::score_json_roundtrips_and_ranks ... ok
[INFO] [stdout] test tests::audit_briefing_and_allocation_and_canary_bridge ... ok
[INFO] [stdout] test tests::greeks_prices_an_atm_call ... ok
[INFO] [stdout] test tests::honesty_trial_count_rejects_narrowing_and_zero_on_both_paths ... ok
[INFO] [stdout] test tests::greeks_zero_volatility_and_invalid_boundaries ... ok
[INFO] [stdout] test tests::crowding_half_life_json_is_a_prior_and_says_so ... ok
[INFO] [stdout] test tests::percentile_selection_json_warns_below_the_floor_and_validates_input ... ok
[INFO] [stdout] test tests::is_my_sharpe_real_full_json_runs_the_family ... ok
[INFO] [stdout] test tests::percentile_selection_json_separates_a_spike_from_a_steady_earner ... ok
[INFO] [stdout] test tests::classify_disqualification_json_names_reasons_over_the_score_field ... ok
[INFO] [stdout] test tests::self_audit_reports_all_defended ... ok
[INFO] [stdout] 
[INFO] [stdout] test result: ok. 21 passed; 0 failed; 0 ignored; 0 measured; 0 filtered out; finished in 0.75s
[INFO] [stdout] 
[INFO] [stderr]      Running tests/board_context.rs (/opt/rustwide/target/release/deps/board_context-c639b545250dc025)
[INFO] [stdout] 
[INFO] [stdout] running 3 tests
[INFO] [stdout] test malformed_declarations_and_duplicate_or_blank_ids_are_refused ... ok
[INFO] [stdout] test explanations_are_classified_from_the_ranked_field_not_individual_rescores ... ok
[INFO] [stdout] test declared_verdict_survives_the_board_wire_boundary_without_changing_host_rank ... ok
[INFO] [stdout] 
[INFO] [stdout] test result: ok. 3 passed; 0 failed; 0 ignored; 0 measured; 0 filtered out; finished in 0.08s
[INFO] [stdout] 
[INFO] [stderr]      Running tests/entrant_visibility.rs (/opt/rustwide/target/release/deps/entrant_visibility-7a94870eb7239df1)
[INFO] [stdout] 
[INFO] [stdout] running 2 tests
[INFO] [stdout] test the_single_row_surface_emits_only_declared_fields_and_unchanged_bytes ... ok
[INFO] [stdout] test the_board_surface_emits_only_declared_fields_and_unchanged_bytes ... ok
[INFO] [stderr]      Running tests/native_parity.rs (/opt/rustwide/target/release/deps/native_parity-deccf630bdff27f6)
[INFO] [stdout] 
[INFO] [stdout] test result: ok. 2 passed; 0 failed; 0 ignored; 0 measured; 0 filtered out; finished in 0.03s
[INFO] [stdout] 
[INFO] [stdout] 
[INFO] [stdout] running 3 tests
[INFO] [stderr] error: test failed, to rerun pass `--test native_parity`
[INFO] [stdout] test wasm_score_agent_json_is_byte_identical_to_native_score_agent ... FAILED
[INFO] [stdout] test wasm_score_json_is_byte_identical_to_native_rank ... FAILED
[INFO] [stdout] test wasm_score_json_matches_committed_golden_fixtures ... FAILED
[INFO] [stdout] 
[INFO] [stdout] failures:
[INFO] [stdout] 
[INFO] [stdout] ---- wasm_score_agent_json_is_byte_identical_to_native_score_agent stdout ----
[INFO] [stdout] 
[INFO] [stdout] thread 'wasm_score_agent_json_is_byte_identical_to_native_score_agent' (957) panicked at tests/native_parity.rs:20:55:
[INFO] [stdout] read /opt/rustwide/workdir/../../suites/example_submissions.json: No such file or directory (os error 2)
[INFO] [stdout] stack backtrace:
[INFO] [stdout]    0:     0x624cdcd90601 - <<std[70759c8f55707aa4]::sys::backtrace::BacktraceLock>::print::DisplayBacktrace as core[df12db4294e9bfd3]::fmt::Display>::fmt
[INFO] [stdout]    1:     0x624cdcda503a - core[df12db4294e9bfd3]::fmt::write
[INFO] [stdout]    2:     0x624cdcd94abc - <alloc[2182bb758b4b3781]::vec::Vec<u8> as core[df12db4294e9bfd3]::io::write::Write>::write_fmt
[INFO] [stdout]    3:     0x624cdcd6c6f6 - std[70759c8f55707aa4]::panicking::default_hook::{closure#0}
[INFO] [stdout]    4:     0x624cdcd889f9 - std[70759c8f55707aa4]::panicking::default_hook
[INFO] [stdout]    5:     0x624cdcc9ed70 - test[9d35eded1c95d3be]::test_main_inner::<test[9d35eded1c95d3be]::test_main_static::{closure#0}>::{closure#0}
[INFO] [stdout]    6:     0x624cdcd88bb2 - std[70759c8f55707aa4]::panicking::panic_with_hook
[INFO] [stdout]    7:     0x624cdcd6c7a2 - std[70759c8f55707aa4]::panicking::panic_handler::{closure#0}
[INFO] [stdout]    8:     0x624cdcd65399 - std[70759c8f55707aa4]::sys::backtrace::__rust_end_short_backtrace::<std[70759c8f55707aa4]::panicking::panic_handler::{closure#0}, !>
[INFO] [stdout]    9:     0x624cdcd6d39d - __rustc[8fa7c3cbc660c2b3]::rust_begin_unwind
[INFO] [stdout]   10:     0x624cdcda576c - core[df12db4294e9bfd3]::panicking::panic_fmt
[INFO] [stdout]   11:     0x624cdcc8a899 - native_parity[701b1cc3ac86721a]::read::{closure#0}
[INFO] [stdout]   12:     0x624cdcc8a996 - native_parity[701b1cc3ac86721a]::read
[INFO] [stdout]   13:     0x624cdcc8aa08 - native_parity[701b1cc3ac86721a]::fields
[INFO] [stdout]   14:     0x624cdcc8bed6 - <native_parity[701b1cc3ac86721a]::wasm_score_agent_json_is_byte_identical_to_native_score_agent::{closure#0} as core[df12db4294e9bfd3]::ops::function::FnOnce<()>>::call_once
[INFO] [stdout]   15:     0x624cdcc9205b - test[9d35eded1c95d3be]::__rust_begin_short_backtrace::<core[df12db4294e9bfd3]::result::Result<(), alloc[2182bb758b4b3781]::string::String>, fn() -> core[df12db4294e9bfd3]::result::Result<(), alloc[2182bb758b4b3781]::string::String>>
[INFO] [stdout]   16:     0x624cdcc9f6c5 - test[9d35eded1c95d3be]::run_test::{closure#0}
[INFO] [stdout]   17:     0x624cdcc98f84 - std[70759c8f55707aa4]::sys::backtrace::__rust_begin_short_backtrace::<test[9d35eded1c95d3be]::run_test::{closure#1}, ()>
[INFO] [stdout]   18:     0x624cdcca2822 - <std[70759c8f55707aa4]::thread::lifecycle::spawn_unchecked<test[9d35eded1c95d3be]::run_test::{closure#1}, ()>::{closure#1} as core[df12db4294e9bfd3]::ops::function::FnOnce<()>>::call_once::{shim:vtable#0}
[INFO] [stdout]   19:     0x624cdcd8fb69 - <std[70759c8f55707aa4]::sys::thread::unix::Thread>::new::thread_start
[INFO] [stdout]   20:     0x7df1f0d7cdfa - <unknown>
[INFO] [stdout]   21:     0x7df1f0e103d4 - clone
[INFO] [stdout]   22:                0x0 - <unknown>
[INFO] [stdout] 
[INFO] [stdout] ---- wasm_score_json_is_byte_identical_to_native_rank stdout ----
[INFO] [stdout] 
[INFO] [stdout] thread 'wasm_score_json_is_byte_identical_to_native_rank' (958) panicked at tests/native_parity.rs:20:55:
[INFO] [stdout] read /opt/rustwide/workdir/../../suites/example_submissions.json: No such file or directory (os error 2)
[INFO] [stdout] stack backtrace:
[INFO] [stdout]    0:     0x624cdcd90601 - <<std[70759c8f55707aa4]::sys::backtrace::BacktraceLock>::print::DisplayBacktrace as core[df12db4294e9bfd3]::fmt::Display>::fmt
[INFO] [stdout]    1:     0x624cdcda503a - core[df12db4294e9bfd3]::fmt::write
[INFO] [stdout]    2:     0x624cdcd94abc - <alloc[2182bb758b4b3781]::vec::Vec<u8> as core[df12db4294e9bfd3]::io::write::Write>::write_fmt
[INFO] [stdout]    3:     0x624cdcd6c6f6 - std[70759c8f55707aa4]::panicking::default_hook::{closure#0}
[INFO] [stdout]    4:     0x624cdcd889f9 - std[70759c8f55707aa4]::panicking::default_hook
[INFO] [stdout]    5:     0x624cdcc9ed70 - test[9d35eded1c95d3be]::test_main_inner::<test[9d35eded1c95d3be]::test_main_static::{closure#0}>::{closure#0}
[INFO] [stdout]    6:     0x624cdcd88bb2 - std[70759c8f55707aa4]::panicking::panic_with_hook
[INFO] [stdout]    7:     0x624cdcd6c7a2 - std[70759c8f55707aa4]::panicking::panic_handler::{closure#0}
[INFO] [stdout]    8:     0x624cdcd65399 - std[70759c8f55707aa4]::sys::backtrace::__rust_end_short_backtrace::<std[70759c8f55707aa4]::panicking::panic_handler::{closure#0}, !>
[INFO] [stdout]    9:     0x624cdcd6d39d - __rustc[8fa7c3cbc660c2b3]::rust_begin_unwind
[INFO] [stdout]   10:     0x624cdcda576c - core[df12db4294e9bfd3]::panicking::panic_fmt
[INFO] [stdout]   11:     0x624cdcc8a899 - native_parity[701b1cc3ac86721a]::read::{closure#0}
[INFO] [stdout]   12:     0x624cdcc8a996 - native_parity[701b1cc3ac86721a]::read
[INFO] [stdout]   13:     0x624cdcc8aa08 - native_parity[701b1cc3ac86721a]::fields
[INFO] [stdout]   14:     0x624cdcc8af96 - <native_parity[701b1cc3ac86721a]::wasm_score_json_is_byte_identical_to_native_rank::{closure#0} as core[df12db4294e9bfd3]::ops::function::FnOnce<()>>::call_once
[INFO] [stdout]   15:     0x624cdcc9205b - test[9d35eded1c95d3be]::__rust_begin_short_backtrace::<core[df12db4294e9bfd3]::result::Result<(), alloc[2182bb758b4b3781]::string::String>, fn() -> core[df12db4294e9bfd3]::result::Result<(), alloc[2182bb758b4b3781]::string::String>>
[INFO] [stdout]   16:     0x624cdcc9f6c5 - test[9d35eded1c95d3be]::run_test::{closure#0}
[INFO] [stdout]   17:     0x624cdcc98f84 - std[70759c8f55707aa4]::sys::backtrace::__rust_begin_short_backtrace::<test[9d35eded1c95d3be]::run_test::{closure#1}, ()>
[INFO] [stdout]   18:     0x624cdcca2822 - <std[70759c8f55707aa4]::thread::lifecycle::spawn_unchecked<test[9d35eded1c95d3be]::run_test::{closure#1}, ()>::{closure#1} as core[df12db4294e9bfd3]::ops::function::FnOnce<()>>::call_once::{shim:vtable#0}
[INFO] [stdout]   19:     0x624cdcd8fb69 - <std[70759c8f55707aa4]::sys::thread::unix::Thread>::new::thread_start
[INFO] [stdout]   20:     0x7df1f0d7cdfa - <unknown>
[INFO] [stdout]   21:     0x7df1f0e103d4 - clone
[INFO] [stdout]   22:                0x0 - <unknown>
[INFO] [stdout] 
[INFO] [stdout] ---- wasm_score_json_matches_committed_golden_fixtures stdout ----
[INFO] [stdout] 
[INFO] [stdout] thread 'wasm_score_json_matches_committed_golden_fixtures' (959) panicked at tests/native_parity.rs:20:55:
[INFO] [stdout] read /opt/rustwide/workdir/../../suites/example_submissions.json: No such file or directory (os error 2)
[INFO] [stdout] stack backtrace:
[INFO] [stdout]    0:     0x624cdcd90601 - <<std[70759c8f55707aa4]::sys::backtrace::BacktraceLock>::print::DisplayBacktrace as core[df12db4294e9bfd3]::fmt::Display>::fmt
[INFO] [stdout]    1:     0x624cdcda503a - core[df12db4294e9bfd3]::fmt::write
[INFO] [stdout]    2:     0x624cdcd94abc - <alloc[2182bb758b4b3781]::vec::Vec<u8> as core[df12db4294e9bfd3]::io::write::Write>::write_fmt
[INFO] [stdout]    3:     0x624cdcd6c6f6 - std[70759c8f55707aa4]::panicking::default_hook::{closure#0}
[INFO] [stdout]    4:     0x624cdcd889f9 - std[70759c8f55707aa4]::panicking::default_hook
[INFO] [stdout]    5:     0x624cdcc9ed70 - test[9d35eded1c95d3be]::test_main_inner::<test[9d35eded1c95d3be]::test_main_static::{closure#0}>::{closure#0}
[INFO] [stdout]    6:     0x624cdcd88bb2 - std[70759c8f55707aa4]::panicking::panic_with_hook
[INFO] [stdout]    7:     0x624cdcd6c7a2 - std[70759c8f55707aa4]::panicking::panic_handler::{closure#0}
[INFO] [stdout]    8:     0x624cdcd65399 - std[70759c8f55707aa4]::sys::backtrace::__rust_end_short_backtrace::<std[70759c8f55707aa4]::panicking::panic_handler::{closure#0}, !>
[INFO] [stdout]    9:     0x624cdcd6d39d - __rustc[8fa7c3cbc660c2b3]::rust_begin_unwind
[INFO] [stdout]   10:     0x624cdcda576c - core[df12db4294e9bfd3]::panicking::panic_fmt
[INFO] [stdout]   11:     0x624cdcc8a899 - native_parity[701b1cc3ac86721a]::read::{closure#0}
[INFO] [stdout]   12:     0x624cdcc8a996 - native_parity[701b1cc3ac86721a]::read
[INFO] [stdout]   13:     0x624cdcc8b753 - <native_parity[701b1cc3ac86721a]::wasm_score_json_matches_committed_golden_fixtures::{closure#0} as core[df12db4294e9bfd3]::ops::function::FnOnce<()>>::call_once
[INFO] [stdout]   14:     0x624cdcc9205b - test[9d35eded1c95d3be]::__rust_begin_short_backtrace::<core[df12db4294e9bfd3]::result::Result<(), alloc[2182bb758b4b3781]::string::String>, fn() -> core[df12db4294e9bfd3]::result::Result<(), alloc[2182bb758b4b3781]::string::String>>
[INFO] [stdout]   15:     0x624cdcc9f6c5 - test[9d35eded1c95d3be]::run_test::{closure#0}
[INFO] [stdout]   16:     0x624cdcc98f84 - std[70759c8f55707aa4]::sys::backtrace::__rust_begin_short_backtrace::<test[9d35eded1c95d3be]::run_test::{closure#1}, ()>
[INFO] [stdout]   17:     0x624cdcca2822 - <std[70759c8f55707aa4]::thread::lifecycle::spawn_unchecked<test[9d35eded1c95d3be]::run_test::{closure#1}, ()>::{closure#1} as core[df12db4294e9bfd3]::ops::function::FnOnce<()>>::call_once::{shim:vtable#0}
[INFO] [stdout]   18:     0x624cdcd8fb69 - <std[70759c8f55707aa4]::sys::thread::unix::Thread>::new::thread_start
[INFO] [stdout]   19:     0x7df1f0d7cdfa - <unknown>
[INFO] [stdout]   20:     0x7df1f0e103d4 - clone
[INFO] [stdout]   21:                0x0 - <unknown>
[INFO] [stdout] 
[INFO] [stdout] 
[INFO] [stdout] failures:
[INFO] [stdout]     wasm_score_agent_json_is_byte_identical_to_native_score_agent
[INFO] [stdout]     wasm_score_json_is_byte_identical_to_native_rank
[INFO] [stdout]     wasm_score_json_matches_committed_golden_fixtures
[INFO] [stdout] 
[INFO] [stdout] test result: FAILED. 0 passed; 3 failed; 0 ignored; 0 measured; 0 filtered out; finished in 0.00s
[INFO] [stdout] 
[INFO] running `Command { std: "docker" "inspect" "e18ba65a50cc84ddeb660bfe84735d9dc47287b32bdb25af1001423d21a7ba82", kill_on_drop: false }`
[INFO] running `Command { std: "docker" "rm" "-f" "e18ba65a50cc84ddeb660bfe84735d9dc47287b32bdb25af1001423d21a7ba82", kill_on_drop: false }`
[INFO] [stdout] e18ba65a50cc84ddeb660bfe84735d9dc47287b32bdb25af1001423d21a7ba82
