[INFO] fetching crate shark-scan 0.1.2...
[INFO] testing shark-scan-0.1.2 against 1.99.0-beta.8+cargoflags=--release for beta-release-1.100-2
[INFO] extracting crate shark-scan 0.1.2 into /workspace/builds/worker-4-tc1/source
[INFO] started tweaking crates.io crate shark-scan 0.1.2
[INFO] finished tweaking crates.io crate shark-scan 0.1.2
[INFO] tweaked toml for crates.io crate shark-scan 0.1.2 written to /workspace/builds/worker-4-tc1/source/Cargo.toml
[INFO] validating manifest of crates.io crate shark-scan 0.1.2 on toolchain 1.99.0-beta.8
[INFO] running `Command { std: CARGO_HOME="/workspace/cargo-home" RUSTUP_HOME="/workspace/rustup-home" "/workspace/cargo-home/bin/cargo" "+1.99.0-beta.8" "metadata" "--manifest-path" "Cargo.toml" "--no-deps", kill_on_drop: false }`
[INFO] crate crates.io crate shark-scan 0.1.2 already has a lockfile, it will not be regenerated
[INFO] running `Command { std: CARGO_HOME="/workspace/cargo-home" RUSTUP_HOME="/workspace/rustup-home" "/workspace/cargo-home/bin/cargo" "+1.99.0-beta.8" "fetch" "--manifest-path" "Cargo.toml", kill_on_drop: false }`
[INFO] [stderr]  Downloading crates ...
[INFO] [stderr]   Downloaded redox_syscall v0.5.7
[INFO] [stderr]   Downloaded bytes v1.8.0
[INFO] [stderr]   Downloaded env_filter v0.1.2
[INFO] [stderr]   Downloaded clap_lex v0.7.3
[INFO] [stderr]   Downloaded env_logger v0.11.5
[INFO] [stderr]   Downloaded clap v4.5.21
[INFO] [stderr]   Downloaded mio v1.0.2
[INFO] [stderr]   Downloaded clap_builder v4.5.21
[INFO] [stderr]   Downloaded syn v2.0.89
[INFO] [stderr]   Downloaded object v0.36.5
[INFO] [stderr]   Downloaded libc v0.2.164
[INFO] running `Command { std: "docker" "create" "-v" "/var/lib/crater-agent-workspace/builds/worker-4-tc1/source:/opt/rustwide/workdir:ro,Z" "-v" "/var/lib/crater-agent-workspace/builds/worker-4-tc1/target:/opt/rustwide/target:rw,Z" "-v" "/var/lib/crater-agent-workspace/cargo-home:/opt/rustwide/cargo-home:ro,Z" "-v" "/var/lib/crater-agent-workspace/rustup-home:/opt/rustwide/rustup-home:ro,Z" "-m" "1610612736" "--network" "none" "ghcr.io/rust-lang/crates-build-env/linux@sha256:77db811e55d90add9212f6832c23229e3de5f1c1f9905e8cb07319ea15df73ac" "sleep" "infinity", kill_on_drop: false }`
[INFO] [stdout] a25df4e76b549b57dba8cdae1206c790d4c669f179c7055be8c4ffba47c10190
[INFO] running `Command { std: "docker" "start" "a25df4e76b549b57dba8cdae1206c790d4c669f179c7055be8c4ffba47c10190", kill_on_drop: false }`
[INFO] running `Command { std: "docker" "inspect" "a25df4e76b549b57dba8cdae1206c790d4c669f179c7055be8c4ffba47c10190", kill_on_drop: false }`
[INFO] running `Command { std: "docker" "exec" "-e" "SOURCE_DIR=/opt/rustwide/workdir" "-e" "CARGO_HOME=/opt/rustwide/cargo-home" "-e" "RUSTUP_HOME=/opt/rustwide/rustup-home" "-e" "CARGO_TARGET_DIR=/opt/rustwide/target" "-w" "/opt/rustwide/workdir" "--user" "0:0" "a25df4e76b549b57dba8cdae1206c790d4c669f179c7055be8c4ffba47c10190" "/opt/rustwide/cargo-home/bin/cargo" "+1.99.0-beta.8" "metadata" "--no-deps" "--format-version=1", kill_on_drop: false }`
[INFO] running `Command { std: "docker" "inspect" "a25df4e76b549b57dba8cdae1206c790d4c669f179c7055be8c4ffba47c10190", kill_on_drop: false }`
[INFO] running `Command { std: "docker" "exec" "-e" "SOURCE_DIR=/opt/rustwide/workdir" "-e" "CARGO_HOME=/opt/rustwide/cargo-home" "-e" "RUSTUP_HOME=/opt/rustwide/rustup-home" "-e" "CARGO_TARGET_DIR=/opt/rustwide/target" "-e" "CARGO_INCREMENTAL=0" "-e" "RUST_BACKTRACE=full" "-e" "RUSTFLAGS=--cap-lints=warn" "-e" "RUSTDOCFLAGS=--cap-lints=warn" "-w" "/opt/rustwide/workdir" "--user" "0:0" "a25df4e76b549b57dba8cdae1206c790d4c669f179c7055be8c4ffba47c10190" "/opt/rustwide/cargo-home/bin/cargo" "+1.99.0-beta.8" "build" "--frozen" "--message-format=json" "--release", kill_on_drop: false }`
[INFO] [stderr]    Compiling proc-macro2 v1.0.92
[INFO] [stderr]    Compiling unicode-ident v1.0.14
[INFO] [stderr]    Compiling libc v0.2.164
[INFO] [stderr]    Compiling autocfg v1.4.0
[INFO] [stderr]    Compiling memchr v2.7.4
[INFO] [stderr]    Compiling utf8parse v0.2.2
[INFO] [stderr]    Compiling pin-project-lite v0.2.15
[INFO] [stderr]    Compiling is_terminal_polyfill v1.70.1
[INFO] [stderr]    Compiling anstyle-parse v0.2.6
[INFO] [stderr]    Compiling parking_lot_core v0.9.10
[INFO] [stderr]    Compiling colorchoice v1.0.3
[INFO] [stderr]    Compiling anstyle-query v1.1.2
[INFO] [stderr]    Compiling regex-syntax v0.8.5
[INFO] [stderr]    Compiling futures-core v0.3.31
[INFO] [stderr]    Compiling anstyle v1.0.10
[INFO] [stderr]    Compiling futures-sink v0.3.31
[INFO] [stderr]    Compiling futures-channel v0.3.31
[INFO] [stderr]    Compiling smallvec v1.13.2
[INFO] [stderr]    Compiling slab v0.4.9
[INFO] [stderr]    Compiling lock_api v0.4.12
[INFO] [stderr]    Compiling anstream v0.6.18
[INFO] [stderr]    Compiling scopeguard v1.2.0
[INFO] [stderr]    Compiling futures-io v0.3.31
[INFO] [stderr]    Compiling aho-corasick v1.1.3
[INFO] [stderr]    Compiling futures-task v0.3.31
[INFO] [stderr]    Compiling quote v1.0.37
[INFO] [stderr]    Compiling serde v1.0.215
[INFO] [stderr]    Compiling heck v0.5.0
[INFO] [stderr]    Compiling num_cpus v1.16.0
[INFO] [stderr]    Compiling syn v2.0.89
[INFO] [stderr]    Compiling strsim v0.11.1
[INFO] [stderr]    Compiling log v0.4.22
[INFO] [stderr]    Compiling clap_lex v0.7.3
[INFO] [stderr]    Compiling clap_builder v4.5.21
[INFO] [stderr]    Compiling parking_lot v0.12.3
[INFO] [stderr]    Compiling signal-hook-registry v1.4.2
[INFO] [stderr]    Compiling mio v1.0.2
[INFO] [stderr]    Compiling socket2 v0.5.7
[INFO] [stderr]    Compiling humantime v2.1.0
[INFO] [stderr]    Compiling regex-automata v0.4.9
[INFO] [stderr]    Compiling bytes v1.8.0
[INFO] [stderr]    Compiling threadpool v1.8.1
[INFO] [stderr]    Compiling futures-macro v0.3.31
[INFO] [stderr]    Compiling serde_derive v1.0.215
[INFO] [stderr]    Compiling clap_derive v4.5.18
[INFO] [stderr]    Compiling tokio-macros v2.4.0
[INFO] [stderr]    Compiling tokio v1.41.1
[INFO] [stderr]    Compiling futures-util v0.3.31
[INFO] [stderr]    Compiling regex v1.11.1
[INFO] [stderr]    Compiling env_filter v0.1.2
[INFO] [stderr]    Compiling clap v4.5.21
[INFO] [stderr]    Compiling env_logger v0.11.5
[INFO] [stderr]    Compiling futures-executor v0.3.31
[INFO] [stderr]    Compiling futures v0.3.31
[INFO] [stderr]    Compiling shark-scan v0.1.2 (/opt/rustwide/workdir)
[INFO] [stderr]     Finished `release` profile [optimized] target(s) in 1m 31s
[INFO] running `Command { std: "docker" "inspect" "a25df4e76b549b57dba8cdae1206c790d4c669f179c7055be8c4ffba47c10190", kill_on_drop: false }`
[INFO] running `Command { std: "docker" "exec" "-e" "SOURCE_DIR=/opt/rustwide/workdir" "-e" "CARGO_HOME=/opt/rustwide/cargo-home" "-e" "RUSTUP_HOME=/opt/rustwide/rustup-home" "-e" "CARGO_TARGET_DIR=/opt/rustwide/target" "-e" "CARGO_INCREMENTAL=0" "-e" "RUST_BACKTRACE=full" "-e" "RUSTFLAGS=--cap-lints=warn" "-e" "RUSTDOCFLAGS=--cap-lints=warn" "-w" "/opt/rustwide/workdir" "--user" "0:0" "a25df4e76b549b57dba8cdae1206c790d4c669f179c7055be8c4ffba47c10190" "/opt/rustwide/cargo-home/bin/cargo" "+1.99.0-beta.8" "test" "--frozen" "--no-run" "--message-format=json" "--release", kill_on_drop: false }`
[INFO] [stderr]    Compiling shark-scan v0.1.2 (/opt/rustwide/workdir)
[INFO] [stderr]     Finished `release` profile [optimized] target(s) in 20.34s
[INFO] running `Command { std: "docker" "inspect" "a25df4e76b549b57dba8cdae1206c790d4c669f179c7055be8c4ffba47c10190", kill_on_drop: false }`
[INFO] running `Command { std: "docker" "exec" "-e" "SOURCE_DIR=/opt/rustwide/workdir" "-e" "CARGO_HOME=/opt/rustwide/cargo-home" "-e" "RUSTUP_HOME=/opt/rustwide/rustup-home" "-e" "CARGO_TARGET_DIR=/opt/rustwide/target" "-e" "CARGO_INCREMENTAL=0" "-e" "RUST_BACKTRACE=full" "-e" "RUSTFLAGS=--cap-lints=warn" "-e" "RUSTDOCFLAGS=--cap-lints=warn" "-w" "/opt/rustwide/workdir" "--user" "0:0" "a25df4e76b549b57dba8cdae1206c790d4c669f179c7055be8c4ffba47c10190" "/opt/rustwide/cargo-home/bin/cargo" "+1.99.0-beta.8" "test" "--frozen" "--release", kill_on_drop: false }`
[INFO] [stderr]     Finished `release` profile [optimized] target(s) in 0.08s
[INFO] [stderr]      Running unittests src/lib.rs (/opt/rustwide/target/release/deps/shark_scan-c1b62683946abd1e)
[INFO] [stdout] 
[INFO] [stdout] running 6 tests
[INFO] [stdout] test parser::tests::test_parse_invalid_port_range - should panic ... ok
[INFO] [stdout] test parser::tests::test_parse_ports ... ok
[INFO] [stdout] test parser::tests::test_parse_invalid_port_value - should panic ... ok
[INFO] [stdout] test scanner::tests::test_closed_port ... ok
[INFO] [stdout] test parser::tests::test_parse_ports_list_trimmed ... ok
[INFO] [stdout] test scanner::tests::test_open_port ... FAILED
[INFO] [stderr] error: test failed, to rerun pass `--lib`
[INFO] [stdout] 
[INFO] [stdout] failures:
[INFO] [stdout] 
[INFO] [stdout] ---- scanner::tests::test_open_port stdout ----
[INFO] [stdout] 
[INFO] [stdout] thread 'scanner::tests::test_open_port' (791) panicked at src/scanner.rs:211:9:
[INFO] [stdout] assertion `left == right` failed
[INFO] [stdout]   left: 0
[INFO] [stdout]  right: 1
[INFO] [stdout] stack backtrace:
[INFO] [stdout]    0:     0x614840ce5b97 - <<std[70759c8f55707aa4]::sys::backtrace::BacktraceLock>::print::DisplayBacktrace as core[df12db4294e9bfd3]::fmt::Display>::fmt
[INFO] [stdout]    1:     0x614840cc8ffa - core[df12db4294e9bfd3]::fmt::write
[INFO] [stdout]    2:     0x614840ce514b - <alloc[2182bb758b4b3781]::vec::Vec<u8> as core[df12db4294e9bfd3]::io::write::Write>::write_fmt
[INFO] [stdout]    3:     0x614840ce4c2f - std[70759c8f55707aa4]::panicking::default_hook::{closure#0}
[INFO] [stdout]    4:     0x614840ce485a - std[70759c8f55707aa4]::panicking::default_hook
[INFO] [stdout]    5:     0x614840ce4392 - std[70759c8f55707aa4]::panicking::panic_with_hook
[INFO] [stdout]    6:     0x614840d0b721 - std[70759c8f55707aa4]::panicking::panic_handler::{closure#0}
[INFO] [stdout]    7:     0x614840d0b6d9 - std[70759c8f55707aa4]::sys::backtrace::__rust_end_short_backtrace::<std[70759c8f55707aa4]::panicking::panic_handler::{closure#0}, !>
[INFO] [stdout]    8:     0x614840d0bbec - __rustc[8fa7c3cbc660c2b3]::rust_begin_unwind
[INFO] [stdout]    9:     0x614840cc8e8b - core[df12db4294e9bfd3]::panicking::panic_fmt
[INFO] [stdout]   10:     0x614840cc8da9 - core[df12db4294e9bfd3]::panicking::assert_failed_inner
[INFO] [stdout]   11:     0x614840cca13e - core[df12db4294e9bfd3]::panicking::assert_failed::<usize, usize>
[INFO] [stdout]   12:     0x614840cc2b2f - shark_scan[58511b79d23930bc]::scanner::tests::test_open_port::{closure#0}
[INFO] [stdout]   13:     0x614840cbc66b - <tokio[a30dc3461e94d9f1]::runtime::runtime::Runtime>::block_on::<core[df12db4294e9bfd3]::pin::Pin<&mut dyn core[df12db4294e9bfd3]::future::future::Future<Output = ()>>>
[INFO] [stdout]   14:     0x614840cc7530 - <shark_scan[58511b79d23930bc]::scanner::tests::test_open_port::{closure#0} as core[df12db4294e9bfd3]::ops::function::FnOnce<()>>::call_once
[INFO] [stdout]   15:     0x614840d2678b - test[9d35eded1c95d3be]::__rust_begin_short_backtrace::<core[df12db4294e9bfd3]::result::Result<(), alloc[2182bb758b4b3781]::string::String>, fn() -> core[df12db4294e9bfd3]::result::Result<(), alloc[2182bb758b4b3781]::string::String>>
[INFO] [stdout]   16:     0x614840d22372 - test[9d35eded1c95d3be]::run_test::{closure#0}
[INFO] [stdout]   17:     0x614840d21ddc - std[70759c8f55707aa4]::sys::backtrace::__rust_begin_short_backtrace::<test[9d35eded1c95d3be]::run_test::{closure#1}, ()>
[INFO] [stdout]   18:     0x614840d3c80c - <std[70759c8f55707aa4]::thread::lifecycle::spawn_unchecked<test[9d35eded1c95d3be]::run_test::{closure#1}, ()>::{closure#1} as core[df12db4294e9bfd3]::ops::function::FnOnce<()>>::call_once::{shim:vtable#0}
[INFO] [stdout]   19:     0x614840d0d362 - <std[70759c8f55707aa4]::sys::thread::unix::Thread>::new::thread_start
[INFO] [stdout]   20:     0x774180c2ddfa - <unknown>
[INFO] [stdout]   21:     0x774180cc13d4 - clone
[INFO] [stdout]   22:                0x0 - <unknown>
[INFO] [stdout] 
[INFO] [stdout] 
[INFO] [stdout] failures:
[INFO] [stdout]     scanner::tests::test_open_port
[INFO] [stdout] 
[INFO] [stdout] test result: FAILED. 5 passed; 1 failed; 0 ignored; 0 measured; 0 filtered out; finished in 0.01s
[INFO] [stdout] 
[INFO] running `Command { std: "docker" "inspect" "a25df4e76b549b57dba8cdae1206c790d4c669f179c7055be8c4ffba47c10190", kill_on_drop: false }`
[INFO] running `Command { std: "docker" "rm" "-f" "a25df4e76b549b57dba8cdae1206c790d4c669f179c7055be8c4ffba47c10190", kill_on_drop: false }`
[INFO] [stdout] a25df4e76b549b57dba8cdae1206c790d4c669f179c7055be8c4ffba47c10190
