[INFO] fetching crate sharedserver 0.9.2...
[INFO] testing sharedserver-0.9.2 against 1.99.0-beta.8+cargoflags=--release for beta-release-1.100-2
[INFO] extracting crate sharedserver 0.9.2 into /workspace/builds/worker-7-tc1/source
[INFO] started tweaking crates.io crate sharedserver 0.9.2
[INFO] removed 0 missing tests
[INFO] finished tweaking crates.io crate sharedserver 0.9.2
[INFO] tweaked toml for crates.io crate sharedserver 0.9.2 written to /workspace/builds/worker-7-tc1/source/Cargo.toml
[INFO] validating manifest of crates.io crate sharedserver 0.9.2 on toolchain 1.99.0-beta.8
[INFO] running `Command { std: CARGO_HOME="/workspace/cargo-home" RUSTUP_HOME="/workspace/rustup-home" "/workspace/cargo-home/bin/cargo" "+1.99.0-beta.8" "metadata" "--manifest-path" "Cargo.toml" "--no-deps", kill_on_drop: false }`
[INFO] crate crates.io crate sharedserver 0.9.2 already has a lockfile, it will not be regenerated
[INFO] running `Command { std: CARGO_HOME="/workspace/cargo-home" RUSTUP_HOME="/workspace/rustup-home" "/workspace/cargo-home/bin/cargo" "+1.99.0-beta.8" "fetch" "--manifest-path" "Cargo.toml", kill_on_drop: false }`
[INFO] [stderr]  Downloading crates ...
[INFO] [stderr]   Downloaded clap_complete v4.6.6
[INFO] running `Command { std: "docker" "create" "-v" "/var/lib/crater-agent-workspace/builds/worker-7-tc1/source:/opt/rustwide/workdir:ro,Z" "-v" "/var/lib/crater-agent-workspace/builds/worker-7-tc1/target:/opt/rustwide/target:rw,Z" "-v" "/var/lib/crater-agent-workspace/cargo-home:/opt/rustwide/cargo-home:ro,Z" "-v" "/var/lib/crater-agent-workspace/rustup-home:/opt/rustwide/rustup-home:ro,Z" "-m" "1610612736" "--network" "none" "ghcr.io/rust-lang/crates-build-env/linux@sha256:77db811e55d90add9212f6832c23229e3de5f1c1f9905e8cb07319ea15df73ac" "sleep" "infinity", kill_on_drop: false }`
[INFO] [stdout] 0e5f8ec0d6c0fb671d95556c6f2245bbf858fc835a3563aa7e201dd9c8e63d7a
[INFO] running `Command { std: "docker" "start" "0e5f8ec0d6c0fb671d95556c6f2245bbf858fc835a3563aa7e201dd9c8e63d7a", kill_on_drop: false }`
[INFO] running `Command { std: "docker" "inspect" "0e5f8ec0d6c0fb671d95556c6f2245bbf858fc835a3563aa7e201dd9c8e63d7a", kill_on_drop: false }`
[INFO] running `Command { std: "docker" "exec" "-e" "SOURCE_DIR=/opt/rustwide/workdir" "-e" "CARGO_HOME=/opt/rustwide/cargo-home" "-e" "RUSTUP_HOME=/opt/rustwide/rustup-home" "-e" "CARGO_TARGET_DIR=/opt/rustwide/target" "-w" "/opt/rustwide/workdir" "--user" "0:0" "0e5f8ec0d6c0fb671d95556c6f2245bbf858fc835a3563aa7e201dd9c8e63d7a" "/opt/rustwide/cargo-home/bin/cargo" "+1.99.0-beta.8" "metadata" "--no-deps" "--format-version=1", kill_on_drop: false }`
[INFO] running `Command { std: "docker" "inspect" "0e5f8ec0d6c0fb671d95556c6f2245bbf858fc835a3563aa7e201dd9c8e63d7a", kill_on_drop: false }`
[INFO] running `Command { std: "docker" "exec" "-e" "SOURCE_DIR=/opt/rustwide/workdir" "-e" "CARGO_HOME=/opt/rustwide/cargo-home" "-e" "RUSTUP_HOME=/opt/rustwide/rustup-home" "-e" "CARGO_TARGET_DIR=/opt/rustwide/target" "-e" "CARGO_INCREMENTAL=0" "-e" "RUST_BACKTRACE=full" "-e" "RUSTFLAGS=--cap-lints=warn" "-e" "RUSTDOCFLAGS=--cap-lints=warn" "-w" "/opt/rustwide/workdir" "--user" "0:0" "0e5f8ec0d6c0fb671d95556c6f2245bbf858fc835a3563aa7e201dd9c8e63d7a" "/opt/rustwide/cargo-home/bin/cargo" "+1.99.0-beta.8" "build" "--frozen" "--message-format=json" "--release", kill_on_drop: false }`
[INFO] [stderr]    Compiling libc v0.2.186
[INFO] [stderr]    Compiling anyhow v1.0.103
[INFO] [stderr]    Compiling syn v2.0.118
[INFO] [stderr]    Compiling serde_json v1.0.150
[INFO] [stderr]    Compiling nix v0.27.1
[INFO] [stderr]    Compiling clap_derive v4.6.1
[INFO] [stderr]    Compiling serde_derive v1.0.228
[INFO] [stderr]    Compiling clap v4.6.1
[INFO] [stderr]    Compiling clap_complete v4.6.6
[INFO] [stderr]    Compiling serde v1.0.228
[INFO] [stderr]    Compiling chrono v0.4.45
[INFO] [stderr]    Compiling sharedserver v0.9.2 (/opt/rustwide/workdir)
[INFO] [stderr]     Finished `release` profile [optimized] target(s) in 23.98s
[INFO] running `Command { std: "docker" "inspect" "0e5f8ec0d6c0fb671d95556c6f2245bbf858fc835a3563aa7e201dd9c8e63d7a", kill_on_drop: false }`
[INFO] running `Command { std: "docker" "exec" "-e" "SOURCE_DIR=/opt/rustwide/workdir" "-e" "CARGO_HOME=/opt/rustwide/cargo-home" "-e" "RUSTUP_HOME=/opt/rustwide/rustup-home" "-e" "CARGO_TARGET_DIR=/opt/rustwide/target" "-e" "CARGO_INCREMENTAL=0" "-e" "RUST_BACKTRACE=full" "-e" "RUSTFLAGS=--cap-lints=warn" "-e" "RUSTDOCFLAGS=--cap-lints=warn" "-w" "/opt/rustwide/workdir" "--user" "0:0" "0e5f8ec0d6c0fb671d95556c6f2245bbf858fc835a3563aa7e201dd9c8e63d7a" "/opt/rustwide/cargo-home/bin/cargo" "+1.99.0-beta.8" "test" "--frozen" "--no-run" "--message-format=json" "--release", kill_on_drop: false }`
[INFO] [stderr]    Compiling futures-util v0.3.32
[INFO] [stderr]    Compiling serial_test_derive v3.5.0
[INFO] [stderr]    Compiling parking_lot_core v0.9.12
[INFO] [stderr]    Compiling parking_lot v0.12.5
[INFO] [stderr]    Compiling futures-executor v0.3.32
[INFO] [stderr]    Compiling serial_test v3.5.0
[INFO] [stderr]    Compiling sharedserver v0.9.2 (/opt/rustwide/workdir)
[INFO] [stderr]     Finished `release` profile [optimized] target(s) in 8.81s
[INFO] running `Command { std: "docker" "inspect" "0e5f8ec0d6c0fb671d95556c6f2245bbf858fc835a3563aa7e201dd9c8e63d7a", kill_on_drop: false }`
[INFO] running `Command { std: "docker" "exec" "-e" "SOURCE_DIR=/opt/rustwide/workdir" "-e" "CARGO_HOME=/opt/rustwide/cargo-home" "-e" "RUSTUP_HOME=/opt/rustwide/rustup-home" "-e" "CARGO_TARGET_DIR=/opt/rustwide/target" "-e" "CARGO_INCREMENTAL=0" "-e" "RUST_BACKTRACE=full" "-e" "RUSTFLAGS=--cap-lints=warn" "-e" "RUSTDOCFLAGS=--cap-lints=warn" "-w" "/opt/rustwide/workdir" "--user" "0:0" "0e5f8ec0d6c0fb671d95556c6f2245bbf858fc835a3563aa7e201dd9c8e63d7a" "/opt/rustwide/cargo-home/bin/cargo" "+1.99.0-beta.8" "test" "--frozen" "--release", kill_on_drop: false }`
[INFO] [stderr]     Finished `release` profile [optimized] target(s) in 0.07s
[INFO] [stderr]      Running unittests src/lib.rs (/opt/rustwide/target/release/deps/sharedserver-6ef91543e5cfdba3)
[INFO] [stdout] 
[INFO] [stdout] running 29 tests
[INFO] [stdout] test core::config::tests::selects_profile_members_plus_universal ... ok
[INFO] [stdout] test core::config::tests::expands_defined_vars_and_leaves_undefined ... ok
[INFO] [stdout] test core::config::tests::ignores_unknown_keys ... ok
[INFO] [stdout] test core::config::tests::expand_edge_cases ... ok
[INFO] [stdout] test core::config::tests::missing_profile_is_silent_when_not_warning ... ok
[INFO] [stdout] test core::duration::tests::test_parse_duration ... ok
[INFO] [stdout] test core::config::tests::unknown_profile_yields_universals_and_a_warning ... ok
[INFO] [stdout] test core::duration::tests::test_parse_duration_overflow_is_error ... ok
[INFO] [stdout] test core::health::tests_common::checked_liveness_detects_pid_reuse ... ok
[INFO] [stdout] test core::config::tests::parses_camelcase_and_defaults ... ok
[INFO] [stdout] test core::config::tests::no_profiles_defined_is_pure_backcompat ... ok
[INFO] [stdout] test core::config::tests::dangling_profile_member_warns_even_when_missing_profile_silent ... ok
[INFO] [stdout] test core::health::tests_common::checked_liveness_falls_back_without_stamp ... ok
[INFO] [stdout] test core::health::tests_common::checked_liveness_matches_real_stamp ... ok
[INFO] [stdout] test core::health::tests_common::self_pid_is_alive ... ok
[INFO] [stdout] test core::health::tests_common::start_stamp_is_readable_for_self ... ok
[INFO] [stdout] test core::health::tests_common::unused_pid_is_gone ... ok
[INFO] [stdout] test core::health::tests_linux::running_process_is_alive ... ok
[INFO] [stdout] test core::health::tests_linux::malformed_stat_is_gone ... ok
[INFO] [stdout] test core::health::tests_linux::zombie_process_is_zombie ... ok
[INFO] [stdout] test core::config_edit::tests::unregister_foreign_scope_errors ... ok
[INFO] [stdout] test core::config_edit::tests::register_stamps_scope_and_unions_profile ... ok
[INFO] [stdout] test core::config_edit::tests::preserves_unknown_keys_on_edit ... ok
[INFO] [stdout] test core::config_edit::tests::lookup_reports_spec_and_profiles ... ok
[INFO] [stdout] test core::config_edit::tests::same_scope_overwrites_other_scope_clashes ... ok
[INFO] [stdout] test core::config_edit::tests::if_absent_skips_but_still_unions_profile ... ok
[INFO] [stdout] test core::config_edit::tests::profile_add_and_remove_union_and_drop ... ok
[INFO] [stdout] test core::config_edit::tests::unregister_removes_and_cascades_out_of_profiles ... ok
[INFO] [stdout] test core::config_edit::tests::validate_flags_dangling_members ... ok
[INFO] [stdout] 
[INFO] [stdout] test result: ok. 29 passed; 0 failed; 0 ignored; 0 measured; 0 filtered out; finished in 0.03s
[INFO] [stdout] 
[INFO] [stderr]      Running unittests src/main.rs (/opt/rustwide/target/release/deps/sharedserver-00ac737328a49bc2)
[INFO] [stdout] 
[INFO] [stdout] running 7 tests
[INFO] [stdout] test cli::output::tests::test_format_clients ... ok
[INFO] [stdout] test cli::output::tests::test_format_duration ... ok
[INFO] [stdout] test cli::commands::start::tests::test_parse_env_vars_invalid_empty_key ... ok
[INFO] [stdout] test cli::commands::start::tests::test_parse_env_vars_empty_value ... ok
[INFO] [stdout] test cli::commands::start::tests::test_parse_env_vars_invalid_no_equals ... ok
[INFO] [stdout] test cli::commands::start::tests::test_parse_env_vars_valid ... ok
[INFO] [stdout] test cli::commands::start::tests::test_parse_env_vars_with_equals_in_value ... ok
[INFO] [stdout] 
[INFO] [stdout] test result: ok. 7 passed; 0 failed; 0 ignored; 0 measured; 0 filtered out; finished in 0.01s
[INFO] [stdout] 
[INFO] [stderr]      Running tests/integration_tests.rs (/opt/rustwide/target/release/deps/integration_tests-db66879d9bfb8c10)
[INFO] [stdout] 
[INFO] [stdout] running 15 tests
[INFO] [stdout] test test_admin_doctor_stale_lockfile ... FAILED
[INFO] [stdout] test test_admin_kill_already_stopped ... FAILED
[INFO] [stdout] test test_admin_incref_decref_require_pid ... FAILED
[INFO] [stdout] test test_decref_error_lists_attached_clients ... FAILED
[INFO] [stdout] test test_environment_variables ... FAILED
[INFO] [stdout] test test_admin_doctor_no_servers ... FAILED
[INFO] [stdout] test test_admin_kill_command ... FAILED
[INFO] [stdout] test test_quick_death_cleanup ... FAILED
[INFO] [stdout] test test_restart_after_force_stop ... FAILED
[INFO] [stdout] test test_incref_idempotent_and_grace_keeps_clients_lock ... FAILED
[INFO] [stdout] test test_corrupt_server_lock_is_tolerated_and_cleaned ... FAILED
[INFO] [stdout] test test_down_detach_all ... FAILED
[INFO] [stdout] test test_admin_doctor_healthy_server ... FAILED
[INFO] [stdout] test test_stop_force_escalation ... FAILED
[INFO] [stdout] test test_server_lifecycle ... FAILED
[INFO] [stdout] 
[INFO] [stdout] failures:
[INFO] [stdout] 
[INFO] [stdout] ---- test_admin_doctor_stale_lockfile stdout ----
[INFO] [stdout] 
[INFO] [stdout] thread 'test_admin_doctor_stale_lockfile' (755) panicked at tests/integration_tests.rs:75:10:
[INFO] [stdout] Failed to spawn command: Os { code: 2, kind: NotFound, message: "No such file or directory" }
[INFO] [stdout] stack backtrace:
[INFO] [stdout]    0:     0x58b4f66be5f1 - <<std[70759c8f55707aa4]::sys::backtrace::BacktraceLock>::print::DisplayBacktrace as core[df12db4294e9bfd3]::fmt::Display>::fmt
[INFO] [stdout]    1:     0x58b4f66d3ffa - core[df12db4294e9bfd3]::fmt::write
[INFO] [stdout]    2:     0x58b4f66c2aac - <alloc[2182bb758b4b3781]::vec::Vec<u8> as core[df12db4294e9bfd3]::io::write::Write>::write_fmt
[INFO] [stdout]    3:     0x58b4f6699246 - std[70759c8f55707aa4]::panicking::default_hook::{closure#0}
[INFO] [stdout]    4:     0x58b4f66b64e9 - std[70759c8f55707aa4]::panicking::default_hook
[INFO] [stdout]    5:     0x58b4f664c200 - test[9d35eded1c95d3be]::test_main_inner::<test[9d35eded1c95d3be]::test_main_static::{closure#0}>::{closure#0}
[INFO] [stdout]    6:     0x58b4f66b66a2 - std[70759c8f55707aa4]::panicking::panic_with_hook
[INFO] [stdout]    7:     0x58b4f66992f2 - std[70759c8f55707aa4]::panicking::panic_handler::{closure#0}
[INFO] [stdout]    8:     0x58b4f6691dc9 - std[70759c8f55707aa4]::sys::backtrace::__rust_end_short_backtrace::<std[70759c8f55707aa4]::panicking::panic_handler::{closure#0}, !>
[INFO] [stdout]    9:     0x58b4f6699eed - __rustc[8fa7c3cbc660c2b3]::rust_begin_unwind
[INFO] [stdout]   10:     0x58b4f66d472c - core[df12db4294e9bfd3]::panicking::panic_fmt
[INFO] [stdout]   11:     0x58b4f66d4502 - core[df12db4294e9bfd3]::result::unwrap_failed
[INFO] [stdout]   12:     0x58b4f6629e70 - integration_tests[1f8b85368f043e97]::run_command
[INFO] [stdout]   13:     0x58b4f66315ef - <integration_tests[1f8b85368f043e97]::test_admin_doctor_stale_lockfile::{closure#0} as core[df12db4294e9bfd3]::ops::function::FnOnce<()>>::call_once
[INFO] [stdout]   14:     0x58b4f6681683 - serial_test[17fa2809e85a8fee]::serial_code_lock::local_serial_core
[INFO] [stdout]   15:     0x58b4f662cd0d - <integration_tests[1f8b85368f043e97]::test_admin_doctor_stale_lockfile::{closure#0} as core[df12db4294e9bfd3]::ops::function::FnOnce<()>>::call_once
[INFO] [stdout]   16:     0x58b4f663f4eb - test[9d35eded1c95d3be]::__rust_begin_short_backtrace::<core[df12db4294e9bfd3]::result::Result<(), alloc[2182bb758b4b3781]::string::String>, fn() -> core[df12db4294e9bfd3]::result::Result<(), alloc[2182bb758b4b3781]::string::String>>
[INFO] [stdout]   17:     0x58b4f664cb55 - test[9d35eded1c95d3be]::run_test::{closure#0}
[INFO] [stdout]   18:     0x58b4f6646414 - std[70759c8f55707aa4]::sys::backtrace::__rust_begin_short_backtrace::<test[9d35eded1c95d3be]::run_test::{closure#1}, ()>
[INFO] [stdout]   19:     0x58b4f664fcb2 - <std[70759c8f55707aa4]::thread::lifecycle::spawn_unchecked<test[9d35eded1c95d3be]::run_test::{closure#1}, ()>::{closure#1} as core[df12db4294e9bfd3]::ops::function::FnOnce<()>>::call_once::{shim:vtable#0}
[INFO] [stdout]   20:     0x58b4f66bd939 - <std[70759c8f55707aa4]::sys::thread::unix::Thread>::new::thread_start
[INFO] [stdout]   21:     0x7cccdb998dfa - <unknown>
[INFO] [stdout]   22:     0x7cccdba2c3d4 - clone
[INFO] [stdout]   23:                0x0 - <unknown>
[INFO] [stdout] 
[INFO] [stdout] ---- test_admin_kill_already_stopped stdout ----
[INFO] [stdout] 
[INFO] [stdout] thread 'test_admin_kill_already_stopped' (757) panicked at tests/integration_tests.rs:75:10:
[INFO] [stdout] Failed to spawn command: Os { code: 2, kind: NotFound, message: "No such file or directory" }
[INFO] [stdout] stack backtrace:
[INFO] [stdout]    0:     0x58b4f66be5f1 - <<std[70759c8f55707aa4]::sys::backtrace::BacktraceLock>::print::DisplayBacktrace as core[df12db4294e9bfd3]::fmt::Display>::fmt
[INFO] [stdout]    1:     0x58b4f66d3ffa - core[df12db4294e9bfd3]::fmt::write
[INFO] [stdout]    2:     0x58b4f66c2aac - <alloc[2182bb758b4b3781]::vec::Vec<u8> as core[df12db4294e9bfd3]::io::write::Write>::write_fmt
[INFO] [stdout]    3:     0x58b4f6699246 - std[70759c8f55707aa4]::panicking::default_hook::{closure#0}
[INFO] [stdout]    4:     0x58b4f66b64e9 - std[70759c8f55707aa4]::panicking::default_hook
[INFO] [stdout]    5:     0x58b4f664c200 - test[9d35eded1c95d3be]::test_main_inner::<test[9d35eded1c95d3be]::test_main_static::{closure#0}>::{closure#0}
[INFO] [stdout]    6:     0x58b4f66b66a2 - std[70759c8f55707aa4]::panicking::panic_with_hook
[INFO] [stdout]    7:     0x58b4f66992f2 - std[70759c8f55707aa4]::panicking::panic_handler::{closure#0}
[INFO] [stdout]    8:     0x58b4f6691dc9 - std[70759c8f55707aa4]::sys::backtrace::__rust_end_short_backtrace::<std[70759c8f55707aa4]::panicking::panic_handler::{closure#0}, !>
[INFO] [stdout]    9:     0x58b4f6699eed - __rustc[8fa7c3cbc660c2b3]::rust_begin_unwind
[INFO] [stdout]   10:     0x58b4f66d472c - core[df12db4294e9bfd3]::panicking::panic_fmt
[INFO] [stdout]   11:     0x58b4f66d4502 - core[df12db4294e9bfd3]::result::unwrap_failed
[INFO] [stdout]   12:     0x58b4f6629e70 - integration_tests[1f8b85368f043e97]::run_command
[INFO] [stdout]   13:     0x58b4f662cadb - <integration_tests[1f8b85368f043e97]::test_admin_kill_already_stopped::{closure#0} as core[df12db4294e9bfd3]::ops::function::FnOnce<()>>::call_once
[INFO] [stdout]   14:     0x58b4f663f4eb - test[9d35eded1c95d3be]::__rust_begin_short_backtrace::<core[df12db4294e9bfd3]::result::Result<(), alloc[2182bb758b4b3781]::string::String>, fn() -> core[df12db4294e9bfd3]::result::Result<(), alloc[2182bb758b4b3781]::string::String>>
[INFO] [stdout]   15:     0x58b4f664cb55 - test[9d35eded1c95d3be]::run_test::{closure#0}
[INFO] [stdout]   16:     0x58b4f6646414 - std[70759c8f55707aa4]::sys::backtrace::__rust_begin_short_backtrace::<test[9d35eded1c95d3be]::run_test::{closure#1}, ()>
[INFO] [stdout]   17:     0x58b4f664fcb2 - <std[70759c8f55707aa4]::thread::lifecycle::spawn_unchecked<test[9d35eded1c95d3be]::run_test::{closure#1}, ()>::{closure#1} as core[df12db4294e9bfd3]::ops::function::FnOnce<()>>::call_once::{shim:vtable#0}
[INFO] [stdout]   18:     0x58b4f66bd939 - <std[70759c8f55707aa4]::sys::thread::unix::Thread>::new::thread_start
[INFO] [stdout]   19:     0x7cccdb998dfa - <unknown>
[INFO] [stdout]   20:     0x7cccdba2c3d4 - clone
[INFO] [stdout]   21:                0x0 - <unknown>
[INFO] [stdout] 
[INFO] [stdout] ---- test_admin_incref_decref_require_pid stdout ----
[INFO] [stdout] 
[INFO] [stdout] thread 'test_admin_incref_decref_require_pid' (756) panicked at tests/integration_tests.rs:75:10:
[INFO] [stdout] Failed to spawn command: Os { code: 2, kind: NotFound, message: "No such file or directory" }
[INFO] [stdout] stack backtrace:
[INFO] [stdout]    0:     0x58b4f66be5f1 - <<std[70759c8f55707aa4]::sys::backtrace::BacktraceLock>::print::DisplayBacktrace as core[df12db4294e9bfd3]::fmt::Display>::fmt
[INFO] [stdout]    1:     0x58b4f66d3ffa - core[df12db4294e9bfd3]::fmt::write
[INFO] [stdout]    2:     0x58b4f66c2aac - <alloc[2182bb758b4b3781]::vec::Vec<u8> as core[df12db4294e9bfd3]::io::write::Write>::write_fmt
[INFO] [stdout]    3:     0x58b4f6699246 - std[70759c8f55707aa4]::panicking::default_hook::{closure#0}
[INFO] [stdout]    4:     0x58b4f66b64e9 - std[70759c8f55707aa4]::panicking::default_hook
[INFO] [stdout]    5:     0x58b4f664c200 - test[9d35eded1c95d3be]::test_main_inner::<test[9d35eded1c95d3be]::test_main_static::{closure#0}>::{closure#0}
[INFO] [stdout]    6:     0x58b4f66b66a2 - std[70759c8f55707aa4]::panicking::panic_with_hook
[INFO] [stdout]    7:     0x58b4f66992f2 - std[70759c8f55707aa4]::panicking::panic_handler::{closure#0}
[INFO] [stdout]    8:     0x58b4f6691dc9 - std[70759c8f55707aa4]::sys::backtrace::__rust_end_short_backtrace::<std[70759c8f55707aa4]::panicking::panic_handler::{closure#0}, !>
[INFO] [stdout]    9:     0x58b4f6699eed - __rustc[8fa7c3cbc660c2b3]::rust_begin_unwind
[INFO] [stdout]   10:     0x58b4f66d472c - core[df12db4294e9bfd3]::panicking::panic_fmt
[INFO] [stdout]   11:     0x58b4f66d4502 - core[df12db4294e9bfd3]::result::unwrap_failed
[INFO] [stdout]   12:     0x58b4f6629e70 - integration_tests[1f8b85368f043e97]::run_command
[INFO] [stdout]   13:     0x58b4f662cd5d - <integration_tests[1f8b85368f043e97]::test_admin_incref_decref_require_pid::{closure#0} as core[df12db4294e9bfd3]::ops::function::FnOnce<()>>::call_once
[INFO] [stdout]   14:     0x58b4f663f4eb - test[9d35eded1c95d3be]::__rust_begin_short_backtrace::<core[df12db4294e9bfd3]::result::Result<(), alloc[2182bb758b4b3781]::string::String>, fn() -> core[df12db4294e9bfd3]::result::Result<(), alloc[2182bb758b4b3781]::string::String>>
[INFO] [stdout]   15:     0x58b4f664cb55 - test[9d35eded1c95d3be]::run_test::{closure#0}
[INFO] [stdout]   16:     0x58b4f6646414 - std[70759c8f55707aa4]::sys::backtrace::__rust_begin_short_backtrace::<test[9d35eded1c95d3be]::run_test::{closure#1}, ()>
[INFO] [stdout]   17:     0x58b4f664fcb2 - <std[70759c8f55707aa4]::thread::lifecycle::spawn_unchecked<test[9d35eded1c95d3be]::run_test::{closure#1}, ()>::{closure#1} as core[df12db4294e9bfd3]::ops::function::FnOnce<()>>::call_once::{shim:vtable#0}
[INFO] [stdout]   18:     0x58b4f66bd939 - <std[70759c8f55707aa4]::sys::thread::unix::Thread>::new::thread_start
[INFO] [stdout]   19:     0x7cccdb998dfa - <unknown>
[INFO] [stdout]   20:     0x7cccdba2c3d4 - clone
[INFO] [stdout]   21:                0x0 - <unknown>
[INFO] [stdout] 
[INFO] [stdout] ---- test_decref_error_lists_attached_clients stdout ----
[INFO] [stdout] 
[INFO] [stdout] thread 'test_decref_error_lists_attached_clients' (760) panicked at tests/integration_tests.rs:75:10:
[INFO] [stdout] Failed to spawn command: Os { code: 2, kind: NotFound, message: "No such file or directory" }
[INFO] [stdout] stack backtrace:
[INFO] [stdout]    0:     0x58b4f66be5f1 - <<std[70759c8f55707aa4]::sys::backtrace::BacktraceLock>::print::DisplayBacktrace as core[df12db4294e9bfd3]::fmt::Display>::fmt
[INFO] [stdout]    1:     0x58b4f66d3ffa - core[df12db4294e9bfd3]::fmt::write
[INFO] [stdout]    2:     0x58b4f66c2aac - <alloc[2182bb758b4b3781]::vec::Vec<u8> as core[df12db4294e9bfd3]::io::write::Write>::write_fmt
[INFO] [stdout]    3:     0x58b4f6699246 - std[70759c8f55707aa4]::panicking::default_hook::{closure#0}
[INFO] [stdout]    4:     0x58b4f66b64e9 - std[70759c8f55707aa4]::panicking::default_hook
[INFO] [stdout]    5:     0x58b4f664c200 - test[9d35eded1c95d3be]::test_main_inner::<test[9d35eded1c95d3be]::test_main_static::{closure#0}>::{closure#0}
[INFO] [stdout]    6:     0x58b4f66b66a2 - std[70759c8f55707aa4]::panicking::panic_with_hook
[INFO] [stdout]    7:     0x58b4f66992f2 - std[70759c8f55707aa4]::panicking::panic_handler::{closure#0}
[INFO] [stdout]    8:     0x58b4f6691dc9 - std[70759c8f55707aa4]::sys::backtrace::__rust_end_short_backtrace::<std[70759c8f55707aa4]::panicking::panic_handler::{closure#0}, !>
[INFO] [stdout]    9:     0x58b4f6699eed - __rustc[8fa7c3cbc660c2b3]::rust_begin_unwind
[INFO] [stdout]   10:     0x58b4f66d472c - core[df12db4294e9bfd3]::panicking::panic_fmt
[INFO] [stdout]   11:     0x58b4f66d4502 - core[df12db4294e9bfd3]::result::unwrap_failed
[INFO] [stdout]   12:     0x58b4f6629e70 - integration_tests[1f8b85368f043e97]::run_command
[INFO] [stdout]   13:     0x58b4f6632520 - <integration_tests[1f8b85368f043e97]::test_decref_error_lists_attached_clients::{closure#0} as core[df12db4294e9bfd3]::ops::function::FnOnce<()>>::call_once
[INFO] [stdout]   14:     0x58b4f6681683 - serial_test[17fa2809e85a8fee]::serial_code_lock::local_serial_core
[INFO] [stdout]   15:     0x58b4f662d0bd - <integration_tests[1f8b85368f043e97]::test_decref_error_lists_attached_clients::{closure#0} as core[df12db4294e9bfd3]::ops::function::FnOnce<()>>::call_once
[INFO] [stdout]   16:     0x58b4f663f4eb - test[9d35eded1c95d3be]::__rust_begin_short_backtrace::<core[df12db4294e9bfd3]::result::Result<(), alloc[2182bb758b4b3781]::string::String>, fn() -> core[df12db4294e9bfd3]::result::Result<(), alloc[2182bb758b4b3781]::string::String>>
[INFO] [stdout]   17:     0x58b4f664cb55 - test[9d35eded1c95d3be]::run_test::{closure#0}
[INFO] [stdout]   18:     0x58b4f6646414 - std[70759c8f55707aa4]::sys::backtrace::__rust_begin_short_backtrace::<test[9d35eded1c95d3be]::run_test::{closure#1}, ()>
[INFO] [stdout]   19:     0x58b4f664fcb2 - <std[70759c8f55707aa4]::thread::lifecycle::spawn_unchecked<test[9d35eded1c95d3be]::run_test::{closure#1}, ()>::{closure#1} as core[df12db4294e9bfd3]::ops::function::FnOnce<()>>::call_once::{shim:vtable#0}
[INFO] [stdout]   20:     0x58b4f66bd939 - <std[70759c8f55707aa4]::sys::thread::unix::Thread>::new::thread_start
[INFO] [stdout]   21:     0x7cccdb998dfa - <unknown>
[INFO] [stdout]   22:     0x7cccdba2c3d4 - clone
[INFO] [stdout]   23:                0x0 - <unknown>
[INFO] [stdout] 
[INFO] [stdout] ---- test_environment_variables stdout ----
[INFO] [stdout] 
[INFO] [stdout] thread 'test_environment_variables' (767) panicked at tests/integration_tests.rs:75:10:
[INFO] [stdout] Failed to spawn command: Os { code: 2, kind: NotFound, message: "No such file or directory" }
[INFO] [stdout] stack backtrace:
[INFO] [stdout]    0:     0x58b4f66be5f1 - <<std[70759c8f55707aa4]::sys::backtrace::BacktraceLock>::print::DisplayBacktrace as core[df12db4294e9bfd3]::fmt::Display>::fmt
[INFO] [stdout]    1:     0x58b4f66d3ffa - core[df12db4294e9bfd3]::fmt::write
[INFO] [stdout]    2:     0x58b4f66c2aac - <alloc[2182bb758b4b3781]::vec::Vec<u8> as core[df12db4294e9bfd3]::io::write::Write>::write_fmt
[INFO] [stdout]    3:     0x58b4f6699246 - std[70759c8f55707aa4]::panicking::default_hook::{closure#0}
[INFO] [stdout]    4:     0x58b4f66b64e9 - std[70759c8f55707aa4]::panicking::default_hook
[INFO] [stdout]    5:     0x58b4f664c200 - test[9d35eded1c95d3be]::test_main_inner::<test[9d35eded1c95d3be]::test_main_static::{closure#0}>::{closure#0}
[INFO] [stdout]    6:     0x58b4f66b66a2 - std[70759c8f55707aa4]::panicking::panic_with_hook
[INFO] [stdout]    7:     0x58b4f66992f2 - std[70759c8f55707aa4]::panicking::panic_handler::{closure#0}
[INFO] [stdout]    8:     0x58b4f6691dc9 - std[70759c8f55707aa4]::sys::backtrace::__rust_end_short_backtrace::<std[70759c8f55707aa4]::panicking::panic_handler::{closure#0}, !>
[INFO] [stdout]    9:     0x58b4f6699eed - __rustc[8fa7c3cbc660c2b3]::rust_begin_unwind
[INFO] [stdout]   10:     0x58b4f66d472c - core[df12db4294e9bfd3]::panicking::panic_fmt
[INFO] [stdout]   11:     0x58b4f66d4502 - core[df12db4294e9bfd3]::result::unwrap_failed
[INFO] [stdout]   12:     0x58b4f6629e70 - integration_tests[1f8b85368f043e97]::run_command
[INFO] [stdout]   13:     0x58b4f662c758 - <integration_tests[1f8b85368f043e97]::test_environment_variables::{closure#0} as core[df12db4294e9bfd3]::ops::function::FnOnce<()>>::call_once
[INFO] [stdout]   14:     0x58b4f663f4eb - test[9d35eded1c95d3be]::__rust_begin_short_backtrace::<core[df12db4294e9bfd3]::result::Result<(), alloc[2182bb758b4b3781]::string::String>, fn() -> core[df12db4294e9bfd3]::result::Result<(), alloc[2182bb758b4b3781]::string::String>>
[INFO] [stdout]   15:     0x58b4f664cb55 - test[9d35eded1c95d3be]::run_test::{closure#0}
[INFO] [stdout]   16:     0x58b4f6646414 - std[70759c8f55707aa4]::sys::backtrace::__rust_begin_short_backtrace::<test[9d35eded1c95d3be]::run_test::{closure#1}, ()>
[INFO] [stdout]   17:     0x58b4f664fcb2 - <std[70759c8f55707aa4]::thread::lifecycle::spawn_unchecked<test[9d35eded1c95d3be]::run_test::{closure#1}, ()>::{closure#1} as core[df12db4294e9bfd3]::ops::function::FnOnce<()>>::call_once::{shim:vtable#0}
[INFO] [stdout]   18:     0x58b4f66bd939 - <std[70759c8f55707aa4]::sys::thread::unix::Thread>::new::thread_start
[INFO] [stdout]   19:     0x7cccdb998dfa - <unknown>
[INFO] [stdout]   20:     0x7cccdba2c3d4 - clone
[INFO] [stdout]   21:                0x0 - <unknown>
[INFO] [stdout] 
[INFO] [stdout] ---- test_admin_doctor_no_servers stdout ----
[INFO] [stdout] 
[INFO] [stdout] thread 'test_admin_doctor_no_servers' (754) panicked at tests/integration_tests.rs:75:10:
[INFO] [stdout] Failed to spawn command: Os { code: 2, kind: NotFound, message: "No such file or directory" }
[INFO] [stdout] stack backtrace:
[INFO] [stdout]    0:     0x58b4f66be5f1 - <<std[70759c8f55707aa4]::sys::backtrace::BacktraceLock>::print::DisplayBacktrace as core[df12db4294e9bfd3]::fmt::Display>::fmt
[INFO] [stdout]    1:     0x58b4f66d3ffa - core[df12db4294e9bfd3]::fmt::write
[INFO] [stdout]    2:     0x58b4f66c2aac - <alloc[2182bb758b4b3781]::vec::Vec<u8> as core[df12db4294e9bfd3]::io::write::Write>::write_fmt
[INFO] [stdout]    3:     0x58b4f6699246 - std[70759c8f55707aa4]::panicking::default_hook::{closure#0}
[INFO] [stdout]    4:     0x58b4f66b64e9 - std[70759c8f55707aa4]::panicking::default_hook
[INFO] [stdout]    5:     0x58b4f664c200 - test[9d35eded1c95d3be]::test_main_inner::<test[9d35eded1c95d3be]::test_main_static::{closure#0}>::{closure#0}
[INFO] [stdout]    6:     0x58b4f66b66a2 - std[70759c8f55707aa4]::panicking::panic_with_hook
[INFO] [stdout]    7:     0x58b4f66992f2 - std[70759c8f55707aa4]::panicking::panic_handler::{closure#0}
[INFO] [stdout]    8:     0x58b4f6691dc9 - std[70759c8f55707aa4]::sys::backtrace::__rust_end_short_backtrace::<std[70759c8f55707aa4]::panicking::panic_handler::{closure#0}, !>
[INFO] [stdout]    9:     0x58b4f6699eed - __rustc[8fa7c3cbc660c2b3]::rust_begin_unwind
[INFO] [stdout]   10:     0x58b4f66d472c - core[df12db4294e9bfd3]::panicking::panic_fmt
[INFO] [stdout]   11:     0x58b4f66d4502 - core[df12db4294e9bfd3]::result::unwrap_failed
[INFO] [stdout]   12:     0x58b4f6629e70 - integration_tests[1f8b85368f043e97]::run_command
[INFO] [stdout]   13:     0x58b4f663025d - <integration_tests[1f8b85368f043e97]::test_admin_doctor_no_servers::{closure#0} as core[df12db4294e9bfd3]::ops::function::FnOnce<()>>::call_once
[INFO] [stdout]   14:     0x58b4f6681683 - serial_test[17fa2809e85a8fee]::serial_code_lock::local_serial_core
[INFO] [stdout]   15:     0x58b4f662c9cd - <integration_tests[1f8b85368f043e97]::test_admin_doctor_no_servers::{closure#0} as core[df12db4294e9bfd3]::ops::function::FnOnce<()>>::call_once
[INFO] [stdout]   16:     0x58b4f663f4eb - test[9d35eded1c95d3be]::__rust_begin_short_backtrace::<core[df12db4294e9bfd3]::result::Result<(), alloc[2182bb758b4b3781]::string::String>, fn() -> core[df12db4294e9bfd3]::result::Result<(), alloc[2182bb758b4b3781]::string::String>>
[INFO] [stdout]   17:     0x58b4f664cb55 - test[9d35eded1c95d3be]::run_test::{closure#0}
[INFO] [stdout]   18:     0x58b4f6646414 - std[70759c8f55707aa4]::sys::backtrace::__rust_begin_short_backtrace::<test[9d35eded1c95d3be]::run_test::{closure#1}, ()>
[INFO] [stdout]   19:     0x58b4f664fcb2 - <std[70759c8f55707aa4]::thread::lifecycle::spawn_unchecked<test[9d35eded1c95d3be]::run_test::{closure#1}, ()>::{closure#1} as core[df12db4294e9bfd3]::ops::function::FnOnce<()>>::call_once::{shim:vtable#0}
[INFO] [stdout]   20:     0x58b4f66bd939 - <std[70759c8f55707aa4]::sys::thread::unix::Thread>::new::thread_start
[INFO] [stdout]   21:     0x7cccdb998dfa - <unknown>
[INFO] [stdout]   22:     0x7cccdba2c3d4 - clone
[INFO] [stdout]   23:                0x0 - <unknown>
[INFO] [stdout] 
[INFO] [stdout] ---- test_admin_kill_command stdout ----
[INFO] [stdout] Starting server with script: /opt/rustwide/workdir/../tests/test_helpers/long_running.sh
[INFO] [stdout] 
[INFO] [stdout] thread 'test_admin_kill_command' (758) panicked at tests/integration_tests.rs:75:10:
[INFO] [stdout] Failed to spawn command: Os { code: 2, kind: NotFound, message: "No such file or directory" }
[INFO] [stdout] stack backtrace:
[INFO] [stdout]    0:     0x58b4f66be5f1 - <<std[70759c8f55707aa4]::sys::backtrace::BacktraceLock>::print::DisplayBacktrace as core[df12db4294e9bfd3]::fmt::Display>::fmt
[INFO] [stdout]    1:     0x58b4f66d3ffa - core[df12db4294e9bfd3]::fmt::write
[INFO] [stdout]    2:     0x58b4f66c2aac - <alloc[2182bb758b4b3781]::vec::Vec<u8> as core[df12db4294e9bfd3]::io::write::Write>::write_fmt
[INFO] [stdout]    3:     0x58b4f6699246 - std[70759c8f55707aa4]::panicking::default_hook::{closure#0}
[INFO] [stdout]    4:     0x58b4f66b64e9 - std[70759c8f55707aa4]::panicking::default_hook
[INFO] [stdout]    5:     0x58b4f664c200 - test[9d35eded1c95d3be]::test_main_inner::<test[9d35eded1c95d3be]::test_main_static::{closure#0}>::{closure#0}
[INFO] [stdout]    6:     0x58b4f66b66a2 - std[70759c8f55707aa4]::panicking::panic_with_hook
[INFO] [stdout]    7:     0x58b4f66992f2 - std[70759c8f55707aa4]::panicking::panic_handler::{closure#0}
[INFO] [stdout]    8:     0x58b4f6691dc9 - std[70759c8f55707aa4]::sys::backtrace::__rust_end_short_backtrace::<std[70759c8f55707aa4]::panicking::panic_handler::{closure#0}, !>
[INFO] [stdout]    9:     0x58b4f6699eed - __rustc[8fa7c3cbc660c2b3]::rust_begin_unwind
[INFO] [stdout]   10:     0x58b4f66d472c - core[df12db4294e9bfd3]::panicking::panic_fmt
[INFO] [stdout]   11:     0x58b4f66d4502 - core[df12db4294e9bfd3]::result::unwrap_failed
[INFO] [stdout]   12:     0x58b4f6629e70 - integration_tests[1f8b85368f043e97]::run_command
[INFO] [stdout]   13:     0x58b4f662b588 - <integration_tests[1f8b85368f043e97]::test_admin_kill_command::{closure#0} as core[df12db4294e9bfd3]::ops::function::FnOnce<()>>::call_once
[INFO] [stdout]   14:     0x58b4f663f4eb - test[9d35eded1c95d3be]::__rust_begin_short_backtrace::<core[df12db4294e9bfd3]::result::Result<(), alloc[2182bb758b4b3781]::string::String>, fn() -> core[df12db4294e9bfd3]::result::Result<(), alloc[2182bb758b4b3781]::string::String>>
[INFO] [stdout]   15:     0x58b4f664cb55 - test[9d35eded1c95d3be]::run_test::{closure#0}
[INFO] [stdout]   16:     0x58b4f6646414 - std[70759c8f55707aa4]::sys::backtrace::__rust_begin_short_backtrace::<test[9d35eded1c95d3be]::run_test::{closure#1}, ()>
[INFO] [stdout]   17:     0x58b4f664fcb2 - <std[70759c8f55707aa4]::thread::lifecycle::spawn_unchecked<test[9d35eded1c95d3be]::run_test::{closure#1}, ()>::{closure#1} as core[df12db4294e9bfd3]::ops::function::FnOnce<()>>::call_once::{shim:vtable#0}
[INFO] [stdout]   18:     0x58b4f66bd939 - <std[70759c8f55707aa4]::sys::thread::unix::Thread>::new::thread_start
[INFO] [stdout]   19:     0x7cccdb998dfa - <unknown>
[INFO] [stdout]   20:     0x7cccdba2c3d4 - clone
[INFO] [stdout]   21:                0x0 - <unknown>
[INFO] [stdout] 
[INFO] [stdout] ---- test_quick_death_cleanup stdout ----
[INFO] [stdout] 
[INFO] [stdout] thread 'test_quick_death_cleanup' (769) panicked at tests/integration_tests.rs:75:10:
[INFO] [stdout] Failed to spawn command: Os { code: 2, kind: NotFound, message: "No such file or directory" }
[INFO] [stdout] stack backtrace:
[INFO] [stdout]    0:     0x58b4f66be5f1 - <<std[70759c8f55707aa4]::sys::backtrace::BacktraceLock>::print::DisplayBacktrace as core[df12db4294e9bfd3]::fmt::Display>::fmt
[INFO] [stdout]    1:     0x58b4f66d3ffa - core[df12db4294e9bfd3]::fmt::write
[INFO] [stdout]    2:     0x58b4f66c2aac - <alloc[2182bb758b4b3781]::vec::Vec<u8> as core[df12db4294e9bfd3]::io::write::Write>::write_fmt
[INFO] [stdout]    3:     0x58b4f6699246 - std[70759c8f55707aa4]::panicking::default_hook::{closure#0}
[INFO] [stdout]    4:     0x58b4f66b64e9 - std[70759c8f55707aa4]::panicking::default_hook
[INFO] [stdout]    5:     0x58b4f664c200 - test[9d35eded1c95d3be]::test_main_inner::<test[9d35eded1c95d3be]::test_main_static::{closure#0}>::{closure#0}
[INFO] [stdout]    6:     0x58b4f66b66a2 - std[70759c8f55707aa4]::panicking::panic_with_hook
[INFO] [stdout]    7:     0x58b4f66992f2 - std[70759c8f55707aa4]::panicking::panic_handler::{closure#0}
[INFO] [stdout]    8:     0x58b4f6691dc9 - std[70759c8f55707aa4]::sys::backtrace::__rust_end_short_backtrace::<std[70759c8f55707aa4]::panicking::panic_handler::{closure#0}, !>
[INFO] [stdout]    9:     0x58b4f6699eed - __rustc[8fa7c3cbc660c2b3]::rust_begin_unwind
[INFO] [stdout]   10:     0x58b4f66d472c - core[df12db4294e9bfd3]::panicking::panic_fmt
[INFO] [stdout]   11:     0x58b4f66d4502 - core[df12db4294e9bfd3]::result::unwrap_failed
[INFO] [stdout]   12:     0x58b4f6629e70 - integration_tests[1f8b85368f043e97]::run_command
[INFO] [stdout]   13:     0x58b4f662c23c - <integration_tests[1f8b85368f043e97]::test_quick_death_cleanup::{closure#0} as core[df12db4294e9bfd3]::ops::function::FnOnce<()>>::call_once
[INFO] [stdout]   14:     0x58b4f663f4eb - test[9d35eded1c95d3be]::__rust_begin_short_backtrace::<core[df12db4294e9bfd3]::result::Result<(), alloc[2182bb758b4b3781]::string::String>, fn() -> core[df12db4294e9bfd3]::result::Result<(), alloc[2182bb758b4b3781]::string::String>>
[INFO] [stdout]   15:     0x58b4f664cb55 - test[9d35eded1c95d3be]::run_test::{closure#0}
[INFO] [stdout]   16:     0x58b4f6646414 - std[70759c8f55707aa4]::sys::backtrace::__rust_begin_short_backtrace::<test[9d35eded1c95d3be]::run_test::{closure#1}, ()>
[INFO] [stdout]   17:     0x58b4f664fcb2 - <std[70759c8f55707aa4]::thread::lifecycle::spawn_unchecked<test[9d35eded1c95d3be]::run_test::{closure#1}, ()>::{closure#1} as core[df12db4294e9bfd3]::ops::function::FnOnce<()>>::call_once::{shim:vtable#0}
[INFO] [stdout]   18:     0x58b4f66bd939 - <std[70759c8f55707aa4]::sys::thread::unix::Thread>::new::thread_start
[INFO] [stdout]   19:     0x7cccdb998dfa - <unknown>
[INFO] [stdout]   20:     0x7cccdba2c3d4 - clone
[INFO] [stdout]   21:                0x0 - <unknown>
[INFO] [stdout] 
[INFO] [stdout] ---- test_restart_after_force_stop stdout ----
[INFO] [stdout] 
[INFO] [stdout] thread 'test_restart_after_force_stop' (770) panicked at tests/integration_tests.rs:75:10:
[INFO] [stdout] Failed to spawn command: Os { code: 2, kind: NotFound, message: "No such file or directory" }
[INFO] [stdout] stack backtrace:
[INFO] [stdout]    0:     0x58b4f66be5f1 - <<std[70759c8f55707aa4]::sys::backtrace::BacktraceLock>::print::DisplayBacktrace as core[df12db4294e9bfd3]::fmt::Display>::fmt
[INFO] [stdout]    1:     0x58b4f66d3ffa - core[df12db4294e9bfd3]::fmt::write
[INFO] [stdout]    2:     0x58b4f66c2aac - <alloc[2182bb758b4b3781]::vec::Vec<u8> as core[df12db4294e9bfd3]::io::write::Write>::write_fmt
[INFO] [stdout]    3:     0x58b4f6699246 - std[70759c8f55707aa4]::panicking::default_hook::{closure#0}
[INFO] [stdout]    4:     0x58b4f66b64e9 - std[70759c8f55707aa4]::panicking::default_hook
[INFO] [stdout]    5:     0x58b4f664c200 - test[9d35eded1c95d3be]::test_main_inner::<test[9d35eded1c95d3be]::test_main_static::{closure#0}>::{closure#0}
[INFO] [stdout]    6:     0x58b4f66b66a2 - std[70759c8f55707aa4]::panicking::panic_with_hook
[INFO] [stdout]    7:     0x58b4f66992f2 - std[70759c8f55707aa4]::panicking::panic_handler::{closure#0}
[INFO] [stdout]    8:     0x58b4f6691dc9 - std[70759c8f55707aa4]::sys::backtrace::__rust_end_short_backtrace::<std[70759c8f55707aa4]::panicking::panic_handler::{closure#0}, !>
[INFO] [stdout]    9:     0x58b4f6699eed - __rustc[8fa7c3cbc660c2b3]::rust_begin_unwind
[INFO] [stdout]   10:     0x58b4f66d472c - core[df12db4294e9bfd3]::panicking::panic_fmt
[INFO] [stdout]   11:     0x58b4f66d4502 - core[df12db4294e9bfd3]::result::unwrap_failed
[INFO] [stdout]   12:     0x58b4f6629e70 - integration_tests[1f8b85368f043e97]::run_command
[INFO] [stdout]   13:     0x58b4f6630520 - <integration_tests[1f8b85368f043e97]::test_restart_after_force_stop::{closure#0} as core[df12db4294e9bfd3]::ops::function::FnOnce<()>>::call_once
[INFO] [stdout]   14:     0x58b4f6681683 - serial_test[17fa2809e85a8fee]::serial_code_lock::local_serial_core
[INFO] [stdout]   15:     0x58b4f662ca4d - <integration_tests[1f8b85368f043e97]::test_restart_after_force_stop::{closure#0} as core[df12db4294e9bfd3]::ops::function::FnOnce<()>>::call_once
[INFO] [stdout]   16:     0x58b4f663f4eb - test[9d35eded1c95d3be]::__rust_begin_short_backtrace::<core[df12db4294e9bfd3]::result::Result<(), alloc[2182bb758b4b3781]::string::String>, fn() -> core[df12db4294e9bfd3]::result::Result<(), alloc[2182bb758b4b3781]::string::String>>
[INFO] [stdout]   17:     0x58b4f664cb55 - test[9d35eded1c95d3be]::run_test::{closure#0}
[INFO] [stdout]   18:     0x58b4f6646414 - std[70759c8f55707aa4]::sys::backtrace::__rust_begin_short_backtrace::<test[9d35eded1c95d3be]::run_test::{closure#1}, ()>
[INFO] [stdout]   19:     0x58b4f664fcb2 - <std[70759c8f55707aa4]::thread::lifecycle::spawn_unchecked<test[9d35eded1c95d3be]::run_test::{closure#1}, ()>::{closure#1} as core[df12db4294e9bfd3]::ops::function::FnOnce<()>>::call_once::{shim:vtable#0}
[INFO] [stdout]   20:     0x58b4f66bd939 - <std[70759c8f55707aa4]::sys::thread::unix::Thread>::new::thread_start
[INFO] [stdout]   21:     0x7cccdb998dfa - <unknown>
[INFO] [stdout]   22:     0x7cccdba2c3d4 - clone
[INFO] [stdout]   23:                0x0 - <unknown>
[INFO] [stdout] 
[INFO] [stdout] ---- test_incref_idempotent_and_grace_keeps_clients_lock stdout ----
[INFO] [stdout] 
[INFO] [stdout] thread 'test_incref_idempotent_and_grace_keeps_clients_lock' (768) panicked at tests/integration_tests.rs:75:10:
[INFO] [stdout] Failed to spawn command: Os { code: 2, kind: NotFound, message: "No such file or directory" }
[INFO] [stdout] stack backtrace:
[INFO] [stdout]    0:     0x58b4f66be5f1 - <<std[70759c8f55707aa4]::sys::backtrace::BacktraceLock>::print::DisplayBacktrace as core[df12db4294e9bfd3]::fmt::Display>::fmt
[INFO] [stdout]    1:     0x58b4f66d3ffa - core[df12db4294e9bfd3]::fmt::write
[INFO] [stdout]    2:     0x58b4f66c2aac - <alloc[2182bb758b4b3781]::vec::Vec<u8> as core[df12db4294e9bfd3]::io::write::Write>::write_fmt
[INFO] [stdout]    3:     0x58b4f6699246 - std[70759c8f55707aa4]::panicking::default_hook::{closure#0}
[INFO] [stdout]    4:     0x58b4f66b64e9 - std[70759c8f55707aa4]::panicking::default_hook
[INFO] [stdout]    5:     0x58b4f664c200 - test[9d35eded1c95d3be]::test_main_inner::<test[9d35eded1c95d3be]::test_main_static::{closure#0}>::{closure#0}
[INFO] [stdout]    6:     0x58b4f66b66a2 - std[70759c8f55707aa4]::panicking::panic_with_hook
[INFO] [stdout]    7:     0x58b4f66992f2 - std[70759c8f55707aa4]::panicking::panic_handler::{closure#0}
[INFO] [stdout]    8:     0x58b4f6691dc9 - std[70759c8f55707aa4]::sys::backtrace::__rust_end_short_backtrace::<std[70759c8f55707aa4]::panicking::panic_handler::{closure#0}, !>
[INFO] [stdout]    9:     0x58b4f6699eed - __rustc[8fa7c3cbc660c2b3]::rust_begin_unwind
[INFO] [stdout]   10:     0x58b4f66d472c - core[df12db4294e9bfd3]::panicking::panic_fmt
[INFO] [stdout]   11:     0x58b4f66d4502 - core[df12db4294e9bfd3]::result::unwrap_failed
[INFO] [stdout]   12:     0x58b4f6629e70 - integration_tests[1f8b85368f043e97]::run_command
[INFO] [stdout]   13:     0x58b4f66334af - <integration_tests[1f8b85368f043e97]::test_incref_idempotent_and_grace_keeps_clients_lock::{closure#0} as core[df12db4294e9bfd3]::ops::function::FnOnce<()>>::call_once
[INFO] [stdout]   14:     0x58b4f6681683 - serial_test[17fa2809e85a8fee]::serial_code_lock::local_serial_core
[INFO] [stdout]   15:     0x58b4f662d1bd - <integration_tests[1f8b85368f043e97]::test_incref_idempotent_and_grace_keeps_clients_lock::{closure#0} as core[df12db4294e9bfd3]::ops::function::FnOnce<()>>::call_once
[INFO] [stdout]   16:     0x58b4f663f4eb - test[9d35eded1c95d3be]::__rust_begin_short_backtrace::<core[df12db4294e9bfd3]::result::Result<(), alloc[2182bb758b4b3781]::string::String>, fn() -> core[df12db4294e9bfd3]::result::Result<(), alloc[2182bb758b4b3781]::string::String>>
[INFO] [stdout]   17:     0x58b4f664cb55 - test[9d35eded1c95d3be]::run_test::{closure#0}
[INFO] [stdout]   18:     0x58b4f6646414 - std[70759c8f55707aa4]::sys::backtrace::__rust_begin_short_backtrace::<test[9d35eded1c95d3be]::run_test::{closure#1}, ()>
[INFO] [stdout]   19:     0x58b4f664fcb2 - <std[70759c8f55707aa4]::thread::lifecycle::spawn_unchecked<test[9d35eded1c95d3be]::run_test::{closure#1}, ()>::{closure#1} as core[df12db4294e9bfd3]::ops::function::FnOnce<()>>::call_once::{shim:vtable#0}
[INFO] [stdout]   20:     0x58b4f66bd939 - <std[70759c8f55707aa4]::sys::thread::unix::Thread>::new::thread_start
[INFO] [stdout]   21:     0x7cccdb998dfa - <unknown>
[INFO] [stdout]   22:     0x7cccdba2c3d4 - clone
[INFO] [stdout]   23:                0x0 - <unknown>
[INFO] [stdout] 
[INFO] [stdout] ---- test_corrupt_server_lock_is_tolerated_and_cleaned stdout ----
[INFO] [stdout] 
[INFO] [stdout] thread 'test_corrupt_server_lock_is_tolerated_and_cleaned' (759) panicked at tests/integration_tests.rs:75:10:
[INFO] [stdout] Failed to spawn command: Os { code: 2, kind: NotFound, message: "No such file or directory" }
[INFO] [stdout] stack backtrace:
[INFO] [stdout]    0:     0x58b4f66be5f1 - <<std[70759c8f55707aa4]::sys::backtrace::BacktraceLock>::print::DisplayBacktrace as core[df12db4294e9bfd3]::fmt::Display>::fmt
[INFO] [stdout]    1:     0x58b4f66d3ffa - core[df12db4294e9bfd3]::fmt::write
[INFO] [stdout]    2:     0x58b4f66c2aac - <alloc[2182bb758b4b3781]::vec::Vec<u8> as core[df12db4294e9bfd3]::io::write::Write>::write_fmt
[INFO] [stdout]    3:     0x58b4f6699246 - std[70759c8f55707aa4]::panicking::default_hook::{closure#0}
[INFO] [stdout]    4:     0x58b4f66b64e9 - std[70759c8f55707aa4]::panicking::default_hook
[INFO] [stdout]    5:     0x58b4f664c200 - test[9d35eded1c95d3be]::test_main_inner::<test[9d35eded1c95d3be]::test_main_static::{closure#0}>::{closure#0}
[INFO] [stdout]    6:     0x58b4f66b66a2 - std[70759c8f55707aa4]::panicking::panic_with_hook
[INFO] [stdout]    7:     0x58b4f66992f2 - std[70759c8f55707aa4]::panicking::panic_handler::{closure#0}
[INFO] [stdout]    8:     0x58b4f6691dc9 - std[70759c8f55707aa4]::sys::backtrace::__rust_end_short_backtrace::<std[70759c8f55707aa4]::panicking::panic_handler::{closure#0}, !>
[INFO] [stdout]    9:     0x58b4f6699eed - __rustc[8fa7c3cbc660c2b3]::rust_begin_unwind
[INFO] [stdout]   10:     0x58b4f66d472c - core[df12db4294e9bfd3]::panicking::panic_fmt
[INFO] [stdout]   11:     0x58b4f66d4502 - core[df12db4294e9bfd3]::result::unwrap_failed
[INFO] [stdout]   12:     0x58b4f6629e70 - integration_tests[1f8b85368f043e97]::run_command
[INFO] [stdout]   13:     0x58b4f6632f9e - <integration_tests[1f8b85368f043e97]::test_corrupt_server_lock_is_tolerated_and_cleaned::{closure#0} as core[df12db4294e9bfd3]::ops::function::FnOnce<()>>::call_once
[INFO] [stdout]   14:     0x58b4f6681683 - serial_test[17fa2809e85a8fee]::serial_code_lock::local_serial_core
[INFO] [stdout]   15:     0x58b4f662d13d - <integration_tests[1f8b85368f043e97]::test_corrupt_server_lock_is_tolerated_and_cleaned::{closure#0} as core[df12db4294e9bfd3]::ops::function::FnOnce<()>>::call_once
[INFO] [stdout]   16:     0x58b4f663f4eb - test[9d35eded1c95d3be]::__rust_begin_short_backtrace::<core[df12db4294e9bfd3]::result::Result<(), alloc[2182bb758b4b3781]::string::String>, fn() -> core[df12db4294e9bfd3]::result::Result<(), alloc[2182bb758b4b3781]::string::String>>
[INFO] [stdout]   17:     0x58b4f664cb55 - test[9d35eded1c95d3be]::run_test::{closure#0}
[INFO] [stdout]   18:     0x58b4f6646414 - std[70759c8f55707aa4]::sys::backtrace::__rust_begin_short_backtrace::<test[9d35eded1c95d3be]::run_test::{closure#1}, ()>
[INFO] [stdout]   19:     0x58b4f664fcb2 - <std[70759c8f55707aa4]::thread::lifecycle::spawn_unchecked<test[9d35eded1c95d3be]::run_test::{closure#1}, ()>::{closure#1} as core[df12db4294e9bfd3]::ops::function::FnOnce<()>>::call_once::{shim:vtable#0}
[INFO] [stdout]   20:     0x58b4f66bd939 - <std[70759c8f55707aa4]::sys::thread::unix::Thread>::new::thread_start
[INFO] [stdout]   21:     0x7cccdb998dfa - <unknown>
[INFO] [stdout]   22:     0x7cccdba2c3d4 - clone
[INFO] [stdout]   23:                0x0 - <unknown>
[INFO] [stdout] 
[INFO] [stdout] ---- test_down_detach_all stdout ----
[INFO] [stdout] 
[INFO] [stdout] thread 'test_down_detach_all' (766) panicked at tests/integration_tests.rs:75:10:
[INFO] [stdout] Failed to spawn command: Os { code: 2, kind: NotFound, message: "No such file or directory" }
[INFO] [stdout] stack backtrace:
[INFO] [stdout]    0:     0x58b4f66be5f1 - <<std[70759c8f55707aa4]::sys::backtrace::BacktraceLock>::print::DisplayBacktrace as core[df12db4294e9bfd3]::fmt::Display>::fmt
[INFO] [stdout]    1:     0x58b4f66d3ffa - core[df12db4294e9bfd3]::fmt::write
[INFO] [stdout]    2:     0x58b4f66c2aac - <alloc[2182bb758b4b3781]::vec::Vec<u8> as core[df12db4294e9bfd3]::io::write::Write>::write_fmt
[INFO] [stdout]    3:     0x58b4f6699246 - std[70759c8f55707aa4]::panicking::default_hook::{closure#0}
[INFO] [stdout]    4:     0x58b4f66b64e9 - std[70759c8f55707aa4]::panicking::default_hook
[INFO] [stdout]    5:     0x58b4f664c200 - test[9d35eded1c95d3be]::test_main_inner::<test[9d35eded1c95d3be]::test_main_static::{closure#0}>::{closure#0}
[INFO] [stdout]    6:     0x58b4f66b66a2 - std[70759c8f55707aa4]::panicking::panic_with_hook
[INFO] [stdout]    7:     0x58b4f66992f2 - std[70759c8f55707aa4]::panicking::panic_handler::{closure#0}
[INFO] [stdout]    8:     0x58b4f6691dc9 - std[70759c8f55707aa4]::sys::backtrace::__rust_end_short_backtrace::<std[70759c8f55707aa4]::panicking::panic_handler::{closure#0}, !>
[INFO] [stdout]    9:     0x58b4f6699eed - __rustc[8fa7c3cbc660c2b3]::rust_begin_unwind
[INFO] [stdout]   10:     0x58b4f66d472c - core[df12db4294e9bfd3]::panicking::panic_fmt
[INFO] [stdout]   11:     0x58b4f66d4502 - core[df12db4294e9bfd3]::result::unwrap_failed
[INFO] [stdout]   12:     0x58b4f6629e70 - integration_tests[1f8b85368f043e97]::run_command
[INFO] [stdout]   13:     0x58b4f662dd6e - <integration_tests[1f8b85368f043e97]::test_down_detach_all::{closure#0} as core[df12db4294e9bfd3]::ops::function::FnOnce<()>>::call_once
[INFO] [stdout]   14:     0x58b4f6681683 - serial_test[17fa2809e85a8fee]::serial_code_lock::local_serial_core
[INFO] [stdout]   15:     0x58b4f662b2ed - <integration_tests[1f8b85368f043e97]::test_down_detach_all::{closure#0} as core[df12db4294e9bfd3]::ops::function::FnOnce<()>>::call_once
[INFO] [stdout]   16:     0x58b4f663f4eb - test[9d35eded1c95d3be]::__rust_begin_short_backtrace::<core[df12db4294e9bfd3]::result::Result<(), alloc[2182bb758b4b3781]::string::String>, fn() -> core[df12db4294e9bfd3]::result::Result<(), alloc[2182bb758b4b3781]::string::String>>
[INFO] [stdout]   17:     0x58b4f664cb55 - test[9d35eded1c95d3be]::run_test::{closure#0}
[INFO] [stdout]   18:     0x58b4f6646414 - std[70759c8f55707aa4]::sys::backtrace::__rust_begin_short_backtrace::<test[9d35eded1c95d3be]::run_test::{closure#1}, ()>
[INFO] [stdout]   19:     0x58b4f664fcb2 - <std[70759c8f55707aa4]::thread::lifecycle::spawn_unchecked<test[9d35eded1c95d3be]::run_test::{closure#1}, ()>::{closure#1} as core[df12db4294e9bfd3]::ops::function::FnOnce<()>>::call_once::{shim:vtable#0}
[INFO] [stdout]   20:     0x58b4f66bd939 - <std[70759c8f55707aa4]::sys::thread::unix::Thread>::new::thread_start
[INFO] [stdout]   21:     0x7cccdb998dfa - <unknown>
[INFO] [stdout]   22:     0x7cccdba2c3d4 - clone
[INFO] [stdout]   23:                0x0 - <unknown>
[INFO] [stdout] 
[INFO] [stdout] ---- test_admin_doctor_healthy_server stdout ----
[INFO] [stdout] Script path: /opt/rustwide/workdir/../tests/test_helpers/long_running.sh
[INFO] [stdout] Script exists: false
[INFO] [stdout] 
[INFO] [stdout] thread 'test_admin_doctor_healthy_server' (753) panicked at tests/integration_tests.rs:75:10:
[INFO] [stdout] Failed to spawn command: Os { code: 2, kind: NotFound, message: "No such file or directory" }
[INFO] [stdout] stack backtrace:
[INFO] [stdout]    0:     0x58b4f66be5f1 - <<std[70759c8f55707aa4]::sys::backtrace::BacktraceLock>::print::DisplayBacktrace as core[df12db4294e9bfd3]::fmt::Display>::fmt
[INFO] [stdout]    1:     0x58b4f66d3ffa - core[df12db4294e9bfd3]::fmt::write
[INFO] [stdout]    2:     0x58b4f66c2aac - <alloc[2182bb758b4b3781]::vec::Vec<u8> as core[df12db4294e9bfd3]::io::write::Write>::write_fmt
[INFO] [stdout]    3:     0x58b4f6699246 - std[70759c8f55707aa4]::panicking::default_hook::{closure#0}
[INFO] [stdout]    4:     0x58b4f66b64e9 - std[70759c8f55707aa4]::panicking::default_hook
[INFO] [stdout]    5:     0x58b4f664c200 - test[9d35eded1c95d3be]::test_main_inner::<test[9d35eded1c95d3be]::test_main_static::{closure#0}>::{closure#0}
[INFO] [stdout]    6:     0x58b4f66b66a2 - std[70759c8f55707aa4]::panicking::panic_with_hook
[INFO] [stdout]    7:     0x58b4f66992f2 - std[70759c8f55707aa4]::panicking::panic_handler::{closure#0}
[INFO] [stdout]    8:     0x58b4f6691dc9 - std[70759c8f55707aa4]::sys::backtrace::__rust_end_short_backtrace::<std[70759c8f55707aa4]::panicking::panic_handler::{closure#0}, !>
[INFO] [stdout]    9:     0x58b4f6699eed - __rustc[8fa7c3cbc660c2b3]::rust_begin_unwind
[INFO] [stdout]   10:     0x58b4f66d472c - core[df12db4294e9bfd3]::panicking::panic_fmt
[INFO] [stdout]   11:     0x58b4f66d4502 - core[df12db4294e9bfd3]::result::unwrap_failed
[INFO] [stdout]   12:     0x58b4f6629e70 - integration_tests[1f8b85368f043e97]::run_command
[INFO] [stdout]   13:     0x58b4f6630f74 - <integration_tests[1f8b85368f043e97]::test_admin_doctor_healthy_server::{closure#0} as core[df12db4294e9bfd3]::ops::function::FnOnce<()>>::call_once
[INFO] [stdout]   14:     0x58b4f6681683 - serial_test[17fa2809e85a8fee]::serial_code_lock::local_serial_core
[INFO] [stdout]   15:     0x58b4f662cc8d - <integration_tests[1f8b85368f043e97]::test_admin_doctor_healthy_server::{closure#0} as core[df12db4294e9bfd3]::ops::function::FnOnce<()>>::call_once
[INFO] [stdout]   16:     0x58b4f663f4eb - test[9d35eded1c95d3be]::__rust_begin_short_backtrace::<core[df12db4294e9bfd3]::result::Result<(), alloc[2182bb758b4b3781]::string::String>, fn() -> core[df12db4294e9bfd3]::result::Result<(), alloc[2182bb758b4b3781]::string::String>>
[INFO] [stdout]   17:     0x58b4f664cb55 - test[9d35eded1c95d3be]::run_test::{closure#0}
[INFO] [stdout]   18:     0x58b4f6646414 - std[70759c8f55707aa4]::sys::backtrace::__rust_begin_short_backtrace::<test[9d35eded1c95d3be]::run_test::{closure#1}, ()>
[INFO] [stdout]   19:     0x58b4f664fcb2 - <std[70759c8f55707aa4]::thread::lifecycle::spawn_unchecked<test[9d35eded1c95d3be]::run_test::{closure#1}, ()>::{closure#1} as core[df12db4294e9bfd3]::ops::function::FnOnce<()>>::call_once::{shim:vtable#0}
[INFO] [stdout]   20:     0x58b4f66bd939 - <std[70759c8f55707aa4]::sys::thread::unix::Thread>::new::thread_start
[INFO] [stdout]   21:     0x7cccdb998dfa - <unknown>
[INFO] [stdout]   22:     0x7cccdba2c3d4 - clone
[INFO] [stdout]   23:                0x0 - <unknown>
[INFO] [stdout] 
[INFO] [stdout] ---- test_stop_force_escalation stdout ----
[INFO] [stdout] 
[INFO] [stdout] thread 'test_stop_force_escalation' (776) panicked at tests/integration_tests.rs:75:10:
[INFO] [stdout] Failed to spawn command: Os { code: 2, kind: NotFound, message: "No such file or directory" }
[INFO] [stdout] stack backtrace:
[INFO] [stdout]    0:     0x58b4f66be5f1 - <<std[70759c8f55707aa4]::sys::backtrace::BacktraceLock>::print::DisplayBacktrace as core[df12db4294e9bfd3]::fmt::Display>::fmt
[INFO] [stdout]    1:     0x58b4f66d3ffa - core[df12db4294e9bfd3]::fmt::write
[INFO] [stdout]    2:     0x58b4f66c2aac - <alloc[2182bb758b4b3781]::vec::Vec<u8> as core[df12db4294e9bfd3]::io::write::Write>::write_fmt
[INFO] [stdout]    3:     0x58b4f6699246 - std[70759c8f55707aa4]::panicking::default_hook::{closure#0}
[INFO] [stdout]    4:     0x58b4f66b64e9 - std[70759c8f55707aa4]::panicking::default_hook
[INFO] [stdout]    5:     0x58b4f664c200 - test[9d35eded1c95d3be]::test_main_inner::<test[9d35eded1c95d3be]::test_main_static::{closure#0}>::{closure#0}
[INFO] [stdout]    6:     0x58b4f66b66a2 - std[70759c8f55707aa4]::panicking::panic_with_hook
[INFO] [stdout]    7:     0x58b4f66992f2 - std[70759c8f55707aa4]::panicking::panic_handler::{closure#0}
[INFO] [stdout]    8:     0x58b4f6691dc9 - std[70759c8f55707aa4]::sys::backtrace::__rust_end_short_backtrace::<std[70759c8f55707aa4]::panicking::panic_handler::{closure#0}, !>
[INFO] [stdout]    9:     0x58b4f6699eed - __rustc[8fa7c3cbc660c2b3]::rust_begin_unwind
[INFO] [stdout]   10:     0x58b4f66d472c - core[df12db4294e9bfd3]::panicking::panic_fmt
[INFO] [stdout]   11:     0x58b4f66d4502 - core[df12db4294e9bfd3]::result::unwrap_failed
[INFO] [stdout]   12:     0x58b4f6629e70 - integration_tests[1f8b85368f043e97]::run_command
[INFO] [stdout]   13:     0x58b4f662f8e1 - <integration_tests[1f8b85368f043e97]::test_stop_force_escalation::{closure#0} as core[df12db4294e9bfd3]::ops::function::FnOnce<()>>::call_once
[INFO] [stdout]   14:     0x58b4f6681683 - serial_test[17fa2809e85a8fee]::serial_code_lock::local_serial_core
[INFO] [stdout]   15:     0x58b4f662c94d - <integration_tests[1f8b85368f043e97]::test_stop_force_escalation::{closure#0} as core[df12db4294e9bfd3]::ops::function::FnOnce<()>>::call_once
[INFO] [stdout]   16:     0x58b4f663f4eb - test[9d35eded1c95d3be]::__rust_begin_short_backtrace::<core[df12db4294e9bfd3]::result::Result<(), alloc[2182bb758b4b3781]::string::String>, fn() -> core[df12db4294e9bfd3]::result::Result<(), alloc[2182bb758b4b3781]::string::String>>
[INFO] [stdout]   17:     0x58b4f664cb55 - test[9d35eded1c95d3be]::run_test::{closure#0}
[INFO] [stdout]   18:     0x58b4f6646414 - std[70759c8f55707aa4]::sys::backtrace::__rust_begin_short_backtrace::<test[9d35eded1c95d3be]::run_test::{closure#1}, ()>
[INFO] [stdout]   19:     0x58b4f664fcb2 - <std[70759c8f55707aa4]::thread::lifecycle::spawn_unchecked<test[9d35eded1c95d3be]::run_test::{closure#1}, ()>::{closure#1} as core[df12db4294e9bfd3]::ops::function::FnOnce<()>>::call_once::{shim:vtable#0}
[INFO] [stdout]   20:     0x58b4f66bd939 - <std[70759c8f55707aa4]::sys::thread::unix::Thread>::new::thread_start
[INFO] [stdout]   21:     0x7cccdb998dfa - <unknown>
[INFO] [stdout]   22:     0x7cccdba2c3d4 - clone
[INFO] [stdout]   23:                0x0 - <unknown>
[INFO] [stdout] 
[INFO] [stdout] ---- test_server_lifecycle stdout ----
[INFO] [stdout] 
[INFO] [stdout] thread 'test_server_lifecycle' (774) panicked at tests/integration_tests.rs:75:10:
[INFO] [stdout] Failed to spawn command: Os { code: 2, kind: NotFound, message: "No such file or directory" }
[INFO] [stdout] stack backtrace:
[INFO] [stdout]    0:     0x58b4f66be5f1 - <<std[70759c8f55707aa4]::sys::backtrace::BacktraceLock>::print::DisplayBacktrace as core[df12db4294e9bfd3]::fmt::Display>::fmt
[INFO] [stdout]    1:     0x58b4f66d3ffa - core[df12db4294e9bfd3]::fmt::write
[INFO] [stdout]    2:     0x58b4f66c2aac - <alloc[2182bb758b4b3781]::vec::Vec<u8> as core[df12db4294e9bfd3]::io::write::Write>::write_fmt
[INFO] [stdout]    3:     0x58b4f6699246 - std[70759c8f55707aa4]::panicking::default_hook::{closure#0}
[INFO] [stdout]    4:     0x58b4f66b64e9 - std[70759c8f55707aa4]::panicking::default_hook
[INFO] [stdout]    5:     0x58b4f664c200 - test[9d35eded1c95d3be]::test_main_inner::<test[9d35eded1c95d3be]::test_main_static::{closure#0}>::{closure#0}
[INFO] [stdout]    6:     0x58b4f66b66a2 - std[70759c8f55707aa4]::panicking::panic_with_hook
[INFO] [stdout]    7:     0x58b4f66992f2 - std[70759c8f55707aa4]::panicking::panic_handler::{closure#0}
[INFO] [stdout]    8:     0x58b4f6691dc9 - std[70759c8f55707aa4]::sys::backtrace::__rust_end_short_backtrace::<std[70759c8f55707aa4]::panicking::panic_handler::{closure#0}, !>
[INFO] [stdout]    9:     0x58b4f6699eed - __rustc[8fa7c3cbc660c2b3]::rust_begin_unwind
[INFO] [stdout]   10:     0x58b4f66d472c - core[df12db4294e9bfd3]::panicking::panic_fmt
[INFO] [stdout]   11:     0x58b4f66d4502 - core[df12db4294e9bfd3]::result::unwrap_failed
[INFO] [stdout]   12:     0x58b4f6629e70 - integration_tests[1f8b85368f043e97]::run_command
[INFO] [stdout]   13:     0x58b4f662f093 - <integration_tests[1f8b85368f043e97]::test_server_lifecycle::{closure#0} as core[df12db4294e9bfd3]::ops::function::FnOnce<()>>::call_once
[INFO] [stdout]   14:     0x58b4f6681683 - serial_test[17fa2809e85a8fee]::serial_code_lock::local_serial_core
[INFO] [stdout]   15:     0x58b4f662b36d - <integration_tests[1f8b85368f043e97]::test_server_lifecycle::{closure#0} as core[df12db4294e9bfd3]::ops::function::FnOnce<()>>::call_once
[INFO] [stdout]   16:     0x58b4f663f4eb - test[9d35eded1c95d3be]::__rust_begin_short_backtrace::<core[df12db4294e9bfd3]::result::Result<(), alloc[2182bb758b4b3781]::string::String>, fn() -> core[df12db4294e9bfd3]::result::Result<(), alloc[2182bb758b4b3781]::string::String>>
[INFO] [stdout]   17:     0x58b4f664cb55 - test[9d35eded1c95d3be]::run_test::{closure#0}
[INFO] [stdout]   18:     0x58b4f6646414 - std[70759c8f55707aa4]::sys::backtrace::__rust_begin_short_backtrace::<test[9d35eded1c95d3be]::run_test::{closure#1}, ()>
[INFO] [stderr] error: test failed, to rerun pass `--test integration_tests`
[INFO] [stdout]   19:     0x58b4f664fcb2 - <std[70759c8f55707aa4]::thread::lifecycle::spawn_unchecked<test[9d35eded1c95d3be]::run_test::{closure#1}, ()>::{closure#1} as core[df12db4294e9bfd3]::ops::function::FnOnce<()>>::call_once::{shim:vtable#0}
[INFO] [stdout]   20:     0x58b4f66bd939 - <std[70759c8f55707aa4]::sys::thread::unix::Thread>::new::thread_start
[INFO] [stdout]   21:     0x7cccdb998dfa - <unknown>
[INFO] [stdout]   22:     0x7cccdba2c3d4 - clone
[INFO] [stdout]   23:                0x0 - <unknown>
[INFO] [stdout] 
[INFO] [stdout] 
[INFO] [stdout] failures:
[INFO] [stdout]     test_admin_doctor_healthy_server
[INFO] [stdout]     test_admin_doctor_no_servers
[INFO] [stdout]     test_admin_doctor_stale_lockfile
[INFO] [stdout]     test_admin_incref_decref_require_pid
[INFO] [stdout]     test_admin_kill_already_stopped
[INFO] [stdout]     test_admin_kill_command
[INFO] [stdout]     test_corrupt_server_lock_is_tolerated_and_cleaned
[INFO] [stdout]     test_decref_error_lists_attached_clients
[INFO] [stdout]     test_down_detach_all
[INFO] [stdout]     test_environment_variables
[INFO] [stdout]     test_incref_idempotent_and_grace_keeps_clients_lock
[INFO] [stdout]     test_quick_death_cleanup
[INFO] [stdout]     test_restart_after_force_stop
[INFO] [stdout]     test_server_lifecycle
[INFO] [stdout]     test_stop_force_escalation
[INFO] [stdout] 
[INFO] [stdout] test result: FAILED. 0 passed; 15 failed; 0 ignored; 0 measured; 0 filtered out; finished in 0.03s
[INFO] [stdout] 
[INFO] running `Command { std: "docker" "inspect" "0e5f8ec0d6c0fb671d95556c6f2245bbf858fc835a3563aa7e201dd9c8e63d7a", kill_on_drop: false }`
[INFO] running `Command { std: "docker" "rm" "-f" "0e5f8ec0d6c0fb671d95556c6f2245bbf858fc835a3563aa7e201dd9c8e63d7a", kill_on_drop: false }`
[INFO] [stdout] 0e5f8ec0d6c0fb671d95556c6f2245bbf858fc835a3563aa7e201dd9c8e63d7a
