[INFO] fetching crate shared_mongodb 0.1.7...
[INFO] testing shared_mongodb-0.1.7 against 1.100.0-beta.1+cargoflags=--release for beta-release-1.100-2
[INFO] extracting crate shared_mongodb 0.1.7 into /workspace/builds/worker-4-tc2/source
[INFO] started tweaking crates.io crate shared_mongodb 0.1.7
[INFO] finished tweaking crates.io crate shared_mongodb 0.1.7
[INFO] tweaked toml for crates.io crate shared_mongodb 0.1.7 written to /workspace/builds/worker-4-tc2/source/Cargo.toml
[INFO] validating manifest of crates.io crate shared_mongodb 0.1.7 on toolchain 1.100.0-beta.1
[INFO] running `Command { std: CARGO_HOME="/workspace/cargo-home" RUSTUP_HOME="/workspace/rustup-home" "/workspace/cargo-home/bin/cargo" "+1.100.0-beta.1" "metadata" "--manifest-path" "Cargo.toml" "--no-deps", kill_on_drop: false }`
[INFO] running `Command { std: CARGO_HOME="/workspace/cargo-home" RUSTUP_HOME="/workspace/rustup-home" "/workspace/cargo-home/bin/cargo" "+1.100.0-beta.1" "generate-lockfile" "--manifest-path" "Cargo.toml", kill_on_drop: false }`
[INFO] [stderr]     Updating crates.io index
[INFO] [stderr]      Locking 377 packages to highest compatible versions
[INFO] [stderr]       Adding actix-rt v1.1.1 (available: v2.15.0)
[INFO] [stderr]       Adding actix-web v3.3.3 (available: v4.17.0)
[INFO] [stderr]       Adding async-executor v1.5.1 (available: v1.14.0)
[INFO] [stderr]       Adding async-global-executor v2.3.1 (available: v2.4.1)
[INFO] [stderr]       Adding async-std v1.12.0 (available: v1.13.2)
[INFO] [stderr]       Adding crypto-common v0.1.6 (available: v0.1.7)
[INFO] [stderr]       Adding mongodb v2.8.2 (available: v3.9.1)
[INFO] running `Command { std: CARGO_HOME="/workspace/cargo-home" RUSTUP_HOME="/workspace/rustup-home" "/workspace/cargo-home/bin/cargo" "+1.100.0-beta.1" "fetch" "--manifest-path" "Cargo.toml", kill_on_drop: false }`
[INFO] running `Command { std: "docker" "create" "-v" "/var/lib/crater-agent-workspace/builds/worker-4-tc2/source:/opt/rustwide/workdir:ro,Z" "-v" "/var/lib/crater-agent-workspace/builds/worker-4-tc2/target:/opt/rustwide/target:rw,Z" "-v" "/var/lib/crater-agent-workspace/cargo-home:/opt/rustwide/cargo-home:ro,Z" "-v" "/var/lib/crater-agent-workspace/rustup-home:/opt/rustwide/rustup-home:ro,Z" "-m" "1610612736" "--network" "none" "ghcr.io/rust-lang/crates-build-env/linux@sha256:77db811e55d90add9212f6832c23229e3de5f1c1f9905e8cb07319ea15df73ac" "sleep" "infinity", kill_on_drop: false }`
[INFO] [stdout] 1b857229ad66bffbf99ca8b0ccdb20d6df7a70c3b184f2f1ceed6be3e84557e9
[INFO] running `Command { std: "docker" "start" "1b857229ad66bffbf99ca8b0ccdb20d6df7a70c3b184f2f1ceed6be3e84557e9", kill_on_drop: false }`
[INFO] running `Command { std: "docker" "inspect" "1b857229ad66bffbf99ca8b0ccdb20d6df7a70c3b184f2f1ceed6be3e84557e9", kill_on_drop: false }`
[INFO] running `Command { std: "docker" "exec" "-e" "SOURCE_DIR=/opt/rustwide/workdir" "-e" "CARGO_HOME=/opt/rustwide/cargo-home" "-e" "RUSTUP_HOME=/opt/rustwide/rustup-home" "-e" "CARGO_TARGET_DIR=/opt/rustwide/target" "-w" "/opt/rustwide/workdir" "--user" "0:0" "1b857229ad66bffbf99ca8b0ccdb20d6df7a70c3b184f2f1ceed6be3e84557e9" "/opt/rustwide/cargo-home/bin/cargo" "+1.100.0-beta.1" "metadata" "--no-deps" "--format-version=1", kill_on_drop: false }`
[INFO] running `Command { std: "docker" "inspect" "1b857229ad66bffbf99ca8b0ccdb20d6df7a70c3b184f2f1ceed6be3e84557e9", kill_on_drop: false }`
[INFO] running `Command { std: "docker" "exec" "-e" "SOURCE_DIR=/opt/rustwide/workdir" "-e" "CARGO_HOME=/opt/rustwide/cargo-home" "-e" "RUSTUP_HOME=/opt/rustwide/rustup-home" "-e" "CARGO_TARGET_DIR=/opt/rustwide/target" "-e" "CARGO_INCREMENTAL=0" "-e" "RUST_BACKTRACE=full" "-e" "RUSTFLAGS=--cap-lints=warn" "-e" "RUSTDOCFLAGS=--cap-lints=warn" "-w" "/opt/rustwide/workdir" "--user" "0:0" "1b857229ad66bffbf99ca8b0ccdb20d6df7a70c3b184f2f1ceed6be3e84557e9" "/opt/rustwide/cargo-home/bin/cargo" "+1.100.0-beta.1" "build" "--frozen" "--message-format=json" "--release", kill_on_drop: false }`
[INFO] [stderr]    Compiling futures-io v0.3.34
[INFO] [stderr]    Compiling crossbeam-utils v0.8.23
[INFO] [stderr]    Compiling syn v3.0.9
[INFO] [stderr]    Compiling value-bag v1.14.1
[INFO] [stderr]    Compiling generic-array v0.14.9
[INFO] [stderr]    Compiling smallvec v1.16.3
[INFO] [stderr]    Compiling find-msvc-tools v0.1.14
[INFO] [stderr]    Compiling io-lifetimes v1.0.11
[INFO] [stderr]    Compiling rustix v1.1.5
[INFO] [stderr]    Compiling cc v1.8.0
[INFO] [stderr]    Compiling polling v2.8.0
[INFO] [stderr]    Compiling futures-lite v2.6.1
[INFO] [stderr]    Compiling waker-fn v1.2.0
[INFO] [stderr]    Compiling fastrand v1.9.0
[INFO] [stderr]    Compiling rustix v0.37.28
[INFO] [stderr]    Compiling log v0.4.34
[INFO] [stderr]    Compiling linux-raw-sys v0.12.1
[INFO] [stderr]    Compiling crypto-common v0.1.6
[INFO] [stderr]    Compiling block-buffer v0.10.4
[INFO] [stderr]    Compiling futures-lite v1.13.0
[INFO] [stderr]    Compiling async-lock v2.8.0
[INFO] [stderr]    Compiling syn v2.0.119
[INFO] [stderr]    Compiling async-io v2.6.0
[INFO] [stderr]    Compiling concurrent-queue v2.5.0
[INFO] [stderr]    Compiling async-io v1.13.0
[INFO] [stderr]    Compiling linux-raw-sys v0.3.8
[INFO] [stderr]    Compiling tinyvec v1.13.3
[INFO] [stderr]    Compiling digest v0.10.7
[INFO] [stderr]    Compiling getrandom v0.3.4
[INFO] [stderr]    Compiling unicode-normalization v0.1.26
[INFO] [stderr]    Compiling socket2 v0.4.10
[INFO] [stderr]    Compiling fastrand v2.5.0
[INFO] [stderr]    Compiling ring v0.17.14
[INFO] [stderr]    Compiling semver-parser v0.7.0
[INFO] [stderr]    Compiling rustix v0.38.44
[INFO] [stderr]    Compiling strsim v0.10.0
[INFO] [stderr]    Compiling piper v0.2.5
[INFO] [stderr]    Compiling darling_core v0.13.4
[INFO] [stderr]    Compiling semver v0.9.0
[INFO] [stderr]    Compiling async-channel v2.5.0
[INFO] [stderr]    Compiling matches v0.1.10
[INFO] [stderr]    Compiling heck v0.4.1
[INFO] [stderr]    Compiling enum-as-inner v0.4.0
[INFO] [stderr]    Compiling idna v0.2.3
[INFO] [stderr]    Compiling thiserror-impl v1.0.69
[INFO] [stderr]    Compiling synstructure v0.14.0
[INFO] [stderr]    Compiling darling_macro v0.13.4
[INFO] [stderr]    Compiling thiserror v1.0.69
[INFO] [stderr]    Compiling blocking v1.7.0
[INFO] [stderr]    Compiling rustc_version v0.2.3
[INFO] [stderr]    Compiling rand v0.8.8
[INFO] [stderr]    Compiling parking_lot_core v0.9.12
[INFO] [stderr]    Compiling async-executor v1.5.1
[INFO] [stderr]    Compiling rand_core v0.9.5
[INFO] [stderr]    Compiling event-listener v3.1.0
[INFO] [stderr]    Compiling async-channel v1.9.0
[INFO] [stderr]    Compiling futures-channel v0.3.34
[INFO] [stderr]    Compiling linked-hash-map v0.5.6
[INFO] [stderr]    Compiling rustls v0.21.12
[INFO] [stderr]    Compiling serde_json v1.0.154
[INFO] [stderr]    Compiling zerofrom-derive v0.1.8
[INFO] [stderr]    Compiling yoke-derive v0.8.4
[INFO] [stderr]    Compiling zerovec-derive v0.11.6
[INFO] [stderr]    Compiling displaydoc v0.2.7
[INFO] [stderr]    Compiling tokio-macros v2.7.2
[INFO] [stderr]    Compiling futures-macro v0.3.34
[INFO] [stderr]    Compiling async-trait v0.1.92
[INFO] [stderr]    Compiling tokio v1.53.3
[INFO] [stderr]    Compiling serde_derive v1.0.229
[INFO] [stderr]    Compiling ipnet v2.12.2
[INFO] [stderr]    Compiling zerofrom v0.1.8
[INFO] [stderr]    Compiling yoke v0.8.3
[INFO] [stderr]    Compiling zerovec v0.11.8
[INFO] [stderr]    Compiling zerotrie v0.2.5
[INFO] [stderr]    Compiling polling v3.11.0
[INFO] [stderr]    Compiling futures-util v0.3.34
[INFO] [stderr]    Compiling tinystr v0.8.4
[INFO] [stderr]    Compiling icu_locale_core v2.3.0
[INFO] [stderr]    Compiling potential_utf v0.1.6
[INFO] [stderr]    Compiling icu_collections v2.3.0
[INFO] [stderr]    Compiling async-signal v0.2.14
[INFO] [stderr]    Compiling icu_provider v2.3.1
[INFO] [stderr]    Compiling icu_normalizer v2.3.0
[INFO] [stderr]    Compiling icu_properties v2.3.0
[INFO] [stderr]    Compiling data-encoding v2.11.1
[INFO] [stderr]    Compiling serde v1.0.229
[INFO] [stderr]    Compiling async-process v1.8.1
[INFO] [stderr]    Compiling idna_adapter v1.2.2
[INFO] [stderr]    Compiling idna v1.1.0
[INFO] [stderr]    Compiling time-macros v0.2.32
[INFO] [stderr]    Compiling lru-cache v0.1.2
[INFO] [stderr]    Compiling async-global-executor v2.3.1
[INFO] [stderr]    Compiling url v2.5.8
[INFO] [stderr]    Compiling rand_chacha v0.9.0
[INFO] [stderr]    Compiling trust-dns-proto v0.21.2
[INFO] [stderr]    Compiling parking_lot v0.12.5
[INFO] [stderr]    Compiling rustc_version_runtime v0.2.1
[INFO] [stderr]    Compiling darling v0.13.4
[INFO] [stderr]    Compiling getrandom v0.4.3
[INFO] [stderr]    Compiling kv-log-macro v1.0.7
[INFO] [stderr]    Compiling async-attributes v1.1.2
[INFO] [stderr]    Compiling pin-utils v0.1.1
[INFO] [stderr]    Compiling deranged v0.5.9
[INFO] [stderr]    Compiling time-core v0.1.9
[INFO] [stderr]    Compiling powerfmt v0.2.1
[INFO] [stderr]    Compiling async-std v1.12.0
[INFO] [stderr]    Compiling bitvec v1.1.1
[INFO] [stderr]    Compiling sct v0.7.1
[INFO] [stderr]    Compiling rustls-webpki v0.101.7
[INFO] [stderr]    Compiling time v0.3.55
[INFO] [stderr]    Compiling trust-dns-resolver v0.21.2
[INFO] [stderr]    Compiling uuid v1.28.0
[INFO] [stderr]    Compiling serde_with_macros v1.5.2
[INFO] [stderr]    Compiling rand v0.9.5
[INFO] [stderr]    Compiling ahash v0.8.12
[INFO] [stderr]    Compiling serde_bytes v0.11.19
[INFO] [stderr]    Compiling convert_case v0.4.0
[INFO] [stderr]    Compiling rustls-pemfile v1.0.4
[INFO] [stderr]    Compiling async-std-resolver v0.21.2
[INFO] [stderr]    Compiling derive_more v0.99.20
[INFO] [stderr]    Compiling bson v2.15.0
[INFO] [stderr]    Compiling stringprep v0.1.5
[INFO] [stderr]    Compiling tokio-rustls v0.24.1
[INFO] [stderr]    Compiling tokio-util v0.7.20
[INFO] [stderr]    Compiling chrono v0.4.45
[INFO] [stderr]    Compiling serde_with v1.14.0
[INFO] [stderr]    Compiling sha-1 v0.10.1
[INFO] [stderr]    Compiling sha2 v0.10.9
[INFO] [stderr]    Compiling futures-executor v0.3.34
[INFO] [stderr]    Compiling pbkdf2 v0.11.0
[INFO] [stderr]    Compiling hmac v0.12.1
[INFO] [stderr]    Compiling md-5 v0.10.6
[INFO] [stderr]    Compiling typed-builder v0.10.0
[INFO] [stderr]    Compiling derivative v2.2.0
[INFO] [stderr]    Compiling webpki-roots v0.25.4
[INFO] [stderr]    Compiling base64 v0.13.1
[INFO] [stderr]    Compiling mongodb v2.8.2
[INFO] [stderr]    Compiling shared_mongodb v0.1.7 (/opt/rustwide/workdir)
[INFO] [stderr]     Finished `release` profile [optimized] target(s) in 5m 14s
[INFO] running `Command { std: "docker" "inspect" "1b857229ad66bffbf99ca8b0ccdb20d6df7a70c3b184f2f1ceed6be3e84557e9", kill_on_drop: false }`
[INFO] running `Command { std: "docker" "exec" "-e" "SOURCE_DIR=/opt/rustwide/workdir" "-e" "CARGO_HOME=/opt/rustwide/cargo-home" "-e" "RUSTUP_HOME=/opt/rustwide/rustup-home" "-e" "CARGO_TARGET_DIR=/opt/rustwide/target" "-e" "CARGO_INCREMENTAL=0" "-e" "RUST_BACKTRACE=full" "-e" "RUSTFLAGS=--cap-lints=warn" "-e" "RUSTDOCFLAGS=--cap-lints=warn" "-w" "/opt/rustwide/workdir" "--user" "0:0" "1b857229ad66bffbf99ca8b0ccdb20d6df7a70c3b184f2f1ceed6be3e84557e9" "/opt/rustwide/cargo-home/bin/cargo" "+1.100.0-beta.1" "test" "--frozen" "--no-run" "--message-format=json" "--release", kill_on_drop: false }`
[INFO] [stderr]    Compiling libc v0.2.191
[INFO] [stderr]    Compiling syn v1.0.109
[INFO] [stderr]    Compiling syn v2.0.119
[INFO] [stderr]    Compiling futures-util v0.3.34
[INFO] [stderr]    Compiling pin-project-lite v0.1.12
[INFO] [stderr]    Compiling pin-project-internal v0.4.30
[INFO] [stderr]    Compiling parking_lot_core v0.8.6
[INFO] [stderr]    Compiling instant v0.1.13
[INFO] [stderr]    Compiling url v2.5.8
[INFO] [stderr]    Compiling standback v0.2.17
[INFO] [stderr]    Compiling proc-macro-hack v0.5.20+deprecated
[INFO] [stderr]    Compiling copyless v0.1.5
[INFO] [stderr]    Compiling either v1.19.0
[INFO] [stderr]    Compiling const_fn v0.4.12
[INFO] [stderr]    Compiling http v0.2.12
[INFO] [stderr]    Compiling time v0.2.27
[INFO] [stderr]    Compiling regex-automata v0.4.18
[INFO] [stderr]    Compiling tracing v0.1.44
[INFO] [stderr]    Compiling encoding_rs v0.8.42
[INFO] [stderr]    Compiling cookie v0.14.4
[INFO] [stderr]    Compiling errno v0.3.14
[INFO] [stderr]    Compiling signal-hook-registry v1.4.8
[INFO] [stderr]    Compiling net2 v0.2.39
[INFO] [stderr]    Compiling iovec v0.1.4
[INFO] [stderr]    Compiling mio v0.6.23
[INFO] [stderr]    Compiling getrandom v0.2.17
[INFO] [stderr]    Compiling num_cpus v1.17.0
[INFO] [stderr]    Compiling threadpool v1.8.1
[INFO] [stderr]    Compiling parking_lot v0.11.2
[INFO] [stderr]    Compiling mio-uds v0.6.8
[INFO] [stderr]    Compiling getrandom v0.1.16
[INFO] [stderr]    Compiling tokio v0.2.25
[INFO] [stderr]    Compiling rand_core v0.5.1
[INFO] [stderr]    Compiling io-lifetimes v1.0.11
[INFO] [stderr]    Compiling mio v1.2.4
[INFO] [stderr]    Compiling socket2 v0.6.5
[INFO] [stderr]    Compiling rand_chacha v0.2.2
[INFO] [stderr]    Compiling rustix v0.37.28
[INFO] [stderr]    Compiling tokio v1.53.3
[INFO] [stderr]    Compiling rand_core v0.6.4
[INFO] [stderr]    Compiling getrandom v0.3.4
[INFO] [stderr]    Compiling socket2 v0.4.10
[INFO] [stderr]    Compiling polling v2.8.0
[INFO] [stderr]    Compiling rand_chacha v0.3.1
[INFO] [stderr]    Compiling thiserror-impl v1.0.69
[INFO] [stderr]    Compiling derive_more v0.99.20
[INFO] [stderr]    Compiling pin-project-internal v1.1.13
[INFO] [stderr]    Compiling tokio-util v0.3.1
[INFO] [stderr]    Compiling thiserror v1.0.69
[INFO] [stderr]    Compiling actix-macros v0.1.3
[INFO] [stderr]    Compiling async-io v1.13.0
[INFO] [stderr]    Compiling time-macros-impl v0.1.2
[INFO] [stderr]    Compiling enum-as-inner v0.3.4
[INFO] [stderr]    Compiling darling_core v0.13.4
[INFO] [stderr]    Compiling pin-project v0.4.30
[INFO] [stderr]    Compiling actix-codec v0.3.0
[INFO] [stderr]    Compiling actix-service v1.0.6
[INFO] [stderr]    Compiling rand v0.7.3
[INFO] [stderr]    Compiling futures v0.3.34
[INFO] [stderr]    Compiling ring v0.17.14
[INFO] [stderr]    Compiling actix-threadpool v0.3.3
[INFO] [stderr]    Compiling trust-dns-proto v0.19.7
[INFO] [stderr]    Compiling actix-rt v1.1.1
[INFO] [stderr]    Compiling time-macros v0.1.1
[INFO] [stderr]    Compiling pin-project v1.1.13
[INFO] [stderr]    Compiling enum-as-inner v0.4.0
[INFO] [stderr]    Compiling actix-utils v2.0.0
[INFO] [stderr]    Compiling darling_macro v0.13.4
[INFO] [stderr]    Compiling rand v0.8.8
[INFO] [stderr]    Compiling rand_core v0.9.5
[INFO] [stderr]    Compiling async-signal v0.2.14
[INFO] [stderr]    Compiling parking_lot_core v0.9.12
[INFO] [stderr]    Compiling trust-dns-resolver v0.19.7
[INFO] [stderr]    Compiling parking_lot v0.12.5
[INFO] [stderr]    Compiling trust-dns-proto v0.21.2
[INFO] [stderr]    Compiling async-process v1.8.1
[INFO] [stderr]    Compiling rand_chacha v0.9.0
[INFO] [stderr]    Compiling sct v0.7.1
[INFO] [stderr]    Compiling rustls-webpki v0.101.7
[INFO] [stderr]    Compiling darling v0.13.4
[INFO] [stderr]    Compiling tracing-futures v0.2.5
[INFO] [stderr]    Compiling async-global-executor v2.3.1
[INFO] [stderr]    Compiling async-attributes v1.1.2
[INFO] [stderr]    Compiling regex v1.13.1
[INFO] [stderr]    Compiling getrandom v0.4.3
[INFO] [stderr]    Compiling brotli-decompressor v2.5.1
[INFO] [stderr]    Compiling digest v0.9.0
[INFO] [stderr]    Compiling block-buffer v0.9.0
[INFO] [stderr]    Compiling core_detect v1.0.0
[INFO] [stderr]    Compiling simdutf8 v0.1.5
[INFO] [stderr]    Compiling multiversion_no_op v1.0.0
[INFO] [stderr]    Compiling fxhash v0.2.1
[INFO] [stderr]    Compiling sha-1 v0.9.8
[INFO] [stderr]    Compiling serde_urlencoded v0.7.1
[INFO] [stderr]    Compiling async-std v1.12.0
[INFO] [stderr]    Compiling uuid v1.28.0
[INFO] [stderr]    Compiling brotli v3.5.0
[INFO] [stderr]    Compiling ahash v0.8.12
[INFO] [stderr]    Compiling trust-dns-resolver v0.21.2
[INFO] [stderr]    Compiling rustls v0.21.12
[INFO] [stderr]    Compiling h2 v0.2.7
[INFO] [stderr]    Compiling serde_with_macros v1.5.2
[INFO] [stderr]    Compiling rand v0.9.5
[INFO] [stderr]    Compiling actix-connect v2.0.0
[INFO] [stderr]    Compiling socket2 v0.3.19
[INFO] [stderr]    Compiling itoa v0.4.8
[INFO] [stderr]    Compiling language-tags v0.2.2
[INFO] [stderr]    Compiling bson v2.15.0
[INFO] [stderr]    Compiling actix-server v1.0.4
[INFO] [stderr]    Compiling serde_with v1.14.0
[INFO] [stderr]    Compiling actix-http v2.2.2
[INFO] [stderr]    Compiling tokio-rustls v0.24.1
[INFO] [stderr]    Compiling async-std-resolver v0.21.2
[INFO] [stderr]    Compiling tokio-util v0.7.20
[INFO] [stderr]    Compiling derivative v2.2.0
[INFO] [stderr]    Compiling typed-builder v0.10.0
[INFO] [stderr]    Compiling futures-executor v0.3.34
[INFO] [stderr]    Compiling bytestring v1.5.1
[INFO] [stderr]    Compiling mongodb v2.8.2
[INFO] [stderr]    Compiling actix-router v0.2.7
[INFO] [stderr]    Compiling awc v2.0.3
[INFO] [stderr]    Compiling actix-testing v1.0.1
[INFO] [stderr]    Compiling actix-tls v2.0.0
[INFO] [stderr]    Compiling actix-web-codegen v0.4.0
[INFO] [stderr]    Compiling actix-web v3.3.3
[INFO] [stderr]    Compiling shared_mongodb v0.1.7 (/opt/rustwide/workdir)
[INFO] [stderr]     Finished `release` profile [optimized] target(s) in 6m 26s
[INFO] running `Command { std: "docker" "inspect" "1b857229ad66bffbf99ca8b0ccdb20d6df7a70c3b184f2f1ceed6be3e84557e9", kill_on_drop: false }`
[INFO] running `Command { std: "docker" "exec" "-e" "SOURCE_DIR=/opt/rustwide/workdir" "-e" "CARGO_HOME=/opt/rustwide/cargo-home" "-e" "RUSTUP_HOME=/opt/rustwide/rustup-home" "-e" "CARGO_TARGET_DIR=/opt/rustwide/target" "-e" "CARGO_INCREMENTAL=0" "-e" "RUST_BACKTRACE=full" "-e" "RUSTFLAGS=--cap-lints=warn" "-e" "RUSTDOCFLAGS=--cap-lints=warn" "-w" "/opt/rustwide/workdir" "--user" "0:0" "1b857229ad66bffbf99ca8b0ccdb20d6df7a70c3b184f2f1ceed6be3e84557e9" "/opt/rustwide/cargo-home/bin/cargo" "+1.100.0-beta.1" "test" "--frozen" "--release", kill_on_drop: false }`
[INFO] [stderr]     Finished `release` profile [optimized] target(s) in 0.66s
[INFO] [stderr]      Running unittests src/lib.rs (/opt/rustwide/target/release/build/shared_mongodb/b2c57841d938d22b/out/shared_mongodb-b2c57841d938d22b)
[INFO] [stdout] 
[INFO] [stdout] running 0 tests
[INFO] [stdout] 
[INFO] [stdout] test result: ok. 0 passed; 0 failed; 0 ignored; 0 measured; 0 filtered out; finished in 0.00s
[INFO] [stdout] 
[INFO] [stderr]    Doc-tests shared_mongodb
[INFO] [stdout] 
[INFO] [stdout] running 1 test
[INFO] [stdout] test src/lib.rs - (line 5) ... FAILED
[INFO] [stdout] 
[INFO] [stdout] failures:
[INFO] [stdout] 
[INFO] [stdout] ---- src/lib.rs - (line 5) stdout ----
[INFO] [stdout] error[E0308]: mismatched types
[INFO] [stdout]   --> src/lib.rs:25:28
[INFO] [stdout]    |
[INFO] [stdout] 25 |     let db = database::get(&data, "My_Company");
[INFO] [stdout]    |              ------------- ^^^^^ expected `&Arc<Mutex<ClientHolder>>`, found `&Data<Mutex<ClientHolder>>`
[INFO] [stdout]    |              |
[INFO] [stdout]    |              arguments to this function are incorrect
[INFO] [stdout]    |
[INFO] [stdout]    = note: expected reference `&Arc<tokio::sync::mutex::Mutex<ClientHolder>>`
[INFO] [stdout]               found reference `&Data<std::sync::Mutex<ClientHolder>>`
[INFO] [stdout] note: function defined here
[INFO] [stdout]   --> src/database.rs:41:14
[INFO] [stdout]    |
[INFO] [stdout] 41 | pub async fn get(
[INFO] [stdout]    |              ^^^
[INFO] [stdout] 
[INFO] [stdout] error[E0308]: mismatched types
[INFO] [stdout]   --> src/lib.rs:26:26
[INFO] [stdout]    |
[INFO] [stdout] 26 |     database::disconnect(&data);
[INFO] [stdout]    |     -------------------- ^^^^^ expected `&Arc<Mutex<ClientHolder>>`, found `&Data<Mutex<ClientHolder>>`
[INFO] [stdout]    |     |
[INFO] [stdout]    |     arguments to this function are incorrect
[INFO] [stdout]    |
[INFO] [stdout]    = note: expected reference `&Arc<tokio::sync::mutex::Mutex<ClientHolder>>`
[INFO] [stdout]               found reference `&Data<std::sync::Mutex<ClientHolder>>`
[INFO] [stdout] note: function defined here
[INFO] [stdout]   --> src/database.rs:54:14
[INFO] [stdout]    |
[INFO] [stdout] 54 | pub async fn disconnect(data: &Arc<Mutex<ClientHolder>>) {
[INFO] [stdout]    |              ^^^^^^^^^^
[INFO] [stdout] 
[INFO] [stdout] error[E0425]: cannot find function `start_transaction` in this scope
[INFO] [stdout]   --> src/lib.rs:28:19
[INFO] [stdout]    |
[INFO] [stdout] 28 |     let session = start_transaction(&data)?;
[INFO] [stdout]    |                   ^^^^^^^^^^^^^^^^^ not found in this scope
[INFO] [stdout] 
[INFO] [stdout] error[E0425]: cannot find function `commit_transaction` in this scope
[INFO] [stdout]   --> src/lib.rs:29:5
[INFO] [stdout]    |
[INFO] [stdout] 29 |     commit_transaction(&mut session);
[INFO] [stdout]    |     ^^^^^^^^^^^^^^^^^^ not found in this scope
[INFO] [stdout] 
[INFO] [stdout] error: aborting due to 4 previous errors
[INFO] [stdout] 
[INFO] [stdout] Some errors have detailed explanations: E0308, E0425.
[INFO] [stdout] For more information about an error, try `rustc --explain E0308`.
[INFO] [stdout] Couldn't compile the test.
[INFO] [stdout] 
[INFO] [stdout] failures:
[INFO] [stdout]     src/lib.rs - (line 5)
[INFO] [stdout] 
[INFO] [stdout] test result: FAILED. 0 passed; 1 failed; 0 ignored; 0 measured; 0 filtered out; finished in 0.50s
[INFO] [stdout] 
[INFO] [stderr] error: doctest failed, to rerun pass `--doc`
[INFO] running `Command { std: "docker" "inspect" "1b857229ad66bffbf99ca8b0ccdb20d6df7a70c3b184f2f1ceed6be3e84557e9", kill_on_drop: false }`
[INFO] running `Command { std: "docker" "rm" "-f" "1b857229ad66bffbf99ca8b0ccdb20d6df7a70c3b184f2f1ceed6be3e84557e9", kill_on_drop: false }`
[INFO] [stdout] 1b857229ad66bffbf99ca8b0ccdb20d6df7a70c3b184f2f1ceed6be3e84557e9
