[INFO] fetching crate shared_lib 0.1.1...
[INFO] testing shared_lib-0.1.1 against 1.99.0-beta.8+cargoflags=--release for beta-release-1.100-2
[INFO] extracting crate shared_lib 0.1.1 into /workspace/builds/worker-7-tc1/source
[INFO] started tweaking crates.io crate shared_lib 0.1.1
[INFO] finished tweaking crates.io crate shared_lib 0.1.1
[INFO] tweaked toml for crates.io crate shared_lib 0.1.1 written to /workspace/builds/worker-7-tc1/source/Cargo.toml
[INFO] validating manifest of crates.io crate shared_lib 0.1.1 on toolchain 1.99.0-beta.8
[INFO] running `Command { std: CARGO_HOME="/workspace/cargo-home" RUSTUP_HOME="/workspace/rustup-home" "/workspace/cargo-home/bin/cargo" "+1.99.0-beta.8" "metadata" "--manifest-path" "Cargo.toml" "--no-deps", kill_on_drop: false }`
[INFO] running `Command { std: CARGO_HOME="/workspace/cargo-home" RUSTUP_HOME="/workspace/rustup-home" "/workspace/cargo-home/bin/cargo" "+1.99.0-beta.8" "generate-lockfile" "--manifest-path" "Cargo.toml", kill_on_drop: false }`
[INFO] [stderr]     Updating crates.io index
[INFO] [stderr]      Locking 9 packages to highest compatible versions
[INFO] [stderr]       Adding libloading v0.8.9 (available: v0.9.0)
[INFO] [stderr]       Adding thiserror v1.0.69 (available: v2.0.21)
[INFO] running `Command { std: CARGO_HOME="/workspace/cargo-home" RUSTUP_HOME="/workspace/rustup-home" "/workspace/cargo-home/bin/cargo" "+1.99.0-beta.8" "fetch" "--manifest-path" "Cargo.toml", kill_on_drop: false }`
[INFO] running `Command { std: "docker" "create" "-v" "/var/lib/crater-agent-workspace/builds/worker-7-tc1/source:/opt/rustwide/workdir:ro,Z" "-v" "/var/lib/crater-agent-workspace/builds/worker-7-tc1/target:/opt/rustwide/target:rw,Z" "-v" "/var/lib/crater-agent-workspace/cargo-home:/opt/rustwide/cargo-home:ro,Z" "-v" "/var/lib/crater-agent-workspace/rustup-home:/opt/rustwide/rustup-home:ro,Z" "-m" "1610612736" "--network" "none" "ghcr.io/rust-lang/crates-build-env/linux@sha256:77db811e55d90add9212f6832c23229e3de5f1c1f9905e8cb07319ea15df73ac" "sleep" "infinity", kill_on_drop: false }`
[INFO] [stdout] bf5b5c74afa435585c20298884ba07914dabf608b223bd52d64de5bc1fc657e8
[INFO] running `Command { std: "docker" "start" "bf5b5c74afa435585c20298884ba07914dabf608b223bd52d64de5bc1fc657e8", kill_on_drop: false }`
[INFO] running `Command { std: "docker" "inspect" "bf5b5c74afa435585c20298884ba07914dabf608b223bd52d64de5bc1fc657e8", kill_on_drop: false }`
[INFO] running `Command { std: "docker" "exec" "-e" "SOURCE_DIR=/opt/rustwide/workdir" "-e" "CARGO_HOME=/opt/rustwide/cargo-home" "-e" "RUSTUP_HOME=/opt/rustwide/rustup-home" "-e" "CARGO_TARGET_DIR=/opt/rustwide/target" "-w" "/opt/rustwide/workdir" "--user" "0:0" "bf5b5c74afa435585c20298884ba07914dabf608b223bd52d64de5bc1fc657e8" "/opt/rustwide/cargo-home/bin/cargo" "+1.99.0-beta.8" "metadata" "--no-deps" "--format-version=1", kill_on_drop: false }`
[INFO] running `Command { std: "docker" "inspect" "bf5b5c74afa435585c20298884ba07914dabf608b223bd52d64de5bc1fc657e8", kill_on_drop: false }`
[INFO] running `Command { std: "docker" "exec" "-e" "SOURCE_DIR=/opt/rustwide/workdir" "-e" "CARGO_HOME=/opt/rustwide/cargo-home" "-e" "RUSTUP_HOME=/opt/rustwide/rustup-home" "-e" "CARGO_TARGET_DIR=/opt/rustwide/target" "-e" "CARGO_INCREMENTAL=0" "-e" "RUST_BACKTRACE=full" "-e" "RUSTFLAGS=--cap-lints=warn" "-e" "RUSTDOCFLAGS=--cap-lints=warn" "-w" "/opt/rustwide/workdir" "--user" "0:0" "bf5b5c74afa435585c20298884ba07914dabf608b223bd52d64de5bc1fc657e8" "/opt/rustwide/cargo-home/bin/cargo" "+1.99.0-beta.8" "build" "--frozen" "--message-format=json" "--release", kill_on_drop: false }`
[INFO] [stderr]    Compiling libloading v0.8.9
[INFO] [stderr]    Compiling shared_lib v0.1.1 (/opt/rustwide/workdir)
[INFO] [stdout] warning: hiding a lifetime that's elided elsewhere is confusing
[INFO] [stdout]    --> src/lib.rs:200:29
[INFO] [stdout]     |
[INFO] [stdout] 200 |     pub unsafe fn get_fn<T>(&self, fn_name: &str) -> Result<SharedLibFn<T>, SharedLibError> {
[INFO] [stdout]     |                             ^^^^^                           ^^^^^^^^^^^^^^ the same lifetime is hidden here
[INFO] [stdout]     |                             |
[INFO] [stdout]     |                             the lifetime is elided here
[INFO] [stdout]     |
[INFO] [stdout]     = help: the same lifetime is referred to in inconsistent ways, making the signature confusing
[INFO] [stdout]     = note: `#[warn(mismatched_lifetime_syntaxes)]` on by default
[INFO] [stdout] help: use `'_` for type paths
[INFO] [stdout]     |
[INFO] [stdout] 200 |     pub unsafe fn get_fn<T>(&self, fn_name: &str) -> Result<SharedLibFn<'_, T>, SharedLibError> {
[INFO] [stdout]     |                                                                         +++
[INFO] [stdout] 
[INFO] [stdout] 
[INFO] [stderr]     Finished `release` profile [optimized] target(s) in 0.65s
[INFO] running `Command { std: "docker" "inspect" "bf5b5c74afa435585c20298884ba07914dabf608b223bd52d64de5bc1fc657e8", kill_on_drop: false }`
[INFO] running `Command { std: "docker" "exec" "-e" "SOURCE_DIR=/opt/rustwide/workdir" "-e" "CARGO_HOME=/opt/rustwide/cargo-home" "-e" "RUSTUP_HOME=/opt/rustwide/rustup-home" "-e" "CARGO_TARGET_DIR=/opt/rustwide/target" "-e" "CARGO_INCREMENTAL=0" "-e" "RUST_BACKTRACE=full" "-e" "RUSTFLAGS=--cap-lints=warn" "-e" "RUSTDOCFLAGS=--cap-lints=warn" "-w" "/opt/rustwide/workdir" "--user" "0:0" "bf5b5c74afa435585c20298884ba07914dabf608b223bd52d64de5bc1fc657e8" "/opt/rustwide/cargo-home/bin/cargo" "+1.99.0-beta.8" "test" "--frozen" "--no-run" "--message-format=json" "--release", kill_on_drop: false }`
[INFO] [stderr]    Compiling shared_lib v0.1.1 (/opt/rustwide/workdir)
[INFO] [stdout] warning: hiding a lifetime that's elided elsewhere is confusing
[INFO] [stdout]    --> src/lib.rs:200:29
[INFO] [stdout]     |
[INFO] [stdout] 200 |     pub unsafe fn get_fn<T>(&self, fn_name: &str) -> Result<SharedLibFn<T>, SharedLibError> {
[INFO] [stdout]     |                             ^^^^^                           ^^^^^^^^^^^^^^ the same lifetime is hidden here
[INFO] [stdout]     |                             |
[INFO] [stdout]     |                             the lifetime is elided here
[INFO] [stdout]     |
[INFO] [stdout]     = help: the same lifetime is referred to in inconsistent ways, making the signature confusing
[INFO] [stdout]     = note: `#[warn(mismatched_lifetime_syntaxes)]` on by default
[INFO] [stdout] help: use `'_` for type paths
[INFO] [stdout]     |
[INFO] [stdout] 200 |     pub unsafe fn get_fn<T>(&self, fn_name: &str) -> Result<SharedLibFn<'_, T>, SharedLibError> {
[INFO] [stdout]     |                                                                         +++
[INFO] [stdout] 
[INFO] [stdout] 
[INFO] [stdout] warning: hiding a lifetime that's elided elsewhere is confusing
[INFO] [stdout]    --> src/lib.rs:200:29
[INFO] [stdout]     |
[INFO] [stdout] 200 |     pub unsafe fn get_fn<T>(&self, fn_name: &str) -> Result<SharedLibFn<T>, SharedLibError> {
[INFO] [stdout]     |                             ^^^^^                           ^^^^^^^^^^^^^^ the same lifetime is hidden here
[INFO] [stdout]     |                             |
[INFO] [stdout]     |                             the lifetime is elided here
[INFO] [stdout]     |
[INFO] [stdout]     = help: the same lifetime is referred to in inconsistent ways, making the signature confusing
[INFO] [stdout]     = note: `#[warn(mismatched_lifetime_syntaxes)]` on by default
[INFO] [stdout] help: use `'_` for type paths
[INFO] [stdout]     |
[INFO] [stdout] 200 |     pub unsafe fn get_fn<T>(&self, fn_name: &str) -> Result<SharedLibFn<'_, T>, SharedLibError> {
[INFO] [stdout]     |                                                                         +++
[INFO] [stdout] 
[INFO] [stdout] 
[INFO] [stderr]     Finished `release` profile [optimized] target(s) in 0.53s
[INFO] running `Command { std: "docker" "inspect" "bf5b5c74afa435585c20298884ba07914dabf608b223bd52d64de5bc1fc657e8", kill_on_drop: false }`
[INFO] running `Command { std: "docker" "exec" "-e" "SOURCE_DIR=/opt/rustwide/workdir" "-e" "CARGO_HOME=/opt/rustwide/cargo-home" "-e" "RUSTUP_HOME=/opt/rustwide/rustup-home" "-e" "CARGO_TARGET_DIR=/opt/rustwide/target" "-e" "CARGO_INCREMENTAL=0" "-e" "RUST_BACKTRACE=full" "-e" "RUSTFLAGS=--cap-lints=warn" "-e" "RUSTDOCFLAGS=--cap-lints=warn" "-w" "/opt/rustwide/workdir" "--user" "0:0" "bf5b5c74afa435585c20298884ba07914dabf608b223bd52d64de5bc1fc657e8" "/opt/rustwide/cargo-home/bin/cargo" "+1.99.0-beta.8" "test" "--frozen" "--release", kill_on_drop: false }`
[INFO] [stderr] warning: hiding a lifetime that's elided elsewhere is confusing
[INFO] [stderr]    --> src/lib.rs:200:29
[INFO] [stderr]     |
[INFO] [stderr] 200 |     pub unsafe fn get_fn<T>(&self, fn_name: &str) -> Result<SharedLibFn<T>, SharedLibError> {
[INFO] [stderr]     |                             ^^^^^                           ^^^^^^^^^^^^^^ the same lifetime is hidden here
[INFO] [stderr]     |                             |
[INFO] [stderr]     |                             the lifetime is elided here
[INFO] [stderr]     |
[INFO] [stderr]     = help: the same lifetime is referred to in inconsistent ways, making the signature confusing
[INFO] [stderr]     = note: `#[warn(mismatched_lifetime_syntaxes)]` on by default
[INFO] [stderr] help: use `'_` for type paths
[INFO] [stderr]     |
[INFO] [stderr] 200 |     pub unsafe fn get_fn<T>(&self, fn_name: &str) -> Result<SharedLibFn<'_, T>, SharedLibError> {
[INFO] [stderr]     |                                                                         +++
[INFO] [stderr] 
[INFO] [stderr] warning: `shared_lib` (lib) generated 1 warning (run `cargo fix --lib -p shared_lib` to apply 1 suggestion)
[INFO] [stderr] warning: `shared_lib` (lib test) generated 1 warning (1 duplicate)
[INFO] [stderr]     Finished `release` profile [optimized] target(s) in 0.02s
[INFO] [stderr]      Running unittests src/lib.rs (/opt/rustwide/target/release/deps/shared_lib-390b19be095d4dcc)
[INFO] [stdout] 
[INFO] [stdout] running 4 tests
[INFO] [stdout] test tests::create_lib_path ... ok
[INFO] [stdout] test tests::create_lib_name_empty - should panic ... ok
[INFO] [stdout] test tests::create_lib_name ... ok
[INFO] [stdout] test tests::create_lib_path_empty - should panic ... ok
[INFO] [stdout] 
[INFO] [stdout] test result: ok. 4 passed; 0 failed; 0 ignored; 0 measured; 0 filtered out; finished in 0.02s
[INFO] [stdout] 
[INFO] [stderr]      Running tests/integration.rs (/opt/rustwide/target/release/deps/integration-b1862308004c0a1b)
[INFO] [stdout] 
[INFO] [stdout] running 5 tests
[INFO] [stdout] test call_fn_from_shared_lib ... FAILED
[INFO] [stdout] test get_fn_from_shared_lib ... FAILED
[INFO] [stdout] test get_fn_from_shared_lib_fail - should panic ... ok
[INFO] [stdout] test create_shared_lib_fail - should panic ... ok
[INFO] [stdout] test create_shared_lib ... FAILED
[INFO] [stdout] 
[INFO] [stdout] failures:
[INFO] [stdout] 
[INFO] [stdout] ---- call_fn_from_shared_lib stdout ----
[INFO] [stdout] 
[INFO] [stdout] thread 'call_fn_from_shared_lib' (188) panicked at tests/integration.rs:40:44:
[INFO] [stdout] called `Result::unwrap()` on an `Err` value: LoadFailure { path: "libcalculator.so", msg: "libcalculator.so: cannot open shared object file: No such file or directory" }
[INFO] [stdout] stack backtrace:
[INFO] [stdout]    0:     0x5dcd927cea71 - <<std[70759c8f55707aa4]::sys::backtrace::BacktraceLock>::print::DisplayBacktrace as core[df12db4294e9bfd3]::fmt::Display>::fmt
[INFO] [stdout]    1:     0x5dcd927e2e3a - core[df12db4294e9bfd3]::fmt::write
[INFO] [stdout]    2:     0x5dcd927d2f0c - <alloc[2182bb758b4b3781]::vec::Vec<u8> as core[df12db4294e9bfd3]::io::write::Write>::write_fmt
[INFO] [stdout]    3:     0x5dcd927aaed6 - std[70759c8f55707aa4]::panicking::default_hook::{closure#0}
[INFO] [stdout]    4:     0x5dcd927c71d9 - std[70759c8f55707aa4]::panicking::default_hook
[INFO] [stdout]    5:     0x5dcd92762300 - test[9d35eded1c95d3be]::test_main_inner::<test[9d35eded1c95d3be]::test_main_static::{closure#0}>::{closure#0}
[INFO] [stdout]    6:     0x5dcd927c7392 - std[70759c8f55707aa4]::panicking::panic_with_hook
[INFO] [stdout]    7:     0x5dcd927aaf82 - std[70759c8f55707aa4]::panicking::panic_handler::{closure#0}
[INFO] [stdout]    8:     0x5dcd927a3d09 - std[70759c8f55707aa4]::sys::backtrace::__rust_end_short_backtrace::<std[70759c8f55707aa4]::panicking::panic_handler::{closure#0}, !>
[INFO] [stdout]    9:     0x5dcd927abb7d - __rustc[8fa7c3cbc660c2b3]::rust_begin_unwind
[INFO] [stdout]   10:     0x5dcd927e356c - core[df12db4294e9bfd3]::panicking::panic_fmt
[INFO] [stdout]   11:     0x5dcd927e3342 - core[df12db4294e9bfd3]::result::unwrap_failed
[INFO] [stdout]   12:     0x5dcd927551e9 - <integration[9bf2ed97b59b3e0b]::call_fn_from_shared_lib::{closure#0} as core[df12db4294e9bfd3]::ops::function::FnOnce<()>>::call_once
[INFO] [stdout]   13:     0x5dcd927555eb - test[9d35eded1c95d3be]::__rust_begin_short_backtrace::<core[df12db4294e9bfd3]::result::Result<(), alloc[2182bb758b4b3781]::string::String>, fn() -> core[df12db4294e9bfd3]::result::Result<(), alloc[2182bb758b4b3781]::string::String>>
[INFO] [stdout]   14:     0x5dcd92762c55 - test[9d35eded1c95d3be]::run_test::{closure#0}
[INFO] [stdout]   15:     0x5dcd9275c514 - std[70759c8f55707aa4]::sys::backtrace::__rust_begin_short_backtrace::<test[9d35eded1c95d3be]::run_test::{closure#1}, ()>
[INFO] [stdout]   16:     0x5dcd92765db2 - <std[70759c8f55707aa4]::thread::lifecycle::spawn_unchecked<test[9d35eded1c95d3be]::run_test::{closure#1}, ()>::{closure#1} as core[df12db4294e9bfd3]::ops::function::FnOnce<()>>::call_once::{shim:vtable#0}
[INFO] [stdout]   17:     0x5dcd927ce349 - <std[70759c8f55707aa4]::sys::thread::unix::Thread>::new::thread_start
[INFO] [stdout]   18:     0x796248099dfa - <unknown>
[INFO] [stdout]   19:     0x79624812d3d4 - clone
[INFO] [stdout]   20:                0x0 - <unknown>
[INFO] [stdout] 
[INFO] [stdout] ---- get_fn_from_shared_lib stdout ----
[INFO] [stdout] 
[INFO] [stdout] thread 'get_fn_from_shared_lib' (191) panicked at tests/integration.rs:22:44:
[INFO] [stdout] called `Result::unwrap()` on an `Err` value: LoadFailure { path: "libcalculator.so", msg: "libcalculator.so: cannot open shared object file: No such file or directory" }
[INFO] [stdout] stack backtrace:
[INFO] [stdout]    0:     0x5dcd927cea71 - <<std[70759c8f55707aa4]::sys::backtrace::BacktraceLock>::print::DisplayBacktrace as core[df12db4294e9bfd3]::fmt::Display>::fmt
[INFO] [stdout]    1:     0x5dcd927e2e3a - core[df12db4294e9bfd3]::fmt::write
[INFO] [stdout]    2:     0x5dcd927d2f0c - <alloc[2182bb758b4b3781]::vec::Vec<u8> as core[df12db4294e9bfd3]::io::write::Write>::write_fmt
[INFO] [stdout]    3:     0x5dcd927aaed6 - std[70759c8f55707aa4]::panicking::default_hook::{closure#0}
[INFO] [stdout]    4:     0x5dcd927c71d9 - std[70759c8f55707aa4]::panicking::default_hook
[INFO] [stdout]    5:     0x5dcd92762300 - test[9d35eded1c95d3be]::test_main_inner::<test[9d35eded1c95d3be]::test_main_static::{closure#0}>::{closure#0}
[INFO] [stdout]    6:     0x5dcd927c7392 - std[70759c8f55707aa4]::panicking::panic_with_hook
[INFO] [stdout]    7:     0x5dcd927aaf82 - std[70759c8f55707aa4]::panicking::panic_handler::{closure#0}
[INFO] [stdout]    8:     0x5dcd927a3d09 - std[70759c8f55707aa4]::sys::backtrace::__rust_end_short_backtrace::<std[70759c8f55707aa4]::panicking::panic_handler::{closure#0}, !>
[INFO] [stdout]    9:     0x5dcd927abb7d - __rustc[8fa7c3cbc660c2b3]::rust_begin_unwind
[INFO] [stdout]   10:     0x5dcd927e356c - core[df12db4294e9bfd3]::panicking::panic_fmt
[INFO] [stdout]   11:     0x5dcd927e3342 - core[df12db4294e9bfd3]::result::unwrap_failed
[INFO] [stdout]   12:     0x5dcd92754f30 - <integration[9bf2ed97b59b3e0b]::get_fn_from_shared_lib::{closure#0} as core[df12db4294e9bfd3]::ops::function::FnOnce<()>>::call_once
[INFO] [stdout]   13:     0x5dcd927555eb - test[9d35eded1c95d3be]::__rust_begin_short_backtrace::<core[df12db4294e9bfd3]::result::Result<(), alloc[2182bb758b4b3781]::string::String>, fn() -> core[df12db4294e9bfd3]::result::Result<(), alloc[2182bb758b4b3781]::string::String>>
[INFO] [stdout]   14:     0x5dcd92762c55 - test[9d35eded1c95d3be]::run_test::{closure#0}
[INFO] [stdout]   15:     0x5dcd9275c514 - std[70759c8f55707aa4]::sys::backtrace::__rust_begin_short_backtrace::<test[9d35eded1c95d3be]::run_test::{closure#1}, ()>
[INFO] [stdout]   16:     0x5dcd92765db2 - <std[70759c8f55707aa4]::thread::lifecycle::spawn_unchecked<test[9d35eded1c95d3be]::run_test::{closure#1}, ()>::{closure#1} as core[df12db4294e9bfd3]::ops::function::FnOnce<()>>::call_once::{shim:vtable#0}
[INFO] [stdout]   17:     0x5dcd927ce349 - <std[70759c8f55707aa4]::sys::thread::unix::Thread>::new::thread_start
[INFO] [stderr] error: test failed, to rerun pass `--test integration`
[INFO] [stdout]   18:     0x796248099dfa - <unknown>
[INFO] [stdout]   19:     0x79624812d3d4 - clone
[INFO] [stdout]   20:                0x0 - <unknown>
[INFO] [stdout] 
[INFO] [stdout] ---- create_shared_lib stdout ----
[INFO] [stdout] 
[INFO] [stdout] thread 'create_shared_lib' (189) panicked at tests/integration.rs:7:34:
[INFO] [stdout] called `Result::unwrap()` on an `Err` value: LoadFailure { path: "libcalculator.so", msg: "libcalculator.so: cannot open shared object file: No such file or directory" }
[INFO] [stdout] stack backtrace:
[INFO] [stdout]    0:     0x5dcd927cea71 - <<std[70759c8f55707aa4]::sys::backtrace::BacktraceLock>::print::DisplayBacktrace as core[df12db4294e9bfd3]::fmt::Display>::fmt
[INFO] [stdout]    1:     0x5dcd927e2e3a - core[df12db4294e9bfd3]::fmt::write
[INFO] [stdout]    2:     0x5dcd927d2f0c - <alloc[2182bb758b4b3781]::vec::Vec<u8> as core[df12db4294e9bfd3]::io::write::Write>::write_fmt
[INFO] [stdout]    3:     0x5dcd927aaed6 - std[70759c8f55707aa4]::panicking::default_hook::{closure#0}
[INFO] [stdout]    4:     0x5dcd927c71d9 - std[70759c8f55707aa4]::panicking::default_hook
[INFO] [stdout]    5:     0x5dcd92762300 - test[9d35eded1c95d3be]::test_main_inner::<test[9d35eded1c95d3be]::test_main_static::{closure#0}>::{closure#0}
[INFO] [stdout]    6:     0x5dcd927c7392 - std[70759c8f55707aa4]::panicking::panic_with_hook
[INFO] [stdout]    7:     0x5dcd927aaf82 - std[70759c8f55707aa4]::panicking::panic_handler::{closure#0}
[INFO] [stdout]    8:     0x5dcd927a3d09 - std[70759c8f55707aa4]::sys::backtrace::__rust_end_short_backtrace::<std[70759c8f55707aa4]::panicking::panic_handler::{closure#0}, !>
[INFO] [stdout]    9:     0x5dcd927abb7d - __rustc[8fa7c3cbc660c2b3]::rust_begin_unwind
[INFO] [stdout]   10:     0x5dcd927e356c - core[df12db4294e9bfd3]::panicking::panic_fmt
[INFO] [stdout]   11:     0x5dcd927e3342 - core[df12db4294e9bfd3]::result::unwrap_failed
[INFO] [stdout]   12:     0x5dcd92754b8e - <integration[9bf2ed97b59b3e0b]::create_shared_lib::{closure#0} as core[df12db4294e9bfd3]::ops::function::FnOnce<()>>::call_once
[INFO] [stdout]   13:     0x5dcd927555eb - test[9d35eded1c95d3be]::__rust_begin_short_backtrace::<core[df12db4294e9bfd3]::result::Result<(), alloc[2182bb758b4b3781]::string::String>, fn() -> core[df12db4294e9bfd3]::result::Result<(), alloc[2182bb758b4b3781]::string::String>>
[INFO] [stdout]   14:     0x5dcd92762c55 - test[9d35eded1c95d3be]::run_test::{closure#0}
[INFO] [stdout]   15:     0x5dcd9275c514 - std[70759c8f55707aa4]::sys::backtrace::__rust_begin_short_backtrace::<test[9d35eded1c95d3be]::run_test::{closure#1}, ()>
[INFO] [stdout]   16:     0x5dcd92765db2 - <std[70759c8f55707aa4]::thread::lifecycle::spawn_unchecked<test[9d35eded1c95d3be]::run_test::{closure#1}, ()>::{closure#1} as core[df12db4294e9bfd3]::ops::function::FnOnce<()>>::call_once::{shim:vtable#0}
[INFO] [stdout]   17:     0x5dcd927ce349 - <std[70759c8f55707aa4]::sys::thread::unix::Thread>::new::thread_start
[INFO] [stdout]   18:     0x796248099dfa - <unknown>
[INFO] [stdout]   19:     0x79624812d3d4 - clone
[INFO] [stdout]   20:                0x0 - <unknown>
[INFO] [stdout] 
[INFO] [stdout] 
[INFO] [stdout] failures:
[INFO] [stdout]     call_fn_from_shared_lib
[INFO] [stdout]     create_shared_lib
[INFO] [stdout]     get_fn_from_shared_lib
[INFO] [stdout] 
[INFO] [stdout] test result: FAILED. 2 passed; 3 failed; 0 ignored; 0 measured; 0 filtered out; finished in 0.01s
[INFO] [stdout] 
[INFO] running `Command { std: "docker" "inspect" "bf5b5c74afa435585c20298884ba07914dabf608b223bd52d64de5bc1fc657e8", kill_on_drop: false }`
[INFO] running `Command { std: "docker" "rm" "-f" "bf5b5c74afa435585c20298884ba07914dabf608b223bd52d64de5bc1fc657e8", kill_on_drop: false }`
[INFO] [stdout] bf5b5c74afa435585c20298884ba07914dabf608b223bd52d64de5bc1fc657e8
