[INFO] fetching crate shared 0.1.2...
[INFO] testing shared-0.1.2 against 1.100.0-beta.1+cargoflags=--release for beta-release-1.100-2
[INFO] extracting crate shared 0.1.2 into /workspace/builds/worker-1-tc2/source
[INFO] started tweaking crates.io crate shared 0.1.2
[INFO] finished tweaking crates.io crate shared 0.1.2
[INFO] tweaked toml for crates.io crate shared 0.1.2 written to /workspace/builds/worker-1-tc2/source/Cargo.toml
[INFO] validating manifest of crates.io crate shared 0.1.2 on toolchain 1.100.0-beta.1
[INFO] running `Command { std: CARGO_HOME="/workspace/cargo-home" RUSTUP_HOME="/workspace/rustup-home" "/workspace/cargo-home/bin/cargo" "+1.100.0-beta.1" "metadata" "--manifest-path" "Cargo.toml" "--no-deps", kill_on_drop: false }`
[INFO] running `Command { std: CARGO_HOME="/workspace/cargo-home" RUSTUP_HOME="/workspace/rustup-home" "/workspace/cargo-home/bin/cargo" "+1.100.0-beta.1" "generate-lockfile" "--manifest-path" "Cargo.toml", kill_on_drop: false }`
[INFO] [stderr]     Updating crates.io index
[INFO] [stderr]      Locking 30 packages to highest compatible versions
[INFO] [stderr]       Adding bare-metal v0.2.5 (available: v1.0.0)
[INFO] [stderr]       Adding cortex-m v0.5.11 (available: v0.7.9)
[INFO] running `Command { std: CARGO_HOME="/workspace/cargo-home" RUSTUP_HOME="/workspace/rustup-home" "/workspace/cargo-home/bin/cargo" "+1.100.0-beta.1" "fetch" "--manifest-path" "Cargo.toml", kill_on_drop: false }`
[INFO] running `Command { std: "docker" "create" "-v" "/var/lib/crater-agent-workspace/builds/worker-1-tc2/source:/opt/rustwide/workdir:ro,Z" "-v" "/var/lib/crater-agent-workspace/builds/worker-1-tc2/target:/opt/rustwide/target:rw,Z" "-v" "/var/lib/crater-agent-workspace/cargo-home:/opt/rustwide/cargo-home:ro,Z" "-v" "/var/lib/crater-agent-workspace/rustup-home:/opt/rustwide/rustup-home:ro,Z" "-m" "1610612736" "--network" "none" "ghcr.io/rust-lang/crates-build-env/linux@sha256:77db811e55d90add9212f6832c23229e3de5f1c1f9905e8cb07319ea15df73ac" "sleep" "infinity", kill_on_drop: false }`
[INFO] [stdout] b2c94c69629da1201efc50b12983ed65b742172b8138124027b65df12cb5d135
[INFO] running `Command { std: "docker" "start" "b2c94c69629da1201efc50b12983ed65b742172b8138124027b65df12cb5d135", kill_on_drop: false }`
[INFO] running `Command { std: "docker" "inspect" "b2c94c69629da1201efc50b12983ed65b742172b8138124027b65df12cb5d135", kill_on_drop: false }`
[INFO] running `Command { std: "docker" "exec" "-e" "SOURCE_DIR=/opt/rustwide/workdir" "-e" "CARGO_HOME=/opt/rustwide/cargo-home" "-e" "RUSTUP_HOME=/opt/rustwide/rustup-home" "-e" "CARGO_TARGET_DIR=/opt/rustwide/target" "-w" "/opt/rustwide/workdir" "--user" "0:0" "b2c94c69629da1201efc50b12983ed65b742172b8138124027b65df12cb5d135" "/opt/rustwide/cargo-home/bin/cargo" "+1.100.0-beta.1" "metadata" "--no-deps" "--format-version=1", kill_on_drop: false }`
[INFO] running `Command { std: "docker" "inspect" "b2c94c69629da1201efc50b12983ed65b742172b8138124027b65df12cb5d135", kill_on_drop: false }`
[INFO] running `Command { std: "docker" "exec" "-e" "SOURCE_DIR=/opt/rustwide/workdir" "-e" "CARGO_HOME=/opt/rustwide/cargo-home" "-e" "RUSTUP_HOME=/opt/rustwide/rustup-home" "-e" "CARGO_TARGET_DIR=/opt/rustwide/target" "-e" "CARGO_INCREMENTAL=0" "-e" "RUST_BACKTRACE=full" "-e" "RUSTFLAGS=--cap-lints=warn" "-e" "RUSTDOCFLAGS=--cap-lints=warn" "-w" "/opt/rustwide/workdir" "--user" "0:0" "b2c94c69629da1201efc50b12983ed65b742172b8138124027b65df12cb5d135" "/opt/rustwide/cargo-home/bin/cargo" "+1.100.0-beta.1" "build" "--frozen" "--message-format=json" "--release", kill_on_drop: false }`
[INFO] [stderr]    Compiling semver-parser v0.7.0
[INFO] [stderr]    Compiling nb v1.1.0
[INFO] [stderr]    Compiling cortex-m v0.7.9
[INFO] [stderr]    Compiling cortex-m-macros v0.7.8
[INFO] [stderr]    Compiling void v1.0.2
[INFO] [stderr]    Compiling vcell v0.1.3
[INFO] [stderr]    Compiling bitfield v0.13.2
[INFO] [stderr]    Compiling critical-section v1.2.0
[INFO] [stderr]    Compiling cortex-m v0.6.7
[INFO] [stderr]    Compiling embedded-hal v1.0.0
[INFO] [stderr]    Compiling cortex-m v0.5.11
[INFO] [stderr]    Compiling proc-macro2 v1.0.107
[INFO] [stderr]    Compiling generic-array v0.14.9
[INFO] [stderr]    Compiling generic-array v0.13.3
[INFO] [stderr]    Compiling generic-array v0.12.4
[INFO] [stderr]    Compiling aligned v0.2.0
[INFO] [stderr]    Compiling nb v0.1.3
[INFO] [stderr]    Compiling volatile-register v0.2.2
[INFO] [stderr]    Compiling embedded-hal v0.2.7
[INFO] [stderr]    Compiling semver v0.9.0
[INFO] [stderr]    Compiling rustc_version v0.2.3
[INFO] [stderr]    Compiling bare-metal v0.2.5
[INFO] [stderr]    Compiling as-slice v0.1.5
[INFO] [stderr]    Compiling quote v1.0.47
[INFO] [stderr]    Compiling syn v2.0.119
[INFO] [stderr]    Compiling aligned v0.3.5
[INFO] [stderr]    Compiling shared v0.1.2 (/opt/rustwide/workdir)
[INFO] [stderr] warning: unused dependency `cortex-m`
[INFO] [stderr]  --> Cargo.toml:4:15
[INFO] [stderr]   |
[INFO] [stderr] 4 | [dependencies.cortex-m]
[INFO] [stderr]   |               ^^^^^^^^^
[INFO] [stderr]   |
[INFO] [stderr]   = note: `cargo::unused_dependencies` is set to `warn` by default
[INFO] [stderr] help: consider removing the dependency on `cortex-m`
[INFO] [stderr] warning: `shared` (manifest) generated 1 warning
[INFO] [stderr]     Finished `release` profile [optimized] target(s) in 7.72s
[INFO] running `Command { std: "docker" "inspect" "b2c94c69629da1201efc50b12983ed65b742172b8138124027b65df12cb5d135", kill_on_drop: false }`
[INFO] running `Command { std: "docker" "exec" "-e" "SOURCE_DIR=/opt/rustwide/workdir" "-e" "CARGO_HOME=/opt/rustwide/cargo-home" "-e" "RUSTUP_HOME=/opt/rustwide/rustup-home" "-e" "CARGO_TARGET_DIR=/opt/rustwide/target" "-e" "CARGO_INCREMENTAL=0" "-e" "RUST_BACKTRACE=full" "-e" "RUSTFLAGS=--cap-lints=warn" "-e" "RUSTDOCFLAGS=--cap-lints=warn" "-w" "/opt/rustwide/workdir" "--user" "0:0" "b2c94c69629da1201efc50b12983ed65b742172b8138124027b65df12cb5d135" "/opt/rustwide/cargo-home/bin/cargo" "+1.100.0-beta.1" "test" "--frozen" "--no-run" "--message-format=json" "--release", kill_on_drop: false }`
[INFO] [stderr]    Compiling shared v0.1.2 (/opt/rustwide/workdir)
[INFO] [stderr] warning: unused dependency `cortex-m`
[INFO] [stderr]  --> Cargo.toml:4:15
[INFO] [stderr]   |
[INFO] [stderr] 4 | [dependencies.cortex-m]
[INFO] [stderr]   |               ^^^^^^^^^
[INFO] [stderr]   |
[INFO] [stderr]   = note: `cargo::unused_dependencies` is set to `warn` by default
[INFO] [stderr] help: consider removing the dependency on `cortex-m`
[INFO] [stderr] warning: `shared` (manifest) generated 1 warning
[INFO] [stderr]     Finished `release` profile [optimized] target(s) in 0.24s
[INFO] running `Command { std: "docker" "inspect" "b2c94c69629da1201efc50b12983ed65b742172b8138124027b65df12cb5d135", kill_on_drop: false }`
[INFO] running `Command { std: "docker" "exec" "-e" "SOURCE_DIR=/opt/rustwide/workdir" "-e" "CARGO_HOME=/opt/rustwide/cargo-home" "-e" "RUSTUP_HOME=/opt/rustwide/rustup-home" "-e" "CARGO_TARGET_DIR=/opt/rustwide/target" "-e" "CARGO_INCREMENTAL=0" "-e" "RUST_BACKTRACE=full" "-e" "RUSTFLAGS=--cap-lints=warn" "-e" "RUSTDOCFLAGS=--cap-lints=warn" "-w" "/opt/rustwide/workdir" "--user" "0:0" "b2c94c69629da1201efc50b12983ed65b742172b8138124027b65df12cb5d135" "/opt/rustwide/cargo-home/bin/cargo" "+1.100.0-beta.1" "test" "--frozen" "--release", kill_on_drop: false }`
[INFO] [stderr] warning: unused dependency `cortex-m`
[INFO] [stderr]  --> Cargo.toml:4:15
[INFO] [stderr]   |
[INFO] [stderr] 4 | [dependencies.cortex-m]
[INFO] [stderr]   |               ^^^^^^^^^
[INFO] [stderr]   |
[INFO] [stderr]   = note: `cargo::unused_dependencies` is set to `warn` by default
[INFO] [stderr] help: consider removing the dependency on `cortex-m`
[INFO] [stderr] warning: `shared` (manifest) generated 1 warning
[INFO] [stderr]     Finished `release` profile [optimized] target(s) in 0.05s
[INFO] [stderr]      Running unittests src/lib.rs (/opt/rustwide/target/release/build/shared/0b932c577328899a/out/shared-0b932c577328899a)
[INFO] [stderr]    Doc-tests shared
[INFO] [stdout] 
[INFO] [stdout] running 0 tests
[INFO] [stdout] 
[INFO] [stdout] test result: ok. 0 passed; 0 failed; 0 ignored; 0 measured; 0 filtered out; finished in 0.00s
[INFO] [stdout] 
[INFO] [stdout] 
[INFO] [stdout] running 1 test
[INFO] [stdout] test src/lib.rs - (line 8) ... FAILED
[INFO] [stdout] 
[INFO] [stdout] failures:
[INFO] [stdout] 
[INFO] [stdout] ---- src/lib.rs - (line 8) stdout ----
[INFO] [stdout] error[E0432]: unresolved import `nrf52832_pac`
[INFO] [stdout]   --> src/lib.rs:10:5
[INFO] [stdout]    |
[INFO] [stdout] 10 | use nrf52832_pac::Interrupt;
[INFO] [stdout]    |     ^^^^^^^^^^^^ use of unresolved module or unlinked crate `nrf52832_pac`
[INFO] [stdout]    |
[INFO] [stdout]    = help: if you wanted to use a crate named `nrf52832_pac`, use `cargo add nrf52832_pac` to add it to your `Cargo.toml`
[INFO] [stdout] 
[INFO] [stdout] error: cannot find attribute `interrupt` in this scope
[INFO] [stdout]   --> src/lib.rs:50:3
[INFO] [stdout]    |
[INFO] [stdout] 50 | #[interrupt]
[INFO] [stdout]    |   ^^^^^^^^^
[INFO] [stdout] 
[INFO] [stdout] error: cannot find attribute `interrupt` in this scope
[INFO] [stdout]   --> src/lib.rs:37:3
[INFO] [stdout]    |
[INFO] [stdout] 37 | #[interrupt]
[INFO] [stdout]    |   ^^^^^^^^^
[INFO] [stdout] 
[INFO] [stdout] error: cannot find attribute `entry` in this scope
[INFO] [stdout]   --> src/lib.rs:21:3
[INFO] [stdout]    |
[INFO] [stdout] 21 | #[entry]
[INFO] [stdout]    |   ^^^^^
[INFO] [stdout] 
[INFO] [stdout] error: cannot find macro `shared` in this scope
[INFO] [stdout]   --> src/lib.rs:16:1
[INFO] [stdout]    |
[INFO] [stdout] 16 | shared!(
[INFO] [stdout]    | ^^^^^^
[INFO] [stdout]    |
[INFO] [stdout] note: `shared` is imported here, but it is a crate, not a macro
[INFO] [stdout]   --> src/lib.rs:9:1
[INFO] [stdout]    |
[INFO] [stdout]  9 | extern crate r#shared;
[INFO] [stdout]    | ^^^^^^^^^^^^^^^^^^^^^^
[INFO] [stdout] 
[INFO] [stdout] error[E0433]: cannot find type `RADIO_PKTS` in this scope
[INFO] [stdout]   --> src/lib.rs:26:21
[INFO] [stdout]    |
[INFO] [stdout] 26 |     let mut token = RADIO_PKTS::set_initial(27).unwrap();
[INFO] [stdout]    |                     ^^^^^^^^^^ use of undeclared type `RADIO_PKTS`
[INFO] [stdout] 
[INFO] [stdout] error[E0433]: cannot find type `RADIO_PKTS` in this scope
[INFO] [stdout]   --> src/lib.rs:44:5
[INFO] [stdout]    |
[INFO] [stdout] 44 |     RADIO_PKTS::modify_int_context(|x| {
[INFO] [stdout]    |     ^^^^^^^^^^ use of undeclared type `RADIO_PKTS`
[INFO] [stdout] 
[INFO] [stdout] error[E0433]: cannot find type `BAZ` in this scope
[INFO] [stdout]   --> src/lib.rs:55:5
[INFO] [stdout]    |
[INFO] [stdout] 55 |     BAZ::modify_int_context(|x| {
[INFO] [stdout]    |     ^^^ use of undeclared type `BAZ`
[INFO] [stdout] 
[INFO] [stdout] error: aborting due to 8 previous errors
[INFO] [stdout] 
[INFO] [stdout] Some errors have detailed explanations: E0432, E0433.
[INFO] [stdout] For more information about an error, try `rustc --explain E0432`.
[INFO] [stdout] Couldn't compile the test.
[INFO] [stdout] 
[INFO] [stdout] failures:
[INFO] [stdout]     src/lib.rs - (line 8)
[INFO] [stdout] 
[INFO] [stdout] test result: FAILED. 0 passed; 1 failed; 0 ignored; 0 measured; 0 filtered out; finished in 0.16s
[INFO] [stdout] 
[INFO] [stderr] error: doctest failed, to rerun pass `--doc`
[INFO] running `Command { std: "docker" "inspect" "b2c94c69629da1201efc50b12983ed65b742172b8138124027b65df12cb5d135", kill_on_drop: false }`
[INFO] running `Command { std: "docker" "rm" "-f" "b2c94c69629da1201efc50b12983ed65b742172b8138124027b65df12cb5d135", kill_on_drop: false }`
[INFO] [stdout] b2c94c69629da1201efc50b12983ed65b742172b8138124027b65df12cb5d135
