[INFO] fetching crate shahanshahi 0.4.0...
[INFO] testing shahanshahi-0.4.0 against 1.99.0-beta.8+cargoflags=--release for beta-release-1.100-2
[INFO] extracting crate shahanshahi 0.4.0 into /workspace/builds/worker-3-tc1/source
[INFO] started tweaking crates.io crate shahanshahi 0.4.0
[INFO] removed 0 missing examples
[INFO] removed 0 missing tests
[INFO] finished tweaking crates.io crate shahanshahi 0.4.0
[INFO] tweaked toml for crates.io crate shahanshahi 0.4.0 written to /workspace/builds/worker-3-tc1/source/Cargo.toml
[INFO] validating manifest of crates.io crate shahanshahi 0.4.0 on toolchain 1.99.0-beta.8
[INFO] running `Command { std: CARGO_HOME="/workspace/cargo-home" RUSTUP_HOME="/workspace/rustup-home" "/workspace/cargo-home/bin/cargo" "+1.99.0-beta.8" "metadata" "--manifest-path" "Cargo.toml" "--no-deps", kill_on_drop: false }`
[INFO] crate crates.io crate shahanshahi 0.4.0 already has a lockfile, it will not be regenerated
[INFO] running `Command { std: CARGO_HOME="/workspace/cargo-home" RUSTUP_HOME="/workspace/rustup-home" "/workspace/cargo-home/bin/cargo" "+1.99.0-beta.8" "fetch" "--manifest-path" "Cargo.toml", kill_on_drop: false }`
[INFO] running `Command { std: "docker" "create" "-v" "/var/lib/crater-agent-workspace/builds/worker-3-tc1/source:/opt/rustwide/workdir:ro,Z" "-v" "/var/lib/crater-agent-workspace/builds/worker-3-tc1/target:/opt/rustwide/target:rw,Z" "-v" "/var/lib/crater-agent-workspace/cargo-home:/opt/rustwide/cargo-home:ro,Z" "-v" "/var/lib/crater-agent-workspace/rustup-home:/opt/rustwide/rustup-home:ro,Z" "-m" "1610612736" "--network" "none" "ghcr.io/rust-lang/crates-build-env/linux@sha256:77db811e55d90add9212f6832c23229e3de5f1c1f9905e8cb07319ea15df73ac" "sleep" "infinity", kill_on_drop: false }`
[INFO] [stdout] 91bb243c3685f272575f72cb6c4b2926551030ddb6bb82125c1e6e13df491c25
[INFO] running `Command { std: "docker" "start" "91bb243c3685f272575f72cb6c4b2926551030ddb6bb82125c1e6e13df491c25", kill_on_drop: false }`
[INFO] running `Command { std: "docker" "inspect" "91bb243c3685f272575f72cb6c4b2926551030ddb6bb82125c1e6e13df491c25", kill_on_drop: false }`
[INFO] running `Command { std: "docker" "exec" "-e" "SOURCE_DIR=/opt/rustwide/workdir" "-e" "CARGO_HOME=/opt/rustwide/cargo-home" "-e" "RUSTUP_HOME=/opt/rustwide/rustup-home" "-e" "CARGO_TARGET_DIR=/opt/rustwide/target" "-w" "/opt/rustwide/workdir" "--user" "0:0" "91bb243c3685f272575f72cb6c4b2926551030ddb6bb82125c1e6e13df491c25" "/opt/rustwide/cargo-home/bin/cargo" "+1.99.0-beta.8" "metadata" "--no-deps" "--format-version=1", kill_on_drop: false }`
[INFO] running `Command { std: "docker" "inspect" "91bb243c3685f272575f72cb6c4b2926551030ddb6bb82125c1e6e13df491c25", kill_on_drop: false }`
[INFO] running `Command { std: "docker" "exec" "-e" "SOURCE_DIR=/opt/rustwide/workdir" "-e" "CARGO_HOME=/opt/rustwide/cargo-home" "-e" "RUSTUP_HOME=/opt/rustwide/rustup-home" "-e" "CARGO_TARGET_DIR=/opt/rustwide/target" "-e" "CARGO_INCREMENTAL=0" "-e" "RUST_BACKTRACE=full" "-e" "RUSTFLAGS=--cap-lints=warn" "-e" "RUSTDOCFLAGS=--cap-lints=warn" "-w" "/opt/rustwide/workdir" "--user" "0:0" "91bb243c3685f272575f72cb6c4b2926551030ddb6bb82125c1e6e13df491c25" "/opt/rustwide/cargo-home/bin/cargo" "+1.99.0-beta.8" "build" "--frozen" "--message-format=json" "--release", kill_on_drop: false }`
[INFO] [stderr]    Compiling shahanshahi v0.4.0 (/opt/rustwide/workdir)
[INFO] [stderr]     Finished `release` profile [optimized] target(s) in 0.45s
[INFO] running `Command { std: "docker" "inspect" "91bb243c3685f272575f72cb6c4b2926551030ddb6bb82125c1e6e13df491c25", kill_on_drop: false }`
[INFO] running `Command { std: "docker" "exec" "-e" "SOURCE_DIR=/opt/rustwide/workdir" "-e" "CARGO_HOME=/opt/rustwide/cargo-home" "-e" "RUSTUP_HOME=/opt/rustwide/rustup-home" "-e" "CARGO_TARGET_DIR=/opt/rustwide/target" "-e" "CARGO_INCREMENTAL=0" "-e" "RUST_BACKTRACE=full" "-e" "RUSTFLAGS=--cap-lints=warn" "-e" "RUSTDOCFLAGS=--cap-lints=warn" "-w" "/opt/rustwide/workdir" "--user" "0:0" "91bb243c3685f272575f72cb6c4b2926551030ddb6bb82125c1e6e13df491c25" "/opt/rustwide/cargo-home/bin/cargo" "+1.99.0-beta.8" "test" "--frozen" "--no-run" "--message-format=json" "--release", kill_on_drop: false }`
[INFO] [stderr]    Compiling syn v3.0.3
[INFO] [stderr]    Compiling serde_json v1.0.151
[INFO] [stderr]    Compiling serde_derive v1.0.229
[INFO] [stderr]    Compiling serde v1.0.229
[INFO] [stderr]    Compiling shahanshahi v0.4.0 (/opt/rustwide/workdir)
[INFO] [stderr]     Finished `release` profile [optimized] target(s) in 7.51s
[INFO] running `Command { std: "docker" "inspect" "91bb243c3685f272575f72cb6c4b2926551030ddb6bb82125c1e6e13df491c25", kill_on_drop: false }`
[INFO] running `Command { std: "docker" "exec" "-e" "SOURCE_DIR=/opt/rustwide/workdir" "-e" "CARGO_HOME=/opt/rustwide/cargo-home" "-e" "RUSTUP_HOME=/opt/rustwide/rustup-home" "-e" "CARGO_TARGET_DIR=/opt/rustwide/target" "-e" "CARGO_INCREMENTAL=0" "-e" "RUST_BACKTRACE=full" "-e" "RUSTFLAGS=--cap-lints=warn" "-e" "RUSTDOCFLAGS=--cap-lints=warn" "-w" "/opt/rustwide/workdir" "--user" "0:0" "91bb243c3685f272575f72cb6c4b2926551030ddb6bb82125c1e6e13df491c25" "/opt/rustwide/cargo-home/bin/cargo" "+1.99.0-beta.8" "test" "--frozen" "--release", kill_on_drop: false }`
[INFO] [stderr]     Finished `release` profile [optimized] target(s) in 0.04s
[INFO] [stderr]      Running unittests src/lib.rs (/opt/rustwide/target/release/deps/shahanshahi-463927d68268f769)
[INFO] [stdout] 
[INFO] [stdout] running 50 tests
[INFO] [stdout] test convert::tests::anchor_round_trip_through_public_date_api ... ok
[INFO] [stdout] test date::tests::before_era_rejected ... ok
[INFO] [stdout] test date::tests::display_basic ... ok
[INFO] [stdout] test date::tests::day_out_of_range_mehr ... ok
[INFO] [stdout] test date::tests::era_anchor_ok ... ok
[INFO] [stdout] test date::tests::era_last_day_ok ... ok
[INFO] [stdout] test date::tests::after_era_rejected ... ok
[INFO] [stdout] test date::tests::ordering ... ok
[INFO] [stdout] test date::tests::try_from_gregorian_rejects_proleptic_only_date ... ok
[INFO] [stdout] test date::tests::month_out_of_range ... ok
[INFO] [stdout] test format::tests::full_month_name_fa ... ok
[INFO] [stdout] test format::tests::full_persian_date ... ok
[INFO] [stdout] test date::tests::esfand_29_in_common_year ... ok
[INFO] [stdout] test date::tests::to_gregorian_anchor_matches_spec ... ok
[INFO] [stdout] test format::tests::iso_format_fa ... ok
[INFO] [stdout] test format::tests::short_month_name ... ok
[INFO] [stdout] test format::tests::to_persian_numerals_converts_digits ... ok
[INFO] [stdout] test date::tests::display_padding ... ok
[INFO] [stdout] test format::tests::unknown_specifier_passthrough ... ok
[INFO] [stdout] test date::tests::try_from_gregorian_round_trip_legal_era ... ok
[INFO] [stdout] test date::tests::weekday_anchor_is_sunday ... ok
[INFO] [stdout] test format::tests::full_month_name_en ... ok
[INFO] [stdout] test format::tests::iso_format_en ... ok
[INFO] [stdout] test format::tests::percent_escape ... ok
[INFO] [stdout] test format::tests::short_names_all_twelve ... ok
[INFO] [stdout] test format::tests::weekday_en ... ok
[INFO] [stdout] test gregorian::tests::feb_29_on_leap ... ok
[INFO] [stdout] test format::tests::weekday_fa ... ok
[INFO] [stdout] test gregorian::tests::display_basic ... ok
[INFO] [stdout] test gregorian::tests::display_negative_year ... ok
[INFO] [stdout] test gregorian::tests::display_padding ... ok
[INFO] [stdout] test weekday::tests::anchor_rd_is_sunday ... ok
[INFO] [stdout] test weekday::tests::display_uses_ascii_name ... ok
[INFO] [stdout] test weekday::tests::name_ascii_all_seven ... ok
[INFO] [stdout] test gregorian::tests::weekday_anchor_is_sunday ... ok
[INFO] [stdout] test weekday::tests::name_persian_spot_check ... ok
[INFO] [stdout] test gregorian::tests::weekday_saturday_and_friday ... ok
[INFO] [stdout] test weekday::tests::negative_rd_does_not_panic ... ok
[INFO] [stdout] test months::tests::out_of_range_returns_none ... ok
[INFO] [stdout] test weekday::tests::number_from_saturday_ordering ... ok
[INFO] [stdout] test months::tests::persian_all_twelve ... ok
[INFO] [stdout] test rata_die::tests::rd_one_is_jan_1_year_1 ... ok
[INFO] [stdout] test weekday::tests::ord_follows_iranian_week_order ... ok
[INFO] [stdout] test weekday::tests::week_walk_from_anchor ... ok
[INFO] [stdout] test gregorian::tests::feb_29_common_year_rejected ... ok
[INFO] [stdout] test leap::tests::offset_maps_shahanshahi_to_hijri_year ... ok
[INFO] [stdout] test leap::tests::spec_window_1354_1357 ... ok
[INFO] [stdout] test months::tests::ascii_all_twelve ... ok
[INFO] [stdout] test date::tests::weekday_day_walk ... ok
[INFO] [stdout] test rata_die::tests::anchor_rd_matches_gregorian_1976_03_21 ... ok
[INFO] [stdout] 
[INFO] [stdout] test result: ok. 50 passed; 0 failed; 0 ignored; 0 measured; 0 filtered out; finished in 0.01s
[INFO] [stdout] 
[INFO] [stderr]      Running tests/reference_dates.rs (/opt/rustwide/target/release/deps/reference_dates-25918b7c8e1d35ce)
[INFO] [stdout] 
[INFO] [stdout] running 3 tests
[INFO] [stdout] test golden_legal_era_shahanshahi_to_gregorian ... FAILED
[INFO] [stdout] test reference_dates_loads_and_matches_spec ... FAILED
[INFO] [stdout] test golden_legal_era_gregorian_to_shahanshahi ... FAILED
[INFO] [stdout] 
[INFO] [stdout] failures:
[INFO] [stdout] 
[INFO] [stdout] ---- golden_legal_era_shahanshahi_to_gregorian stdout ----
[INFO] [stdout] 
[INFO] [stdout] thread 'golden_legal_era_shahanshahi_to_gregorian' (351) panicked at tests/reference_dates.rs:97:60:
[INFO] [stdout] read /opt/rustwide/workdir/../../data/reference-dates.json: No such file or directory (os error 2)
[INFO] [stdout] stack backtrace:
[INFO] [stdout]    0:     0x634c78d118b1 - <<std[70759c8f55707aa4]::sys::backtrace::BacktraceLock>::print::DisplayBacktrace as core[df12db4294e9bfd3]::fmt::Display>::fmt
[INFO] [stdout]    1:     0x634c78d2650a - core[df12db4294e9bfd3]::fmt::write
[INFO] [stdout]    2:     0x634c78d15d6c - <alloc[2182bb758b4b3781]::vec::Vec<u8> as core[df12db4294e9bfd3]::io::write::Write>::write_fmt
[INFO] [stdout]    3:     0x634c78ced9a6 - std[70759c8f55707aa4]::panicking::default_hook::{closure#0}
[INFO] [stdout]    4:     0x634c78d09ca9 - std[70759c8f55707aa4]::panicking::default_hook
[INFO] [stdout]    5:     0x634c78ca45f0 - test[9d35eded1c95d3be]::test_main_inner::<test[9d35eded1c95d3be]::test_main_static::{closure#0}>::{closure#0}
[INFO] [stdout]    6:     0x634c78d09e62 - std[70759c8f55707aa4]::panicking::panic_with_hook
[INFO] [stdout]    7:     0x634c78ceda52 - std[70759c8f55707aa4]::panicking::panic_handler::{closure#0}
[INFO] [stdout]    8:     0x634c78ce6649 - std[70759c8f55707aa4]::sys::backtrace::__rust_end_short_backtrace::<std[70759c8f55707aa4]::panicking::panic_handler::{closure#0}, !>
[INFO] [stdout]    9:     0x634c78cee64d - __rustc[8fa7c3cbc660c2b3]::rust_begin_unwind
[INFO] [stdout]   10:     0x634c78d26c3c - core[df12db4294e9bfd3]::panicking::panic_fmt
[INFO] [stdout]   11:     0x634c78c91069 - reference_dates[2df8caf414fa86f5]::golden_legal_era_shahanshahi_to_gregorian::{closure#0}
[INFO] [stdout]   12:     0x634c78c92689 - <reference_dates[2df8caf414fa86f5]::golden_legal_era_shahanshahi_to_gregorian::{closure#0} as core[df12db4294e9bfd3]::ops::function::FnOnce<()>>::call_once
[INFO] [stdout]   13:     0x634c78c978db - test[9d35eded1c95d3be]::__rust_begin_short_backtrace::<core[df12db4294e9bfd3]::result::Result<(), alloc[2182bb758b4b3781]::string::String>, fn() -> core[df12db4294e9bfd3]::result::Result<(), alloc[2182bb758b4b3781]::string::String>>
[INFO] [stdout]   14:     0x634c78ca4f45 - test[9d35eded1c95d3be]::run_test::{closure#0}
[INFO] [stdout]   15:     0x634c78c9e804 - std[70759c8f55707aa4]::sys::backtrace::__rust_begin_short_backtrace::<test[9d35eded1c95d3be]::run_test::{closure#1}, ()>
[INFO] [stdout]   16:     0x634c78ca80a2 - <std[70759c8f55707aa4]::thread::lifecycle::spawn_unchecked<test[9d35eded1c95d3be]::run_test::{closure#1}, ()>::{closure#1} as core[df12db4294e9bfd3]::ops::function::FnOnce<()>>::call_once::{shim:vtable#0}
[INFO] [stdout]   17:     0x634c78d10e19 - <std[70759c8f55707aa4]::sys::thread::unix::Thread>::new::thread_start
[INFO] [stdout]   18:     0x7e03b1c17dfa - <unknown>
[INFO] [stdout]   19:     0x7e03b1cab3d4 - clone
[INFO] [stdout]   20:                0x0 - <unknown>
[INFO] [stdout] 
[INFO] [stdout] ---- reference_dates_loads_and_matches_spec stdout ----
[INFO] [stdout] 
[INFO] [stdout] thread 'reference_dates_loads_and_matches_spec' (352) panicked at tests/reference_dates.rs:38:60:
[INFO] [stdout] read /opt/rustwide/workdir/../../data/reference-dates.json: No such file or directory (os error 2)
[INFO] [stdout] stack backtrace:
[INFO] [stdout]    0:     0x634c78d118b1 - <<std[70759c8f55707aa4]::sys::backtrace::BacktraceLock>::print::DisplayBacktrace as core[df12db4294e9bfd3]::fmt::Display>::fmt
[INFO] [stdout]    1:     0x634c78d2650a - core[df12db4294e9bfd3]::fmt::write
[INFO] [stdout]    2:     0x634c78d15d6c - <alloc[2182bb758b4b3781]::vec::Vec<u8> as core[df12db4294e9bfd3]::io::write::Write>::write_fmt
[INFO] [stdout]    3:     0x634c78ced9a6 - std[70759c8f55707aa4]::panicking::default_hook::{closure#0}
[INFO] [stdout]    4:     0x634c78d09ca9 - std[70759c8f55707aa4]::panicking::default_hook
[INFO] [stdout]    5:     0x634c78ca45f0 - test[9d35eded1c95d3be]::test_main_inner::<test[9d35eded1c95d3be]::test_main_static::{closure#0}>::{closure#0}
[INFO] [stdout]    6:     0x634c78d09e62 - std[70759c8f55707aa4]::panicking::panic_with_hook
[INFO] [stdout]    7:     0x634c78ceda52 - std[70759c8f55707aa4]::panicking::panic_handler::{closure#0}
[INFO] [stdout]    8:     0x634c78ce6649 - std[70759c8f55707aa4]::sys::backtrace::__rust_end_short_backtrace::<std[70759c8f55707aa4]::panicking::panic_handler::{closure#0}, !>
[INFO] [stdout]    9:     0x634c78cee64d - __rustc[8fa7c3cbc660c2b3]::rust_begin_unwind
[INFO] [stdout]   10:     0x634c78d26c3c - core[df12db4294e9bfd3]::panicking::panic_fmt
[INFO] [stdout]   11:     0x634c78c90f29 - reference_dates[2df8caf414fa86f5]::reference_dates_loads_and_matches_spec::{closure#0}
[INFO] [stdout]   12:     0x634c78c91cb1 - <reference_dates[2df8caf414fa86f5]::reference_dates_loads_and_matches_spec::{closure#0} as core[df12db4294e9bfd3]::ops::function::FnOnce<()>>::call_once
[INFO] [stdout]   13:     0x634c78c978db - test[9d35eded1c95d3be]::__rust_begin_short_backtrace::<core[df12db4294e9bfd3]::result::Result<(), alloc[2182bb758b4b3781]::string::String>, fn() -> core[df12db4294e9bfd3]::result::Result<(), alloc[2182bb758b4b3781]::string::String>>
[INFO] [stdout]   14:     0x634c78ca4f45 - test[9d35eded1c95d3be]::run_test::{closure#0}
[INFO] [stdout]   15:     0x634c78c9e804 - std[70759c8f55707aa4]::sys::backtrace::__rust_begin_short_backtrace::<test[9d35eded1c95d3be]::run_test::{closure#1}, ()>
[INFO] [stdout]   16:     0x634c78ca80a2 - <std[70759c8f55707aa4]::thread::lifecycle::spawn_unchecked<test[9d35eded1c95d3be]::run_test::{closure#1}, ()>::{closure#1} as core[df12db4294e9bfd3]::ops::function::FnOnce<()>>::call_once::{shim:vtable#0}
[INFO] [stdout]   17:     0x634c78d10e19 - <std[70759c8f55707aa4]::sys::thread::unix::Thread>::new::thread_start
[INFO] [stdout]   18:     0x7e03b1c17dfa - <unknown>
[INFO] [stdout]   19:     0x7e03b1cab3d4 - clone
[INFO] [stdout]   20:                0x0 - <unknown>
[INFO] [stdout] 
[INFO] [stdout] ---- golden_legal_era_gregorian_to_shahanshahi stdout ----
[INFO] [stdout] 
[INFO] [stdout] thread 'golden_legal_era_gregorian_to_shahanshahi' (350) panicked at tests/reference_dates.rs:117:60:
[INFO] [stdout] read /opt/rustwide/workdir/../../data/reference-dates.json: No such file or directory (os error 2)
[INFO] [stdout] stack backtrace:
[INFO] [stdout]    0:     0x634c78d118b1 - <<std[70759c8f55707aa4]::sys::backtrace::BacktraceLock>::print::DisplayBacktrace as core[df12db4294e9bfd3]::fmt::Display>::fmt
[INFO] [stdout]    1:     0x634c78d2650a - core[df12db4294e9bfd3]::fmt::write
[INFO] [stdout]    2:     0x634c78d15d6c - <alloc[2182bb758b4b3781]::vec::Vec<u8> as core[df12db4294e9bfd3]::io::write::Write>::write_fmt
[INFO] [stdout]    3:     0x634c78ced9a6 - std[70759c8f55707aa4]::panicking::default_hook::{closure#0}
[INFO] [stdout]    4:     0x634c78d09ca9 - std[70759c8f55707aa4]::panicking::default_hook
[INFO] [stdout]    5:     0x634c78ca45f0 - test[9d35eded1c95d3be]::test_main_inner::<test[9d35eded1c95d3be]::test_main_static::{closure#0}>::{closure#0}
[INFO] [stdout]    6:     0x634c78d09e62 - std[70759c8f55707aa4]::panicking::panic_with_hook
[INFO] [stdout]    7:     0x634c78ceda52 - std[70759c8f55707aa4]::panicking::panic_handler::{closure#0}
[INFO] [stdout]    8:     0x634c78ce6649 - std[70759c8f55707aa4]::sys::backtrace::__rust_end_short_backtrace::<std[70759c8f55707aa4]::panicking::panic_handler::{closure#0}, !>
[INFO] [stdout]    9:     0x634c78cee64d - __rustc[8fa7c3cbc660c2b3]::rust_begin_unwind
[INFO] [stdout]   10:     0x634c78d26c3c - core[df12db4294e9bfd3]::panicking::panic_fmt
[INFO] [stdout]   11:     0x634c78c90fc9 - reference_dates[2df8caf414fa86f5]::golden_legal_era_gregorian_to_shahanshahi::{closure#0}
[INFO] [stdout]   12:     0x634c78c9224b - <reference_dates[2df8caf414fa86f5]::golden_legal_era_gregorian_to_shahanshahi::{closure#0} as core[df12db4294e9bfd3]::ops::function::FnOnce<()>>::call_once
[INFO] [stdout]   13:     0x634c78c978db - test[9d35eded1c95d3be]::__rust_begin_short_backtrace::<core[df12db4294e9bfd3]::result::Result<(), alloc[2182bb758b4b3781]::string::String>, fn() -> core[df12db4294e9bfd3]::result::Result<(), alloc[2182bb758b4b3781]::string::String>>
[INFO] [stdout]   14:     0x634c78ca4f45 - test[9d35eded1c95d3be]::run_test::{closure#0}
[INFO] [stdout]   15:     0x634c78c9e804 - std[70759c8f55707aa4]::sys::backtrace::__rust_begin_short_backtrace::<test[9d35eded1c95d3be]::run_test::{closure#1}, ()>
[INFO] [stdout]   16:     0x634c78ca80a2 - <std[70759c8f55707aa4]::thread::lifecycle::spawn_unchecked<test[9d35eded1c95d3be]::run_test::{closure#1}, ()>::{closure#1} as core[df12db4294e9bfd3]::ops::function::FnOnce<()>>::call_once::{shim:vtable#0}
[INFO] [stdout]   17:     0x634c78d10e19 - <std[70759c8f55707aa4]::sys::thread::unix::Thread>::new::thread_start
[INFO] [stdout]   18:     0x7e03b1c17dfa - <unknown>
[INFO] [stdout]   19:     0x7e03b1cab3d4 - clone
[INFO] [stdout]   20:                0x0 - <unknown>
[INFO] [stdout] 
[INFO] [stdout] 
[INFO] [stdout] failures:
[INFO] [stdout]     golden_legal_era_gregorian_to_shahanshahi
[INFO] [stdout]     golden_legal_era_shahanshahi_to_gregorian
[INFO] [stdout]     reference_dates_loads_and_matches_spec
[INFO] [stdout] 
[INFO] [stdout] test result: FAILED. 0 passed; 3 failed; 0 ignored; 0 measured; 0 filtered out; finished in 0.00s
[INFO] [stdout] 
[INFO] [stderr] error: test failed, to rerun pass `--test reference_dates`
[INFO] running `Command { std: "docker" "inspect" "91bb243c3685f272575f72cb6c4b2926551030ddb6bb82125c1e6e13df491c25", kill_on_drop: false }`
[INFO] running `Command { std: "docker" "rm" "-f" "91bb243c3685f272575f72cb6c4b2926551030ddb6bb82125c1e6e13df491c25", kill_on_drop: false }`
[INFO] [stdout] 91bb243c3685f272575f72cb6c4b2926551030ddb6bb82125c1e6e13df491c25
