[INFO] fetching crate shadowsocks 1.25.0...
[INFO] testing shadowsocks-1.25.0 against 1.99.0-beta.8+cargoflags=--release for beta-release-1.100-2
[INFO] extracting crate shadowsocks 1.25.0 into /workspace/builds/worker-2-tc1/source
[INFO] started tweaking crates.io crate shadowsocks 1.25.0
[INFO] removed 0 missing tests
[INFO] finished tweaking crates.io crate shadowsocks 1.25.0
[INFO] tweaked toml for crates.io crate shadowsocks 1.25.0 written to /workspace/builds/worker-2-tc1/source/Cargo.toml
[INFO] validating manifest of crates.io crate shadowsocks 1.25.0 on toolchain 1.99.0-beta.8
[INFO] running `Command { std: CARGO_HOME="/workspace/cargo-home" RUSTUP_HOME="/workspace/rustup-home" "/workspace/cargo-home/bin/cargo" "+1.99.0-beta.8" "metadata" "--manifest-path" "Cargo.toml" "--no-deps", kill_on_drop: false }`
[INFO] crate crates.io crate shadowsocks 1.25.0 already has a lockfile, it will not be regenerated
[INFO] running `Command { std: CARGO_HOME="/workspace/cargo-home" RUSTUP_HOME="/workspace/rustup-home" "/workspace/cargo-home/bin/cargo" "+1.99.0-beta.8" "fetch" "--manifest-path" "Cargo.toml", kill_on_drop: false }`
[INFO] [stderr]     Blocking waiting for file lock on package cache
[INFO] [stderr]     Updating crates.io index
[INFO] [stderr]  Downloading crates ...
[INFO] [stderr]   Downloaded shadowsocks-crypto v0.8.0
[INFO] [stderr]   Downloaded tokio-tfo v0.4.3
[INFO] [stderr]   Downloaded spin v0.12.3
[INFO] [stderr]   Downloaded sealed v0.7.0
[INFO] [stderr]   Downloaded sendfd v0.4.4
[INFO] [stderr]   Downloaded lru_time_cache v0.11.11
[INFO] [stderr]   Downloaded dynosaur v0.3.1
[INFO] [stderr]   Downloaded dynosaur_derive v0.3.1
[INFO] [stderr]   Downloaded byte_string v1.0.0
[INFO] [stderr]   Downloaded bloomfilter v3.0.1
[INFO] running `Command { std: "docker" "create" "-v" "/var/lib/crater-agent-workspace/builds/worker-2-tc1/source:/opt/rustwide/workdir:ro,Z" "-v" "/var/lib/crater-agent-workspace/builds/worker-2-tc1/target:/opt/rustwide/target:rw,Z" "-v" "/var/lib/crater-agent-workspace/cargo-home:/opt/rustwide/cargo-home:ro,Z" "-v" "/var/lib/crater-agent-workspace/rustup-home:/opt/rustwide/rustup-home:ro,Z" "-m" "1610612736" "--network" "none" "ghcr.io/rust-lang/crates-build-env/linux@sha256:77db811e55d90add9212f6832c23229e3de5f1c1f9905e8cb07319ea15df73ac" "sleep" "infinity", kill_on_drop: false }`
[INFO] [stdout] b5ffce643d847a621f9f08164cf2b085be7fa2f5de81be75aefe594121136a2b
[INFO] running `Command { std: "docker" "start" "b5ffce643d847a621f9f08164cf2b085be7fa2f5de81be75aefe594121136a2b", kill_on_drop: false }`
[INFO] running `Command { std: "docker" "inspect" "b5ffce643d847a621f9f08164cf2b085be7fa2f5de81be75aefe594121136a2b", kill_on_drop: false }`
[INFO] running `Command { std: "docker" "exec" "-e" "SOURCE_DIR=/opt/rustwide/workdir" "-e" "CARGO_HOME=/opt/rustwide/cargo-home" "-e" "RUSTUP_HOME=/opt/rustwide/rustup-home" "-e" "CARGO_TARGET_DIR=/opt/rustwide/target" "-w" "/opt/rustwide/workdir" "--user" "0:0" "b5ffce643d847a621f9f08164cf2b085be7fa2f5de81be75aefe594121136a2b" "/opt/rustwide/cargo-home/bin/cargo" "+1.99.0-beta.8" "metadata" "--no-deps" "--format-version=1", kill_on_drop: false }`
[INFO] running `Command { std: "docker" "inspect" "b5ffce643d847a621f9f08164cf2b085be7fa2f5de81be75aefe594121136a2b", kill_on_drop: false }`
[INFO] running `Command { std: "docker" "exec" "-e" "SOURCE_DIR=/opt/rustwide/workdir" "-e" "CARGO_HOME=/opt/rustwide/cargo-home" "-e" "RUSTUP_HOME=/opt/rustwide/rustup-home" "-e" "CARGO_TARGET_DIR=/opt/rustwide/target" "-e" "CARGO_INCREMENTAL=0" "-e" "RUST_BACKTRACE=full" "-e" "RUSTFLAGS=--cap-lints=warn" "-e" "RUSTDOCFLAGS=--cap-lints=warn" "-w" "/opt/rustwide/workdir" "--user" "0:0" "b5ffce643d847a621f9f08164cf2b085be7fa2f5de81be75aefe594121136a2b" "/opt/rustwide/cargo-home/bin/cargo" "+1.99.0-beta.8" "build" "--frozen" "--message-format=json" "--release", kill_on_drop: false }`
[INFO] [stderr]    Compiling smallvec v1.15.2
[INFO] [stderr]    Compiling writeable v0.6.4
[INFO] [stderr]    Compiling ctutils v0.4.2
[INFO] [stderr]    Compiling litemap v0.8.3
[INFO] [stderr]    Compiling icu_properties_data v2.3.0
[INFO] [stderr]    Compiling icu_normalizer_data v2.3.0
[INFO] [stderr]    Compiling inout v0.2.2
[INFO] [stderr]    Compiling portable-atomic v1.15.0
[INFO] [stderr]    Compiling crypto-common v0.2.2
[INFO] [stderr]    Compiling cc v1.4.4
[INFO] [stderr]    Compiling futures-sink v0.3.34
[INFO] [stderr]    Compiling log v0.4.34
[INFO] [stderr]    Compiling futures-core v0.3.34
[INFO] [stderr]    Compiling syn v3.0.4
[INFO] [stderr]    Compiling num-traits v0.2.19
[INFO] [stderr]    Compiling critical-section v1.2.0
[INFO] [stderr]    Compiling inotify-sys v0.1.8
[INFO] [stderr]    Compiling either v1.18.0
[INFO] [stderr]    Compiling aws-lc-rs v1.18.0
[INFO] [stderr]    Compiling futures-channel v0.3.34
[INFO] [stderr]    Compiling data-encoding v2.11.1
[INFO] [stderr]    Compiling parking_lot_core v0.9.12
[INFO] [stderr]    Compiling mio v1.2.2
[INFO] [stderr]    Compiling rustversion v1.0.23
[INFO] [stderr]    Compiling crossbeam-epoch v0.9.20
[INFO] [stderr]    Compiling crossbeam-channel v0.5.16
[INFO] [stderr]    Compiling pin-project-internal v1.1.13
[INFO] [stderr]    Compiling uuid v1.25.0
[INFO] [stderr]    Compiling tagptr v0.2.0
[INFO] [stderr]    Compiling untrusted v0.7.1
[INFO] [stderr]    Compiling inotify v0.11.5
[INFO] [stderr]    Compiling parking_lot v0.12.5
[INFO] [stderr]    Compiling notify-types v2.1.0
[INFO] [stderr]    Compiling dynosaur_derive v0.3.1
[INFO] [stderr]    Compiling arrayvec v0.7.8
[INFO] [stderr]    Compiling resolv-conf v0.7.6
[INFO] [stderr]    Compiling constant_time_eq v0.4.2
[INFO] [stderr]    Compiling notify v8.2.0
[INFO] [stderr]    Compiling arc-swap v1.9.2
[INFO] [stderr]    Compiling serde_json v1.0.151
[INFO] [stderr]    Compiling cipher v0.5.2
[INFO] [stderr]    Compiling universal-hash v0.6.1
[INFO] [stderr]    Compiling digest v0.11.3
[INFO] [stderr]    Compiling polyval v0.7.3
[INFO] [stderr]    Compiling aead v0.6.1
[INFO] [stderr]    Compiling cmake v0.1.58
[INFO] [stderr]    Compiling chacha20 v0.10.1
[INFO] [stderr]    Compiling once_cell v1.21.4
[INFO] [stderr]    Compiling ghash v0.6.0
[INFO] [stderr]    Compiling hmac v0.13.0
[INFO] [stderr]    Compiling ctr v0.10.1
[INFO] [stderr]    Compiling aes v0.9.2
[INFO] [stderr]    Compiling poly1305 v0.9.1
[INFO] [stderr]    Compiling pin-project v1.1.13
[INFO] [stderr]    Compiling sha1 v0.11.0
[INFO] [stderr]    Compiling tracing-core v0.1.36
[INFO] [stderr]    Compiling md-5 v0.11.0
[INFO] [stderr]    Compiling moka v0.12.16
[INFO] [stderr]    Compiling hkdf v0.13.0
[INFO] [stderr]    Compiling dynosaur v0.3.1
[INFO] [stderr]    Compiling trait-variant v0.1.3
[INFO] [stderr]    Compiling spin v0.12.3
[INFO] [stderr]    Compiling byte_string v1.0.0
[INFO] [stderr]    Compiling base64 v0.23.1
[INFO] [stderr]    Compiling rand v0.10.2
[INFO] [stderr]    Compiling chacha20poly1305 v0.11.0
[INFO] [stderr]    Compiling tracing v0.1.44
[INFO] [stderr]    Compiling aws-lc-sys v0.44.0
[INFO] [stderr]    Compiling blake3 v1.8.7
[INFO] [stderr]    Compiling aes-gcm v0.11.1
[INFO] [stderr]    Compiling zerovec-derive v0.11.6
[INFO] [stderr]    Compiling displaydoc v0.2.7
[INFO] [stderr]    Compiling serde_derive v1.0.229
[INFO] [stderr]    Compiling futures-macro v0.3.34
[INFO] [stderr]    Compiling tokio-macros v2.7.2
[INFO] [stderr]    Compiling thiserror-impl v2.0.20
[INFO] [stderr]    Compiling async-trait v0.1.92
[INFO] [stderr]    Compiling sealed v0.7.0
[INFO] [stderr]    Compiling tokio v1.53.1
[INFO] [stderr]    Compiling zerotrie v0.2.5
[INFO] [stderr]    Compiling thiserror v2.0.20
[INFO] [stderr]    Compiling futures-util v0.3.34
[INFO] [stderr]    Compiling zerovec v0.11.8
[INFO] [stderr]    Compiling tinystr v0.8.4
[INFO] [stderr]    Compiling potential_utf v0.1.6
[INFO] [stderr]    Compiling icu_locale_core v2.3.0
[INFO] [stderr]    Compiling icu_collections v2.3.0
[INFO] [stderr]    Compiling serde v1.0.229
[INFO] [stderr]    Compiling icu_provider v2.3.1
[INFO] [stderr]    Compiling icu_properties v2.3.0
[INFO] [stderr]    Compiling icu_normalizer v2.3.0
[INFO] [stderr]    Compiling ipnet v2.12.1
[INFO] [stderr]    Compiling serde_urlencoded v0.7.1
[INFO] [stderr]    Compiling prefix-trie v0.8.4
[INFO] [stderr]    Compiling futures-executor v0.3.34
[INFO] [stderr]    Compiling idna_adapter v1.2.2
[INFO] [stderr]    Compiling futures v0.3.34
[INFO] [stderr]    Compiling idna v1.1.0
[INFO] [stderr]    Compiling url v2.5.8
[INFO] [stderr]    Compiling hickory-proto v0.26.1
[INFO] [stderr]    Compiling sendfd v0.4.4
[INFO] [stderr]    Compiling tokio-tfo v0.4.3
[INFO] [stderr]    Compiling hickory-net v0.26.1
[INFO] [stderr]    Compiling hickory-resolver v0.26.1
[INFO] [stderr]    Compiling shadowsocks-crypto v0.8.0
[INFO] [stderr]    Compiling shadowsocks v1.25.0 (/opt/rustwide/workdir)
[INFO] [stderr]     Finished `release` profile [optimized] target(s) in 1m 59s
[INFO] running `Command { std: "docker" "inspect" "b5ffce643d847a621f9f08164cf2b085be7fa2f5de81be75aefe594121136a2b", kill_on_drop: false }`
[INFO] running `Command { std: "docker" "exec" "-e" "SOURCE_DIR=/opt/rustwide/workdir" "-e" "CARGO_HOME=/opt/rustwide/cargo-home" "-e" "RUSTUP_HOME=/opt/rustwide/rustup-home" "-e" "CARGO_TARGET_DIR=/opt/rustwide/target" "-e" "CARGO_INCREMENTAL=0" "-e" "RUST_BACKTRACE=full" "-e" "RUSTFLAGS=--cap-lints=warn" "-e" "RUSTDOCFLAGS=--cap-lints=warn" "-w" "/opt/rustwide/workdir" "--user" "0:0" "b5ffce643d847a621f9f08164cf2b085be7fa2f5de81be75aefe594121136a2b" "/opt/rustwide/cargo-home/bin/cargo" "+1.99.0-beta.8" "test" "--frozen" "--no-run" "--message-format=json" "--release", kill_on_drop: false }`
[INFO] [stderr]    Compiling mio v1.2.2
[INFO] [stderr]    Compiling aho-corasick v1.1.5
[INFO] [stderr]    Compiling anstyle-parse v1.0.0
[INFO] [stderr]    Compiling anstyle v1.0.14
[INFO] [stderr]    Compiling colorchoice v1.0.5
[INFO] [stderr]    Compiling jiff-core v0.1.0
[INFO] [stderr]    Compiling anstream v1.0.0
[INFO] [stderr]    Compiling tokio v1.53.1
[INFO] [stderr]    Compiling notify v8.2.0
[INFO] [stderr]    Compiling jiff v0.2.35
[INFO] [stderr]    Compiling regex-automata v0.4.18
[INFO] [stderr]    Compiling regex v1.13.1
[INFO] [stderr]    Compiling hickory-net v0.26.1
[INFO] [stderr]    Compiling sendfd v0.4.4
[INFO] [stderr]    Compiling tokio-tfo v0.4.3
[INFO] [stderr]    Compiling env_filter v2.0.0
[INFO] [stderr]    Compiling env_logger v0.11.11
[INFO] [stderr]    Compiling hickory-resolver v0.26.1
[INFO] [stderr]    Compiling shadowsocks v1.25.0 (/opt/rustwide/workdir)
[INFO] [stderr]     Finished `release` profile [optimized] target(s) in 58.61s
[INFO] running `Command { std: "docker" "inspect" "b5ffce643d847a621f9f08164cf2b085be7fa2f5de81be75aefe594121136a2b", kill_on_drop: false }`
[INFO] running `Command { std: "docker" "exec" "-e" "SOURCE_DIR=/opt/rustwide/workdir" "-e" "CARGO_HOME=/opt/rustwide/cargo-home" "-e" "RUSTUP_HOME=/opt/rustwide/rustup-home" "-e" "CARGO_TARGET_DIR=/opt/rustwide/target" "-e" "CARGO_INCREMENTAL=0" "-e" "RUST_BACKTRACE=full" "-e" "RUSTFLAGS=--cap-lints=warn" "-e" "RUSTDOCFLAGS=--cap-lints=warn" "-w" "/opt/rustwide/workdir" "--user" "0:0" "b5ffce643d847a621f9f08164cf2b085be7fa2f5de81be75aefe594121136a2b" "/opt/rustwide/cargo-home/bin/cargo" "+1.99.0-beta.8" "test" "--frozen" "--release", kill_on_drop: false }`
[INFO] [stderr]     Finished `release` profile [optimized] target(s) in 0.20s
[INFO] [stdout] 
[INFO] [stderr]      Running unittests src/lib.rs (/opt/rustwide/target/release/deps/shadowsocks-685650bdb84de32b)
[INFO] [stdout] running 2 tests
[INFO] [stderr]      Running tests/tcp.rs (/opt/rustwide/target/release/deps/tcp-8dd2c3747379c086)
[INFO] [stdout] test config::test::test_server_config_from_url ... ok
[INFO] [stdout] test plugin::test::generate_random_port ... ok
[INFO] [stdout] 
[INFO] [stdout] test result: ok. 2 passed; 0 failed; 0 ignored; 0 measured; 0 filtered out; finished in 0.00s
[INFO] [stdout] 
[INFO] [stdout] 
[INFO] [stdout] running 2 tests
[INFO] [stdout] test tcp_tunnel_none ... FAILED
[INFO] [stdout] test tcp_tunnel_aead ... FAILED
[INFO] [stderr] error: test failed, to rerun pass `--test tcp`
[INFO] [stdout] 
[INFO] [stdout] failures:
[INFO] [stdout] 
[INFO] [stdout] ---- tcp_tunnel_none stdout ----
[INFO] [stdout] b""
[INFO] [stdout] 
[INFO] [stdout] thread 'tcp_tunnel_none' (3699) panicked at tests/tcp.rs:145:5:
[INFO] [stdout] assertion failed: buffer.starts_with(HTTP_RESPONSE_STATUS)
[INFO] [stdout] stack backtrace:
[INFO] [stdout]    0:     0x5d434769b041 - <<std[70759c8f55707aa4]::sys::backtrace::BacktraceLock>::print::DisplayBacktrace as core[df12db4294e9bfd3]::fmt::Display>::fmt
[INFO] [stdout]    1:     0x5d43476b35ca - core[df12db4294e9bfd3]::fmt::write
[INFO] [stdout]    2:     0x5d43476a111c - <alloc[2182bb758b4b3781]::vec::Vec<u8> as core[df12db4294e9bfd3]::io::write::Write>::write_fmt
[INFO] [stdout]    3:     0x5d43476764a6 - std[70759c8f55707aa4]::panicking::default_hook::{closure#0}
[INFO] [stdout]    4:     0x5d4347692fb9 - std[70759c8f55707aa4]::panicking::default_hook
[INFO] [stdout]    5:     0x5d43473a00d0 - test[9d35eded1c95d3be]::test_main_inner::<test[9d35eded1c95d3be]::test_main_static::{closure#0}>::{closure#0}
[INFO] [stdout]    6:     0x5d43476932e2 - std[70759c8f55707aa4]::panicking::panic_with_hook
[INFO] [stdout]    7:     0x5d4347676584 - std[70759c8f55707aa4]::panicking::panic_handler::{closure#0}
[INFO] [stdout]    8:     0x5d434766f1f9 - std[70759c8f55707aa4]::sys::backtrace::__rust_end_short_backtrace::<std[70759c8f55707aa4]::panicking::panic_handler::{closure#0}, !>
[INFO] [stdout]    9:     0x5d434767733d - __rustc[8fa7c3cbc660c2b3]::rust_begin_unwind
[INFO] [stdout]   10:     0x5d43476b3dac - core[df12db4294e9bfd3]::panicking::panic_fmt
[INFO] [stdout]   11:     0x5d43476b3d72 - core[df12db4294e9bfd3]::panicking::panic
[INFO] [stdout]   12:     0x5d43472c56eb - tcp[2f83341730cee84b]::tcp_tunnel_example::{closure#0}
[INFO] [stdout]   13:     0x5d43472c5ba7 - tcp[2f83341730cee84b]::tcp_tunnel_none::{closure#0}
[INFO] [stdout]   14:     0x5d43472c13f3 - <tokio[c5418fa13da41dd3]::runtime::scheduler::current_thread::Context>::enter::<core[df12db4294e9bfd3]::task::poll::Poll<()>, <tokio[c5418fa13da41dd3]::runtime::scheduler::current_thread::CoreGuard>::block_on<core[df12db4294e9bfd3]::pin::Pin<&mut core[df12db4294e9bfd3]::pin::Pin<&mut dyn core[df12db4294e9bfd3]::future::future::Future<Output = ()>>>>::{closure#0}::{closure#0}>
[INFO] [stdout]   15:     0x5d434725f439 - <std[70759c8f55707aa4]::thread::local::LocalKey<tokio[c5418fa13da41dd3]::runtime::context::Context>>::with::<tokio[c5418fa13da41dd3]::runtime::context::set_scheduler<(alloc[2182bb758b4b3781]::boxed::Box<tokio[c5418fa13da41dd3]::runtime::scheduler::current_thread::Core>, core[df12db4294e9bfd3]::option::Option<()>), <tokio[c5418fa13da41dd3]::runtime::scheduler::current_thread::CoreGuard>::enter<<tokio[c5418fa13da41dd3]::runtime::scheduler::current_thread::CoreGuard>::block_on<core[df12db4294e9bfd3]::pin::Pin<&mut core[df12db4294e9bfd3]::pin::Pin<&mut dyn core[df12db4294e9bfd3]::future::future::Future<Output = ()>>>>::{closure#0}, core[df12db4294e9bfd3]::option::Option<()>>::{closure#0}>::{closure#0}, (alloc[2182bb758b4b3781]::boxed::Box<tokio[c5418fa13da41dd3]::runtime::scheduler::current_thread::Core>, core[df12db4294e9bfd3]::option::Option<()>)>
[INFO] [stdout]   16:     0x5d43472c1b77 - <tokio[c5418fa13da41dd3]::runtime::scheduler::current_thread::CoreGuard>::block_on::<core[df12db4294e9bfd3]::pin::Pin<&mut core[df12db4294e9bfd3]::pin::Pin<&mut dyn core[df12db4294e9bfd3]::future::future::Future<Output = ()>>>>
[INFO] [stdout]   17:     0x5d434726281d - tokio[c5418fa13da41dd3]::runtime::context::runtime::enter_runtime::<<tokio[c5418fa13da41dd3]::runtime::scheduler::current_thread::CurrentThread>::block_on<core[df12db4294e9bfd3]::pin::Pin<&mut dyn core[df12db4294e9bfd3]::future::future::Future<Output = ()>>>::{closure#0}, ()>
[INFO] [stdout]   18:     0x5d434725f013 - <tokio[c5418fa13da41dd3]::runtime::runtime::Runtime>::block_on::<core[df12db4294e9bfd3]::pin::Pin<&mut dyn core[df12db4294e9bfd3]::future::future::Future<Output = ()>>>
[INFO] [stdout]   19:     0x5d43472c785e - <tcp[2f83341730cee84b]::tcp_tunnel_none::{closure#0} as core[df12db4294e9bfd3]::ops::function::FnOnce<()>>::call_once
[INFO] [stdout]   20:     0x5d43473933bb - test[9d35eded1c95d3be]::__rust_begin_short_backtrace::<core[df12db4294e9bfd3]::result::Result<(), alloc[2182bb758b4b3781]::string::String>, fn() -> core[df12db4294e9bfd3]::result::Result<(), alloc[2182bb758b4b3781]::string::String>>
[INFO] [stdout]   21:     0x5d43473a0a25 - test[9d35eded1c95d3be]::run_test::{closure#0}
[INFO] [stdout]   22:     0x5d434739a2e4 - std[70759c8f55707aa4]::sys::backtrace::__rust_begin_short_backtrace::<test[9d35eded1c95d3be]::run_test::{closure#1}, ()>
[INFO] [stdout]   23:     0x5d43473a3b82 - <std[70759c8f55707aa4]::thread::lifecycle::spawn_unchecked<test[9d35eded1c95d3be]::run_test::{closure#1}, ()>::{closure#1} as core[df12db4294e9bfd3]::ops::function::FnOnce<()>>::call_once::{shim:vtable#0}
[INFO] [stdout]   24:     0x5d434769a569 - <std[70759c8f55707aa4]::sys::thread::unix::Thread>::new::thread_start
[INFO] [stdout]   25:     0x74d6e10a6dfa - <unknown>
[INFO] [stdout]   26:     0x74d6e113a3d4 - clone
[INFO] [stdout]   27:                0x0 - <unknown>
[INFO] [stdout] 
[INFO] [stdout] ---- tcp_tunnel_aead stdout ----
[INFO] [stdout] b""
[INFO] [stdout] 
[INFO] [stdout] thread 'tcp_tunnel_aead' (3698) panicked at tests/tcp.rs:145:5:
[INFO] [stdout] assertion failed: buffer.starts_with(HTTP_RESPONSE_STATUS)
[INFO] [stdout] stack backtrace:
[INFO] [stdout]    0:     0x5d434769b041 - <<std[70759c8f55707aa4]::sys::backtrace::BacktraceLock>::print::DisplayBacktrace as core[df12db4294e9bfd3]::fmt::Display>::fmt
[INFO] [stdout]    1:     0x5d43476b35ca - core[df12db4294e9bfd3]::fmt::write
[INFO] [stdout]    2:     0x5d43476a111c - <alloc[2182bb758b4b3781]::vec::Vec<u8> as core[df12db4294e9bfd3]::io::write::Write>::write_fmt
[INFO] [stdout]    3:     0x5d43476764a6 - std[70759c8f55707aa4]::panicking::default_hook::{closure#0}
[INFO] [stdout]    4:     0x5d4347692fb9 - std[70759c8f55707aa4]::panicking::default_hook
[INFO] [stdout]    5:     0x5d43473a00d0 - test[9d35eded1c95d3be]::test_main_inner::<test[9d35eded1c95d3be]::test_main_static::{closure#0}>::{closure#0}
[INFO] [stdout]    6:     0x5d43476932e2 - std[70759c8f55707aa4]::panicking::panic_with_hook
[INFO] [stdout]    7:     0x5d4347676584 - std[70759c8f55707aa4]::panicking::panic_handler::{closure#0}
[INFO] [stdout]    8:     0x5d434766f1f9 - std[70759c8f55707aa4]::sys::backtrace::__rust_end_short_backtrace::<std[70759c8f55707aa4]::panicking::panic_handler::{closure#0}, !>
[INFO] [stdout]    9:     0x5d434767733d - __rustc[8fa7c3cbc660c2b3]::rust_begin_unwind
[INFO] [stdout]   10:     0x5d43476b3dac - core[df12db4294e9bfd3]::panicking::panic_fmt
[INFO] [stdout]   11:     0x5d43476b3d72 - core[df12db4294e9bfd3]::panicking::panic
[INFO] [stdout]   12:     0x5d43472c56eb - tcp[2f83341730cee84b]::tcp_tunnel_example::{closure#0}
[INFO] [stdout]   13:     0x5d43472c596a - tcp[2f83341730cee84b]::tcp_tunnel_aead::{closure#0}
[INFO] [stdout]   14:     0x5d43472c13f3 - <tokio[c5418fa13da41dd3]::runtime::scheduler::current_thread::Context>::enter::<core[df12db4294e9bfd3]::task::poll::Poll<()>, <tokio[c5418fa13da41dd3]::runtime::scheduler::current_thread::CoreGuard>::block_on<core[df12db4294e9bfd3]::pin::Pin<&mut core[df12db4294e9bfd3]::pin::Pin<&mut dyn core[df12db4294e9bfd3]::future::future::Future<Output = ()>>>>::{closure#0}::{closure#0}>
[INFO] [stdout]   15:     0x5d434725f439 - <std[70759c8f55707aa4]::thread::local::LocalKey<tokio[c5418fa13da41dd3]::runtime::context::Context>>::with::<tokio[c5418fa13da41dd3]::runtime::context::set_scheduler<(alloc[2182bb758b4b3781]::boxed::Box<tokio[c5418fa13da41dd3]::runtime::scheduler::current_thread::Core>, core[df12db4294e9bfd3]::option::Option<()>), <tokio[c5418fa13da41dd3]::runtime::scheduler::current_thread::CoreGuard>::enter<<tokio[c5418fa13da41dd3]::runtime::scheduler::current_thread::CoreGuard>::block_on<core[df12db4294e9bfd3]::pin::Pin<&mut core[df12db4294e9bfd3]::pin::Pin<&mut dyn core[df12db4294e9bfd3]::future::future::Future<Output = ()>>>>::{closure#0}, core[df12db4294e9bfd3]::option::Option<()>>::{closure#0}>::{closure#0}, (alloc[2182bb758b4b3781]::boxed::Box<tokio[c5418fa13da41dd3]::runtime::scheduler::current_thread::Core>, core[df12db4294e9bfd3]::option::Option<()>)>
[INFO] [stdout]   16:     0x5d43472c1b77 - <tokio[c5418fa13da41dd3]::runtime::scheduler::current_thread::CoreGuard>::block_on::<core[df12db4294e9bfd3]::pin::Pin<&mut core[df12db4294e9bfd3]::pin::Pin<&mut dyn core[df12db4294e9bfd3]::future::future::Future<Output = ()>>>>
[INFO] [stdout]   17:     0x5d434726281d - tokio[c5418fa13da41dd3]::runtime::context::runtime::enter_runtime::<<tokio[c5418fa13da41dd3]::runtime::scheduler::current_thread::CurrentThread>::block_on<core[df12db4294e9bfd3]::pin::Pin<&mut dyn core[df12db4294e9bfd3]::future::future::Future<Output = ()>>>::{closure#0}, ()>
[INFO] [stdout]   18:     0x5d434725f013 - <tokio[c5418fa13da41dd3]::runtime::runtime::Runtime>::block_on::<core[df12db4294e9bfd3]::pin::Pin<&mut dyn core[df12db4294e9bfd3]::future::future::Future<Output = ()>>>
[INFO] [stdout]   19:     0x5d43472c76ee - <tcp[2f83341730cee84b]::tcp_tunnel_aead::{closure#0} as core[df12db4294e9bfd3]::ops::function::FnOnce<()>>::call_once
[INFO] [stdout]   20:     0x5d43473933bb - test[9d35eded1c95d3be]::__rust_begin_short_backtrace::<core[df12db4294e9bfd3]::result::Result<(), alloc[2182bb758b4b3781]::string::String>, fn() -> core[df12db4294e9bfd3]::result::Result<(), alloc[2182bb758b4b3781]::string::String>>
[INFO] [stdout]   21:     0x5d43473a0a25 - test[9d35eded1c95d3be]::run_test::{closure#0}
[INFO] [stdout]   22:     0x5d434739a2e4 - std[70759c8f55707aa4]::sys::backtrace::__rust_begin_short_backtrace::<test[9d35eded1c95d3be]::run_test::{closure#1}, ()>
[INFO] [stdout]   23:     0x5d43473a3b82 - <std[70759c8f55707aa4]::thread::lifecycle::spawn_unchecked<test[9d35eded1c95d3be]::run_test::{closure#1}, ()>::{closure#1} as core[df12db4294e9bfd3]::ops::function::FnOnce<()>>::call_once::{shim:vtable#0}
[INFO] [stdout]   24:     0x5d434769a569 - <std[70759c8f55707aa4]::sys::thread::unix::Thread>::new::thread_start
[INFO] [stdout]   25:     0x74d6e10a6dfa - <unknown>
[INFO] [stdout]   26:     0x74d6e113a3d4 - clone
[INFO] [stdout]   27:                0x0 - <unknown>
[INFO] [stdout] 
[INFO] [stdout] 
[INFO] [stdout] failures:
[INFO] [stdout]     tcp_tunnel_aead
[INFO] [stdout]     tcp_tunnel_none
[INFO] [stdout] 
[INFO] [stdout] test result: FAILED. 0 passed; 2 failed; 0 ignored; 0 measured; 0 filtered out; finished in 0.02s
[INFO] [stdout] 
[INFO] running `Command { std: "docker" "inspect" "b5ffce643d847a621f9f08164cf2b085be7fa2f5de81be75aefe594121136a2b", kill_on_drop: false }`
[INFO] running `Command { std: "docker" "rm" "-f" "b5ffce643d847a621f9f08164cf2b085be7fa2f5de81be75aefe594121136a2b", kill_on_drop: false }`
[INFO] [stdout] b5ffce643d847a621f9f08164cf2b085be7fa2f5de81be75aefe594121136a2b
