[INFO] fetching crate sh1106-simple 0.1.0...
[INFO] testing sh1106-simple-0.1.0 against 1.100.0-beta.1+cargoflags=--release for beta-release-1.100-2
[INFO] extracting crate sh1106-simple 0.1.0 into /workspace/builds/worker-3-tc2/source
[INFO] started tweaking crates.io crate sh1106-simple 0.1.0
[INFO] finished tweaking crates.io crate sh1106-simple 0.1.0
[INFO] tweaked toml for crates.io crate sh1106-simple 0.1.0 written to /workspace/builds/worker-3-tc2/source/Cargo.toml
[INFO] validating manifest of crates.io crate sh1106-simple 0.1.0 on toolchain 1.100.0-beta.1
[INFO] running `Command { std: CARGO_HOME="/workspace/cargo-home" RUSTUP_HOME="/workspace/rustup-home" "/workspace/cargo-home/bin/cargo" "+1.100.0-beta.1" "metadata" "--manifest-path" "Cargo.toml" "--no-deps", kill_on_drop: false }`
[INFO] crate crates.io crate sh1106-simple 0.1.0 already has a lockfile, it will not be regenerated
[INFO] running `Command { std: CARGO_HOME="/workspace/cargo-home" RUSTUP_HOME="/workspace/rustup-home" "/workspace/cargo-home/bin/cargo" "+1.100.0-beta.1" "fetch" "--manifest-path" "Cargo.toml", kill_on_drop: false }`
[INFO] [stderr] warning: `package.homepage` is redundant with `package.repository`
[INFO] [stderr]   --> Cargo.toml:25:12
[INFO] [stderr]    |
[INFO] [stderr] 25 | homepage = "https://git.zoai.re/tuxmain/sh1106-simple-rs"
[INFO] [stderr]    |            ^^^^^^^^^^^^^^^^^^^^^^^^^^^^^^^^^^^^^^^^^^^^^^
[INFO] [stderr] ...
[INFO] [stderr] 30 | repository = "https://git.zoai.re/tuxmain/sh1106-simple-rs"
[INFO] [stderr]    |              ----------------------------------------------
[INFO] [stderr]    |
[INFO] [stderr]    = note: `cargo::redundant_homepage` is set to `warn` by default
[INFO] [stderr] help: consider removing `package.homepage`
[INFO] [stderr] warning: `sh1106-simple` (manifest) generated 1 warning
[INFO] running `Command { std: "docker" "create" "-v" "/var/lib/crater-agent-workspace/builds/worker-3-tc2/source:/opt/rustwide/workdir:ro,Z" "-v" "/var/lib/crater-agent-workspace/builds/worker-3-tc2/target:/opt/rustwide/target:rw,Z" "-v" "/var/lib/crater-agent-workspace/cargo-home:/opt/rustwide/cargo-home:ro,Z" "-v" "/var/lib/crater-agent-workspace/rustup-home:/opt/rustwide/rustup-home:ro,Z" "-m" "1610612736" "--network" "none" "ghcr.io/rust-lang/crates-build-env/linux@sha256:77db811e55d90add9212f6832c23229e3de5f1c1f9905e8cb07319ea15df73ac" "sleep" "infinity", kill_on_drop: false }`
[INFO] [stdout] 4dde3a6d83cefde435e2fb8ea0367dd154dc1037581ddfab4f91b3c16e561f5e
[INFO] running `Command { std: "docker" "start" "4dde3a6d83cefde435e2fb8ea0367dd154dc1037581ddfab4f91b3c16e561f5e", kill_on_drop: false }`
[INFO] running `Command { std: "docker" "inspect" "4dde3a6d83cefde435e2fb8ea0367dd154dc1037581ddfab4f91b3c16e561f5e", kill_on_drop: false }`
[INFO] running `Command { std: "docker" "exec" "-e" "SOURCE_DIR=/opt/rustwide/workdir" "-e" "CARGO_HOME=/opt/rustwide/cargo-home" "-e" "RUSTUP_HOME=/opt/rustwide/rustup-home" "-e" "CARGO_TARGET_DIR=/opt/rustwide/target" "-w" "/opt/rustwide/workdir" "--user" "0:0" "4dde3a6d83cefde435e2fb8ea0367dd154dc1037581ddfab4f91b3c16e561f5e" "/opt/rustwide/cargo-home/bin/cargo" "+1.100.0-beta.1" "metadata" "--no-deps" "--format-version=1", kill_on_drop: false }`
[INFO] running `Command { std: "docker" "inspect" "4dde3a6d83cefde435e2fb8ea0367dd154dc1037581ddfab4f91b3c16e561f5e", kill_on_drop: false }`
[INFO] running `Command { std: "docker" "exec" "-e" "SOURCE_DIR=/opt/rustwide/workdir" "-e" "CARGO_HOME=/opt/rustwide/cargo-home" "-e" "RUSTUP_HOME=/opt/rustwide/rustup-home" "-e" "CARGO_TARGET_DIR=/opt/rustwide/target" "-e" "CARGO_INCREMENTAL=0" "-e" "RUST_BACKTRACE=full" "-e" "RUSTFLAGS=--cap-lints=warn" "-e" "RUSTDOCFLAGS=--cap-lints=warn" "-w" "/opt/rustwide/workdir" "--user" "0:0" "4dde3a6d83cefde435e2fb8ea0367dd154dc1037581ddfab4f91b3c16e561f5e" "/opt/rustwide/cargo-home/bin/cargo" "+1.100.0-beta.1" "build" "--frozen" "--message-format=json" "--release", kill_on_drop: false }`
[INFO] [stderr] warning: `package.homepage` is redundant with `package.repository`
[INFO] [stderr]   --> Cargo.toml:25:12
[INFO] [stderr]    |
[INFO] [stderr] 25 | homepage = "https://git.zoai.re/tuxmain/sh1106-simple-rs"
[INFO] [stderr]    |            ^^^^^^^^^^^^^^^^^^^^^^^^^^^^^^^^^^^^^^^^^^^^^^
[INFO] [stderr] ...
[INFO] [stderr] 30 | repository = "https://git.zoai.re/tuxmain/sh1106-simple-rs"
[INFO] [stderr]    |              ----------------------------------------------
[INFO] [stderr]    |
[INFO] [stderr]    = note: `cargo::redundant_homepage` is set to `warn` by default
[INFO] [stderr] help: consider removing `package.homepage`
[INFO] [stderr] warning: `sh1106-simple` (manifest) generated 1 warning
[INFO] [stderr]    Compiling az v1.2.1
[INFO] [stderr]    Compiling byteorder v1.5.0
[INFO] [stderr]    Compiling embedded-graphics-core v0.4.1
[INFO] [stderr]    Compiling sh1106-simple v0.1.0 (/opt/rustwide/workdir)
[INFO] [stderr]     Finished `release` profile [optimized] target(s) in 2.82s
[INFO] running `Command { std: "docker" "inspect" "4dde3a6d83cefde435e2fb8ea0367dd154dc1037581ddfab4f91b3c16e561f5e", kill_on_drop: false }`
[INFO] running `Command { std: "docker" "exec" "-e" "SOURCE_DIR=/opt/rustwide/workdir" "-e" "CARGO_HOME=/opt/rustwide/cargo-home" "-e" "RUSTUP_HOME=/opt/rustwide/rustup-home" "-e" "CARGO_TARGET_DIR=/opt/rustwide/target" "-e" "CARGO_INCREMENTAL=0" "-e" "RUST_BACKTRACE=full" "-e" "RUSTFLAGS=--cap-lints=warn" "-e" "RUSTDOCFLAGS=--cap-lints=warn" "-w" "/opt/rustwide/workdir" "--user" "0:0" "4dde3a6d83cefde435e2fb8ea0367dd154dc1037581ddfab4f91b3c16e561f5e" "/opt/rustwide/cargo-home/bin/cargo" "+1.100.0-beta.1" "test" "--frozen" "--no-run" "--message-format=json" "--release", kill_on_drop: false }`
[INFO] [stderr] warning: `package.homepage` is redundant with `package.repository`
[INFO] [stderr]   --> Cargo.toml:25:12
[INFO] [stderr]    |
[INFO] [stderr] 25 | homepage = "https://git.zoai.re/tuxmain/sh1106-simple-rs"
[INFO] [stderr]    |            ^^^^^^^^^^^^^^^^^^^^^^^^^^^^^^^^^^^^^^^^^^^^^^
[INFO] [stderr] ...
[INFO] [stderr] 30 | repository = "https://git.zoai.re/tuxmain/sh1106-simple-rs"
[INFO] [stderr]    |              ----------------------------------------------
[INFO] [stderr]    |
[INFO] [stderr]    = note: `cargo::redundant_homepage` is set to `warn` by default
[INFO] [stderr] help: consider removing `package.homepage`
[INFO] [stderr] warning: `sh1106-simple` (manifest) generated 1 warning
[INFO] [stderr]    Compiling sh1106-simple v0.1.0 (/opt/rustwide/workdir)
[INFO] [stderr]     Finished `release` profile [optimized] target(s) in 0.36s
[INFO] running `Command { std: "docker" "inspect" "4dde3a6d83cefde435e2fb8ea0367dd154dc1037581ddfab4f91b3c16e561f5e", kill_on_drop: false }`
[INFO] running `Command { std: "docker" "exec" "-e" "SOURCE_DIR=/opt/rustwide/workdir" "-e" "CARGO_HOME=/opt/rustwide/cargo-home" "-e" "RUSTUP_HOME=/opt/rustwide/rustup-home" "-e" "CARGO_TARGET_DIR=/opt/rustwide/target" "-e" "CARGO_INCREMENTAL=0" "-e" "RUST_BACKTRACE=full" "-e" "RUSTFLAGS=--cap-lints=warn" "-e" "RUSTDOCFLAGS=--cap-lints=warn" "-w" "/opt/rustwide/workdir" "--user" "0:0" "4dde3a6d83cefde435e2fb8ea0367dd154dc1037581ddfab4f91b3c16e561f5e" "/opt/rustwide/cargo-home/bin/cargo" "+1.100.0-beta.1" "test" "--frozen" "--release", kill_on_drop: false }`
[INFO] [stderr] warning: `package.homepage` is redundant with `package.repository`
[INFO] [stderr]   --> Cargo.toml:25:12
[INFO] [stderr]    |
[INFO] [stderr] 25 | homepage = "https://git.zoai.re/tuxmain/sh1106-simple-rs"
[INFO] [stderr]    |            ^^^^^^^^^^^^^^^^^^^^^^^^^^^^^^^^^^^^^^^^^^^^^^
[INFO] [stderr] ...
[INFO] [stderr] 30 | repository = "https://git.zoai.re/tuxmain/sh1106-simple-rs"
[INFO] [stderr]    |              ----------------------------------------------
[INFO] [stderr]    |
[INFO] [stderr]    = note: `cargo::redundant_homepage` is set to `warn` by default
[INFO] [stderr] help: consider removing `package.homepage`
[INFO] [stderr] warning: `sh1106-simple` (manifest) generated 1 warning
[INFO] [stderr]     Finished `release` profile [optimized] target(s) in 0.04s
[INFO] [stderr]      Running unittests src/lib.rs (/opt/rustwide/target/release/build/sh1106-simple/476919a79afbfe01/out/sh1106_simple-476919a79afbfe01)
[INFO] [stderr]    Doc-tests sh1106_simple
[INFO] [stdout] 
[INFO] [stdout] running 0 tests
[INFO] [stdout] 
[INFO] [stdout] test result: ok. 0 passed; 0 failed; 0 ignored; 0 measured; 0 filtered out; finished in 0.00s
[INFO] [stdout] 
[INFO] [stdout] 
[INFO] [stdout] running 1 test
[INFO] [stdout] test src/lib.rs - (line 24) ... FAILED
[INFO] [stdout] 
[INFO] [stdout] failures:
[INFO] [stdout] 
[INFO] [stdout] ---- src/lib.rs - (line 24) stdout ----
[INFO] [stdout] error[E0433]: cannot find module or crate `esp_hal` in this scope
[INFO] [stdout]   --> src/lib.rs:27:11
[INFO] [stdout]    |
[INFO] [stdout] 27 |     pub spi: esp_hal::spi::master::Spi<'a, esp_hal::Blocking>,
[INFO] [stdout]    |              ^^^^^^^ use of unresolved module or unlinked crate `esp_hal`
[INFO] [stdout]    |
[INFO] [stdout]    = help: if you wanted to use a crate named `esp_hal`, use `cargo add esp_hal` to add it to your `Cargo.toml`
[INFO] [stdout] 
[INFO] [stdout] error[E0433]: cannot find module or crate `esp_hal` in this scope
[INFO] [stdout]   --> src/lib.rs:28:10
[INFO] [stdout]    |
[INFO] [stdout] 28 |     pub cs: esp_hal::gpio::Output<'a>,
[INFO] [stdout]    |             ^^^^^^^ use of unresolved module or unlinked crate `esp_hal`
[INFO] [stdout]    |
[INFO] [stdout]    = help: if you wanted to use a crate named `esp_hal`, use `cargo add esp_hal` to add it to your `Cargo.toml`
[INFO] [stdout] 
[INFO] [stdout] error[E0433]: cannot find module or crate `esp_hal` in this scope
[INFO] [stdout]   --> src/lib.rs:29:10
[INFO] [stdout]    |
[INFO] [stdout] 29 |     pub dc: esp_hal::gpio::Output<'a>,
[INFO] [stdout]    |             ^^^^^^^ use of unresolved module or unlinked crate `esp_hal`
[INFO] [stdout]    |
[INFO] [stdout]    = help: if you wanted to use a crate named `esp_hal`, use `cargo add esp_hal` to add it to your `Cargo.toml`
[INFO] [stdout] 
[INFO] [stdout] error[E0433]: cannot find module or crate `esp_hal` in this scope
[INFO] [stdout]   --> src/lib.rs:51:2
[INFO] [stdout]    |
[INFO] [stdout] 51 |     esp_hal::spi::master::Config::default().with_frequency(esp_hal::time::Rate::from_khz(400));
[INFO] [stdout]    |     ^^^^^^^ use of unresolved module or unlinked crate `esp_hal`
[INFO] [stdout]    |
[INFO] [stdout]    = help: if you wanted to use a crate named `esp_hal`, use `cargo add esp_hal` to add it to your `Cargo.toml`
[INFO] [stdout] 
[INFO] [stdout] error[E0433]: cannot find module or crate `esp_hal` in this scope
[INFO] [stdout]   --> src/lib.rs:51:57
[INFO] [stdout]    |
[INFO] [stdout] 51 |     esp_hal::spi::master::Config::default().with_frequency(esp_hal::time::Rate::from_khz(400));
[INFO] [stdout]    |                                                            ^^^^^^^ use of unresolved module or unlinked crate `esp_hal`
[INFO] [stdout]    |
[INFO] [stdout]    = help: if you wanted to use a crate named `esp_hal`, use `cargo add esp_hal` to add it to your `Cargo.toml`
[INFO] [stdout] 
[INFO] [stdout] error[E0433]: cannot find module or crate `esp_hal` in this scope
[INFO] [stdout]   --> src/lib.rs:54:2
[INFO] [stdout]    |
[INFO] [stdout] 54 |     esp_hal::spi::master::Spi::<esp_hal::Blocking>::new(peripherals.SPI2, spi_config)
[INFO] [stdout]    |     ^^^^^^^ use of unresolved module or unlinked crate `esp_hal`
[INFO] [stdout]    |
[INFO] [stdout]    = help: if you wanted to use a crate named `esp_hal`, use `cargo add esp_hal` to add it to your `Cargo.toml`
[INFO] [stdout] 
[INFO] [stdout] error[E0433]: cannot find module or crate `esp_hal` in this scope
[INFO] [stdout]   --> src/lib.rs:63:3
[INFO] [stdout]    |
[INFO] [stdout] 63 |         esp_hal::gpio::Level::High,
[INFO] [stdout]    |         ^^^^^^^ use of unresolved module or unlinked crate `esp_hal`
[INFO] [stdout]    |
[INFO] [stdout]    = help: if you wanted to use a crate named `esp_hal`, use `cargo add esp_hal` to add it to your `Cargo.toml`
[INFO] [stdout] 
[INFO] [stdout] error[E0433]: cannot find module or crate `esp_hal` in this scope
[INFO] [stdout]   --> src/lib.rs:64:3
[INFO] [stdout]    |
[INFO] [stdout] 64 |         esp_hal::gpio::OutputConfig::default().with_pull(esp_hal::gpio::Pull::None),
[INFO] [stdout]    |         ^^^^^^^ use of unresolved module or unlinked crate `esp_hal`
[INFO] [stdout]    |
[INFO] [stdout]    = help: if you wanted to use a crate named `esp_hal`, use `cargo add esp_hal` to add it to your `Cargo.toml`
[INFO] [stdout] 
[INFO] [stdout] error[E0433]: cannot find module or crate `esp_hal` in this scope
[INFO] [stdout]   --> src/lib.rs:64:52
[INFO] [stdout]    |
[INFO] [stdout] 64 |         esp_hal::gpio::OutputConfig::default().with_pull(esp_hal::gpio::Pull::None),
[INFO] [stdout]    |                                                          ^^^^^^^ use of unresolved module or unlinked crate `esp_hal`
[INFO] [stdout]    |
[INFO] [stdout]    = help: if you wanted to use a crate named `esp_hal`, use `cargo add esp_hal` to add it to your `Cargo.toml`
[INFO] [stdout] 
[INFO] [stdout] error[E0433]: cannot find module or crate `esp_hal` in this scope
[INFO] [stdout]   --> src/lib.rs:68:3
[INFO] [stdout]    |
[INFO] [stdout] 68 |         esp_hal::gpio::Level::High,
[INFO] [stdout]    |         ^^^^^^^ use of unresolved module or unlinked crate `esp_hal`
[INFO] [stdout]    |
[INFO] [stdout]    = help: if you wanted to use a crate named `esp_hal`, use `cargo add esp_hal` to add it to your `Cargo.toml`
[INFO] [stdout] 
[INFO] [stdout] error[E0433]: cannot find module or crate `esp_hal` in this scope
[INFO] [stdout]   --> src/lib.rs:69:3
[INFO] [stdout]    |
[INFO] [stdout] 69 |         esp_hal::gpio::OutputConfig::default().with_pull(esp_hal::gpio::Pull::None),
[INFO] [stdout]    |         ^^^^^^^ use of unresolved module or unlinked crate `esp_hal`
[INFO] [stdout]    |
[INFO] [stdout]    = help: if you wanted to use a crate named `esp_hal`, use `cargo add esp_hal` to add it to your `Cargo.toml`
[INFO] [stdout] 
[INFO] [stdout] error[E0433]: cannot find module or crate `esp_hal` in this scope
[INFO] [stdout]   --> src/lib.rs:69:52
[INFO] [stdout]    |
[INFO] [stdout] 69 |         esp_hal::gpio::OutputConfig::default().with_pull(esp_hal::gpio::Pull::None),
[INFO] [stdout]    |                                                          ^^^^^^^ use of unresolved module or unlinked crate `esp_hal`
[INFO] [stdout]    |
[INFO] [stdout]    = help: if you wanted to use a crate named `esp_hal`, use `cargo add esp_hal` to add it to your `Cargo.toml`
[INFO] [stdout] 
[INFO] [stdout] error[E0425]: cannot find value `peripherals` in this scope
[INFO] [stdout]   --> src/lib.rs:44:20
[INFO] [stdout]    |
[INFO] [stdout] 44 | let display_sclk = peripherals.GPIO14;
[INFO] [stdout]    |                    ^^^^^^^^^^^ not found in this scope
[INFO] [stdout] 
[INFO] [stdout] error[E0425]: cannot find value `peripherals` in this scope
[INFO] [stdout]   --> src/lib.rs:45:20
[INFO] [stdout]    |
[INFO] [stdout] 45 | let display_mosi = peripherals.GPIO13;
[INFO] [stdout]    |                    ^^^^^^^^^^^ not found in this scope
[INFO] [stdout] 
[INFO] [stdout] error[E0425]: cannot find value `peripherals` in this scope
[INFO] [stdout]   --> src/lib.rs:46:18
[INFO] [stdout]    |
[INFO] [stdout] 46 | let display_cs = peripherals.GPIO15;
[INFO] [stdout]    |                  ^^^^^^^^^^^ not found in this scope
[INFO] [stdout] 
[INFO] [stdout] error[E0425]: cannot find value `peripherals` in this scope
[INFO] [stdout]   --> src/lib.rs:47:18
[INFO] [stdout]    |
[INFO] [stdout] 47 | let display_dc = peripherals.GPIO27;
[INFO] [stdout]    |                  ^^^^^^^^^^^ not found in this scope
[INFO] [stdout] 
[INFO] [stdout] error[E0425]: cannot find value `peripherals` in this scope
[INFO] [stdout]   --> src/lib.rs:54:54
[INFO] [stdout]    |
[INFO] [stdout] 54 |     esp_hal::spi::master::Spi::<esp_hal::Blocking>::new(peripherals.SPI2, spi_config)
[INFO] [stdout]    |                                                         ^^^^^^^^^^^ not found in this scope
[INFO] [stdout] 
[INFO] [stdout] error[E0433]: cannot find module or crate `esp_hal` in this scope
[INFO] [stdout]   --> src/lib.rs:61:6
[INFO] [stdout]    |
[INFO] [stdout] 61 |     cs: esp_hal::gpio::Output::<'static>::new(
[INFO] [stdout]    |         ^^^^^^^ use of unresolved module or unlinked crate `esp_hal`
[INFO] [stdout]    |
[INFO] [stdout]    = help: if you wanted to use a crate named `esp_hal`, use `cargo add esp_hal` to add it to your `Cargo.toml`
[INFO] [stdout] help: consider importing this struct
[INFO] [stdout]    |
[INFO] [stdout] 23 + use std::process::Output;
[INFO] [stdout]    |
[INFO] [stdout] help: if you import `Output`, refer to it directly
[INFO] [stdout]    |
[INFO] [stdout] 61 -     cs: esp_hal::gpio::Output::<'static>::new(
[INFO] [stdout] 61 +     cs: Output::<'static>::new(
[INFO] [stdout]    |
[INFO] [stdout] 
[INFO] [stdout] error[E0433]: cannot find module or crate `esp_hal` in this scope
[INFO] [stdout]   --> src/lib.rs:66:6
[INFO] [stdout]    |
[INFO] [stdout] 66 |     dc: esp_hal::gpio::Output::<'static>::new(
[INFO] [stdout]    |         ^^^^^^^ use of unresolved module or unlinked crate `esp_hal`
[INFO] [stdout]    |
[INFO] [stdout]    = help: if you wanted to use a crate named `esp_hal`, use `cargo add esp_hal` to add it to your `Cargo.toml`
[INFO] [stdout] help: consider importing this struct
[INFO] [stdout]    |
[INFO] [stdout] 23 + use std::process::Output;
[INFO] [stdout]    |
[INFO] [stdout] help: if you import `Output`, refer to it directly
[INFO] [stdout]    |
[INFO] [stdout] 66 -     dc: esp_hal::gpio::Output::<'static>::new(
[INFO] [stdout] 66 +     dc: Output::<'static>::new(
[INFO] [stdout]    |
[INFO] [stdout] 
[INFO] [stdout] error[E0425]: cannot find value `hardware_hw` in this scope
[INFO] [stdout]   --> src/lib.rs:73:46
[INFO] [stdout]    |
[INFO] [stdout] 73 | let mut display = sh1106_simple::Sh1106::new(hardware_hw);
[INFO] [stdout]    |                                              ^^^^^^^^^^^ not found in this scope
[INFO] [stdout] 
[INFO] [stdout] error[E0433]: cannot find module or crate `esp_hal` in this scope
[INFO] [stdout]   --> src/lib.rs:27:41
[INFO] [stdout]    |
[INFO] [stdout] 27 |     pub spi: esp_hal::spi::master::Spi<'a, esp_hal::Blocking>,
[INFO] [stdout]    |                                            ^^^^^^^ use of unresolved module or unlinked crate `esp_hal`
[INFO] [stdout]    |
[INFO] [stdout]    = help: if you wanted to use a crate named `esp_hal`, use `cargo add esp_hal` to add it to your `Cargo.toml`
[INFO] [stdout] 
[INFO] [stdout] error[E0433]: cannot find module or crate `esp_hal` in this scope
[INFO] [stdout]   --> src/lib.rs:54:30
[INFO] [stdout]    |
[INFO] [stdout] 54 |     esp_hal::spi::master::Spi::<esp_hal::Blocking>::new(peripherals.SPI2, spi_config)
[INFO] [stdout]    |                                 ^^^^^^^ use of unresolved module or unlinked crate `esp_hal`
[INFO] [stdout]    |
[INFO] [stdout]    = help: if you wanted to use a crate named `esp_hal`, use `cargo add esp_hal` to add it to your `Cargo.toml`
[INFO] [stdout] 
[INFO] [stdout] error: aborting due to 22 previous errors
[INFO] [stdout] 
[INFO] [stdout] Some errors have detailed explanations: E0425, E0433.
[INFO] [stdout] For more information about an error, try `rustc --explain E0425`.
[INFO] [stdout] Couldn't compile the test.
[INFO] [stdout] 
[INFO] [stdout] failures:
[INFO] [stdout]     src/lib.rs - (line 24)
[INFO] [stdout] 
[INFO] [stdout] test result: FAILED. 0 passed; 1 failed; 0 ignored; 0 measured; 0 filtered out; finished in 0.18s
[INFO] [stdout] 
[INFO] [stdout] all doctests ran in 0.39s; merged doctests compilation took 0.21s
[INFO] [stderr] error: doctest failed, to rerun pass `--doc`
[INFO] running `Command { std: "docker" "inspect" "4dde3a6d83cefde435e2fb8ea0367dd154dc1037581ddfab4f91b3c16e561f5e", kill_on_drop: false }`
[INFO] running `Command { std: "docker" "rm" "-f" "4dde3a6d83cefde435e2fb8ea0367dd154dc1037581ddfab4f91b3c16e561f5e", kill_on_drop: false }`
[INFO] [stdout] 4dde3a6d83cefde435e2fb8ea0367dd154dc1037581ddfab4f91b3c16e561f5e
