[INFO] fetching crate sh-guard-core 0.1.10...
[INFO] testing sh-guard-core-0.1.10 against 1.100.0-beta.1+cargoflags=--release for beta-release-1.100-2
[INFO] extracting crate sh-guard-core 0.1.10 into /workspace/builds/worker-4-tc2/source
[INFO] started tweaking crates.io crate sh-guard-core 0.1.10
[INFO] removed 0 missing examples
[INFO] removed 0 missing tests
[INFO] finished tweaking crates.io crate sh-guard-core 0.1.10
[INFO] tweaked toml for crates.io crate sh-guard-core 0.1.10 written to /workspace/builds/worker-4-tc2/source/Cargo.toml
[INFO] validating manifest of crates.io crate sh-guard-core 0.1.10 on toolchain 1.100.0-beta.1
[INFO] running `Command { std: CARGO_HOME="/workspace/cargo-home" RUSTUP_HOME="/workspace/rustup-home" "/workspace/cargo-home/bin/cargo" "+1.100.0-beta.1" "metadata" "--manifest-path" "Cargo.toml" "--no-deps", kill_on_drop: false }`
[INFO] crate crates.io crate sh-guard-core 0.1.10 already has a lockfile, it will not be regenerated
[INFO] running `Command { std: CARGO_HOME="/workspace/cargo-home" RUSTUP_HOME="/workspace/rustup-home" "/workspace/cargo-home/bin/cargo" "+1.100.0-beta.1" "fetch" "--manifest-path" "Cargo.toml", kill_on_drop: false }`
[INFO] [stderr] warning: `package.homepage` is redundant with `package.repository`
[INFO] [stderr]   --> Cargo.toml:53:12
[INFO] [stderr]    |
[INFO] [stderr] 53 | homepage = "https://github.com/aryanbhosale/sh-guard"
[INFO] [stderr]    |            ^^^^^^^^^^^^^^^^^^^^^^^^^^^^^^^^^^^^^^^^^^
[INFO] [stderr] ...
[INFO] [stderr] 58 | repository = "https://github.com/aryanbhosale/sh-guard"
[INFO] [stderr]    |              ------------------------------------------
[INFO] [stderr]    |
[INFO] [stderr]    = note: `cargo::redundant_homepage` is set to `warn` by default
[INFO] [stderr] help: consider removing `package.homepage`
[INFO] [stderr] warning: `sh-guard-core` (manifest) generated 1 warning
[INFO] running `Command { std: "docker" "create" "-v" "/var/lib/crater-agent-workspace/builds/worker-4-tc2/source:/opt/rustwide/workdir:ro,Z" "-v" "/var/lib/crater-agent-workspace/builds/worker-4-tc2/target:/opt/rustwide/target:rw,Z" "-v" "/var/lib/crater-agent-workspace/cargo-home:/opt/rustwide/cargo-home:ro,Z" "-v" "/var/lib/crater-agent-workspace/rustup-home:/opt/rustwide/rustup-home:ro,Z" "-m" "1610612736" "--network" "none" "ghcr.io/rust-lang/crates-build-env/linux@sha256:77db811e55d90add9212f6832c23229e3de5f1c1f9905e8cb07319ea15df73ac" "sleep" "infinity", kill_on_drop: false }`
[INFO] [stdout] 2fc3ed669d8622172e4697e9a5f067aa82d81633c4b64637f87c0a46a6394aca
[INFO] running `Command { std: "docker" "start" "2fc3ed669d8622172e4697e9a5f067aa82d81633c4b64637f87c0a46a6394aca", kill_on_drop: false }`
[INFO] running `Command { std: "docker" "inspect" "2fc3ed669d8622172e4697e9a5f067aa82d81633c4b64637f87c0a46a6394aca", kill_on_drop: false }`
[INFO] running `Command { std: "docker" "exec" "-e" "SOURCE_DIR=/opt/rustwide/workdir" "-e" "CARGO_HOME=/opt/rustwide/cargo-home" "-e" "RUSTUP_HOME=/opt/rustwide/rustup-home" "-e" "CARGO_TARGET_DIR=/opt/rustwide/target" "-w" "/opt/rustwide/workdir" "--user" "0:0" "2fc3ed669d8622172e4697e9a5f067aa82d81633c4b64637f87c0a46a6394aca" "/opt/rustwide/cargo-home/bin/cargo" "+1.100.0-beta.1" "metadata" "--no-deps" "--format-version=1", kill_on_drop: false }`
[INFO] running `Command { std: "docker" "inspect" "2fc3ed669d8622172e4697e9a5f067aa82d81633c4b64637f87c0a46a6394aca", kill_on_drop: false }`
[INFO] running `Command { std: "docker" "exec" "-e" "SOURCE_DIR=/opt/rustwide/workdir" "-e" "CARGO_HOME=/opt/rustwide/cargo-home" "-e" "RUSTUP_HOME=/opt/rustwide/rustup-home" "-e" "CARGO_TARGET_DIR=/opt/rustwide/target" "-e" "CARGO_INCREMENTAL=0" "-e" "RUST_BACKTRACE=full" "-e" "RUSTFLAGS=--cap-lints=warn" "-e" "RUSTDOCFLAGS=--cap-lints=warn" "-w" "/opt/rustwide/workdir" "--user" "0:0" "2fc3ed669d8622172e4697e9a5f067aa82d81633c4b64637f87c0a46a6394aca" "/opt/rustwide/cargo-home/bin/cargo" "+1.100.0-beta.1" "build" "--frozen" "--message-format=json" "--release", kill_on_drop: false }`
[INFO] [stderr] warning: `package.homepage` is redundant with `package.repository`
[INFO] [stderr]   --> Cargo.toml:53:12
[INFO] [stderr]    |
[INFO] [stderr] 53 | homepage = "https://github.com/aryanbhosale/sh-guard"
[INFO] [stderr]    |            ^^^^^^^^^^^^^^^^^^^^^^^^^^^^^^^^^^^^^^^^^^
[INFO] [stderr] ...
[INFO] [stderr] 58 | repository = "https://github.com/aryanbhosale/sh-guard"
[INFO] [stderr]    |              ------------------------------------------
[INFO] [stderr]    |
[INFO] [stderr]    = note: `cargo::redundant_homepage` is set to `warn` by default
[INFO] [stderr] help: consider removing `package.homepage`
[INFO] [stderr] warning: `sh-guard-core` (manifest) generated 1 warning
[INFO] [stderr]    Compiling serde_json v1.0.149
[INFO] [stderr]    Compiling hashbrown v0.16.1
[INFO] [stderr]    Compiling cc v1.2.59
[INFO] [stderr]    Compiling aho-corasick v1.1.4
[INFO] [stderr]    Compiling winnow v1.0.1
[INFO] [stderr]    Compiling glob-match v0.2.1
[INFO] [stderr]    Compiling toml_parser v1.1.2+spec-1.1.0
[INFO] [stderr]    Compiling indexmap v2.13.1
[INFO] [stderr]    Compiling toml v1.1.2+spec-1.1.0
[INFO] [stderr]    Compiling tree-sitter-bash v0.25.1
[INFO] [stderr]    Compiling regex-automata v0.4.14
[INFO] [stderr]    Compiling tree-sitter v0.26.8
[INFO] [stderr]    Compiling regex v1.12.3
[INFO] [stderr]    Compiling sh-guard-core v0.1.10 (/opt/rustwide/workdir)
[INFO] [stderr] warning: unused dependency `glob-match`
[INFO] [stderr]  --> Cargo.toml:6:15
[INFO] [stderr]   |
[INFO] [stderr] 6 | [dependencies.glob-match]
[INFO] [stderr]   |               ^^^^^^^^^^^
[INFO] [stderr]   |
[INFO] [stderr]   = note: `cargo::unused_dependencies` is set to `warn` by default
[INFO] [stderr] help: consider removing the dependency on `glob-match`
[INFO] [stderr] warning: unused dependency `serde_json`
[INFO] [stderr]   --> Cargo.toml:16:15
[INFO] [stderr]    |
[INFO] [stderr] 16 | [dependencies.serde_json]
[INFO] [stderr]    |               ^^^^^^^^^^^
[INFO] [stderr]    |
[INFO] [stderr] help: consider removing the dependency on `serde_json`
[INFO] [stderr] warning: `sh-guard-core` (manifest) generated 2 warnings
[INFO] [stderr]     Finished `release` profile [optimized] target(s) in 29.96s
[INFO] running `Command { std: "docker" "inspect" "2fc3ed669d8622172e4697e9a5f067aa82d81633c4b64637f87c0a46a6394aca", kill_on_drop: false }`
[INFO] running `Command { std: "docker" "exec" "-e" "SOURCE_DIR=/opt/rustwide/workdir" "-e" "CARGO_HOME=/opt/rustwide/cargo-home" "-e" "RUSTUP_HOME=/opt/rustwide/rustup-home" "-e" "CARGO_TARGET_DIR=/opt/rustwide/target" "-e" "CARGO_INCREMENTAL=0" "-e" "RUST_BACKTRACE=full" "-e" "RUSTFLAGS=--cap-lints=warn" "-e" "RUSTDOCFLAGS=--cap-lints=warn" "-w" "/opt/rustwide/workdir" "--user" "0:0" "2fc3ed669d8622172e4697e9a5f067aa82d81633c4b64637f87c0a46a6394aca" "/opt/rustwide/cargo-home/bin/cargo" "+1.100.0-beta.1" "test" "--frozen" "--no-run" "--message-format=json" "--release", kill_on_drop: false }`
[INFO] [stderr] warning: `package.homepage` is redundant with `package.repository`
[INFO] [stderr]   --> Cargo.toml:53:12
[INFO] [stderr]    |
[INFO] [stderr] 53 | homepage = "https://github.com/aryanbhosale/sh-guard"
[INFO] [stderr]    |            ^^^^^^^^^^^^^^^^^^^^^^^^^^^^^^^^^^^^^^^^^^
[INFO] [stderr] ...
[INFO] [stderr] 58 | repository = "https://github.com/aryanbhosale/sh-guard"
[INFO] [stderr]    |              ------------------------------------------
[INFO] [stderr]    |
[INFO] [stderr]    = note: `cargo::redundant_homepage` is set to `warn` by default
[INFO] [stderr] help: consider removing `package.homepage`
[INFO] [stderr] warning: `sh-guard-core` (manifest) generated 1 warning
[INFO] [stderr]    Compiling libc v0.2.184
[INFO] [stderr]    Compiling alloca v0.4.0
[INFO] [stderr]    Compiling num-traits v0.2.19
[INFO] [stderr]    Compiling serde_derive v1.0.228
[INFO] [stderr]    Compiling zerocopy-derive v0.8.48
[INFO] [stderr]    Compiling clap_builder v4.6.0
[INFO] [stderr]    Compiling criterion-plot v0.8.2
[INFO] [stderr]    Compiling fastrand v2.4.0
[INFO] [stderr]    Compiling rustix v1.1.4
[INFO] [stderr]    Compiling plotters v0.3.7
[INFO] [stderr]    Compiling getrandom v0.4.2
[INFO] [stderr]    Compiling page_size v0.6.0
[INFO] [stderr]    Compiling zerocopy v0.8.48
[INFO] [stderr]    Compiling tempfile v3.27.0
[INFO] [stderr]    Compiling clap v4.6.0
[INFO] [stderr]    Compiling serde v1.0.228
[INFO] [stderr]    Compiling tinytemplate v1.2.1
[INFO] [stderr]    Compiling sh-guard-core v0.1.10 (/opt/rustwide/workdir)
[INFO] [stderr]    Compiling half v2.7.1
[INFO] [stderr]    Compiling ciborium-ll v0.2.2
[INFO] [stderr]    Compiling ciborium v0.2.2
[INFO] [stderr]    Compiling criterion v0.8.2
[INFO] [stderr] warning: unused dependency `glob-match`
[INFO] [stderr]  --> Cargo.toml:6:15
[INFO] [stderr]   |
[INFO] [stderr] 6 | [dependencies.glob-match]
[INFO] [stderr]   |               ^^^^^^^^^^^
[INFO] [stderr]   |
[INFO] [stderr]   = note: `cargo::unused_dependencies` is set to `warn` by default
[INFO] [stderr] help: consider removing the dependency on `glob-match`
[INFO] [stderr] warning: unused dependency `serde_json`
[INFO] [stderr]   --> Cargo.toml:16:15
[INFO] [stderr]    |
[INFO] [stderr] 16 | [dependencies.serde_json]
[INFO] [stderr]    |               ^^^^^^^^^^^
[INFO] [stderr]    |
[INFO] [stderr] help: consider removing the dependency on `serde_json`
[INFO] [stderr] help: to still use for development builds, move to `dev-dependencies`
[INFO] [stderr] warning: `sh-guard-core` (manifest) generated 2 warnings
[INFO] [stderr]     Finished `release` profile [optimized] target(s) in 48.47s
[INFO] running `Command { std: "docker" "inspect" "2fc3ed669d8622172e4697e9a5f067aa82d81633c4b64637f87c0a46a6394aca", kill_on_drop: false }`
[INFO] running `Command { std: "docker" "exec" "-e" "SOURCE_DIR=/opt/rustwide/workdir" "-e" "CARGO_HOME=/opt/rustwide/cargo-home" "-e" "RUSTUP_HOME=/opt/rustwide/rustup-home" "-e" "CARGO_TARGET_DIR=/opt/rustwide/target" "-e" "CARGO_INCREMENTAL=0" "-e" "RUST_BACKTRACE=full" "-e" "RUSTFLAGS=--cap-lints=warn" "-e" "RUSTDOCFLAGS=--cap-lints=warn" "-w" "/opt/rustwide/workdir" "--user" "0:0" "2fc3ed669d8622172e4697e9a5f067aa82d81633c4b64637f87c0a46a6394aca" "/opt/rustwide/cargo-home/bin/cargo" "+1.100.0-beta.1" "test" "--frozen" "--release", kill_on_drop: false }`
[INFO] [stderr] warning: `package.homepage` is redundant with `package.repository`
[INFO] [stderr]   --> Cargo.toml:53:12
[INFO] [stderr]    |
[INFO] [stderr] 53 | homepage = "https://github.com/aryanbhosale/sh-guard"
[INFO] [stderr]    |            ^^^^^^^^^^^^^^^^^^^^^^^^^^^^^^^^^^^^^^^^^^
[INFO] [stderr] ...
[INFO] [stderr] 58 | repository = "https://github.com/aryanbhosale/sh-guard"
[INFO] [stderr]    |              ------------------------------------------
[INFO] [stderr]    |
[INFO] [stderr]    = note: `cargo::redundant_homepage` is set to `warn` by default
[INFO] [stderr] help: consider removing `package.homepage`
[INFO] [stderr] warning: `sh-guard-core` (manifest) generated 1 warning
[INFO] [stdout] 
[INFO] [stderr] warning: unused dependency `glob-match`
[INFO] [stdout] running 25 tests
[INFO] [stderr]  --> Cargo.toml:6:15
[INFO] [stdout] test parser_fallback::tests::glob_expansion_detected ... ok
[INFO] [stderr]   |
[INFO] [stdout] test custom_rules::tests::test_empty_config ... ok
[INFO] [stderr] 6 | [dependencies.glob-match]
[INFO] [stdout] test parser_fallback::tests::expansion_detected_in_args ... ok
[INFO] [stderr]   |               ^^^^^^^^^^^
[INFO] [stdout] test custom_rules::tests::test_parse_allow_block ... ok
[INFO] [stderr]   |
[INFO] [stdout] test custom_rules::tests::test_parse_custom_commands ... ok
[INFO] [stderr]   = note: `cargo::unused_dependencies` is set to `warn` by default
[INFO] [stdout] test parser_fallback::tests::background_operator_detected ... ok
[INFO] [stderr] help: consider removing the dependency on `glob-match`
[INFO] [stdout] test parser_fallback::tests::long_pipeline_segments ... ok
[INFO] [stderr] warning: unused dependency `serde_json`
[INFO] [stdout] test parser_fallback::tests::quoted_arg_detection_single ... ok
[INFO] [stderr]   --> Cargo.toml:16:15
[INFO] [stdout] test parser_fallback::tests::quoted_arg_detection_double ... ok
[INFO] [stderr]    |
[INFO] [stdout] test parser_fallback::tests::pipeline_split_into_segments ... ok
[INFO] [stderr] 16 | [dependencies.serde_json]
[INFO] [stdout] test parser_fallback::tests::quoted_pipe_not_split_double_quotes ... ok
[INFO] [stderr]    |               ^^^^^^^^^^^
[INFO] [stdout] test parser_fallback::tests::empty_string_handled ... ok
[INFO] [stderr]    |
[INFO] [stdout] test parser_fallback::tests::quoted_pipe_not_split_single_quotes ... ok
[INFO] [stderr] help: consider removing the dependency on `serde_json`
[INFO] [stdout] test parser_fallback::tests::quoted_and_not_split ... ok
[INFO] [stderr] help: to still use for development builds, move to `dev-dependencies`
[INFO] [stdout] test parser_fallback::tests::sequence_operator_split ... ok
[INFO] [stderr] warning: `sh-guard-core` (manifest) generated 2 warnings
[INFO] [stdout] test parser_fallback::tests::subshell_detected ... ok
[INFO] [stderr]     Finished `release` profile [optimized] target(s) in 0.19s
[INFO] [stdout] test parser_fallback::tests::simple_command_parsed_correctly ... ok
[INFO] [stderr]      Running unittests src/lib.rs (/opt/rustwide/target/release/build/sh-guard-core/522cb6a6d1f66238/out/sh_guard_core-522cb6a6d1f66238)
[INFO] [stdout] test parser_fallback::tests::mixed_operators ... ok
[INFO] [stderr]      Running tests/test_analyzer.rs (/opt/rustwide/target/release/build/sh-guard-core/6c074323f8accbfd/out/test_analyzer-6c074323f8accbfd)
[INFO] [stdout] test parser_fallback::tests::or_operator_split ... ok
[INFO] [stdout] test parser_fallback::tests::has_tree_sitter_error_warning ... ok
[INFO] [stdout] test parser_fallback::tests::and_operator_split ... ok
[INFO] [stdout] test parser_fallback::tests::backtick_expansion_detected ... ok
[INFO] [stdout] test parser_fallback::tests::executable_extraction_from_complex_command ... ok
[INFO] [stdout] test custom_rules::tests::test_parse_overrides ... ok
[INFO] [stdout] test parser_fallback::tests::whitespace_only_handled ... ok
[INFO] [stdout] 
[INFO] [stdout] test result: ok. 25 passed; 0 failed; 0 ignored; 0 measured; 0 filtered out; finished in 0.01s
[INFO] [stdout] 
[INFO] [stdout] 
[INFO] [stdout] running 43 tests
[INFO] [stdout] test context_protected_path_sensitivity ... ok
[INFO] [stdout] test cat_etc_passwd_system_sensitivity ... ok
[INFO] [stdout] test absolute_path_executable_resolved ... ok
[INFO] [stdout] test backtick_command_substitution_detected ... ok
[INFO] [stdout] test command_substitution_detected ... ok
[INFO] [stdout] test git_push_force_has_history_destruction ... ok
[INFO] [stdout] test git_push_force_intent ... ok
[INFO] [stdout] test cat_etc_passwd_system_scope ... ok
[INFO] [stdout] test git_reset_hard_flags ... ok
[INFO] [stdout] test git_push_force_short_flag ... ok
[INFO] [stdout] test curl_post_has_network_exfiltration ... ok
[INFO] [stdout] test curl_post_env_target_sensitivity ... ok
[INFO] [stdout] test echo_hello_intent_info ... ok
[INFO] [stdout] test pipeline_produces_multiple_segments ... ok
[INFO] [stdout] test echo_hello_no_path_targets ... ok
[INFO] [stdout] test curl_post_intent_network ... ok
[INFO] [stdout] test pipeline_second_is_grep ... ok
[INFO] [stdout] test empty_command_produces_results ... ok
[INFO] [stdout] test python_has_shell_capability ... ok
[INFO] [stdout] test redirect_to_etc_file_system_scope ... ok
[INFO] [stdout] test rm_rf_root_intent_delete ... ok
[INFO] [stdout] test ls_la_reversible ... ok
[INFO] [stdout] test ls_la_intent_is_info ... ok
[INFO] [stdout] test ls_la_no_dangerous_flags ... ok
[INFO] [stdout] test pipe_to_bash_detected ... ok
[INFO] [stdout] test nc_has_reverse_shell_capability ... ok
[INFO] [stdout] test rm_rf_root_scope_is_root ... ok
[INFO] [stdout] test target_ssh_key_is_secrets ... ok
[INFO] [stdout] test pipeline_first_is_cat ... ok
[INFO] [stdout] test score_starts_at_zero ... ok
[INFO] [stdout] test rm_rf_root_irreversible ... ok
[INFO] [stdout] test unknown_command_defaults_execute ... ok
[INFO] [stdout] test rm_rf_root_has_recursive_delete ... ok
[INFO] [stdout] test whitespace_command_produces_results ... ok
[INFO] [stderr]      Running tests/test_context.rs (/opt/rustwide/target/release/build/sh-guard-core/da99b140afe0cac8/out/test_context-da99b140afe0cac8)
[INFO] [stdout] test zsh_rules_not_applied_for_bash ... ok
[INFO] [stdout] test unknown_command_hard_to_reverse ... ok
[INFO] [stdout] test ls_la_no_risk_factors ... ok
[INFO] [stdout] test zsh_zmodload_has_module_loading ... ok
[INFO] [stdout] test curl_has_download_capability ... ok
[INFO] [stdout] test cat_etc_passwd_intent_read ... ok
[INFO] [stdout] test target_env_file_is_secrets ... ok
[INFO] [stdout] test redirect_to_file_captured_as_target ... ok
[INFO] [stdout] test rm_rf_root_has_force_flag ... ok
[INFO] [stdout] 
[INFO] [stdout] test result: ok. 43 passed; 0 failed; 0 ignored; 0 measured; 0 filtered out; finished in 0.00s
[INFO] [stdout] 
[INFO] [stdout] 
[INFO] [stdout] running 51 tests
[INFO] [stdout] test adjustment_inside_project_write_negative ... ok
[INFO] [stdout] test adjustment_protected_path_adds_25 ... ok
[INFO] [stdout] test adjustment_minimal_context_returns_zero_for_read ... ok
[INFO] [stdout] test adjustment_no_context_returns_5 ... ok
[INFO] [stdout] test adjustment_outside_project_write_positive ... ok
[INFO] [stdout] test adjustment_inside_build_dir_extra_negative ... ok
[INFO] [stdout] test adjustment_inside_node_modules_extra_negative ... ok
[INFO] [stdout] test normalize_multiple_trailing_slashes ... ok
[INFO] [stdout] test adjustment_outside_project_delete_positive ... ok
[INFO] [stdout] test normalize_plain_path ... ok
[INFO] [stdout] test normalize_root_stays_root ... ok
[INFO] [stdout] test normalize_tilde ... ok
[INFO] [stdout] test normalize_trailing_slash ... ok
[INFO] [stdout] test scope_boot_is_system ... ok
[INFO] [stdout] test scope_etc_passwd_is_system ... ok
[INFO] [stdout] test scope_home_dir_exact_match ... ok
[INFO] [stdout] test adjustment_targets_home_from_outside ... ok
[INFO] [stdout] test adjustment_inside_dist_dir ... ok
[INFO] [stdout] test scope_bare_filename_is_single_file ... ok
[INFO] [stdout] test scope_proc_is_system ... ok
[INFO] [stdout] test scope_root_slash ... ok
[INFO] [stdout] test normalize_double_slashes ... ok
[INFO] [stdout] test scope_root_with_context ... ok
[INFO] [stdout] test scope_sys_is_system ... ok
[INFO] [stdout] test adjustment_targets_home_exact ... ok
[INFO] [stdout] test adjustment_inside_project_read_zero ... ok
[INFO] [stdout] test scope_tilde_is_home ... ok
[INFO] [stdout] test normalize_root_with_trailing_slash ... ok
[INFO] [stdout] test scope_home_dir_trailing_slash ... ok
[INFO] [stdout] test scope_opt_is_system ... ok
[INFO] [stdout] test scope_tilde_slash_is_home ... ok
[INFO] [stdout] test scope_tmp_file_is_single_file ... ok
[INFO] [stdout] test scope_tilde_subpath_is_single_file ... ok
[INFO] [stdout] test scope_usr_bin_is_system ... ok
[INFO] [stdout] test sensitivity_etc_passwd ... ok
[INFO] [stdout] test sensitivity_etc_shadow ... ok
[INFO] [stdout] test sensitivity_env_file ... ok
[INFO] [stdout] test sensitivity_env_local ... ok
[INFO] [stdout] test sensitivity_user_protected_overrides_normal ... ok
[INFO] [stdout] test sensitivity_ssh_dir ... ok
[INFO] [stdout] test sensitivity_normal_txt ... ok
[INFO] [stdout] test sensitivity_without_context_falls_to_builtin ... ok
[INFO] [stdout] test scope_var_log_is_system ... ok
[INFO] [stdout] test sensitivity_normal_rs ... ok
[INFO] [stdout] test sensitivity_user_protected_path_in_subdir ... ok
[INFO] [stdout] test sensitivity_user_protected_path ... ok
[INFO] [stdout] test scope_relative_path_is_single_file ... ok
[INFO] [stdout] test adjustment_no_context_returns_5_for_read ... ok
[INFO] [stdout] test adjustment_protected_path_write_inside_project ... ok
[INFO] [stdout] test normalize_empty_string ... ok
[INFO] [stderr]      Running tests/test_corpus.rs (/opt/rustwide/target/release/build/sh-guard-core/452c91a135258de4/out/test_corpus-452c91a135258de4)
[INFO] [stdout] test sensitivity_ssh_id_rsa ... ok
[INFO] [stdout] 
[INFO] [stdout] test result: ok. 51 passed; 0 failed; 0 ignored; 0 measured; 0 filtered out; finished in 0.01s
[INFO] [stdout] 
[INFO] [stdout] 
[INFO] [stdout] running 9 tests
[INFO] [stdout] test corpus_evasion ... FAILED
[INFO] [stdout] test corpus_injection ... FAILED
[INFO] [stdout] test corpus_critical ... FAILED
[INFO] [stdout] test corpus_caution ... FAILED
[INFO] [stdout] test corpus_danger ... FAILED
[INFO] [stdout] test corpus_gtfobins ... FAILED
[INFO] [stdout] test corpus_pipelines ... FAILED
[INFO] [stdout] test corpus_zsh ... FAILED
[INFO] [stderr] error: test failed, to rerun pass `--test test_corpus`
[INFO] [stdout] test corpus_safe ... FAILED
[INFO] [stdout] 
[INFO] [stdout] failures:
[INFO] [stdout] 
[INFO] [stdout] ---- corpus_evasion stdout ----
[INFO] [stdout] 
[INFO] [stdout] thread 'corpus_evasion' (1743) panicked at tests/test_corpus.rs:61:54:
[INFO] [stdout] Failed to read /opt/rustwide/workdir/tests/corpus/evasion.txt: No such file or directory (os error 2)
[INFO] [stdout] stack backtrace:
[INFO] [stdout]    0:     0x5ed4f629ada1 - <<std[617be2ca0a6fd877]::sys::backtrace::BacktraceLock>::print::DisplayBacktrace as core[a373ad73a504971]::fmt::Display>::fmt
[INFO] [stdout]    1:     0x5ed4f62b050a - core[a373ad73a504971]::fmt::write
[INFO] [stdout]    2:     0x5ed4f629efdc - <alloc[2e1b2a31b91974c5]::vec::Vec<u8> as core[a373ad73a504971]::io::write::Write>::write_fmt
[INFO] [stdout]    3:     0x5ed4f6276d16 - std[617be2ca0a6fd877]::panicking::default_hook::{closure#0}
[INFO] [stdout]    4:     0x5ed4f62930d9 - std[617be2ca0a6fd877]::panicking::default_hook
[INFO] [stdout]    5:     0x5ed4f61b7fe0 - test[aada8e7e76ba119b]::test_main_inner::{closure#0}
[INFO] [stdout]    6:     0x5ed4f6293292 - std[617be2ca0a6fd877]::panicking::panic_with_hook
[INFO] [stdout]    7:     0x5ed4f6276dc2 - std[617be2ca0a6fd877]::panicking::panic_handler::{closure#0}
[INFO] [stdout]    8:     0x5ed4f626f949 - std[617be2ca0a6fd877]::sys::backtrace::__rust_end_short_backtrace::<std[617be2ca0a6fd877]::panicking::panic_handler::{closure#0}, !>
[INFO] [stdout]    9:     0x5ed4f62779cd - __rustc[ea4f61d10b84890b]::rust_begin_unwind
[INFO] [stdout]   10:     0x5ed4f62b0c7c - core[a373ad73a504971]::panicking::panic_fmt
[INFO] [stdout]   11:     0x5ed4f61a96fa - test_corpus[be485be6ff7814e5]::run_corpus::{closure#0}
[INFO] [stdout]   12:     0x5ed4f61aad2a - test_corpus[be485be6ff7814e5]::run_corpus
[INFO] [stdout]   13:     0x5ed4f61ab2f7 - <test_corpus[be485be6ff7814e5]::corpus_evasion::{closure#0} as core[a373ad73a504971]::ops::function::FnOnce<()>>::call_once
[INFO] [stdout]   14:     0x5ed4f61ab42b - test[aada8e7e76ba119b]::__rust_begin_short_backtrace::<core[a373ad73a504971]::result::Result<(), alloc[2e1b2a31b91974c5]::string::String>, fn() -> core[a373ad73a504971]::result::Result<(), alloc[2e1b2a31b91974c5]::string::String>>
[INFO] [stdout]   15:     0x5ed4f61b8605 - test[aada8e7e76ba119b]::run_test::{closure#0}
[INFO] [stdout]   16:     0x5ed4f61b1ef4 - std[617be2ca0a6fd877]::sys::backtrace::__rust_begin_short_backtrace::<test[aada8e7e76ba119b]::run_test::{closure#1}, ()>
[INFO] [stdout]   17:     0x5ed4f61bb692 - <std[617be2ca0a6fd877]::thread::lifecycle::spawn_unchecked<test[aada8e7e76ba119b]::run_test::{closure#1}, ()>::{closure#1} as core[a373ad73a504971]::ops::function::FnOnce<()>>::call_once::{shim:vtable#0}
[INFO] [stdout]   18:     0x5ed4f629a29f - <std[617be2ca0a6fd877]::sys::thread::unix::Thread>::new::thread_start
[INFO] [stdout]   19:     0x7f1a4b4abdfa - <unknown>
[INFO] [stdout]   20:     0x7f1a4b53f3d4 - clone
[INFO] [stdout]   21:                0x0 - <unknown>
[INFO] [stdout] 
[INFO] [stdout] ---- corpus_injection stdout ----
[INFO] [stdout] 
[INFO] [stdout] thread 'corpus_injection' (1745) panicked at tests/test_corpus.rs:61:54:
[INFO] [stdout] Failed to read /opt/rustwide/workdir/tests/corpus/injection.txt: No such file or directory (os error 2)
[INFO] [stdout] stack backtrace:
[INFO] [stdout]    0:     0x5ed4f629ada1 - <<std[617be2ca0a6fd877]::sys::backtrace::BacktraceLock>::print::DisplayBacktrace as core[a373ad73a504971]::fmt::Display>::fmt
[INFO] [stdout]    1:     0x5ed4f62b050a - core[a373ad73a504971]::fmt::write
[INFO] [stdout]    2:     0x5ed4f629efdc - <alloc[2e1b2a31b91974c5]::vec::Vec<u8> as core[a373ad73a504971]::io::write::Write>::write_fmt
[INFO] [stdout]    3:     0x5ed4f6276d16 - std[617be2ca0a6fd877]::panicking::default_hook::{closure#0}
[INFO] [stdout]    4:     0x5ed4f62930d9 - std[617be2ca0a6fd877]::panicking::default_hook
[INFO] [stdout]    5:     0x5ed4f61b7fe0 - test[aada8e7e76ba119b]::test_main_inner::{closure#0}
[INFO] [stdout]    6:     0x5ed4f6293292 - std[617be2ca0a6fd877]::panicking::panic_with_hook
[INFO] [stdout]    7:     0x5ed4f6276dc2 - std[617be2ca0a6fd877]::panicking::panic_handler::{closure#0}
[INFO] [stdout]    8:     0x5ed4f626f949 - std[617be2ca0a6fd877]::sys::backtrace::__rust_end_short_backtrace::<std[617be2ca0a6fd877]::panicking::panic_handler::{closure#0}, !>
[INFO] [stdout]    9:     0x5ed4f62779cd - __rustc[ea4f61d10b84890b]::rust_begin_unwind
[INFO] [stdout]   10:     0x5ed4f62b0c7c - core[a373ad73a504971]::panicking::panic_fmt
[INFO] [stdout]   11:     0x5ed4f61a96fa - test_corpus[be485be6ff7814e5]::run_corpus::{closure#0}
[INFO] [stdout]   12:     0x5ed4f61aad2a - test_corpus[be485be6ff7814e5]::run_corpus
[INFO] [stdout]   13:     0x5ed4f61ab387 - <test_corpus[be485be6ff7814e5]::corpus_injection::{closure#0} as core[a373ad73a504971]::ops::function::FnOnce<()>>::call_once
[INFO] [stdout]   14:     0x5ed4f61ab42b - test[aada8e7e76ba119b]::__rust_begin_short_backtrace::<core[a373ad73a504971]::result::Result<(), alloc[2e1b2a31b91974c5]::string::String>, fn() -> core[a373ad73a504971]::result::Result<(), alloc[2e1b2a31b91974c5]::string::String>>
[INFO] [stdout]   15:     0x5ed4f61b8605 - test[aada8e7e76ba119b]::run_test::{closure#0}
[INFO] [stdout]   16:     0x5ed4f61b1ef4 - std[617be2ca0a6fd877]::sys::backtrace::__rust_begin_short_backtrace::<test[aada8e7e76ba119b]::run_test::{closure#1}, ()>
[INFO] [stdout]   17:     0x5ed4f61bb692 - <std[617be2ca0a6fd877]::thread::lifecycle::spawn_unchecked<test[aada8e7e76ba119b]::run_test::{closure#1}, ()>::{closure#1} as core[a373ad73a504971]::ops::function::FnOnce<()>>::call_once::{shim:vtable#0}
[INFO] [stdout]   18:     0x5ed4f629a29f - <std[617be2ca0a6fd877]::sys::thread::unix::Thread>::new::thread_start
[INFO] [stdout]   19:     0x7f1a4b4abdfa - <unknown>
[INFO] [stdout]   20:     0x7f1a4b53f3d4 - clone
[INFO] [stdout]   21:                0x0 - <unknown>
[INFO] [stdout] 
[INFO] [stdout] ---- corpus_critical stdout ----
[INFO] [stdout] 
[INFO] [stdout] thread 'corpus_critical' (1741) panicked at tests/test_corpus.rs:61:54:
[INFO] [stdout] Failed to read /opt/rustwide/workdir/tests/corpus/critical.txt: No such file or directory (os error 2)
[INFO] [stdout] stack backtrace:
[INFO] [stdout]    0:     0x5ed4f629ada1 - <<std[617be2ca0a6fd877]::sys::backtrace::BacktraceLock>::print::DisplayBacktrace as core[a373ad73a504971]::fmt::Display>::fmt
[INFO] [stdout]    1:     0x5ed4f62b050a - core[a373ad73a504971]::fmt::write
[INFO] [stdout]    2:     0x5ed4f629efdc - <alloc[2e1b2a31b91974c5]::vec::Vec<u8> as core[a373ad73a504971]::io::write::Write>::write_fmt
[INFO] [stdout]    3:     0x5ed4f6276d16 - std[617be2ca0a6fd877]::panicking::default_hook::{closure#0}
[INFO] [stdout]    4:     0x5ed4f62930d9 - std[617be2ca0a6fd877]::panicking::default_hook
[INFO] [stdout]    5:     0x5ed4f61b7fe0 - test[aada8e7e76ba119b]::test_main_inner::{closure#0}
[INFO] [stdout]    6:     0x5ed4f6293292 - std[617be2ca0a6fd877]::panicking::panic_with_hook
[INFO] [stdout]    7:     0x5ed4f6276dc2 - std[617be2ca0a6fd877]::panicking::panic_handler::{closure#0}
[INFO] [stdout]    8:     0x5ed4f626f949 - std[617be2ca0a6fd877]::sys::backtrace::__rust_end_short_backtrace::<std[617be2ca0a6fd877]::panicking::panic_handler::{closure#0}, !>
[INFO] [stdout]    9:     0x5ed4f62779cd - __rustc[ea4f61d10b84890b]::rust_begin_unwind
[INFO] [stdout]   10:     0x5ed4f62b0c7c - core[a373ad73a504971]::panicking::panic_fmt
[INFO] [stdout]   11:     0x5ed4f61a96fa - test_corpus[be485be6ff7814e5]::run_corpus::{closure#0}
[INFO] [stdout]   12:     0x5ed4f61aad2a - test_corpus[be485be6ff7814e5]::run_corpus
[INFO] [stdout]   13:     0x5ed4f61ab327 - <test_corpus[be485be6ff7814e5]::corpus_critical::{closure#0} as core[a373ad73a504971]::ops::function::FnOnce<()>>::call_once
[INFO] [stdout]   14:     0x5ed4f61ab42b - test[aada8e7e76ba119b]::__rust_begin_short_backtrace::<core[a373ad73a504971]::result::Result<(), alloc[2e1b2a31b91974c5]::string::String>, fn() -> core[a373ad73a504971]::result::Result<(), alloc[2e1b2a31b91974c5]::string::String>>
[INFO] [stdout]   15:     0x5ed4f61b8605 - test[aada8e7e76ba119b]::run_test::{closure#0}
[INFO] [stdout]   16:     0x5ed4f61b1ef4 - std[617be2ca0a6fd877]::sys::backtrace::__rust_begin_short_backtrace::<test[aada8e7e76ba119b]::run_test::{closure#1}, ()>
[INFO] [stdout]   17:     0x5ed4f61bb692 - <std[617be2ca0a6fd877]::thread::lifecycle::spawn_unchecked<test[aada8e7e76ba119b]::run_test::{closure#1}, ()>::{closure#1} as core[a373ad73a504971]::ops::function::FnOnce<()>>::call_once::{shim:vtable#0}
[INFO] [stdout]   18:     0x5ed4f629a29f - <std[617be2ca0a6fd877]::sys::thread::unix::Thread>::new::thread_start
[INFO] [stdout]   19:     0x7f1a4b4abdfa - <unknown>
[INFO] [stdout]   20:     0x7f1a4b53f3d4 - clone
[INFO] [stdout]   21:                0x0 - <unknown>
[INFO] [stdout] 
[INFO] [stdout] ---- corpus_caution stdout ----
[INFO] [stdout] 
[INFO] [stdout] thread 'corpus_caution' (1740) panicked at tests/test_corpus.rs:61:54:
[INFO] [stdout] Failed to read /opt/rustwide/workdir/tests/corpus/caution.txt: No such file or directory (os error 2)
[INFO] [stdout] stack backtrace:
[INFO] [stdout]    0:     0x5ed4f629ada1 - <<std[617be2ca0a6fd877]::sys::backtrace::BacktraceLock>::print::DisplayBacktrace as core[a373ad73a504971]::fmt::Display>::fmt
[INFO] [stdout]    1:     0x5ed4f62b050a - core[a373ad73a504971]::fmt::write
[INFO] [stdout]    2:     0x5ed4f629efdc - <alloc[2e1b2a31b91974c5]::vec::Vec<u8> as core[a373ad73a504971]::io::write::Write>::write_fmt
[INFO] [stdout]    3:     0x5ed4f6276d16 - std[617be2ca0a6fd877]::panicking::default_hook::{closure#0}
[INFO] [stdout]    4:     0x5ed4f62930d9 - std[617be2ca0a6fd877]::panicking::default_hook
[INFO] [stdout]    5:     0x5ed4f61b7fe0 - test[aada8e7e76ba119b]::test_main_inner::{closure#0}
[INFO] [stdout]    6:     0x5ed4f6293292 - std[617be2ca0a6fd877]::panicking::panic_with_hook
[INFO] [stdout]    7:     0x5ed4f6276dc2 - std[617be2ca0a6fd877]::panicking::panic_handler::{closure#0}
[INFO] [stdout]    8:     0x5ed4f626f949 - std[617be2ca0a6fd877]::sys::backtrace::__rust_end_short_backtrace::<std[617be2ca0a6fd877]::panicking::panic_handler::{closure#0}, !>
[INFO] [stdout]    9:     0x5ed4f62779cd - __rustc[ea4f61d10b84890b]::rust_begin_unwind
[INFO] [stdout]   10:     0x5ed4f62b0c7c - core[a373ad73a504971]::panicking::panic_fmt
[INFO] [stdout]   11:     0x5ed4f61a96fa - test_corpus[be485be6ff7814e5]::run_corpus::{closure#0}
[INFO] [stdout]   12:     0x5ed4f61aad2a - test_corpus[be485be6ff7814e5]::run_corpus
[INFO] [stdout]   13:     0x5ed4f61ab2c7 - <test_corpus[be485be6ff7814e5]::corpus_caution::{closure#0} as core[a373ad73a504971]::ops::function::FnOnce<()>>::call_once
[INFO] [stdout]   14:     0x5ed4f61ab42b - test[aada8e7e76ba119b]::__rust_begin_short_backtrace::<core[a373ad73a504971]::result::Result<(), alloc[2e1b2a31b91974c5]::string::String>, fn() -> core[a373ad73a504971]::result::Result<(), alloc[2e1b2a31b91974c5]::string::String>>
[INFO] [stdout]   15:     0x5ed4f61b8605 - test[aada8e7e76ba119b]::run_test::{closure#0}
[INFO] [stdout]   16:     0x5ed4f61b1ef4 - std[617be2ca0a6fd877]::sys::backtrace::__rust_begin_short_backtrace::<test[aada8e7e76ba119b]::run_test::{closure#1}, ()>
[INFO] [stdout]   17:     0x5ed4f61bb692 - <std[617be2ca0a6fd877]::thread::lifecycle::spawn_unchecked<test[aada8e7e76ba119b]::run_test::{closure#1}, ()>::{closure#1} as core[a373ad73a504971]::ops::function::FnOnce<()>>::call_once::{shim:vtable#0}
[INFO] [stdout]   18:     0x5ed4f629a29f - <std[617be2ca0a6fd877]::sys::thread::unix::Thread>::new::thread_start
[INFO] [stdout]   19:     0x7f1a4b4abdfa - <unknown>
[INFO] [stdout]   20:     0x7f1a4b53f3d4 - clone
[INFO] [stdout]   21:                0x0 - <unknown>
[INFO] [stdout] 
[INFO] [stdout] ---- corpus_danger stdout ----
[INFO] [stdout] 
[INFO] [stdout] thread 'corpus_danger' (1742) panicked at tests/test_corpus.rs:61:54:
[INFO] [stdout] Failed to read /opt/rustwide/workdir/tests/corpus/danger.txt: No such file or directory (os error 2)
[INFO] [stdout] stack backtrace:
[INFO] [stdout]    0:     0x5ed4f629ada1 - <<std[617be2ca0a6fd877]::sys::backtrace::BacktraceLock>::print::DisplayBacktrace as core[a373ad73a504971]::fmt::Display>::fmt
[INFO] [stdout]    1:     0x5ed4f62b050a - core[a373ad73a504971]::fmt::write
[INFO] [stdout]    2:     0x5ed4f629efdc - <alloc[2e1b2a31b91974c5]::vec::Vec<u8> as core[a373ad73a504971]::io::write::Write>::write_fmt
[INFO] [stdout]    3:     0x5ed4f6276d16 - std[617be2ca0a6fd877]::panicking::default_hook::{closure#0}
[INFO] [stdout]    4:     0x5ed4f62930d9 - std[617be2ca0a6fd877]::panicking::default_hook
[INFO] [stdout]    5:     0x5ed4f61b7fe0 - test[aada8e7e76ba119b]::test_main_inner::{closure#0}
[INFO] [stdout]    6:     0x5ed4f6293292 - std[617be2ca0a6fd877]::panicking::panic_with_hook
[INFO] [stdout]    7:     0x5ed4f6276dc2 - std[617be2ca0a6fd877]::panicking::panic_handler::{closure#0}
[INFO] [stdout]    8:     0x5ed4f626f949 - std[617be2ca0a6fd877]::sys::backtrace::__rust_end_short_backtrace::<std[617be2ca0a6fd877]::panicking::panic_handler::{closure#0}, !>
[INFO] [stdout]    9:     0x5ed4f62779cd - __rustc[ea4f61d10b84890b]::rust_begin_unwind
[INFO] [stdout]   10:     0x5ed4f62b0c7c - core[a373ad73a504971]::panicking::panic_fmt
[INFO] [stdout]   11:     0x5ed4f61a96fa - test_corpus[be485be6ff7814e5]::run_corpus::{closure#0}
[INFO] [stdout]   12:     0x5ed4f61aad2a - test_corpus[be485be6ff7814e5]::run_corpus
[INFO] [stdout]   13:     0x5ed4f61ab297 - <test_corpus[be485be6ff7814e5]::corpus_danger::{closure#0} as core[a373ad73a504971]::ops::function::FnOnce<()>>::call_once
[INFO] [stdout]   14:     0x5ed4f61ab42b - test[aada8e7e76ba119b]::__rust_begin_short_backtrace::<core[a373ad73a504971]::result::Result<(), alloc[2e1b2a31b91974c5]::string::String>, fn() -> core[a373ad73a504971]::result::Result<(), alloc[2e1b2a31b91974c5]::string::String>>
[INFO] [stdout]   15:     0x5ed4f61b8605 - test[aada8e7e76ba119b]::run_test::{closure#0}
[INFO] [stdout]   16:     0x5ed4f61b1ef4 - std[617be2ca0a6fd877]::sys::backtrace::__rust_begin_short_backtrace::<test[aada8e7e76ba119b]::run_test::{closure#1}, ()>
[INFO] [stdout]   17:     0x5ed4f61bb692 - <std[617be2ca0a6fd877]::thread::lifecycle::spawn_unchecked<test[aada8e7e76ba119b]::run_test::{closure#1}, ()>::{closure#1} as core[a373ad73a504971]::ops::function::FnOnce<()>>::call_once::{shim:vtable#0}
[INFO] [stdout]   18:     0x5ed4f629a29f - <std[617be2ca0a6fd877]::sys::thread::unix::Thread>::new::thread_start
[INFO] [stdout]   19:     0x7f1a4b4abdfa - <unknown>
[INFO] [stdout]   20:     0x7f1a4b53f3d4 - clone
[INFO] [stdout]   21:                0x0 - <unknown>
[INFO] [stdout] 
[INFO] [stdout] ---- corpus_gtfobins stdout ----
[INFO] [stdout] 
[INFO] [stdout] thread 'corpus_gtfobins' (1744) panicked at tests/test_corpus.rs:61:54:
[INFO] [stdout] Failed to read /opt/rustwide/workdir/tests/corpus/gtfobins.txt: No such file or directory (os error 2)
[INFO] [stdout] stack backtrace:
[INFO] [stdout]    0:     0x5ed4f629ada1 - <<std[617be2ca0a6fd877]::sys::backtrace::BacktraceLock>::print::DisplayBacktrace as core[a373ad73a504971]::fmt::Display>::fmt
[INFO] [stdout]    1:     0x5ed4f62b050a - core[a373ad73a504971]::fmt::write
[INFO] [stdout]    2:     0x5ed4f629efdc - <alloc[2e1b2a31b91974c5]::vec::Vec<u8> as core[a373ad73a504971]::io::write::Write>::write_fmt
[INFO] [stdout]    3:     0x5ed4f6276d16 - std[617be2ca0a6fd877]::panicking::default_hook::{closure#0}
[INFO] [stdout]    4:     0x5ed4f62930d9 - std[617be2ca0a6fd877]::panicking::default_hook
[INFO] [stdout]    5:     0x5ed4f61b7fe0 - test[aada8e7e76ba119b]::test_main_inner::{closure#0}
[INFO] [stdout]    6:     0x5ed4f6293292 - std[617be2ca0a6fd877]::panicking::panic_with_hook
[INFO] [stdout]    7:     0x5ed4f6276dc2 - std[617be2ca0a6fd877]::panicking::panic_handler::{closure#0}
[INFO] [stdout]    8:     0x5ed4f626f949 - std[617be2ca0a6fd877]::sys::backtrace::__rust_end_short_backtrace::<std[617be2ca0a6fd877]::panicking::panic_handler::{closure#0}, !>
[INFO] [stdout]    9:     0x5ed4f62779cd - __rustc[ea4f61d10b84890b]::rust_begin_unwind
[INFO] [stdout]   10:     0x5ed4f62b0c7c - core[a373ad73a504971]::panicking::panic_fmt
[INFO] [stdout]   11:     0x5ed4f61a96fa - test_corpus[be485be6ff7814e5]::run_corpus::{closure#0}
[INFO] [stdout]   12:     0x5ed4f61aad2a - test_corpus[be485be6ff7814e5]::run_corpus
[INFO] [stdout]   13:     0x5ed4f61ab357 - <test_corpus[be485be6ff7814e5]::corpus_gtfobins::{closure#0} as core[a373ad73a504971]::ops::function::FnOnce<()>>::call_once
[INFO] [stdout]   14:     0x5ed4f61ab42b - test[aada8e7e76ba119b]::__rust_begin_short_backtrace::<core[a373ad73a504971]::result::Result<(), alloc[2e1b2a31b91974c5]::string::String>, fn() -> core[a373ad73a504971]::result::Result<(), alloc[2e1b2a31b91974c5]::string::String>>
[INFO] [stdout]   15:     0x5ed4f61b8605 - test[aada8e7e76ba119b]::run_test::{closure#0}
[INFO] [stdout]   16:     0x5ed4f61b1ef4 - std[617be2ca0a6fd877]::sys::backtrace::__rust_begin_short_backtrace::<test[aada8e7e76ba119b]::run_test::{closure#1}, ()>
[INFO] [stdout]   17:     0x5ed4f61bb692 - <std[617be2ca0a6fd877]::thread::lifecycle::spawn_unchecked<test[aada8e7e76ba119b]::run_test::{closure#1}, ()>::{closure#1} as core[a373ad73a504971]::ops::function::FnOnce<()>>::call_once::{shim:vtable#0}
[INFO] [stdout]   18:     0x5ed4f629a29f - <std[617be2ca0a6fd877]::sys::thread::unix::Thread>::new::thread_start
[INFO] [stdout]   19:     0x7f1a4b4abdfa - <unknown>
[INFO] [stdout]   20:     0x7f1a4b53f3d4 - clone
[INFO] [stdout]   21:                0x0 - <unknown>
[INFO] [stdout] 
[INFO] [stdout] ---- corpus_pipelines stdout ----
[INFO] [stdout] 
[INFO] [stdout] thread 'corpus_pipelines' (1746) panicked at tests/test_corpus.rs:61:54:
[INFO] [stdout] Failed to read /opt/rustwide/workdir/tests/corpus/pipelines.txt: No such file or directory (os error 2)
[INFO] [stdout] stack backtrace:
[INFO] [stdout]    0:     0x5ed4f629ada1 - <<std[617be2ca0a6fd877]::sys::backtrace::BacktraceLock>::print::DisplayBacktrace as core[a373ad73a504971]::fmt::Display>::fmt
[INFO] [stdout]    1:     0x5ed4f62b050a - core[a373ad73a504971]::fmt::write
[INFO] [stdout]    2:     0x5ed4f629efdc - <alloc[2e1b2a31b91974c5]::vec::Vec<u8> as core[a373ad73a504971]::io::write::Write>::write_fmt
[INFO] [stdout]    3:     0x5ed4f6276d16 - std[617be2ca0a6fd877]::panicking::default_hook::{closure#0}
[INFO] [stdout]    4:     0x5ed4f62930d9 - std[617be2ca0a6fd877]::panicking::default_hook
[INFO] [stdout]    5:     0x5ed4f61b7fe0 - test[aada8e7e76ba119b]::test_main_inner::{closure#0}
[INFO] [stdout]    6:     0x5ed4f6293292 - std[617be2ca0a6fd877]::panicking::panic_with_hook
[INFO] [stdout]    7:     0x5ed4f6276dc2 - std[617be2ca0a6fd877]::panicking::panic_handler::{closure#0}
[INFO] [stdout]    8:     0x5ed4f626f949 - std[617be2ca0a6fd877]::sys::backtrace::__rust_end_short_backtrace::<std[617be2ca0a6fd877]::panicking::panic_handler::{closure#0}, !>
[INFO] [stdout]    9:     0x5ed4f62779cd - __rustc[ea4f61d10b84890b]::rust_begin_unwind
[INFO] [stdout]   10:     0x5ed4f62b0c7c - core[a373ad73a504971]::panicking::panic_fmt
[INFO] [stdout]   11:     0x5ed4f61a96fa - test_corpus[be485be6ff7814e5]::run_corpus::{closure#0}
[INFO] [stdout]   12:     0x5ed4f61aad2a - test_corpus[be485be6ff7814e5]::run_corpus
[INFO] [stdout]   13:     0x5ed4f61ab3b7 - <test_corpus[be485be6ff7814e5]::corpus_pipelines::{closure#0} as core[a373ad73a504971]::ops::function::FnOnce<()>>::call_once
[INFO] [stdout]   14:     0x5ed4f61ab42b - test[aada8e7e76ba119b]::__rust_begin_short_backtrace::<core[a373ad73a504971]::result::Result<(), alloc[2e1b2a31b91974c5]::string::String>, fn() -> core[a373ad73a504971]::result::Result<(), alloc[2e1b2a31b91974c5]::string::String>>
[INFO] [stdout]   15:     0x5ed4f61b8605 - test[aada8e7e76ba119b]::run_test::{closure#0}
[INFO] [stdout]   16:     0x5ed4f61b1ef4 - std[617be2ca0a6fd877]::sys::backtrace::__rust_begin_short_backtrace::<test[aada8e7e76ba119b]::run_test::{closure#1}, ()>
[INFO] [stdout]   17:     0x5ed4f61bb692 - <std[617be2ca0a6fd877]::thread::lifecycle::spawn_unchecked<test[aada8e7e76ba119b]::run_test::{closure#1}, ()>::{closure#1} as core[a373ad73a504971]::ops::function::FnOnce<()>>::call_once::{shim:vtable#0}
[INFO] [stdout]   18:     0x5ed4f629a29f - <std[617be2ca0a6fd877]::sys::thread::unix::Thread>::new::thread_start
[INFO] [stdout]   19:     0x7f1a4b4abdfa - <unknown>
[INFO] [stdout]   20:     0x7f1a4b53f3d4 - clone
[INFO] [stdout]   21:                0x0 - <unknown>
[INFO] [stdout] 
[INFO] [stdout] ---- corpus_zsh stdout ----
[INFO] [stdout] 
[INFO] [stdout] thread 'corpus_zsh' (1748) panicked at tests/test_corpus.rs:61:54:
[INFO] [stdout] Failed to read /opt/rustwide/workdir/tests/corpus/zsh.txt: No such file or directory (os error 2)
[INFO] [stdout] stack backtrace:
[INFO] [stdout]    0:     0x5ed4f629ada1 - <<std[617be2ca0a6fd877]::sys::backtrace::BacktraceLock>::print::DisplayBacktrace as core[a373ad73a504971]::fmt::Display>::fmt
[INFO] [stdout]    1:     0x5ed4f62b050a - core[a373ad73a504971]::fmt::write
[INFO] [stdout]    2:     0x5ed4f629efdc - <alloc[2e1b2a31b91974c5]::vec::Vec<u8> as core[a373ad73a504971]::io::write::Write>::write_fmt
[INFO] [stdout]    3:     0x5ed4f6276d16 - std[617be2ca0a6fd877]::panicking::default_hook::{closure#0}
[INFO] [stdout]    4:     0x5ed4f62930d9 - std[617be2ca0a6fd877]::panicking::default_hook
[INFO] [stdout]    5:     0x5ed4f61b7fe0 - test[aada8e7e76ba119b]::test_main_inner::{closure#0}
[INFO] [stdout]    6:     0x5ed4f6293292 - std[617be2ca0a6fd877]::panicking::panic_with_hook
[INFO] [stdout]    7:     0x5ed4f6276dc2 - std[617be2ca0a6fd877]::panicking::panic_handler::{closure#0}
[INFO] [stdout]    8:     0x5ed4f626f949 - std[617be2ca0a6fd877]::sys::backtrace::__rust_end_short_backtrace::<std[617be2ca0a6fd877]::panicking::panic_handler::{closure#0}, !>
[INFO] [stdout]    9:     0x5ed4f62779cd - __rustc[ea4f61d10b84890b]::rust_begin_unwind
[INFO] [stdout]   10:     0x5ed4f62b0c7c - core[a373ad73a504971]::panicking::panic_fmt
[INFO] [stdout]   11:     0x5ed4f61a96fa - test_corpus[be485be6ff7814e5]::run_corpus::{closure#0}
[INFO] [stdout]   12:     0x5ed4f61aad2a - test_corpus[be485be6ff7814e5]::run_corpus
[INFO] [stdout]   13:     0x5ed4f61ab23a - <test_corpus[be485be6ff7814e5]::corpus_zsh::{closure#0} as core[a373ad73a504971]::ops::function::FnOnce<()>>::call_once
[INFO] [stdout]   14:     0x5ed4f61ab42b - test[aada8e7e76ba119b]::__rust_begin_short_backtrace::<core[a373ad73a504971]::result::Result<(), alloc[2e1b2a31b91974c5]::string::String>, fn() -> core[a373ad73a504971]::result::Result<(), alloc[2e1b2a31b91974c5]::string::String>>
[INFO] [stdout]   15:     0x5ed4f61b8605 - test[aada8e7e76ba119b]::run_test::{closure#0}
[INFO] [stdout]   16:     0x5ed4f61b1ef4 - std[617be2ca0a6fd877]::sys::backtrace::__rust_begin_short_backtrace::<test[aada8e7e76ba119b]::run_test::{closure#1}, ()>
[INFO] [stdout]   17:     0x5ed4f61bb692 - <std[617be2ca0a6fd877]::thread::lifecycle::spawn_unchecked<test[aada8e7e76ba119b]::run_test::{closure#1}, ()>::{closure#1} as core[a373ad73a504971]::ops::function::FnOnce<()>>::call_once::{shim:vtable#0}
[INFO] [stdout]   18:     0x5ed4f629a29f - <std[617be2ca0a6fd877]::sys::thread::unix::Thread>::new::thread_start
[INFO] [stdout]   19:     0x7f1a4b4abdfa - <unknown>
[INFO] [stdout]   20:     0x7f1a4b53f3d4 - clone
[INFO] [stdout]   21:                0x0 - <unknown>
[INFO] [stdout] 
[INFO] [stdout] ---- corpus_safe stdout ----
[INFO] [stdout] 
[INFO] [stdout] thread 'corpus_safe' (1747) panicked at tests/test_corpus.rs:61:54:
[INFO] [stdout] Failed to read /opt/rustwide/workdir/tests/corpus/safe.txt: No such file or directory (os error 2)
[INFO] [stdout] stack backtrace:
[INFO] [stdout]    0:     0x5ed4f629ada1 - <<std[617be2ca0a6fd877]::sys::backtrace::BacktraceLock>::print::DisplayBacktrace as core[a373ad73a504971]::fmt::Display>::fmt
[INFO] [stdout]    1:     0x5ed4f62b050a - core[a373ad73a504971]::fmt::write
[INFO] [stdout]    2:     0x5ed4f629efdc - <alloc[2e1b2a31b91974c5]::vec::Vec<u8> as core[a373ad73a504971]::io::write::Write>::write_fmt
[INFO] [stdout]    3:     0x5ed4f6276d16 - std[617be2ca0a6fd877]::panicking::default_hook::{closure#0}
[INFO] [stdout]    4:     0x5ed4f62930d9 - std[617be2ca0a6fd877]::panicking::default_hook
[INFO] [stdout]    5:     0x5ed4f61b7fe0 - test[aada8e7e76ba119b]::test_main_inner::{closure#0}
[INFO] [stdout]    6:     0x5ed4f6293292 - std[617be2ca0a6fd877]::panicking::panic_with_hook
[INFO] [stdout]    7:     0x5ed4f6276dc2 - std[617be2ca0a6fd877]::panicking::panic_handler::{closure#0}
[INFO] [stdout]    8:     0x5ed4f626f949 - std[617be2ca0a6fd877]::sys::backtrace::__rust_end_short_backtrace::<std[617be2ca0a6fd877]::panicking::panic_handler::{closure#0}, !>
[INFO] [stdout]    9:     0x5ed4f62779cd - __rustc[ea4f61d10b84890b]::rust_begin_unwind
[INFO] [stdout]   10:     0x5ed4f62b0c7c - core[a373ad73a504971]::panicking::panic_fmt
[INFO] [stdout]   11:     0x5ed4f61a96fa - test_corpus[be485be6ff7814e5]::run_corpus::{closure#0}
[INFO] [stdout]   12:     0x5ed4f61aad2a - test_corpus[be485be6ff7814e5]::run_corpus
[INFO] [stdout]   13:     0x5ed4f61ab267 - <test_corpus[be485be6ff7814e5]::corpus_safe::{closure#0} as core[a373ad73a504971]::ops::function::FnOnce<()>>::call_once
[INFO] [stdout]   14:     0x5ed4f61ab42b - test[aada8e7e76ba119b]::__rust_begin_short_backtrace::<core[a373ad73a504971]::result::Result<(), alloc[2e1b2a31b91974c5]::string::String>, fn() -> core[a373ad73a504971]::result::Result<(), alloc[2e1b2a31b91974c5]::string::String>>
[INFO] [stdout]   15:     0x5ed4f61b8605 - test[aada8e7e76ba119b]::run_test::{closure#0}
[INFO] [stdout]   16:     0x5ed4f61b1ef4 - std[617be2ca0a6fd877]::sys::backtrace::__rust_begin_short_backtrace::<test[aada8e7e76ba119b]::run_test::{closure#1}, ()>
[INFO] [stdout]   17:     0x5ed4f61bb692 - <std[617be2ca0a6fd877]::thread::lifecycle::spawn_unchecked<test[aada8e7e76ba119b]::run_test::{closure#1}, ()>::{closure#1} as core[a373ad73a504971]::ops::function::FnOnce<()>>::call_once::{shim:vtable#0}
[INFO] [stdout]   18:     0x5ed4f629a29f - <std[617be2ca0a6fd877]::sys::thread::unix::Thread>::new::thread_start
[INFO] [stdout]   19:     0x7f1a4b4abdfa - <unknown>
[INFO] [stdout]   20:     0x7f1a4b53f3d4 - clone
[INFO] [stdout]   21:                0x0 - <unknown>
[INFO] [stdout] 
[INFO] [stdout] 
[INFO] [stdout] failures:
[INFO] [stdout]     corpus_caution
[INFO] [stdout]     corpus_critical
[INFO] [stdout]     corpus_danger
[INFO] [stdout]     corpus_evasion
[INFO] [stdout]     corpus_gtfobins
[INFO] [stdout]     corpus_injection
[INFO] [stdout]     corpus_pipelines
[INFO] [stdout]     corpus_safe
[INFO] [stdout]     corpus_zsh
[INFO] [stdout] 
[INFO] [stdout] test result: FAILED. 0 passed; 9 failed; 0 ignored; 0 measured; 0 filtered out; finished in 0.00s
[INFO] [stdout] 
[INFO] running `Command { std: "docker" "inspect" "2fc3ed669d8622172e4697e9a5f067aa82d81633c4b64637f87c0a46a6394aca", kill_on_drop: false }`
[INFO] running `Command { std: "docker" "rm" "-f" "2fc3ed669d8622172e4697e9a5f067aa82d81633c4b64637f87c0a46a6394aca", kill_on_drop: false }`
[INFO] [stdout] 2fc3ed669d8622172e4697e9a5f067aa82d81633c4b64637f87c0a46a6394aca
