[INFO] fetching crate sh-contracts 0.2.23...
[INFO] testing sh-contracts-0.2.23 against 1.99.0-beta.8+cargoflags=--release for beta-release-1.100-2
[INFO] extracting crate sh-contracts 0.2.23 into /workspace/builds/worker-0-tc1/source
[INFO] started tweaking crates.io crate sh-contracts 0.2.23
[INFO] finished tweaking crates.io crate sh-contracts 0.2.23
[INFO] tweaked toml for crates.io crate sh-contracts 0.2.23 written to /workspace/builds/worker-0-tc1/source/Cargo.toml
[INFO] validating manifest of crates.io crate sh-contracts 0.2.23 on toolchain 1.99.0-beta.8
[INFO] running `Command { std: CARGO_HOME="/workspace/cargo-home" RUSTUP_HOME="/workspace/rustup-home" "/workspace/cargo-home/bin/cargo" "+1.99.0-beta.8" "metadata" "--manifest-path" "Cargo.toml" "--no-deps", kill_on_drop: false }`
[INFO] crate crates.io crate sh-contracts 0.2.23 already has a lockfile, it will not be regenerated
[INFO] running `Command { std: CARGO_HOME="/workspace/cargo-home" RUSTUP_HOME="/workspace/rustup-home" "/workspace/cargo-home/bin/cargo" "+1.99.0-beta.8" "fetch" "--manifest-path" "Cargo.toml", kill_on_drop: false }`
[INFO] running `Command { std: "docker" "create" "-v" "/var/lib/crater-agent-workspace/builds/worker-0-tc1/source:/opt/rustwide/workdir:ro,Z" "-v" "/var/lib/crater-agent-workspace/builds/worker-0-tc1/target:/opt/rustwide/target:rw,Z" "-v" "/var/lib/crater-agent-workspace/cargo-home:/opt/rustwide/cargo-home:ro,Z" "-v" "/var/lib/crater-agent-workspace/rustup-home:/opt/rustwide/rustup-home:ro,Z" "-m" "1610612736" "--network" "none" "ghcr.io/rust-lang/crates-build-env/linux@sha256:77db811e55d90add9212f6832c23229e3de5f1c1f9905e8cb07319ea15df73ac" "sleep" "infinity", kill_on_drop: false }`
[INFO] [stdout] a65279892552ba26bd47b113043652437bd4ee0273c1b17c0be21f7c8981d770
[INFO] running `Command { std: "docker" "start" "a65279892552ba26bd47b113043652437bd4ee0273c1b17c0be21f7c8981d770", kill_on_drop: false }`
[INFO] running `Command { std: "docker" "inspect" "a65279892552ba26bd47b113043652437bd4ee0273c1b17c0be21f7c8981d770", kill_on_drop: false }`
[INFO] running `Command { std: "docker" "exec" "-e" "SOURCE_DIR=/opt/rustwide/workdir" "-e" "CARGO_HOME=/opt/rustwide/cargo-home" "-e" "RUSTUP_HOME=/opt/rustwide/rustup-home" "-e" "CARGO_TARGET_DIR=/opt/rustwide/target" "-w" "/opt/rustwide/workdir" "--user" "0:0" "a65279892552ba26bd47b113043652437bd4ee0273c1b17c0be21f7c8981d770" "/opt/rustwide/cargo-home/bin/cargo" "+1.99.0-beta.8" "metadata" "--no-deps" "--format-version=1", kill_on_drop: false }`
[INFO] running `Command { std: "docker" "inspect" "a65279892552ba26bd47b113043652437bd4ee0273c1b17c0be21f7c8981d770", kill_on_drop: false }`
[INFO] running `Command { std: "docker" "exec" "-e" "SOURCE_DIR=/opt/rustwide/workdir" "-e" "CARGO_HOME=/opt/rustwide/cargo-home" "-e" "RUSTUP_HOME=/opt/rustwide/rustup-home" "-e" "CARGO_TARGET_DIR=/opt/rustwide/target" "-e" "CARGO_INCREMENTAL=0" "-e" "RUST_BACKTRACE=full" "-e" "RUSTFLAGS=--cap-lints=warn" "-e" "RUSTDOCFLAGS=--cap-lints=warn" "-w" "/opt/rustwide/workdir" "--user" "0:0" "a65279892552ba26bd47b113043652437bd4ee0273c1b17c0be21f7c8981d770" "/opt/rustwide/cargo-home/bin/cargo" "+1.99.0-beta.8" "build" "--frozen" "--message-format=json" "--release", kill_on_drop: false }`
[INFO] [stderr]    Compiling anyhow v1.0.104
[INFO] [stderr]    Compiling either v1.17.0
[INFO] [stderr]    Compiling syn v2.0.119
[INFO] [stderr]    Compiling bytes v1.12.1
[INFO] [stderr]    Compiling itertools v0.14.0
[INFO] [stderr]    Compiling prost-derive v0.13.5
[INFO] [stderr]    Compiling prost v0.13.5
[INFO] [stderr]    Compiling prost-types v0.13.5
[INFO] [stderr]    Compiling sh-contracts v0.2.23 (/opt/rustwide/workdir)
[INFO] [stderr]     Finished `release` profile [optimized] target(s) in 42.85s
[INFO] running `Command { std: "docker" "inspect" "a65279892552ba26bd47b113043652437bd4ee0273c1b17c0be21f7c8981d770", kill_on_drop: false }`
[INFO] running `Command { std: "docker" "exec" "-e" "SOURCE_DIR=/opt/rustwide/workdir" "-e" "CARGO_HOME=/opt/rustwide/cargo-home" "-e" "RUSTUP_HOME=/opt/rustwide/rustup-home" "-e" "CARGO_TARGET_DIR=/opt/rustwide/target" "-e" "CARGO_INCREMENTAL=0" "-e" "RUST_BACKTRACE=full" "-e" "RUSTFLAGS=--cap-lints=warn" "-e" "RUSTDOCFLAGS=--cap-lints=warn" "-w" "/opt/rustwide/workdir" "--user" "0:0" "a65279892552ba26bd47b113043652437bd4ee0273c1b17c0be21f7c8981d770" "/opt/rustwide/cargo-home/bin/cargo" "+1.99.0-beta.8" "test" "--frozen" "--no-run" "--message-format=json" "--release", kill_on_drop: false }`
[INFO] [stderr]    Compiling serde_core v1.0.229
[INFO] [stderr]    Compiling serde_json v1.0.151
[INFO] [stderr]    Compiling sh-contracts v0.2.23 (/opt/rustwide/workdir)
[INFO] [stderr]     Finished `release` profile [optimized] target(s) in 40.87s
[INFO] running `Command { std: "docker" "inspect" "a65279892552ba26bd47b113043652437bd4ee0273c1b17c0be21f7c8981d770", kill_on_drop: false }`
[INFO] running `Command { std: "docker" "exec" "-e" "SOURCE_DIR=/opt/rustwide/workdir" "-e" "CARGO_HOME=/opt/rustwide/cargo-home" "-e" "RUSTUP_HOME=/opt/rustwide/rustup-home" "-e" "CARGO_TARGET_DIR=/opt/rustwide/target" "-e" "CARGO_INCREMENTAL=0" "-e" "RUST_BACKTRACE=full" "-e" "RUSTFLAGS=--cap-lints=warn" "-e" "RUSTDOCFLAGS=--cap-lints=warn" "-w" "/opt/rustwide/workdir" "--user" "0:0" "a65279892552ba26bd47b113043652437bd4ee0273c1b17c0be21f7c8981d770" "/opt/rustwide/cargo-home/bin/cargo" "+1.99.0-beta.8" "test" "--frozen" "--release", kill_on_drop: false }`
[INFO] [stderr]     Finished `release` profile [optimized] target(s) in 0.03s
[INFO] [stderr]      Running unittests rust/src/lib.rs (/opt/rustwide/target/release/deps/sh_contracts-1b2f1fe25399f4cb)
[INFO] [stdout] 
[INFO] [stdout] running 101 tests
[INFO] [stdout] test codec::codec_test::assert_binding_accepts_every_runtime_key_and_rejects_cross_type ... ok
[INFO] [stdout] test codec::codec_test::canonical_bounded_by_entry_budget_scope ... ok
[INFO] [stdout] test codec::codec_test::canonical_bounded_by_entry_budget_registry ... ok
[INFO] [stdout] test codec::codec_test::decode_rejects_duplicate_singular_before_materialize ... ok
[INFO] [stdout] test codec::codec_test::decode_rejects_unknown_field_before_materialize ... ok
[INFO] [stdout] test codec::codec_test::decode_materializes_typed_value_from_validated_ir ... ok
[INFO] [stdout] test codec::codec_test::digest_preimage_exact_golden ... ok
[INFO] [stdout] test codec::codec_test::daily_task_report_v21_worst_case_fits_budget_and_freezes_three_states ... ok
[INFO] [stdout] test codec::codec_test::coverage_matches_registry_distinct_roots ... ok
[INFO] [stdout] test codec::codec_test::auth_recovery_roundtrip_and_unknown_fields_fail_closed ... ok
[INFO] [stdout] test codec::codec_test::diagnostics_execution_metadata_round_trip_preserves_absence_and_exact_versions ... ok
[INFO] [stdout] test codec::codec_test::encode_enforces_total_repeated_limit ... ok
[INFO] [stdout] test codec::codec_test::binding_bidirectional_full_coverage ... ok
[INFO] [stdout] test codec::codec_test::encode_pre_rejects_deep_struct_value ... ok
[INFO] [stdout] test codec::codec_test::cross_language_codec_golden ... FAILED
[INFO] [stdout] test codec::codec_test::diagnostics_execution_wire_rejects_owner_raw_material_and_unknown_status ... ok
[INFO] [stdout] test codec::codec_test::encode_enforces_payload_budget ... ok
[INFO] [stdout] test codec::codec_test::encode_enforces_invalid_enum ... ok
[INFO] [stdout] test codec::codec_test::encode_enforces_recursion_limit ... ok
[INFO] [stdout] test codec::codec_test::encode_pre_rejects_far_over_budget_value ... ok
[INFO] [stdout] test codec::codec_test::encode_then_decode_roundtrip ... ok
[INFO] [stdout] test codec::codec_test::fact_bells_round_trip_under_the_existing_orch_registrations ... ok
[INFO] [stdout] test codec::codec_test::map_default_message_value_recursion_matches_explicit_empty ... ok
[INFO] [stdout] test codec::codec_test::map_entry_duplicate_key_field_is_duplicate_field ... ok
[INFO] [stdout] test codec::codec_test::map_entry_duplicate_value_field_is_duplicate_field ... ok
[INFO] [stdout] test codec::codec_test::map_entry_undeclared_field_is_unknown_field ... ok
[INFO] [stdout] test codec::codec_test::max_canonical_incremental_hard_cap_bytes ... ok
[INFO] [stdout] test codec::codec_test::max_canonical_incremental_hard_cap_repeated ... ok
[INFO] [stdout] test codec::codec_test::account_share_redeem_detail_is_additive_and_keeps_the_frozen_budget ... ok
[INFO] [stdout] test codec::codec_test::encode_enforces_max_field_limit ... ok
[INFO] [stdout] test codec::codec_test::max_canonical_just_under_cap_ok ... ok
[INFO] [stdout] test codec::codec_test::encode_admits_declared_task_definition_cap ... ok
[INFO] [stdout] test codec::codec_test::outer_frame::carrier_rejects_duplicate_oneof ... ok
[INFO] [stdout] test codec::codec_test::outer_frame::accessor_returns_domain_and_scoped ... ok
[INFO] [stdout] test codec::codec_test::outer_frame::carrier_rejects_duplicate_singular ... ok
[INFO] [stdout] test codec::codec_test::outer_frame::carrier_rejects_truncated_and_overflow_varint ... ok
[INFO] [stdout] test codec::codec_test::outer_frame::carrier_rejects_unknown_field ... ok
[INFO] [stdout] test codec::codec_test::outer_frame::carrier_rejects_wrong_wire_type ... ok
[INFO] [stdout] test codec::codec_test::invalid_limits_widen_or_zero ... ok
[INFO] [stdout] test codec::codec_test::outer_frame::carrier_rejects_invalid_enum ... ok
[INFO] [stdout] test codec::codec_test::outer_frame::cross_layer_wire_budget_boundary ... ok
[INFO] [stdout] test codec::codec_test::encode_enforces_total_map_limit ... ok
[INFO] [stdout] test codec::codec_test::outer_frame::decode_non_shellport_frame_type_mismatch ... ok
[INFO] [stdout] test codec::codec_test::outer_frame::encode_rejects_non_empty_outer_slot ... ok
[INFO] [stdout] test codec::codec_test::outer_frame::encode_rejects_profile_mismatch ... ok
[INFO] [stdout] test codec::codec_test::outer_frame::envelope_accepts_non_shellport_body_accessor_none ... ok
[INFO] [stdout] test codec::codec_test::outer_frame::encode_unknown_key_and_type_mismatch ... ok
[INFO] [stdout] test codec::codec_test::outer_frame::envelope_rejects_duplicate_body_oneof ... ok
[INFO] [stdout] test codec::codec_test::outer_frame::envelope_rejects_nested_malformed_carrier ... ok
[INFO] [stdout] test codec::codec_test::outer_frame::outer_rejects_non_minimal_varint ... ok
[INFO] [stdout] test codec::codec_test::outer_frame::envelope_rejects_unknown_field ... ok
[INFO] [stdout] test codec::codec_test::outer_frame::profile1_roundtrip ... ok
[INFO] [stdout] test codec::codec_test::outer_frame::profile2_game_scope_roundtrip ... ok
[INFO] [stdout] test codec::codec_test::outer_frame::profile2_roundtrip ... ok
[INFO] [stdout] test codec::codec_test::outer_frame::scoped_frame_rejects_duplicate_singular ... ok
[INFO] [stdout] test codec::codec_test::outer_frame::registered_payload_continuation_rejects_non_minimal_varint ... ok
[INFO] [stdout] test codec::codec_test::outer_frame::standalone_rejects_registered_payload ... ok
[INFO] [stdout] test codec::codec_test::outer_frame::wire_helpers_smoke ... ok
[INFO] [stdout] test codec::codec_test::packed_invalid_enum_rejected ... ok
[INFO] [stdout] test codec::codec_test::packed_truncated_varint_rejected ... ok
[INFO] [stdout] test codec::codec_test::preflight_body_len_matches_prost_encoded_len ... ok
[INFO] [stdout] test codec::codec_test::preflight_runs_before_prost_on_overlimit ... ok
[INFO] [stdout] test codec::codec_test::outer_frame::encode_rejects_wrong_payload_size ... ok
[INFO] [stdout] test codec::codec_test::outer_frame::scoped_frame_rejects_nested_malformed ... ok
[INFO] [stdout] test codec::codec_test::registry_vs_scope_digest_differ_by_version ... ok
[INFO] [stdout] test codec::codec_test::reject_duplicate_map_key ... ok
[INFO] [stdout] test codec::codec_test::reject_duplicate_singular ... ok
[INFO] [stdout] test codec::codec_test::reject_field_number_high_bit_wraparound_map_entry ... ok
[INFO] [stdout] test codec::codec_test::reject_field_number_at_boundary ... ok
[INFO] [stdout] test codec::codec_test::reject_field_number_high_bit_wraparound_root ... ok
[INFO] [stdout] test codec::codec_test::reject_invalid_enum ... ok
[INFO] [stdout] test codec::codec_test::reject_malformed_wire_type ... ok
[INFO] [stdout] test codec::codec_test::reject_map_limit ... ok
[INFO] [stdout] test codec::codec_test::packed_repeated_limit_enforced ... ok
[INFO] [stdout] test codec::codec_test::packed_unpacked_mixed_canonical_equivalent ... ok
[INFO] [stdout] test codec::codec_test::reject_recursion_limit ... ok
[INFO] [stdout] test codec::codec_test::reject_repeated_limit ... ok
[INFO] [stdout] test codec::codec_test::reject_truncated_varint ... ok
[INFO] [stdout] test codec::codec_test::reject_size_limit_budget ... ok
[INFO] [stdout] test codec::codec_test::reject_type_mismatch ... ok
[INFO] [stdout] test codec::codec_test::reject_unknown_field ... ok
[INFO] [stdout] test codec::codec_test::reject_unknown_key ... ok
[INFO] [stdout] test codec::codec_test::sha256_known_answers ... ok
[INFO] [stdout] test codec::codec_test::task_entry_status_worst_case_encoding_fits_frozen_budget ... ok
[INFO] [stdout] test codec::codec_test::semantic_equal_canonical_and_digest ... ok
[INFO] [stdout] test codec::receipt_framing_test::ordinary_command_and_raw_limits_stay_unchanged ... ok
[INFO] [stdout] test codec::receipt_framing_test::explicit_caps_including_the_old_default_are_never_compensated ... ok
[INFO] [stdout] test codec::receipt_framing_test::stored_query_rejects_undeclared_fields_including_the_reserved_owner_key ... ok
[INFO] [stdout] test codec::receipt_framing_test::stored_query_command_round_trips_under_the_original_registration ... ok
[INFO] [stdout] test registry_iso_test::app_contract_constraints_typed_matches_json ... ok
[INFO] [stdout] test registry_iso_test::registry_lookup_roundtrips_every_entry ... ok
[INFO] [stdout] test registry_iso_test::scope_lookup_roundtrips_every_entry ... ok
[INFO] [stdout] test registry_iso_test::scope_registry_digests_typed_matches_json ... ok
[INFO] [stdout] test codec::receipt_framing_test::wrong_type_profile_scope_or_direction_cannot_use_framing ... ok
[INFO] [stdout] test codec::receipt_framing_test::expanded_frame_keeps_strict_wire_and_duplicate_rules ... ok
[INFO] [stdout] test codec::receipt_framing_test::shell_envelope_extra_space_is_bounded_independently_of_the_value ... ok
[INFO] [stdout] test codec::receipt_framing_test::legal_512k_value_fits_registered_receipt_framing ... ok
[INFO] [stdout] test registry_iso_test::wire_schemas_typed_matches_json ... ok
[INFO] [stdout] test codec::receipt_framing_test::extra_space_cannot_be_spent_on_legacy_target_or_receipt_metadata ... ok
[INFO] [stdout] test codec::receipt_framing_test::p1_p2_distinct_business_and_transport_ids_keep_original_codec_semantics ... ok
[INFO] [stdout] test codec::receipt_framing_test::registered_receipt_value_and_canonical_boundaries ... ok
[INFO] [stdout] 
[INFO] [stdout] failures:
[INFO] [stdout] 
[INFO] [stdout] ---- codec::codec_test::cross_language_codec_golden stdout ----
[INFO] [stdout] 
[INFO] [stdout] thread 'codec::codec_test::cross_language_codec_golden' (416) panicked at rust/src/codec_test.rs:2084:46:
[INFO] [stdout] read codec golden fixture: Os { code: 2, kind: NotFound, message: "No such file or directory" }
[INFO] [stdout] stack backtrace:
[INFO] [stdout]    0:     0x5c1ece37a051 - <<std[70759c8f55707aa4]::sys::backtrace::BacktraceLock>::print::DisplayBacktrace as core[df12db4294e9bfd3]::fmt::Display>::fmt
[INFO] [stdout]    1:     0x5c1ece38f66a - core[df12db4294e9bfd3]::fmt::write
[INFO] [stdout]    2:     0x5c1ece37e4ec - <alloc[2182bb758b4b3781]::vec::Vec<u8> as core[df12db4294e9bfd3]::io::write::Write>::write_fmt
[INFO] [stdout]    3:     0x5c1ece3562d6 - std[70759c8f55707aa4]::panicking::default_hook::{closure#0}
[INFO] [stdout]    4:     0x5c1ece372449 - std[70759c8f55707aa4]::panicking::default_hook
[INFO] [stdout]    5:     0x5c1ece3052a0 - test[9d35eded1c95d3be]::test_main_inner::<test[9d35eded1c95d3be]::test_main_static::{closure#0}>::{closure#0}
[INFO] [stdout]    6:     0x5c1ece372602 - std[70759c8f55707aa4]::panicking::panic_with_hook
[INFO] [stdout]    7:     0x5c1ece356382 - std[70759c8f55707aa4]::panicking::panic_handler::{closure#0}
[INFO] [stdout]    8:     0x5c1ece34ef79 - std[70759c8f55707aa4]::sys::backtrace::__rust_end_short_backtrace::<std[70759c8f55707aa4]::panicking::panic_handler::{closure#0}, !>
[INFO] [stdout]    9:     0x5c1ece356f7d - __rustc[8fa7c3cbc660c2b3]::rust_begin_unwind
[INFO] [stdout]   10:     0x5c1ece38fd9c - core[df12db4294e9bfd3]::panicking::panic_fmt
[INFO] [stdout]   11:     0x5c1ece38fb72 - core[df12db4294e9bfd3]::result::unwrap_failed
[INFO] [stdout]   12:     0x5c1ece24a39e - sh_contracts[164c4f116a2200b7]::codec::codec_test::cross_language_codec_golden
[INFO] [stdout]   13:     0x5c1ece2f1b49 - <sh_contracts[164c4f116a2200b7]::codec::codec_test::cross_language_codec_golden::{closure#0} as core[df12db4294e9bfd3]::ops::function::FnOnce<()>>::call_once
[INFO] [stdout]   14:     0x5c1ece2f858b - test[9d35eded1c95d3be]::__rust_begin_short_backtrace::<core[df12db4294e9bfd3]::result::Result<(), alloc[2182bb758b4b3781]::string::String>, fn() -> core[df12db4294e9bfd3]::result::Result<(), alloc[2182bb758b4b3781]::string::String>>
[INFO] [stdout]   15:     0x5c1ece305bf5 - test[9d35eded1c95d3be]::run_test::{closure#0}
[INFO] [stdout]   16:     0x5c1ece2ff4b4 - std[70759c8f55707aa4]::sys::backtrace::__rust_begin_short_backtrace::<test[9d35eded1c95d3be]::run_test::{closure#1}, ()>
[INFO] [stdout]   17:     0x5c1ece308d52 - <std[70759c8f55707aa4]::thread::lifecycle::spawn_unchecked<test[9d35eded1c95d3be]::run_test::{closure#1}, ()>::{closure#1} as core[df12db4294e9bfd3]::ops::function::FnOnce<()>>::call_once::{shim:vtable#0}
[INFO] [stdout]   18:     0x5c1ece3795b9 - <std[70759c8f55707aa4]::sys::thread::unix::Thread>::new::thread_start
[INFO] [stdout]   19:     0x7aaae9b9fdfa - <unknown>
[INFO] [stdout]   20:     0x7aaae9c333d4 - clone
[INFO] [stdout]   21:                0x0 - <unknown>
[INFO] [stdout] 
[INFO] [stdout] 
[INFO] [stdout] failures:
[INFO] [stdout]     codec::codec_test::cross_language_codec_golden
[INFO] [stdout] 
[INFO] [stdout] test result: FAILED. 100 passed; 1 failed; 0 ignored; 0 measured; 0 filtered out; finished in 0.23s
[INFO] [stdout] 
[INFO] [stderr] error: test failed, to rerun pass `--lib`
[INFO] running `Command { std: "docker" "inspect" "a65279892552ba26bd47b113043652437bd4ee0273c1b17c0be21f7c8981d770", kill_on_drop: false }`
[INFO] running `Command { std: "docker" "rm" "-f" "a65279892552ba26bd47b113043652437bd4ee0273c1b17c0be21f7c8981d770", kill_on_drop: false }`
[INFO] [stdout] a65279892552ba26bd47b113043652437bd4ee0273c1b17c0be21f7c8981d770
