[INFO] fetching crate sgit 0.1.2...
[INFO] testing sgit-0.1.2 against 1.99.0-beta.8+cargoflags=--release for beta-release-1.100-2
[INFO] extracting crate sgit 0.1.2 into /workspace/builds/worker-6-tc1/source
[INFO] started tweaking crates.io crate sgit 0.1.2
[INFO] finished tweaking crates.io crate sgit 0.1.2
[INFO] tweaked toml for crates.io crate sgit 0.1.2 written to /workspace/builds/worker-6-tc1/source/Cargo.toml
[INFO] validating manifest of crates.io crate sgit 0.1.2 on toolchain 1.99.0-beta.8
[INFO] running `Command { std: CARGO_HOME="/workspace/cargo-home" RUSTUP_HOME="/workspace/rustup-home" "/workspace/cargo-home/bin/cargo" "+1.99.0-beta.8" "metadata" "--manifest-path" "Cargo.toml" "--no-deps", kill_on_drop: false }`
[INFO] crate crates.io crate sgit 0.1.2 already has a lockfile, it will not be regenerated
[INFO] running `Command { std: CARGO_HOME="/workspace/cargo-home" RUSTUP_HOME="/workspace/rustup-home" "/workspace/cargo-home/bin/cargo" "+1.99.0-beta.8" "fetch" "--manifest-path" "Cargo.toml", kill_on_drop: false }`
[INFO] [stderr]     Updating crates.io index
[INFO] [stderr]  Downloading crates ...
[INFO] [stderr]   Downloaded serde v1.0.140
[INFO] [stderr]   Downloaded serde_derive v1.0.140
[INFO] [stderr]   Downloaded pretty_env_logger v0.4.0
[INFO] [stderr]   Downloaded unicode-ident v1.0.2
[INFO] [stderr]   Downloaded once_cell v1.13.0
[INFO] [stderr]   Downloaded lock_api v0.4.7
[INFO] [stderr]   Downloaded wasm-bindgen-shared v0.2.81
[INFO] [stderr]   Downloaded wasm-bindgen-futures v0.4.31
[INFO] [stderr]   Downloaded rustc-demangle v0.1.21
[INFO] [stderr]   Downloaded serde_path_to_error v0.1.7
[INFO] [stderr]   Downloaded snafu-derive v0.7.1
[INFO] [stderr]   Downloaded zeroize v1.5.7
[INFO] [stderr]   Downloaded wasm-bindgen-macro v0.2.81
[INFO] [stderr]   Downloaded redox_syscall v0.2.15
[INFO] [stderr]   Downloaded wasm-bindgen-backend v0.2.81
[INFO] [stderr]   Downloaded pem v1.1.0
[INFO] [stderr]   Downloaded wasm-bindgen-macro-support v0.2.81
[INFO] [stderr]   Downloaded httparse v1.7.1
[INFO] [stderr]   Downloaded miniz_oxide v0.5.3
[INFO] [stderr]   Downloaded simple_asn1 v0.6.2
[INFO] [stderr]   Downloaded os_str_bytes v6.2.0
[INFO] [stderr]   Downloaded jsonwebtoken v8.1.1
[INFO] [stderr]   Downloaded backtrace v0.3.66
[INFO] [stderr]   Downloaded async-trait v0.1.56
[INFO] [stderr]   Downloaded tracing-core v0.1.28
[INFO] [stderr]   Downloaded bumpalo v3.10.0
[INFO] [stderr]   Downloaded octocrab v0.16.0
[INFO] [stderr]   Downloaded snafu v0.7.1
[INFO] [stderr]   Downloaded tracing v0.1.35
[INFO] [stderr]   Downloaded arc-swap v1.5.0
[INFO] [stderr]   Downloaded js-sys v0.3.58
[INFO] [stderr]   Downloaded unicode-normalization v0.1.21
[INFO] [stderr]   Downloaded hyperx v1.4.0
[INFO] [stderr]   Downloaded tokio-util v0.7.3
[INFO] [stderr]   Downloaded time v0.3.11
[INFO] [stderr]   Downloaded wasm-bindgen v0.2.81
[INFO] [stderr]   Downloaded clap v3.2.14
[INFO] [stderr]   Downloaded tokio v1.20.0
[INFO] [stderr]   Downloaded web-sys v0.3.58
[INFO] running `Command { std: "docker" "create" "-v" "/var/lib/crater-agent-workspace/builds/worker-6-tc1/source:/opt/rustwide/workdir:ro,Z" "-v" "/var/lib/crater-agent-workspace/builds/worker-6-tc1/target:/opt/rustwide/target:rw,Z" "-v" "/var/lib/crater-agent-workspace/cargo-home:/opt/rustwide/cargo-home:ro,Z" "-v" "/var/lib/crater-agent-workspace/rustup-home:/opt/rustwide/rustup-home:ro,Z" "-m" "1610612736" "--network" "none" "ghcr.io/rust-lang/crates-build-env/linux@sha256:77db811e55d90add9212f6832c23229e3de5f1c1f9905e8cb07319ea15df73ac" "sleep" "infinity", kill_on_drop: false }`
[INFO] [stdout] 78adc8e4d739ef24917ad22509116215a5df0da9ebe3dcb94b7ac337be3eb1df
[INFO] running `Command { std: "docker" "start" "78adc8e4d739ef24917ad22509116215a5df0da9ebe3dcb94b7ac337be3eb1df", kill_on_drop: false }`
[INFO] running `Command { std: "docker" "inspect" "78adc8e4d739ef24917ad22509116215a5df0da9ebe3dcb94b7ac337be3eb1df", kill_on_drop: false }`
[INFO] running `Command { std: "docker" "exec" "-e" "SOURCE_DIR=/opt/rustwide/workdir" "-e" "CARGO_HOME=/opt/rustwide/cargo-home" "-e" "RUSTUP_HOME=/opt/rustwide/rustup-home" "-e" "CARGO_TARGET_DIR=/opt/rustwide/target" "-w" "/opt/rustwide/workdir" "--user" "0:0" "78adc8e4d739ef24917ad22509116215a5df0da9ebe3dcb94b7ac337be3eb1df" "/opt/rustwide/cargo-home/bin/cargo" "+1.99.0-beta.8" "metadata" "--no-deps" "--format-version=1", kill_on_drop: false }`
[INFO] running `Command { std: "docker" "inspect" "78adc8e4d739ef24917ad22509116215a5df0da9ebe3dcb94b7ac337be3eb1df", kill_on_drop: false }`
[INFO] running `Command { std: "docker" "exec" "-e" "SOURCE_DIR=/opt/rustwide/workdir" "-e" "CARGO_HOME=/opt/rustwide/cargo-home" "-e" "RUSTUP_HOME=/opt/rustwide/rustup-home" "-e" "CARGO_TARGET_DIR=/opt/rustwide/target" "-e" "CARGO_INCREMENTAL=0" "-e" "RUST_BACKTRACE=full" "-e" "RUSTFLAGS=--cap-lints=warn" "-e" "RUSTDOCFLAGS=--cap-lints=warn" "-w" "/opt/rustwide/workdir" "--user" "0:0" "78adc8e4d739ef24917ad22509116215a5df0da9ebe3dcb94b7ac337be3eb1df" "/opt/rustwide/cargo-home/bin/cargo" "+1.99.0-beta.8" "build" "--frozen" "--message-format=json" "--release", kill_on_drop: false }`
[INFO] [stderr]    Compiling autocfg v1.1.0
[INFO] [stderr]    Compiling libc v0.2.126
[INFO] [stderr]    Compiling proc-macro2 v1.0.40
[INFO] [stderr]    Compiling unicode-ident v1.0.2
[INFO] [stderr]    Compiling quote v1.0.20
[INFO] [stderr]    Compiling syn v1.0.98
[INFO] [stderr]    Compiling once_cell v1.13.0
[INFO] [stderr]    Compiling cc v1.0.73
[INFO] [stderr]    Compiling itoa v1.0.2
[INFO] [stderr]    Compiling serde_derive v1.0.140
[INFO] [stderr]    Compiling bytes v1.1.0
[INFO] [stderr]    Compiling parking_lot_core v0.9.3
[INFO] [stderr]    Compiling ahash v0.7.6
[INFO] [stderr]    Compiling pkg-config v0.3.25
[INFO] [stderr]    Compiling serde v1.0.140
[INFO] [stderr]    Compiling smallvec v1.9.0
[INFO] [stderr]    Compiling futures-core v0.3.21
[INFO] [stderr]    Compiling scopeguard v1.1.0
[INFO] [stderr]    Compiling futures-task v0.3.21
[INFO] [stderr]    Compiling tracing-core v0.1.28
[INFO] [stderr]    Compiling futures-util v0.3.21
[INFO] [stderr]    Compiling openssl v0.10.41
[INFO] [stderr]    Compiling ryu v1.0.10
[INFO] [stderr]    Compiling percent-encoding v2.1.0
[INFO] [stderr]    Compiling futures-sink v0.3.21
[INFO] [stderr]    Compiling lock_api v0.4.7
[INFO] [stderr]    Compiling indexmap v1.9.1
[INFO] [stderr]    Compiling tokio v1.20.0
[INFO] [stderr]    Compiling num-traits v0.2.15
[INFO] [stderr]    Compiling num-integer v0.1.45
[INFO] [stderr]    Compiling slab v0.4.7
[INFO] [stderr]    Compiling native-tls v0.2.10
[INFO] [stderr]    Compiling httparse v1.7.1
[INFO] [stderr]    Compiling tinyvec_macros v0.1.0
[INFO] [stderr]    Compiling futures-channel v0.3.21
[INFO] [stderr]    Compiling matches v0.1.9
[INFO] [stderr]    Compiling tinyvec v1.6.0
[INFO] [stderr]    Compiling num-bigint v0.4.3
[INFO] [stderr]    Compiling try-lock v0.2.3
[INFO] [stderr]    Compiling openssl-probe v0.1.5
[INFO] [stderr]    Compiling httpdate v1.0.2
[INFO] [stderr]    Compiling serde_json v1.0.82
[INFO] [stderr]    Compiling base64 v0.13.0
[INFO] [stderr]    Compiling http v0.2.8
[INFO] [stderr]    Compiling want v0.3.0
[INFO] [stderr]    Compiling tracing v0.1.35
[INFO] [stderr]    Compiling getrandom v0.2.7
[INFO] [stderr]    Compiling mio v0.8.4
[INFO] [stderr]    Compiling signal-hook-registry v1.4.0
[INFO] [stderr]    Compiling parking_lot v0.12.1
[INFO] [stderr]    Compiling num_cpus v1.13.1
[INFO] [stderr]    Compiling socket2 v0.4.4
[INFO] [stderr]    Compiling form_urlencoded v1.0.1
[INFO] [stderr]    Compiling hashbrown v0.12.3
[INFO] [stderr]    Compiling openssl-sys v0.9.75
[INFO] [stderr]    Compiling backtrace v0.3.66
[INFO] [stderr]    Compiling ring v0.16.20
[INFO] [stderr]    Compiling unicase v2.6.0
[INFO] [stderr]    Compiling time-macros v0.2.4
[INFO] [stderr]    Compiling gimli v0.26.2
[INFO] [stderr]    Compiling doc-comment v0.3.3
[INFO] [stderr]    Compiling num_threads v0.1.6
[INFO] [stderr]    Compiling unicode-bidi v0.3.8
[INFO] [stderr]    Compiling adler v1.0.2
[INFO] [stderr]    Compiling encoding_rs v0.8.31
[INFO] [stderr]    Compiling tower-service v0.3.2
[INFO] [stderr]    Compiling miniz_oxide v0.5.3
[INFO] [stderr]    Compiling atty v0.2.14
[INFO] [stderr]    Compiling object v0.29.0
[INFO] [stderr]    Compiling aho-corasick v0.7.18
[INFO] [stderr]    Compiling unicode-normalization v0.1.21
[INFO] [stderr]    Compiling regex-syntax v0.6.27
[INFO] [stderr]    Compiling http-body v0.4.5
[INFO] [stderr]    Compiling untrusted v0.7.1
[INFO] [stderr]    Compiling spin v0.5.2
[INFO] [stderr]    Compiling async-trait v0.1.56
[INFO] [stderr]    Compiling rustc-demangle v0.1.21
[INFO] [stderr]    Compiling mime v0.3.16
[INFO] [stderr]    Compiling hyperx v1.4.0
[INFO] [stderr]    Compiling termcolor v1.1.3
[INFO] [stderr]    Compiling heck v0.4.0
[INFO] [stderr]    Compiling time v0.3.11
[INFO] [stderr]    Compiling idna v0.2.3
[INFO] [stderr]    Compiling humantime v1.3.0
[INFO] [stderr]    Compiling pem v1.1.0
[INFO] [stderr]    Compiling time v0.1.44
[INFO] [stderr]    Compiling ipnet v2.5.0
[INFO] [stderr]    Compiling dlv-list v0.3.0
[INFO] [stderr]    Compiling os_str_bytes v6.2.0
[INFO] [stderr]    Compiling zeroize v1.5.7
[INFO] [stderr]    Compiling language-tags v0.3.2
[INFO] [stderr]    Compiling linked-hash-map v0.5.6
[INFO] [stderr]    Compiling secrecy v0.8.0
[INFO] [stderr]    Compiling clap_lex v0.2.4
[INFO] [stderr]    Compiling ordered-multimap v0.4.3
[INFO] [stderr]    Compiling textwrap v0.15.0
[INFO] [stderr]    Compiling yaml-rust v0.4.5
[INFO] [stderr]    Compiling strsim v0.10.0
[INFO] [stderr]    Compiling arc-swap v1.5.0
[INFO] [stderr]    Compiling addr2line v0.17.0
[INFO] [stderr]    Compiling regex v1.6.0
[INFO] [stderr]    Compiling walkdir v2.3.2
[INFO] [stderr]    Compiling clap v3.2.14
[INFO] [stderr]    Compiling rust-ini v0.18.0
[INFO] [stderr]    Compiling tokio-macros v1.8.0
[INFO] [stderr]    Compiling openssl-macros v0.1.0
[INFO] [stderr]    Compiling thiserror-impl v1.0.31
[INFO] [stderr]    Compiling snafu-derive v0.7.1
[INFO] [stderr]    Compiling env_logger v0.7.1
[INFO] [stderr]    Compiling thiserror v1.0.31
[INFO] [stderr]    Compiling simple_asn1 v0.6.2
[INFO] [stderr]    Compiling pretty_env_logger v0.4.0
[INFO] [stderr]    Compiling snafu v0.7.1
[INFO] [stderr]    Compiling tokio-util v0.7.3
[INFO] [stderr]    Compiling tokio-native-tls v0.3.0
[INFO] [stderr]    Compiling serde_urlencoded v0.7.1
[INFO] [stderr]    Compiling url v2.2.2
[INFO] [stderr]    Compiling chrono v0.4.19
[INFO] [stderr]    Compiling serde_path_to_error v0.1.7
[INFO] [stderr]    Compiling serde_yaml v0.8.26
[INFO] [stderr]    Compiling h2 v0.3.13
[INFO] [stderr]    Compiling jsonwebtoken v8.1.1
[INFO] [stderr]    Compiling hyper v0.14.20
[INFO] [stderr]    Compiling hyper-tls v0.5.0
[INFO] [stderr]    Compiling reqwest v0.11.11
[INFO] [stderr]    Compiling octocrab v0.16.0
[INFO] [stderr]    Compiling sgit v0.1.2 (/opt/rustwide/workdir)
[INFO] [stderr]     Finished `release` profile [optimized] target(s) in 1m 56s
[INFO] [stderr] warning: the following packages contain code that will be rejected by a future version of Rust: openssl v0.10.41
[INFO] [stderr] note: to see what the problems were, use the option `--future-incompat-report`, or run `cargo report future-incompatibilities --id 1`
[INFO] running `Command { std: "docker" "inspect" "78adc8e4d739ef24917ad22509116215a5df0da9ebe3dcb94b7ac337be3eb1df", kill_on_drop: false }`
[INFO] running `Command { std: "docker" "exec" "-e" "SOURCE_DIR=/opt/rustwide/workdir" "-e" "CARGO_HOME=/opt/rustwide/cargo-home" "-e" "RUSTUP_HOME=/opt/rustwide/rustup-home" "-e" "CARGO_TARGET_DIR=/opt/rustwide/target" "-e" "CARGO_INCREMENTAL=0" "-e" "RUST_BACKTRACE=full" "-e" "RUSTFLAGS=--cap-lints=warn" "-e" "RUSTDOCFLAGS=--cap-lints=warn" "-w" "/opt/rustwide/workdir" "--user" "0:0" "78adc8e4d739ef24917ad22509116215a5df0da9ebe3dcb94b7ac337be3eb1df" "/opt/rustwide/cargo-home/bin/cargo" "+1.99.0-beta.8" "test" "--frozen" "--no-run" "--message-format=json" "--release", kill_on_drop: false }`
[INFO] [stderr]    Compiling sgit v0.1.2 (/opt/rustwide/workdir)
[INFO] [stderr]     Finished `release` profile [optimized] target(s) in 1.37s
[INFO] [stderr] warning: the following packages contain code that will be rejected by a future version of Rust: openssl v0.10.41
[INFO] [stderr] note: to see what the problems were, use the option `--future-incompat-report`, or run `cargo report future-incompatibilities --id 1`
[INFO] running `Command { std: "docker" "inspect" "78adc8e4d739ef24917ad22509116215a5df0da9ebe3dcb94b7ac337be3eb1df", kill_on_drop: false }`
[INFO] running `Command { std: "docker" "exec" "-e" "SOURCE_DIR=/opt/rustwide/workdir" "-e" "CARGO_HOME=/opt/rustwide/cargo-home" "-e" "RUSTUP_HOME=/opt/rustwide/rustup-home" "-e" "CARGO_TARGET_DIR=/opt/rustwide/target" "-e" "CARGO_INCREMENTAL=0" "-e" "RUST_BACKTRACE=full" "-e" "RUSTFLAGS=--cap-lints=warn" "-e" "RUSTDOCFLAGS=--cap-lints=warn" "-w" "/opt/rustwide/workdir" "--user" "0:0" "78adc8e4d739ef24917ad22509116215a5df0da9ebe3dcb94b7ac337be3eb1df" "/opt/rustwide/cargo-home/bin/cargo" "+1.99.0-beta.8" "test" "--frozen" "--release", kill_on_drop: false }`
[INFO] [stderr]     Finished `release` profile [optimized] target(s) in 0.18s
[INFO] [stderr] warning: the following packages contain code that will be rejected by a future version of Rust: openssl v0.10.41
[INFO] [stderr] note: to see what the problems were, use the option `--future-incompat-report`, or run `cargo report future-incompatibilities --id 1`
[INFO] [stderr]      Running unittests src/main.rs (/opt/rustwide/target/release/deps/sgit-f67158199bd17884)
[INFO] [stdout] 
[INFO] [stdout] running 7 tests
[INFO] [stdout] test tests::test_load_sgit_config ... ok
[INFO] [stdout] test git_wrapper::tests::repo_name_success ... ok
[INFO] [stdout] test git_wrapper::tests::repo_name_return_empty ... ok
[INFO] [stdout] test git_wrapper::tests::suffix_name_success ... ok
[INFO] [stdout] test sgit::tests::serial_yaml_from_string ... ok
[INFO] [stdout] test tests::test_load_git_config ... FAILED
[INFO] [stdout] test git_wrapper::tests::pull_code ... FAILED
[INFO] [stderr] error: test failed, to rerun pass `--bin sgit`
[INFO] [stdout] 
[INFO] [stdout] failures:
[INFO] [stdout] 
[INFO] [stdout] ---- tests::test_load_git_config stdout ----
[INFO] [stdout] 
[INFO] [stdout] thread 'tests::test_load_git_config' (3177) panicked at src/main.rs:183:9:
[INFO] [stdout] assertion failed: paths.len() >= 1
[INFO] [stdout] stack backtrace:
[INFO] [stdout]    0:     0x64dcaba37ae1 - <<std[70759c8f55707aa4]::sys::backtrace::BacktraceLock>::print::DisplayBacktrace as core[df12db4294e9bfd3]::fmt::Display>::fmt
[INFO] [stdout]    1:     0x64dcaba4d6ca - core[df12db4294e9bfd3]::fmt::write
[INFO] [stdout]    2:     0x64dcaba3c39c - <alloc[2182bb758b4b3781]::vec::Vec<u8> as core[df12db4294e9bfd3]::io::write::Write>::write_fmt
[INFO] [stdout]    3:     0x64dcaba12fa6 - std[70759c8f55707aa4]::panicking::default_hook::{closure#0}
[INFO] [stdout]    4:     0x64dcaba2f7e9 - std[70759c8f55707aa4]::panicking::default_hook
[INFO] [stdout]    5:     0x64dcab9a9f00 - test[9d35eded1c95d3be]::test_main_inner::<test[9d35eded1c95d3be]::test_main_static::{closure#0}>::{closure#0}
[INFO] [stdout]    6:     0x64dcaba2f9a2 - std[70759c8f55707aa4]::panicking::panic_with_hook
[INFO] [stdout]    7:     0x64dcaba13084 - std[70759c8f55707aa4]::panicking::panic_handler::{closure#0}
[INFO] [stdout]    8:     0x64dcaba0bc59 - std[70759c8f55707aa4]::sys::backtrace::__rust_end_short_backtrace::<std[70759c8f55707aa4]::panicking::panic_handler::{closure#0}, !>
[INFO] [stdout]    9:     0x64dcaba13c4d - __rustc[8fa7c3cbc660c2b3]::rust_begin_unwind
[INFO] [stdout]   10:     0x64dcaba4ddfc - core[df12db4294e9bfd3]::panicking::panic_fmt
[INFO] [stdout]   11:     0x64dcaba4ddc2 - core[df12db4294e9bfd3]::panicking::panic
[INFO] [stdout]   12:     0x64dcab97e3e6 - sgit[822f4fbe48961ee]::tests::test_load_git_config
[INFO] [stdout]   13:     0x64dcab982dc9 - <sgit[822f4fbe48961ee]::tests::test_load_git_config::{closure#0} as core[df12db4294e9bfd3]::ops::function::FnOnce<()>>::call_once
[INFO] [stdout]   14:     0x64dcab99d1eb - test[9d35eded1c95d3be]::__rust_begin_short_backtrace::<core[df12db4294e9bfd3]::result::Result<(), alloc[2182bb758b4b3781]::string::String>, fn() -> core[df12db4294e9bfd3]::result::Result<(), alloc[2182bb758b4b3781]::string::String>>
[INFO] [stdout]   15:     0x64dcab9aa855 - test[9d35eded1c95d3be]::run_test::{closure#0}
[INFO] [stdout]   16:     0x64dcab9a4114 - std[70759c8f55707aa4]::sys::backtrace::__rust_begin_short_backtrace::<test[9d35eded1c95d3be]::run_test::{closure#1}, ()>
[INFO] [stdout]   17:     0x64dcab9ad9b2 - <std[70759c8f55707aa4]::thread::lifecycle::spawn_unchecked<test[9d35eded1c95d3be]::run_test::{closure#1}, ()>::{closure#1} as core[df12db4294e9bfd3]::ops::function::FnOnce<()>>::call_once::{shim:vtable#0}
[INFO] [stdout]   18:     0x64dcaba373b9 - <std[70759c8f55707aa4]::sys::thread::unix::Thread>::new::thread_start
[INFO] [stdout]   19:     0x74c0a6746dfa - <unknown>
[INFO] [stdout]   20:     0x74c0a67da3d4 - clone
[INFO] [stdout]   21:                0x0 - <unknown>
[INFO] [stdout] 
[INFO] [stdout] ---- git_wrapper::tests::pull_code stdout ----
[INFO] [stdout] 
[INFO] [stdout] thread 'git_wrapper::tests::pull_code' (3172) panicked at src/git_wrapper.rs:125:9:
[INFO] [stdout] assertion failed: path.exists()
[INFO] [stdout] stack backtrace:
[INFO] [stdout]    0:     0x64dcaba37ae1 - <<std[70759c8f55707aa4]::sys::backtrace::BacktraceLock>::print::DisplayBacktrace as core[df12db4294e9bfd3]::fmt::Display>::fmt
[INFO] [stdout]    1:     0x64dcaba4d6ca - core[df12db4294e9bfd3]::fmt::write
[INFO] [stdout]    2:     0x64dcaba3c39c - <alloc[2182bb758b4b3781]::vec::Vec<u8> as core[df12db4294e9bfd3]::io::write::Write>::write_fmt
[INFO] [stdout]    3:     0x64dcaba12fa6 - std[70759c8f55707aa4]::panicking::default_hook::{closure#0}
[INFO] [stdout]    4:     0x64dcaba2f7e9 - std[70759c8f55707aa4]::panicking::default_hook
[INFO] [stdout]    5:     0x64dcab9a9f00 - test[9d35eded1c95d3be]::test_main_inner::<test[9d35eded1c95d3be]::test_main_static::{closure#0}>::{closure#0}
[INFO] [stdout]    6:     0x64dcaba2f9a2 - std[70759c8f55707aa4]::panicking::panic_with_hook
[INFO] [stdout]    7:     0x64dcaba13084 - std[70759c8f55707aa4]::panicking::panic_handler::{closure#0}
[INFO] [stdout]    8:     0x64dcaba0bc59 - std[70759c8f55707aa4]::sys::backtrace::__rust_end_short_backtrace::<std[70759c8f55707aa4]::panicking::panic_handler::{closure#0}, !>
[INFO] [stdout]    9:     0x64dcaba13c4d - __rustc[8fa7c3cbc660c2b3]::rust_begin_unwind
[INFO] [stdout]   10:     0x64dcaba4ddfc - core[df12db4294e9bfd3]::panicking::panic_fmt
[INFO] [stdout]   11:     0x64dcaba4ddc2 - core[df12db4294e9bfd3]::panicking::panic
[INFO] [stdout]   12:     0x64dcab97f3a1 - sgit[822f4fbe48961ee]::git_wrapper::tests::pull_code
[INFO] [stdout]   13:     0x64dcab982ed9 - <sgit[822f4fbe48961ee]::git_wrapper::tests::pull_code::{closure#0} as core[df12db4294e9bfd3]::ops::function::FnOnce<()>>::call_once
[INFO] [stdout]   14:     0x64dcab99d1eb - test[9d35eded1c95d3be]::__rust_begin_short_backtrace::<core[df12db4294e9bfd3]::result::Result<(), alloc[2182bb758b4b3781]::string::String>, fn() -> core[df12db4294e9bfd3]::result::Result<(), alloc[2182bb758b4b3781]::string::String>>
[INFO] [stdout]   15:     0x64dcab9aa855 - test[9d35eded1c95d3be]::run_test::{closure#0}
[INFO] [stdout]   16:     0x64dcab9a4114 - std[70759c8f55707aa4]::sys::backtrace::__rust_begin_short_backtrace::<test[9d35eded1c95d3be]::run_test::{closure#1}, ()>
[INFO] [stdout]   17:     0x64dcab9ad9b2 - <std[70759c8f55707aa4]::thread::lifecycle::spawn_unchecked<test[9d35eded1c95d3be]::run_test::{closure#1}, ()>::{closure#1} as core[df12db4294e9bfd3]::ops::function::FnOnce<()>>::call_once::{shim:vtable#0}
[INFO] [stdout]   18:     0x64dcaba373b9 - <std[70759c8f55707aa4]::sys::thread::unix::Thread>::new::thread_start
[INFO] [stdout]   19:     0x74c0a6746dfa - <unknown>
[INFO] [stdout]   20:     0x74c0a67da3d4 - clone
[INFO] [stdout]   21:                0x0 - <unknown>
[INFO] [stdout] 
[INFO] [stdout] 
[INFO] [stdout] failures:
[INFO] [stdout]     git_wrapper::tests::pull_code
[INFO] [stdout]     tests::test_load_git_config
[INFO] [stdout] 
[INFO] [stdout] test result: FAILED. 5 passed; 2 failed; 0 ignored; 0 measured; 0 filtered out; finished in 0.02s
[INFO] [stdout] 
[INFO] running `Command { std: "docker" "inspect" "78adc8e4d739ef24917ad22509116215a5df0da9ebe3dcb94b7ac337be3eb1df", kill_on_drop: false }`
[INFO] running `Command { std: "docker" "rm" "-f" "78adc8e4d739ef24917ad22509116215a5df0da9ebe3dcb94b7ac337be3eb1df", kill_on_drop: false }`
[INFO] [stdout] 78adc8e4d739ef24917ad22509116215a5df0da9ebe3dcb94b7ac337be3eb1df
