[INFO] fetching crate sgcount 0.1.35...
[INFO] testing sgcount-0.1.35 against 1.100.0-beta.1+cargoflags=--release for beta-release-1.100-2
[INFO] extracting crate sgcount 0.1.35 into /workspace/builds/worker-6-tc2/source
[INFO] started tweaking crates.io crate sgcount 0.1.35
[INFO] finished tweaking crates.io crate sgcount 0.1.35
[INFO] tweaked toml for crates.io crate sgcount 0.1.35 written to /workspace/builds/worker-6-tc2/source/Cargo.toml
[INFO] validating manifest of crates.io crate sgcount 0.1.35 on toolchain 1.100.0-beta.1
[INFO] running `Command { std: CARGO_HOME="/workspace/cargo-home" RUSTUP_HOME="/workspace/rustup-home" "/workspace/cargo-home/bin/cargo" "+1.100.0-beta.1" "metadata" "--manifest-path" "Cargo.toml" "--no-deps", kill_on_drop: false }`
[INFO] crate crates.io crate sgcount 0.1.35 already has a lockfile, it will not be regenerated
[INFO] running `Command { std: CARGO_HOME="/workspace/cargo-home" RUSTUP_HOME="/workspace/rustup-home" "/workspace/cargo-home/bin/cargo" "+1.100.0-beta.1" "fetch" "--manifest-path" "Cargo.toml", kill_on_drop: false }`
[INFO] running `Command { std: "docker" "create" "-v" "/var/lib/crater-agent-workspace/builds/worker-6-tc2/source:/opt/rustwide/workdir:ro,Z" "-v" "/var/lib/crater-agent-workspace/builds/worker-6-tc2/target:/opt/rustwide/target:rw,Z" "-v" "/var/lib/crater-agent-workspace/cargo-home:/opt/rustwide/cargo-home:ro,Z" "-v" "/var/lib/crater-agent-workspace/rustup-home:/opt/rustwide/rustup-home:ro,Z" "-m" "1610612736" "--network" "none" "ghcr.io/rust-lang/crates-build-env/linux@sha256:77db811e55d90add9212f6832c23229e3de5f1c1f9905e8cb07319ea15df73ac" "sleep" "infinity", kill_on_drop: false }`
[INFO] [stdout] 8d1a9cd923cd5e257ee555f7e98216cb64cd485852c17755eccee6153fce17ef
[INFO] running `Command { std: "docker" "start" "8d1a9cd923cd5e257ee555f7e98216cb64cd485852c17755eccee6153fce17ef", kill_on_drop: false }`
[INFO] running `Command { std: "docker" "inspect" "8d1a9cd923cd5e257ee555f7e98216cb64cd485852c17755eccee6153fce17ef", kill_on_drop: false }`
[INFO] running `Command { std: "docker" "exec" "-e" "SOURCE_DIR=/opt/rustwide/workdir" "-e" "CARGO_HOME=/opt/rustwide/cargo-home" "-e" "RUSTUP_HOME=/opt/rustwide/rustup-home" "-e" "CARGO_TARGET_DIR=/opt/rustwide/target" "-w" "/opt/rustwide/workdir" "--user" "0:0" "8d1a9cd923cd5e257ee555f7e98216cb64cd485852c17755eccee6153fce17ef" "/opt/rustwide/cargo-home/bin/cargo" "+1.100.0-beta.1" "metadata" "--no-deps" "--format-version=1", kill_on_drop: false }`
[INFO] running `Command { std: "docker" "inspect" "8d1a9cd923cd5e257ee555f7e98216cb64cd485852c17755eccee6153fce17ef", kill_on_drop: false }`
[INFO] running `Command { std: "docker" "exec" "-e" "SOURCE_DIR=/opt/rustwide/workdir" "-e" "CARGO_HOME=/opt/rustwide/cargo-home" "-e" "RUSTUP_HOME=/opt/rustwide/rustup-home" "-e" "CARGO_TARGET_DIR=/opt/rustwide/target" "-e" "CARGO_INCREMENTAL=0" "-e" "RUST_BACKTRACE=full" "-e" "RUSTFLAGS=--cap-lints=warn" "-e" "RUSTDOCFLAGS=--cap-lints=warn" "-w" "/opt/rustwide/workdir" "--user" "0:0" "8d1a9cd923cd5e257ee555f7e98216cb64cd485852c17755eccee6153fce17ef" "/opt/rustwide/cargo-home/bin/cargo" "+1.100.0-beta.1" "build" "--frozen" "--message-format=json" "--release", kill_on_drop: false }`
[INFO] [stderr]    Compiling zstd-safe v7.2.1
[INFO] [stderr]    Compiling either v1.13.0
[INFO] [stderr]    Compiling matrixmultiply v0.3.9
[INFO] [stderr]    Compiling allocator-api2 v0.2.18
[INFO] [stderr]    Compiling foldhash v0.1.3
[INFO] [stderr]    Compiling zstd-sys v2.0.13+zstd.1.5.6
[INFO] [stderr]    Compiling liblzma-sys v0.3.9
[INFO] [stderr]    Compiling flate2 v1.0.34
[INFO] [stderr]    Compiling portable-atomic v1.9.0
[INFO] [stderr]    Compiling syn v2.0.85
[INFO] [stderr]    Compiling num-complex v0.4.6
[INFO] [stderr]    Compiling num-integer v0.1.46
[INFO] [stderr]    Compiling bzip2 v0.4.4
[INFO] [stderr]    Compiling console v0.15.8
[INFO] [stderr]    Compiling noisy_float v0.2.0
[INFO] [stderr]    Compiling number_prefix v0.4.0
[INFO] [stderr]    Compiling regex-automata v0.4.8
[INFO] [stderr]    Compiling rayon v1.10.0
[INFO] [stderr]    Compiling itertools v0.13.0
[INFO] [stderr]    Compiling liblzma v0.3.5
[INFO] [stderr]    Compiling hashbrown v0.15.0
[INFO] [stderr]    Compiling indexmap v2.6.0
[INFO] [stderr]    Compiling ndarray v0.16.1
[INFO] [stderr]    Compiling bstr v1.10.0
[INFO] [stderr]    Compiling indicatif v0.17.8
[INFO] [stderr]    Compiling zerocopy-derive v0.7.35
[INFO] [stderr]    Compiling thiserror-impl v1.0.65
[INFO] [stderr]    Compiling clap_derive v4.5.18
[INFO] [stderr]    Compiling zerocopy v0.7.35
[INFO] [stderr]    Compiling thiserror v1.0.65
[INFO] [stderr]    Compiling clap v4.5.20
[INFO] [stderr]    Compiling bgzip v0.3.1
[INFO] [stderr]    Compiling ppv-lite86 v0.2.20
[INFO] [stderr]    Compiling rand_chacha v0.3.1
[INFO] [stderr]    Compiling rand v0.8.5
[INFO] [stderr]    Compiling ndarray-stats v0.6.0
[INFO] [stderr]    Compiling zstd v0.13.2
[INFO] [stderr]    Compiling niffler v2.6.0
[INFO] [stderr]    Compiling fxread v0.2.14
[INFO] [stderr]    Compiling sgcount v0.1.35 (/opt/rustwide/workdir)
[INFO] [stderr]     Finished `release` profile [optimized] target(s) in 49.53s
[INFO] running `Command { std: "docker" "inspect" "8d1a9cd923cd5e257ee555f7e98216cb64cd485852c17755eccee6153fce17ef", kill_on_drop: false }`
[INFO] running `Command { std: "docker" "exec" "-e" "SOURCE_DIR=/opt/rustwide/workdir" "-e" "CARGO_HOME=/opt/rustwide/cargo-home" "-e" "RUSTUP_HOME=/opt/rustwide/rustup-home" "-e" "CARGO_TARGET_DIR=/opt/rustwide/target" "-e" "CARGO_INCREMENTAL=0" "-e" "RUST_BACKTRACE=full" "-e" "RUSTFLAGS=--cap-lints=warn" "-e" "RUSTDOCFLAGS=--cap-lints=warn" "-w" "/opt/rustwide/workdir" "--user" "0:0" "8d1a9cd923cd5e257ee555f7e98216cb64cd485852c17755eccee6153fce17ef" "/opt/rustwide/cargo-home/bin/cargo" "+1.100.0-beta.1" "test" "--frozen" "--no-run" "--message-format=json" "--release", kill_on_drop: false }`
[INFO] [stderr]    Compiling sgcount v0.1.35 (/opt/rustwide/workdir)
[INFO] [stderr]     Finished `release` profile [optimized] target(s) in 3.68s
[INFO] running `Command { std: "docker" "inspect" "8d1a9cd923cd5e257ee555f7e98216cb64cd485852c17755eccee6153fce17ef", kill_on_drop: false }`
[INFO] running `Command { std: "docker" "exec" "-e" "SOURCE_DIR=/opt/rustwide/workdir" "-e" "CARGO_HOME=/opt/rustwide/cargo-home" "-e" "RUSTUP_HOME=/opt/rustwide/rustup-home" "-e" "CARGO_TARGET_DIR=/opt/rustwide/target" "-e" "CARGO_INCREMENTAL=0" "-e" "RUST_BACKTRACE=full" "-e" "RUSTFLAGS=--cap-lints=warn" "-e" "RUSTDOCFLAGS=--cap-lints=warn" "-w" "/opt/rustwide/workdir" "--user" "0:0" "8d1a9cd923cd5e257ee555f7e98216cb64cd485852c17755eccee6153fce17ef" "/opt/rustwide/cargo-home/bin/cargo" "+1.100.0-beta.1" "test" "--frozen" "--release", kill_on_drop: false }`
[INFO] [stderr]     Finished `release` profile [optimized] target(s) in 0.12s
[INFO] [stderr]      Running unittests src/main.rs (/opt/rustwide/target/release/build/sgcount/2a523ad561cd5dc2/out/sgcount-2a523ad561cd5dc2)
[INFO] [stdout] 
[INFO] [stdout] running 43 tests
[INFO] [stdout] test counter::test::count_with_distance_no_permute ... ok
[INFO] [stdout] test counter::test::bounds_checking_minus ... ok
[INFO] [stdout] test counter::test::count_no_distance_with_permute ... ok
[INFO] [stdout] test counter::test::bounds_checking_standard_clipped ... ok
[INFO] [stdout] test genemap::testing::test_validate_library_invalid ... ok
[INFO] [stdout] test genemap::testing::test_validate_library ... ok
[INFO] [stdout] test library::test::build ... ok
[INFO] [stdout] test counter::test::count_with_distance_with_permute ... ok
[INFO] [stdout] test counter::test::bounds_checking_minus_clipped ... ok
[INFO] [stdout] test genemap::testing::test_build ... ok
[INFO] [stdout] test counter::test::bounds_checking_plus_clipped ... ok
[INFO] [stdout] test counter::test::bounds_checking_plus ... ok
[INFO] [stdout] test library::test::validate_contains ... ok
[INFO] [stdout] test offsetter::test::minimization ... ok
[INFO] [stdout] test counter::test::bounds_checking_standard ... ok
[INFO] [stdout] test library::test::duplicates - should panic ... ok
[INFO] [stdout] test genemap::testing::test_from_file ... ok
[INFO] [stdout] test progress::testing::test_initialize_multi_progress ... ok
[INFO] [stdout] test counter::test::count_no_distance_no_permute ... ok
[INFO] [stdout] test offsetter::test::normalize ... ok
[INFO] [stdout] test offsetter::test::offset ... ok
[INFO] [stdout] test offsetter::test::positional_counts ... ok
[INFO] [stdout] test offsetter::test::rc_offset ... ok
[INFO] [stdout] test offsetter::test::test_position_counts_with_n ... ok
[INFO] [stdout] test results::testing::test_append_count ... ok
[INFO] [stdout] test offsetter::test::undersized_minimization ... ok
[INFO] [stdout] test permutes::test::validate_singleton ... ok
[INFO] [stdout] test utils::testing::test_sample_names_duplicates ... ok
[INFO] [stdout] test progress::testing::test_initialize_progress_bar ... ok
[INFO] [stdout] test permutes::test::build ... ok
[INFO] [stdout] test offsetter::test::test_offset_enum ... ok
[INFO] [stdout] test results::testing::test_append_gene ... ok
[INFO] [stdout] test results::testing::test_generate_columns ... ok
[INFO] [stdout] test results::testing::test_write_results_no_zeros ... FAILED
[INFO] [stdout] test results::testing::test_write_results ... FAILED
[INFO] [stdout] test progress::testing::test_start_progress_bar ... ok
[INFO] [stdout] test permutes::test::validate_negative ... ok
[INFO] [stdout] test offsetter::test::sequence_size ... ok
[INFO] [stdout] test utils::testing::test_sample_names ... ok
[INFO] [stdout] test progress::testing::test_finish_progress_bar_ref ... ok
[INFO] [stdout] test permutes::test::validate_positive ... ok
[INFO] [stdout] test offsetter::test::test_base_map ... ok
[INFO] [stdout] test progress::testing::test_start_progress_bar_ref ... ok
[INFO] [stdout] 
[INFO] [stdout] failures:
[INFO] [stdout] 
[INFO] [stdout] ---- results::testing::test_write_results_no_zeros stdout ----
[INFO] [stdout] 
[INFO] [stdout] thread 'results::testing::test_write_results_no_zeros' (1048) panicked at src/results.rs:160:80:
[INFO] [stdout] called `Result::unwrap()` on an `Err` value: Read-only file system (os error 30)
[INFO] [stdout] 
[INFO] [stdout] Stack backtrace:
[INFO] [stdout]    0: <anyhow::Error as core::convert::From<core::io::error::Error>>::from
[INFO] [stdout]    1: sgcount::results::write_results
[INFO] [stdout]    2: <sgcount::results::testing::test_write_results_no_zeros::{closure#0} as core::ops::function::FnOnce<()>>::call_once
[INFO] [stdout]    3: test::__rust_begin_short_backtrace::<core::result::Result<(), alloc::string::String>, fn() -> core::result::Result<(), alloc::string::String>>
[INFO] [stdout]    4: test::run_test::{closure#0}
[INFO] [stdout]    5: std::sys::backtrace::__rust_begin_short_backtrace::<test::run_test::{closure#1}, ()>
[INFO] [stdout]    6: <std::thread::lifecycle::spawn_unchecked<test::run_test::{closure#1}, ()>::{closure#1} as core::ops::function::FnOnce<()>>::call_once::{shim:vtable#0}
[INFO] [stdout]    7: <std::sys::thread::unix::Thread>::new::thread_start
[INFO] [stdout]    8: <unknown>
[INFO] [stdout]    9: clone
[INFO] [stdout] stack backtrace:
[INFO] [stdout]    0:     0x65522235bd61 - <<std[617be2ca0a6fd877]::sys::backtrace::BacktraceLock>::print::DisplayBacktrace as core[a373ad73a504971]::fmt::Display>::fmt
[INFO] [stdout]    1:     0x6552223725ba - core[a373ad73a504971]::fmt::write
[INFO] [stdout]    2:     0x65522236144c - <alloc[2e1b2a31b91974c5]::vec::Vec<u8> as core[a373ad73a504971]::io::write::Write>::write_fmt
[INFO] [stdout]    3:     0x655222337ab6 - std[617be2ca0a6fd877]::panicking::default_hook::{closure#0}
[INFO] [stdout]    4:     0x6552223543d9 - std[617be2ca0a6fd877]::panicking::default_hook
[INFO] [stdout]    5:     0x6552222d6070 - test[aada8e7e76ba119b]::test_main_inner::{closure#0}
[INFO] [stdout]    6:     0x655222354592 - std[617be2ca0a6fd877]::panicking::panic_with_hook
[INFO] [stdout]    7:     0x655222337b62 - std[617be2ca0a6fd877]::panicking::panic_handler::{closure#0}
[INFO] [stdout]    8:     0x6552223302b9 - std[617be2ca0a6fd877]::sys::backtrace::__rust_end_short_backtrace::<std[617be2ca0a6fd877]::panicking::panic_handler::{closure#0}, !>
[INFO] [stdout]    9:     0x65522233887d - __rustc[ea4f61d10b84890b]::rust_begin_unwind
[INFO] [stdout]   10:     0x655222372cec - core[a373ad73a504971]::panicking::panic_fmt
[INFO] [stdout]   11:     0x655222372ac2 - core[a373ad73a504971]::result::unwrap_failed
[INFO] [stdout]   12:     0x6552222c554c - <sgcount[aae4e8dc16336f95]::results::testing::test_write_results_no_zeros::{closure#0} as core[a373ad73a504971]::ops::function::FnOnce<()>>::call_once
[INFO] [stdout]   13:     0x6552222c94bb - test[aada8e7e76ba119b]::__rust_begin_short_backtrace::<core[a373ad73a504971]::result::Result<(), alloc[2e1b2a31b91974c5]::string::String>, fn() -> core[a373ad73a504971]::result::Result<(), alloc[2e1b2a31b91974c5]::string::String>>
[INFO] [stdout]   14:     0x6552222d6695 - test[aada8e7e76ba119b]::run_test::{closure#0}
[INFO] [stdout]   15:     0x6552222cff84 - std[617be2ca0a6fd877]::sys::backtrace::__rust_begin_short_backtrace::<test[aada8e7e76ba119b]::run_test::{closure#1}, ()>
[INFO] [stdout]   16:     0x6552222d9722 - <std[617be2ca0a6fd877]::thread::lifecycle::spawn_unchecked<test[aada8e7e76ba119b]::run_test::{closure#1}, ()>::{closure#1} as core[a373ad73a504971]::ops::function::FnOnce<()>>::call_once::{shim:vtable#0}
[INFO] [stdout]   17:     0x65522235b5bf - <std[617be2ca0a6fd877]::sys::thread::unix::Thread>::new::thread_start
[INFO] [stdout]   18:     0x7d550d11edfa - <unknown>
[INFO] [stdout]   19:     0x7d550d1b23d4 - clone
[INFO] [stdout]   20:                0x0 - <unknown>
[INFO] [stdout] 
[INFO] [stdout] ---- results::testing::test_write_results stdout ----
[INFO] [stdout] 
[INFO] [stdout] thread 'results::testing::test_write_results' (1047) panicked at src/results.rs:149:79:
[INFO] [stdout] called `Result::unwrap()` on an `Err` value: Read-only file system (os error 30)
[INFO] [stdout] 
[INFO] [stdout] Stack backtrace:
[INFO] [stdout]    0: <anyhow::Error as core::convert::From<core::io::error::Error>>::from
[INFO] [stdout]    1: sgcount::results::write_results
[INFO] [stdout]    2: <sgcount::results::testing::test_write_results::{closure#0} as core::ops::function::FnOnce<()>>::call_once
[INFO] [stdout]    3: test::__rust_begin_short_backtrace::<core::result::Result<(), alloc::string::String>, fn() -> core::result::Result<(), alloc::string::String>>
[INFO] [stdout]    4: test::run_test::{closure#0}
[INFO] [stdout]    5: std::sys::backtrace::__rust_begin_short_backtrace::<test::run_test::{closure#1}, ()>
[INFO] [stdout]    6: <std::thread::lifecycle::spawn_unchecked<test::run_test::{closure#1}, ()>::{closure#1} as core::ops::function::FnOnce<()>>::call_once::{shim:vtable#0}
[INFO] [stdout]    7: <std::sys::thread::unix::Thread>::new::thread_start
[INFO] [stdout]    8: <unknown>
[INFO] [stdout]    9: clone
[INFO] [stdout] stack backtrace:
[INFO] [stdout]    0:     0x65522235bd61 - <<std[617be2ca0a6fd877]::sys::backtrace::BacktraceLock>::print::DisplayBacktrace as core[a373ad73a504971]::fmt::Display>::fmt
[INFO] [stdout]    1:     0x6552223725ba - core[a373ad73a504971]::fmt::write
[INFO] [stdout]    2:     0x65522236144c - <alloc[2e1b2a31b91974c5]::vec::Vec<u8> as core[a373ad73a504971]::io::write::Write>::write_fmt
[INFO] [stdout]    3:     0x655222337ab6 - std[617be2ca0a6fd877]::panicking::default_hook::{closure#0}
[INFO] [stdout]    4:     0x6552223543d9 - std[617be2ca0a6fd877]::panicking::default_hook
[INFO] [stdout]    5:     0x6552222d6070 - test[aada8e7e76ba119b]::test_main_inner::{closure#0}
[INFO] [stdout]    6:     0x655222354592 - std[617be2ca0a6fd877]::panicking::panic_with_hook
[INFO] [stdout]    7:     0x655222337b62 - std[617be2ca0a6fd877]::panicking::panic_handler::{closure#0}
[INFO] [stdout]    8:     0x6552223302b9 - std[617be2ca0a6fd877]::sys::backtrace::__rust_end_short_backtrace::<std[617be2ca0a6fd877]::panicking::panic_handler::{closure#0}, !>
[INFO] [stdout]    9:     0x65522233887d - __rustc[ea4f61d10b84890b]::rust_begin_unwind
[INFO] [stdout]   10:     0x655222372cec - core[a373ad73a504971]::panicking::panic_fmt
[INFO] [stdout]   11:     0x655222372ac2 - core[a373ad73a504971]::result::unwrap_failed
[INFO] [stdout]   12:     0x6552222c4e9c - <sgcount[aae4e8dc16336f95]::results::testing::test_write_results::{closure#0} as core[a373ad73a504971]::ops::function::FnOnce<()>>::call_once
[INFO] [stdout]   13:     0x6552222c94bb - test[aada8e7e76ba119b]::__rust_begin_short_backtrace::<core[a373ad73a504971]::result::Result<(), alloc[2e1b2a31b91974c5]::string::String>, fn() -> core[a373ad73a504971]::result::Result<(), alloc[2e1b2a31b91974c5]::string::String>>
[INFO] [stdout]   14:     0x6552222d6695 - test[aada8e7e76ba119b]::run_test::{closure#0}
[INFO] [stdout]   15:     0x6552222cff84 - std[617be2ca0a6fd877]::sys::backtrace::__rust_begin_short_backtrace::<test[aada8e7e76ba119b]::run_test::{closure#1}, ()>
[INFO] [stdout]   16:     0x6552222d9722 - <std[617be2ca0a6fd877]::thread::lifecycle::spawn_unchecked<test[aada8e7e76ba119b]::run_test::{closure#1}, ()>::{closure#1} as core[a373ad73a504971]::ops::function::FnOnce<()>>::call_once::{shim:vtable#0}
[INFO] [stdout]   17:     0x65522235b5bf - <std[617be2ca0a6fd877]::sys::thread::unix::Thread>::new::thread_start
[INFO] [stdout]   18:     0x7d550d11edfa - <unknown>
[INFO] [stdout]   19:     0x7d550d1b23d4 - clone
[INFO] [stdout]   20:                0x0 - <unknown>
[INFO] [stdout] 
[INFO] [stdout] 
[INFO] [stdout] failures:
[INFO] [stdout]     results::testing::test_write_results
[INFO] [stdout]     results::testing::test_write_results_no_zeros
[INFO] [stdout] 
[INFO] [stdout] test result: FAILED. 41 passed; 2 failed; 0 ignored; 0 measured; 0 filtered out; finished in 0.04s
[INFO] [stdout] 
[INFO] [stderr] error: test failed, to rerun pass `--bin sgcount`
[INFO] running `Command { std: "docker" "inspect" "8d1a9cd923cd5e257ee555f7e98216cb64cd485852c17755eccee6153fce17ef", kill_on_drop: false }`
[INFO] running `Command { std: "docker" "rm" "-f" "8d1a9cd923cd5e257ee555f7e98216cb64cd485852c17755eccee6153fce17ef", kill_on_drop: false }`
[INFO] [stdout] 8d1a9cd923cd5e257ee555f7e98216cb64cd485852c17755eccee6153fce17ef
