[INFO] fetching crate sframe 2.0.0...
[INFO] testing sframe-2.0.0 against 1.100.0-beta.1+cargoflags=--release for beta-release-1.100-2
[INFO] extracting crate sframe 2.0.0 into /workspace/builds/worker-5-tc2/source
[INFO] started tweaking crates.io crate sframe 2.0.0
[INFO] removed 0 missing examples
[INFO] removed 0 missing tests
[INFO] finished tweaking crates.io crate sframe 2.0.0
[INFO] tweaked toml for crates.io crate sframe 2.0.0 written to /workspace/builds/worker-5-tc2/source/Cargo.toml
[INFO] validating manifest of crates.io crate sframe 2.0.0 on toolchain 1.100.0-beta.1
[INFO] running `Command { std: CARGO_HOME="/workspace/cargo-home" RUSTUP_HOME="/workspace/rustup-home" "/workspace/cargo-home/bin/cargo" "+1.100.0-beta.1" "metadata" "--manifest-path" "Cargo.toml" "--no-deps", kill_on_drop: false }`
[INFO] crate crates.io crate sframe 2.0.0 already has a lockfile, it will not be regenerated
[INFO] running `Command { std: CARGO_HOME="/workspace/cargo-home" RUSTUP_HOME="/workspace/rustup-home" "/workspace/cargo-home/bin/cargo" "+1.100.0-beta.1" "fetch" "--manifest-path" "Cargo.toml", kill_on_drop: false }`
[INFO] running `Command { std: "docker" "create" "-v" "/var/lib/crater-agent-workspace/builds/worker-5-tc2/source:/opt/rustwide/workdir:ro,Z" "-v" "/var/lib/crater-agent-workspace/builds/worker-5-tc2/target:/opt/rustwide/target:rw,Z" "-v" "/var/lib/crater-agent-workspace/cargo-home:/opt/rustwide/cargo-home:ro,Z" "-v" "/var/lib/crater-agent-workspace/rustup-home:/opt/rustwide/rustup-home:ro,Z" "-m" "1610612736" "--network" "none" "ghcr.io/rust-lang/crates-build-env/linux@sha256:77db811e55d90add9212f6832c23229e3de5f1c1f9905e8cb07319ea15df73ac" "sleep" "infinity", kill_on_drop: false }`
[INFO] [stdout] 5a0f45080f868e778bc1d0b2aa0ba59dfb155c6f854ba69bdc61514d105f7e6a
[INFO] running `Command { std: "docker" "start" "5a0f45080f868e778bc1d0b2aa0ba59dfb155c6f854ba69bdc61514d105f7e6a", kill_on_drop: false }`
[INFO] running `Command { std: "docker" "inspect" "5a0f45080f868e778bc1d0b2aa0ba59dfb155c6f854ba69bdc61514d105f7e6a", kill_on_drop: false }`
[INFO] running `Command { std: "docker" "exec" "-e" "SOURCE_DIR=/opt/rustwide/workdir" "-e" "CARGO_HOME=/opt/rustwide/cargo-home" "-e" "RUSTUP_HOME=/opt/rustwide/rustup-home" "-e" "CARGO_TARGET_DIR=/opt/rustwide/target" "-w" "/opt/rustwide/workdir" "--user" "0:0" "5a0f45080f868e778bc1d0b2aa0ba59dfb155c6f854ba69bdc61514d105f7e6a" "/opt/rustwide/cargo-home/bin/cargo" "+1.100.0-beta.1" "metadata" "--no-deps" "--format-version=1", kill_on_drop: false }`
[INFO] running `Command { std: "docker" "inspect" "5a0f45080f868e778bc1d0b2aa0ba59dfb155c6f854ba69bdc61514d105f7e6a", kill_on_drop: false }`
[INFO] running `Command { std: "docker" "exec" "-e" "SOURCE_DIR=/opt/rustwide/workdir" "-e" "CARGO_HOME=/opt/rustwide/cargo-home" "-e" "RUSTUP_HOME=/opt/rustwide/rustup-home" "-e" "CARGO_TARGET_DIR=/opt/rustwide/target" "-e" "CARGO_INCREMENTAL=0" "-e" "RUST_BACKTRACE=full" "-e" "RUSTFLAGS=--cap-lints=warn" "-e" "RUSTDOCFLAGS=--cap-lints=warn" "-w" "/opt/rustwide/workdir" "--user" "0:0" "5a0f45080f868e778bc1d0b2aa0ba59dfb155c6f854ba69bdc61514d105f7e6a" "/opt/rustwide/cargo-home/bin/cargo" "+1.100.0-beta.1" "build" "--frozen" "--message-format=json" "--release", kill_on_drop: false }`
[INFO] [stderr]    Compiling find-msvc-tools v0.1.12
[INFO] [stderr]    Compiling cfg_aliases v0.2.2
[INFO] [stderr]    Compiling syn v3.0.5
[INFO] [stderr]    Compiling syn v2.0.119
[INFO] [stderr]    Compiling getrandom v0.2.17
[INFO] [stderr]    Compiling sframe v2.0.0 (/opt/rustwide/workdir)
[INFO] [stderr]    Compiling cc v1.4.6
[INFO] [stderr]    Compiling ring v0.17.14
[INFO] [stderr]    Compiling bitfield-macros v0.19.5
[INFO] [stderr]    Compiling thiserror-impl v2.0.20
[INFO] [stderr]    Compiling bitfield v0.19.5
[INFO] [stderr]    Compiling thiserror v2.0.20
[INFO] [stderr]    Compiling zeroize_derive v1.5.0
[INFO] [stderr]    Compiling zeroize v1.9.0
[INFO] [stderr]     Finished `release` profile [optimized] target(s) in 29.71s
[INFO] running `Command { std: "docker" "inspect" "5a0f45080f868e778bc1d0b2aa0ba59dfb155c6f854ba69bdc61514d105f7e6a", kill_on_drop: false }`
[INFO] running `Command { std: "docker" "exec" "-e" "SOURCE_DIR=/opt/rustwide/workdir" "-e" "CARGO_HOME=/opt/rustwide/cargo-home" "-e" "RUSTUP_HOME=/opt/rustwide/rustup-home" "-e" "CARGO_TARGET_DIR=/opt/rustwide/target" "-e" "CARGO_INCREMENTAL=0" "-e" "RUST_BACKTRACE=full" "-e" "RUSTFLAGS=--cap-lints=warn" "-e" "RUSTDOCFLAGS=--cap-lints=warn" "-w" "/opt/rustwide/workdir" "--user" "0:0" "5a0f45080f868e778bc1d0b2aa0ba59dfb155c6f854ba69bdc61514d105f7e6a" "/opt/rustwide/cargo-home/bin/cargo" "+1.100.0-beta.1" "test" "--frozen" "--no-run" "--message-format=json" "--release", kill_on_drop: false }`
[INFO] [stderr]    Compiling syn v2.0.119
[INFO] [stderr]    Compiling zerocopy v0.8.57
[INFO] [stderr]    Compiling getrandom v0.2.17
[INFO] [stderr]    Compiling phf_shared v0.14.0
[INFO] [stderr]    Compiling serde v1.0.229
[INFO] [stderr]    Compiling alloca v0.4.0
[INFO] [stderr]    Compiling mockall_derive v0.15.0
[INFO] [stderr]    Compiling konst_macro_rules v0.2.19
[INFO] [stderr]    Compiling clap_derive v4.6.4
[INFO] [stderr]    Compiling phf_generator v0.14.0
[INFO] [stderr]    Compiling rand_core v0.6.4
[INFO] [stderr]    Compiling konst v0.2.20
[INFO] [stderr]    Compiling const_format_proc_macros v0.2.34
[INFO] [stderr]    Compiling clap_builder v4.6.6
[INFO] [stderr]    Compiling time-macros v0.2.32
[INFO] [stderr]    Compiling regex-automata v0.4.18
[INFO] [stderr]    Compiling bitfield-macros v0.19.5
[INFO] [stderr]    Compiling mycelium-bitfield v0.1.5
[INFO] [stderr]    Compiling mockall v0.15.0
[INFO] [stderr]    Compiling mutex-traits v1.0.1
[INFO] [stderr]    Compiling num_threads v0.1.7
[INFO] [stderr]    Compiling cordyceps v0.3.5
[INFO] [stderr]    Compiling ring v0.17.14
[INFO] [stderr]    Compiling bitfield v0.19.5
[INFO] [stderr]    Compiling time v0.3.55
[INFO] [stderr]    Compiling fragile v2.1.0
[INFO] [stderr]    Compiling chacha20 v0.10.2
[INFO] [stderr]    Compiling const_format v0.2.36
[INFO] [stderr]    Compiling tinytemplate v1.2.1
[INFO] [stderr]    Compiling getrandom v0.4.3
[INFO] [stderr]    Compiling predicates v3.1.4
[INFO] [stderr]    Compiling regex v1.13.1
[INFO] [stderr]    Compiling clap v4.6.6
[INFO] [stderr]    Compiling page_size v0.6.0
[INFO] [stderr]    Compiling downcast v0.11.0
[INFO] [stderr]    Compiling const-init v1.0.0
[INFO] [stderr]    Compiling rand v0.10.2
[INFO] [stderr]    Compiling simple_logger v5.2.0
[INFO] [stderr]    Compiling test-case-core v3.3.1
[INFO] [stderr]    Compiling zerocopy-derive v0.8.57
[INFO] [stderr]    Compiling pin-project-internal v1.1.13
[INFO] [stderr]    Compiling zeroize_derive v1.5.0
[INFO] [stderr]    Compiling test-case-macros v3.3.1
[INFO] [stderr]    Compiling phf_macros v0.14.0
[INFO] [stderr]    Compiling test-case v3.3.1
[INFO] [stderr]    Compiling pin-project v1.1.13
[INFO] [stderr]    Compiling zeroize v1.9.0
[INFO] [stderr]    Compiling maitake-sync v0.3.0
[INFO] [stderr]    Compiling sframe v2.0.0 (/opt/rustwide/workdir)
[INFO] [stderr]    Compiling phf v0.14.0
[INFO] [stderr]    Compiling bbqueue v0.7.0
[INFO] [stderr]    Compiling half v2.7.1
[INFO] [stderr]    Compiling ppv-lite86 v0.2.21
[INFO] [stderr]    Compiling ciborium-ll v0.2.2
[INFO] [stderr]    Compiling ciborium v0.2.2
[INFO] [stderr]    Compiling rand_chacha v0.3.1
[INFO] [stderr]    Compiling rand v0.8.8
[INFO] [stderr]    Compiling criterion v0.8.2
[INFO] [stderr]    Compiling cgisf_lib v0.2.1
[INFO] [stderr]     Finished `release` profile [optimized] target(s) in 1m 52s
[INFO] running `Command { std: "docker" "inspect" "5a0f45080f868e778bc1d0b2aa0ba59dfb155c6f854ba69bdc61514d105f7e6a", kill_on_drop: false }`
[INFO] running `Command { std: "docker" "exec" "-e" "SOURCE_DIR=/opt/rustwide/workdir" "-e" "CARGO_HOME=/opt/rustwide/cargo-home" "-e" "RUSTUP_HOME=/opt/rustwide/rustup-home" "-e" "CARGO_TARGET_DIR=/opt/rustwide/target" "-e" "CARGO_INCREMENTAL=0" "-e" "RUST_BACKTRACE=full" "-e" "RUSTFLAGS=--cap-lints=warn" "-e" "RUSTDOCFLAGS=--cap-lints=warn" "-w" "/opt/rustwide/workdir" "--user" "0:0" "5a0f45080f868e778bc1d0b2aa0ba59dfb155c6f854ba69bdc61514d105f7e6a" "/opt/rustwide/cargo-home/bin/cargo" "+1.100.0-beta.1" "test" "--frozen" "--release", kill_on_drop: false }`
[INFO] [stderr]     Finished `release` profile [optimized] target(s) in 0.20s
[INFO] [stderr]      Running unittests src/lib.rs (/opt/rustwide/target/release/build/sframe/f47b4ece2e93219f/out/sframe-f47b4ece2e93219f)
[INFO] [stdout] 
[INFO] [stdout] running 153 tests
[INFO] [stdout] test crypto::aead::test::decrypt_cipher_text_shorter_than_the_auth_tag::aesgcm256sha512 ... ok
[INFO] [stdout] test crypto::aead::test::encrypt_test_vector::aesgcm128sha256 ... ok
[INFO] [stdout] test crypto::aead::test::decrypt_cipher_text_shorter_than_the_auth_tag::aesgcm128sha256 ... ok
[INFO] [stdout] test crypto::aead::test::decrypt_test_vector::aesgcm128sha256 ... ok
[INFO] [stdout] test crypto::buffer::decryption::test::allocate_decryption_buffer ... ok
[INFO] [stdout] test crypto::aead::test::encrypt_decrypt_payload_shorter_than_the_auth_tag::aesgcm128sha256 ... ok
[INFO] [stdout] test crypto::buffer::decryption::test::truncate_decryption_buffer ... ok
[INFO] [stdout] test crypto::buffer::decryption::test::truncate_decryption_buffer_shorter_than_the_auth_tag ... ok
[INFO] [stdout] test crypto::key_derivation::test::derive_correct_base_keys::aesgcm256sha512 ... ok
[INFO] [stdout] test crypto::key_derivation::test::extracts_correct_labels::aesgcm128sha256 ... ok
[INFO] [stdout] test crypto::key_derivation::test::extracts_correct_labels::aesgcm256sha512 ... ok
[INFO] [stdout] test crypto::key_derivation::test::ratchets_key::aesgcm256sha512 ... ok
[INFO] [stdout] test crypto::secret::test::create_correct_nonce::aesgcm128sha256 ... ok
[INFO] [stdout] test crypto::secret::test::create_correct_nonce::aesgcm256sha512 ... ok
[INFO] [stdout] test error::test::recovers_nothing_of_another_type ... ok
[INFO] [stdout] test error::test::recovers_nothing_without_a_source ... ok
[INFO] [stdout] test crypto::key_derivation::test::ratchets_key::aesgcm128sha256 ... ok
[INFO] [stdout] test error::test::recovers_the_error_of_a_custom_component ... ok
[INFO] [stdout] test frame::encrypted_frame::test::new_encrypted_frame_view_with_meta_data ... ok
[INFO] [stdout] test frame::encrypted_frame::test::new_encrypted_frame_with_meta_data ... ok
[INFO] [stdout] test frame::frame_buffer::test::allocate_vec_buffer ... ok
[INFO] [stdout] test frame::frame_counter::test::create_increasing_counters ... ok
[INFO] [stdout] test frame::frame_counter::test::is_exhausted_after_max_counter_was_returned ... ok
[INFO] [stdout] test frame::frame_counter::test::returns_err_when_exhausted ... ok
[INFO] [stdout] test frame::frame_counter::test::returns_err_when_u64_max_was_reached ... ok
[INFO] [stdout] test frame::media_frame::test::create_media_frame_view_with_an_infallible_counter ... ok
[INFO] [stdout] test crypto::aead::test::decrypt_test_vector::aesgcm256sha512 ... ok
[INFO] [stdout] test crypto::buffer::encryption::test::allocate_encryption_buffer ... ok
[INFO] [stdout] test crypto::aead::test::encrypt_test_vector::aesgcm256sha512 ... ok
[INFO] [stdout] test frame::media_frame::test::create_media_frame_with_an_infallible_counter ... ok
[INFO] [stdout] test frame::media_frame::test::encrypt_media_frame_view ... ok
[INFO] [stdout] test frame::media_frame::test::propagate_the_counter_error_creating_a_media_frame ... ok
[INFO] [stdout] test frame::media_frame::test::encrypt_media_frame ... ok
[INFO] [stdout] test crypto::aead::test::encrypt_decrypt_payload_shorter_than_the_auth_tag::aesgcm256sha512 ... ok
[INFO] [stdout] test frame::validation::replay_attack_protection::test::accept_newer_headers ... ok
[INFO] [stdout] test frame::media_frame::test::propagate_the_counter_error_creating_a_media_frame_view ... ok
[INFO] [stdout] test crypto::aead::test::encrypt_random_frame ... ok
[INFO] [stdout] test crypto::key_derivation::test::derive_correct_base_keys::aesgcm128sha256 ... ok
[INFO] [stdout] test frame::validation::replay_attack_protection::test::accept_older_headers_in_tolerance ... ok
[INFO] [stdout] test frame::media_frame::test::create_media_frame_with_meta_data ... ok
[INFO] [stdout] test frame::validation::replay_attack_protection::test::accepts_the_associated_key_id ... ok
[INFO] [stdout] test frame::validation::replay_attack_protection::test::another_key_id_does_not_record_the_counter ... ok
[INFO] [stdout] test frame::validation::replay_attack_protection::test::detects_duplicate_after_window_advanced ... ok
[INFO] [stdout] test frame::validation::replay_attack_protection::test::accepts_oldest_in_window_but_rejects_one_beyond ... ok
[INFO] [stdout] test frame::validation::replay_attack_protection::test::rejects_header_with_duplicate_frame_counts_with_upper_wraparound ... ok
[INFO] [stdout] test frame::validation::replay_attack_protection::test::rejects_header_with_duplicate_frame_counts_within_tolerance ... ok
[INFO] [stdout] test frame::validation::replay_attack_protection::test::screening_accepts_future_counter_without_advancing ... ok
[INFO] [stdout] test frame::validation::replay_attack_protection::test::screening_does_not_record_the_counter ... ok
[INFO] [stdout] test frame::validation::replay_attack_protection::test::screening_on_empty_window_accepts_anything ... ok
[INFO] [stdout] test frame::validation::replay_attack_protection_store::test::keeps_other_key_ids_on_removal ... ok
[INFO] [stdout] test frame::validation::replay_attack_protection_store::test::removes_a_tracked_key_id ... ok
[INFO] [stdout] test frame::validation::replay_attack_protection_store::test::reports_removal_of_an_untracked_key_id ... ok
[INFO] [stdout] test frame::validation::replay_attack_protection_store::test::retains_only_the_matching_key_ids ... ok
[INFO] [stdout] test frame::validation::replay_attack_protection_store::test::reuses_the_window_of_a_key_id ... ok
[INFO] [stdout] test frame::validation::replay_attack_protection_store::test::screening_accepts_an_unknown_key_id ... ok
[INFO] [stdout] test frame::validation::replay_attack_protection::test::dropped_counter_is_too_old_not_duplicate ... ok
[INFO] [stdout] test frame::validation::replay_attack_protection_store::test::screening_does_not_track_a_key_id ... ok
[INFO] [stdout] test frame::validation::replay_attack_protection::test::rejects_header_with_duplicate_frame_counts_with_lower_wraparound ... ok
[INFO] [stdout] test frame::validation::replay_attack_protection_store::test::tracks_key_ids_independently ... ok
[INFO] [stdout] test frame::validation::replay_attack_protection_store::test::screens_a_known_key_id ... ok
[INFO] [stdout] test frame::validation::sliding_window::test::bits_set_with_size::poweroftwo ... ok
[INFO] [stdout] test frame::validation::sliding_window::test::fresh_slots_are_settable_after_shift::arbitrary ... ok
[INFO] [stdout] test frame::validation::sliding_window::test::fresh_slots_are_settable_after_shift::lessthenbyte ... ok
[INFO] [stdout] test frame::validation::sliding_window::test::fresh_slots_are_settable_after_shift::poweroftwo ... ok
[INFO] [stdout] test frame::validation::sliding_window::test::repeated_shifts_add_up::arbitrary ... ok
[INFO] [stdout] test frame::validation::replay_attack_protection::test::handle_overflowing_counters ... ok
[INFO] [stdout] test frame::validation::sliding_window::test::repeated_shifts_add_up::lessthenbyte ... ok
[INFO] [stdout] test frame::validation::replay_attack_protection::test::jump_beyond_window_clears_all_marks ... ok
[INFO] [stdout] test frame::validation::replay_attack_protection::test::reject_too_old_headers ... ok
[INFO] [stdout] test frame::validation::sliding_window::test::repeated_shifts_add_up::poweroftwo ... ok
[INFO] [stdout] test frame::validation::sliding_window::test::set_out_of_bounds_panics::lessthenbyte - should panic ... FAILED
[INFO] [stdout] test frame::validation::replay_attack_protection::test::rejects_another_key_id ... ok
[INFO] [stdout] test frame::validation::replay_attack_protection::test::rejects_header_with_duplicate_frame_counts ... ok
[INFO] [stdout] test frame::validation::sliding_window::test::set_out_of_bounds_panics::poweroftwo - should panic ... FAILED
[INFO] [stdout] test frame::validation::sliding_window::test::shift_drops_oldest::arbitrary ... ok
[INFO] [stdout] test frame::validation::sliding_window::test::bits_set_with_size::arbitrary ... ok
[INFO] [stdout] test frame::validation::sliding_window::test::bits_set_with_size::lessthenbyte ... ok
[INFO] [stdout] test frame::validation::sliding_window::test::shift_drops_oldest::lessthenbyte ... ok
[INFO] [stdout] test frame::validation::sliding_window::test::shift_drops_oldest::poweroftwo ... ok
[INFO] [stdout] test frame::validation::sliding_window::test::shift_moves_survivor_down::arbitrary ... ok
[INFO] [stdout] test frame::validation::sliding_window::test::shift_moves_survivor_down::poweroftwo ... ok
[INFO] [stdout] test frame::validation::sliding_window::test::shift_moves_survivor_down::lessthenbyte ... ok
[INFO] [stdout] test frame::validation::sliding_window::test::shifts_less_then_a_byte::lessthenbyte ... ok
[INFO] [stdout] test frame::validation::sliding_window::test::set_out_of_bounds_panics::arbitrary - should panic ... FAILED
[INFO] [stdout] test frame::validation::sliding_window::test::shifts_less_then_a_byte::arbitrary ... ok
[INFO] [stdout] test frame::validation::sliding_window::test::shifts_less_then_a_byte::poweroftwo ... ok
[INFO] [stdout] test frame::validation::sliding_window::test::shifts_more_then_a_byte::poweroftwo ... ok
[INFO] [stdout] test frame::validation::sliding_window::test::shifts_more_then_a_byte::arbitrary ... ok
[INFO] [stdout] test frame::validation::sliding_window::test::unsets_all_with_shift_greater_than_size::arbitrary ... ok
[INFO] [stdout] test frame::validation::sliding_window::test::unsets_all_with_shift_greater_than_size::lessthenbyte ... ok
[INFO] [stdout] test frame::validation::tolerance::test::accepts_a_tolerance_in_range ... ok
[INFO] [stdout] test frame::validation::tolerance::test::rejects_a_tolerance_beyond_half_the_counter_range ... ok
[INFO] [stdout] test frame::validation::tolerance::test::rejects_a_tolerance_of_zero ... ok
[INFO] [stdout] test header::test::deserialize_test_vectors ... ok
[INFO] [stdout] test header::test::fail_to_deserialize_when_buffer_is_empty ... ok
[INFO] [stdout] test header::test::fail_to_deserialize_when_buffer_is_too_small ... ok
[INFO] [stdout] test header::test::fail_to_serialize_when_buffer_is_empty ... ok
[INFO] [stdout] test header::util::test::nof_non_zero_bytes ... ok
[INFO] [stdout] test frame::validation::sliding_window::test::shifts_wraparound::arbitrary ... ok
[INFO] [stdout] test frame::validation::sliding_window::test::shifts_wraparound::lessthenbyte ... ok
[INFO] [stdout] test frame::validation::sliding_window::test::shifts_wraparound::poweroftwo ... ok
[INFO] [stdout] test mls::mls_key_id::tests::rejects_a_bit_range_leaving_no_context_id ... ok
[INFO] [stdout] test frame::validation::tolerance::test::panics_on_zero - should panic ... ok
[INFO] [stdout] test header::test::fail_to_serialize_when_buffer_is_too_small ... ok
[INFO] [stdout] test frame::validation::sliding_window::test::unsets_all_with_shift_greater_than_size::poweroftwo ... ok
[INFO] [stdout] test mls::mls_key_id::tests::rejects_values_exceeding_the_bit_range ... ok
[INFO] [stdout] test mls::mls_key_id::tests::encodes_only_the_least_significant_bits_of_the_epoch ... ok
[INFO] [stdout] test mls::mls_key_id::tests::test_mls_key_id_from_key_id ... ok
[INFO] [stdout] test mls::mls_key_id::tests::test_mls_key_id_creation ... ok
[INFO] [stdout] test header::test::serialize_test_vectors ... ok
[INFO] [stdout] test ratchet::key::test::derive_decryption_key ... ok
[INFO] [stdout] test ratchet::key::test::doesnt_ratchet_decryption_key ... ok
[INFO] [stdout] test ratchet::key::test::derive_encryption_key ... ok
[INFO] [stdout] test ratchet::key::test::ratchets_decryption_key_once ... ok
[INFO] [stdout] test ratchet::key::test::ratchets_decryption_key_up_to_a_key_id ... ok
[INFO] [stdout] test ratchet::key::test::rejects_a_key_id_further_ahead_than_the_maximum ... ok
[INFO] [stdout] test ratchet::key_id::test::calculates_no_step_for_the_same_key_id ... ok
[INFO] [stdout] test ratchet::key_id::test::calculates_the_ratchet_steps_between_key_ids ... ok
[INFO] [stdout] test ratchet::key::test::ratchets_encryption_key ... ok
[INFO] [stdout] test ratchet::key_id::test::calculates_the_ratchet_steps_between_key_ids_with_wrap_around ... ok
[INFO] [stdout] test ratchet::key_id::test::counts_the_steps_between_two_ratchet_steps ... ok
[INFO] [stdout] test ratchet::key_id::test::fails_if_generation_mismatches ... ok
[INFO] [stdout] test ratchet::key_id::test::inc_ratchet_step ... ok
[INFO] [stdout] test ratchet::key_id::test::rejects_more_ratchet_bits_than_a_key_id_holds ... ok
[INFO] [stdout] test ratchet::key_id::test::fails_if_n_ratchet_bits_mismatches ... ok
[INFO] [stdout] test ratchet::key_id::test::keeps_the_largest_generation_which_fits ... ok
[INFO] [stdout] test ratchet::key_id::test::rejects_a_generation_which_does_not_fit ... ok
[INFO] [stdout] test ratchet::key_id::test::tells_apart_less_than_half_of_the_ratchet_steps ... ok
[INFO] [stdout] test ratchet::key_id::test::rejects_too_few_ratcheting_bits ... ok
[INFO] [stdout] test ratchet::key_id::test::works_with_the_maximum_of_ratchet_bits ... ok
[INFO] [stdout] test ratchet::key_id::test::returns_correct_ratcheting_params ... ok
[INFO] [stdout] test ratchet::key_store::test::fails_for_an_unknown_generation ... ok
[INFO] [stdout] test ratchet::key_store::test::does_not_keep_a_key_which_was_not_recorded ... ok
[INFO] [stdout] test ratchet::key_store::test::catches_up_at_most_max_ratchet_steps ... ok
[INFO] [stdout] test ratchet::key_store::test::follows_a_single_step_with_one_ratchet_bit ... ok
[INFO] [stdout] test ratchet::key_id::test::separates_the_generation_from_the_ratchet_step ... ok
[INFO] [stdout] test ratchet::key_material::test::ratchets_forward ... ok
[INFO] [stdout] test ratchet::key_store::test::inserts_and_gets_a_key_per_generation ... ok
[INFO] [stdout] test ratchet::key_store::test::looks_the_stored_key_up ... ok
[INFO] [stdout] test ratchet::key_store::test::replaces_the_key_of_a_generation_on_insert ... ok
[INFO] [stdout] test test_vectors::test::should_parse_aes_test_vectors ... ok
[INFO] [stdout] test test_vectors::test::should_parse_header_test_vectors ... ok
[INFO] [stdout] test ratchet::key_store::test::never_catches_up_more_steps_than_can_be_told_apart ... ok
[INFO] [stdout] test ratchet::key_store::test::rejects_a_ratchet_step_which_was_already_passed ... ok
[INFO] [stdout] test ratchet::key_material::test::ratchets_deterministically ... ok
[INFO] [stdout] test ratchet::key_store::test::returns_none_for_an_unknown_generation ... ok
[INFO] [stdout] test ratchet::key_store::test::rejects_more_ratchet_steps_than_can_be_told_apart ... ok
[INFO] [stdout] test ratchet::key_store::test::ratchets_the_stored_key_forward_to_the_key_id ... ok
[INFO] [stdout] test test_vectors::test::should_parse_sframe_test_vectors ... ok
[INFO] [stdout] test util::test::passes_a_value_which_fits ... ok
[INFO] [stdout] test util::test::rejects_a_value_which_does_not_fit ... ok
[INFO] [stdout] test ratchet::key_store::test::removes_a_key ... ok
[INFO] [stdout] test util::test::reports_the_largest_value_which_fits ... ok
[INFO] [stdout] 
[INFO] [stderr] error: test failed, to rerun pass `--lib`
[INFO] [stdout] failures:
[INFO] [stdout] 
[INFO] [stdout] ---- frame::validation::sliding_window::test::set_out_of_bounds_panics::lessthenbyte stdout ----
[INFO] [stdout] note: test did not panic as expected at src/frame/validation/sliding_window.rs:105:5
[INFO] [stdout] ---- frame::validation::sliding_window::test::set_out_of_bounds_panics::poweroftwo stdout ----
[INFO] [stdout] note: test did not panic as expected at src/frame/validation/sliding_window.rs:106:5
[INFO] [stdout] ---- frame::validation::sliding_window::test::set_out_of_bounds_panics::arbitrary stdout ----
[INFO] [stdout] note: test did not panic as expected at src/frame/validation/sliding_window.rs:107:5
[INFO] [stdout] 
[INFO] [stdout] failures:
[INFO] [stdout]     frame::validation::sliding_window::test::set_out_of_bounds_panics::arbitrary
[INFO] [stdout]     frame::validation::sliding_window::test::set_out_of_bounds_panics::lessthenbyte
[INFO] [stdout]     frame::validation::sliding_window::test::set_out_of_bounds_panics::poweroftwo
[INFO] [stdout] 
[INFO] [stdout] test result: FAILED. 150 passed; 3 failed; 0 ignored; 0 measured; 0 filtered out; finished in 0.03s
[INFO] [stdout] 
[INFO] running `Command { std: "docker" "inspect" "5a0f45080f868e778bc1d0b2aa0ba59dfb155c6f854ba69bdc61514d105f7e6a", kill_on_drop: false }`
[INFO] running `Command { std: "docker" "rm" "-f" "5a0f45080f868e778bc1d0b2aa0ba59dfb155c6f854ba69bdc61514d105f7e6a", kill_on_drop: false }`
[INFO] [stdout] 5a0f45080f868e778bc1d0b2aa0ba59dfb155c6f854ba69bdc61514d105f7e6a
