[INFO] fetching crate sfox 0.1.6...
[INFO] testing sfox-0.1.6 against 1.100.0-beta.1+cargoflags=--release for beta-release-1.100-2
[INFO] extracting crate sfox 0.1.6 into /workspace/builds/worker-4-tc2/source
[INFO] started tweaking crates.io crate sfox 0.1.6
[INFO] finished tweaking crates.io crate sfox 0.1.6
[INFO] tweaked toml for crates.io crate sfox 0.1.6 written to /workspace/builds/worker-4-tc2/source/Cargo.toml
[INFO] validating manifest of crates.io crate sfox 0.1.6 on toolchain 1.100.0-beta.1
[INFO] running `Command { std: CARGO_HOME="/workspace/cargo-home" RUSTUP_HOME="/workspace/rustup-home" "/workspace/cargo-home/bin/cargo" "+1.100.0-beta.1" "metadata" "--manifest-path" "Cargo.toml" "--no-deps", kill_on_drop: false }`
[INFO] running `Command { std: CARGO_HOME="/workspace/cargo-home" RUSTUP_HOME="/workspace/rustup-home" "/workspace/cargo-home/bin/cargo" "+1.100.0-beta.1" "generate-lockfile" "--manifest-path" "Cargo.toml", kill_on_drop: false }`
[INFO] [stderr]     Updating crates.io index
[INFO] [stderr]      Locking 239 packages to highest compatible versions
[INFO] [stderr]       Adding config v0.14.1 (available: v0.15.27)
[INFO] [stderr]       Adding generic-array v0.14.7 (available: v0.14.9)
[INFO] [stderr]       Adding psm v0.1.24 (available: v0.1.32)
[INFO] [stderr]       Adding reqwest v0.11.27 (available: v0.13.5)
[INFO] [stderr]       Adding thiserror v1.0.69 (available: v2.0.21)
[INFO] [stderr]       Adding tokio-tungstenite v0.20.1 (available: v0.30.0)
[INFO] running `Command { std: CARGO_HOME="/workspace/cargo-home" RUSTUP_HOME="/workspace/rustup-home" "/workspace/cargo-home/bin/cargo" "+1.100.0-beta.1" "fetch" "--manifest-path" "Cargo.toml", kill_on_drop: false }`
[INFO] running `Command { std: "docker" "create" "-v" "/var/lib/crater-agent-workspace/builds/worker-4-tc2/source:/opt/rustwide/workdir:ro,Z" "-v" "/var/lib/crater-agent-workspace/builds/worker-4-tc2/target:/opt/rustwide/target:rw,Z" "-v" "/var/lib/crater-agent-workspace/cargo-home:/opt/rustwide/cargo-home:ro,Z" "-v" "/var/lib/crater-agent-workspace/rustup-home:/opt/rustwide/rustup-home:ro,Z" "-m" "1610612736" "--network" "none" "ghcr.io/rust-lang/crates-build-env/linux@sha256:77db811e55d90add9212f6832c23229e3de5f1c1f9905e8cb07319ea15df73ac" "sleep" "infinity", kill_on_drop: false }`
[INFO] [stdout] 53afb6f82e66fff73618cb7d2cb96aa362ac8ae74ec37378f9b379bbe410f79a
[INFO] running `Command { std: "docker" "start" "53afb6f82e66fff73618cb7d2cb96aa362ac8ae74ec37378f9b379bbe410f79a", kill_on_drop: false }`
[INFO] running `Command { std: "docker" "inspect" "53afb6f82e66fff73618cb7d2cb96aa362ac8ae74ec37378f9b379bbe410f79a", kill_on_drop: false }`
[INFO] running `Command { std: "docker" "exec" "-e" "SOURCE_DIR=/opt/rustwide/workdir" "-e" "CARGO_HOME=/opt/rustwide/cargo-home" "-e" "RUSTUP_HOME=/opt/rustwide/rustup-home" "-e" "CARGO_TARGET_DIR=/opt/rustwide/target" "-w" "/opt/rustwide/workdir" "--user" "0:0" "53afb6f82e66fff73618cb7d2cb96aa362ac8ae74ec37378f9b379bbe410f79a" "/opt/rustwide/cargo-home/bin/cargo" "+1.100.0-beta.1" "metadata" "--no-deps" "--format-version=1", kill_on_drop: false }`
[INFO] running `Command { std: "docker" "inspect" "53afb6f82e66fff73618cb7d2cb96aa362ac8ae74ec37378f9b379bbe410f79a", kill_on_drop: false }`
[INFO] running `Command { std: "docker" "exec" "-e" "SOURCE_DIR=/opt/rustwide/workdir" "-e" "CARGO_HOME=/opt/rustwide/cargo-home" "-e" "RUSTUP_HOME=/opt/rustwide/rustup-home" "-e" "CARGO_TARGET_DIR=/opt/rustwide/target" "-e" "CARGO_INCREMENTAL=0" "-e" "RUST_BACKTRACE=full" "-e" "RUSTFLAGS=--cap-lints=warn" "-e" "RUSTDOCFLAGS=--cap-lints=warn" "-w" "/opt/rustwide/workdir" "--user" "0:0" "53afb6f82e66fff73618cb7d2cb96aa362ac8ae74ec37378f9b379bbe410f79a" "/opt/rustwide/cargo-home/bin/cargo" "+1.100.0-beta.1" "build" "--frozen" "--message-format=json" "--release", kill_on_drop: false }`
[INFO] [stderr]    Compiling stable_deref_trait v1.2.1
[INFO] [stderr]    Compiling zerocopy v0.8.63
[INFO] [stderr]    Compiling errno v0.3.14
[INFO] [stderr]    Compiling bitflags v2.13.2
[INFO] [stderr]    Compiling crunchy v0.2.4
[INFO] [stderr]    Compiling parking_lot_core v0.9.12
[INFO] [stderr]    Compiling futures-macro v0.3.34
[INFO] [stderr]    Compiling tokio-macros v2.7.2
[INFO] [stderr]    Compiling futures-channel v0.3.34
[INFO] [stderr]    Compiling serde v1.0.229
[INFO] [stderr]    Compiling ahash v0.8.12
[INFO] [stderr]    Compiling yoke v0.8.3
[INFO] [stderr]    Compiling tiny-keccak v2.0.2
[INFO] [stderr]    Compiling getrandom v0.2.17
[INFO] [stderr]    Compiling allocator-api2 v0.2.21
[INFO] [stderr]    Compiling once_cell v1.21.4
[INFO] [stderr]    Compiling signal-hook-registry v1.4.8
[INFO] [stderr]    Compiling thiserror v1.0.69
[INFO] [stderr]    Compiling pest_generator v2.9.4
[INFO] [stderr]    Compiling openssl v0.10.81
[INFO] [stderr]    Compiling zerovec v0.11.8
[INFO] [stderr]    Compiling zerotrie v0.2.5
[INFO] [stderr]    Compiling parking_lot v0.12.5
[INFO] [stderr]    Compiling rand_core v0.6.4
[INFO] [stderr]    Compiling thiserror-impl v1.0.69
[INFO] [stderr]    Compiling toml_write v0.1.2
[INFO] [stderr]    Compiling winnow v0.7.15
[INFO] [stderr]    Compiling sha1 v0.10.7
[INFO] [stderr]    Compiling const-random-macro v0.1.16
[INFO] [stderr]    Compiling tokio v1.53.3
[INFO] [stderr]    Compiling futures-util v0.3.34
[INFO] [stderr]    Compiling const-random v0.1.18
[INFO] [stderr]    Compiling serde_json v1.0.154
[INFO] [stderr]    Compiling arraydeque v0.5.1
[INFO] [stderr]    Compiling dlv-list v0.5.2
[INFO] [stderr]    Compiling unicode-segmentation v1.13.3
[INFO] [stderr]    Compiling data-encoding v2.11.1
[INFO] [stderr]    Compiling utf-8 v0.7.6
[INFO] [stderr]    Compiling nom v7.1.3
[INFO] [stderr]    Compiling tinystr v0.8.4
[INFO] [stderr]    Compiling potential_utf v0.1.6
[INFO] [stderr]    Compiling pest_derive v2.9.4
[INFO] [stderr]    Compiling icu_collections v2.3.0
[INFO] [stderr]    Compiling serde_spanned v0.6.9
[INFO] [stderr]    Compiling icu_locale_core v2.3.0
[INFO] [stderr]    Compiling toml_datetime v0.6.11
[INFO] [stderr]    Compiling json5 v0.4.1
[INFO] [stderr]    Compiling ron v0.8.1
[INFO] [stderr]    Compiling convert_case v0.6.0
[INFO] [stderr]    Compiling serde_urlencoded v0.7.1
[INFO] [stderr]    Compiling async-trait v0.1.92
[INFO] [stderr]    Compiling icu_provider v2.3.1
[INFO] [stderr]    Compiling icu_normalizer v2.3.0
[INFO] [stderr]    Compiling icu_properties v2.3.0
[INFO] [stderr]    Compiling toml_edit v0.22.27
[INFO] [stderr]    Compiling futures-executor v0.3.34
[INFO] [stderr]    Compiling futures v0.3.34
[INFO] [stderr]    Compiling idna_adapter v1.2.2
[INFO] [stderr]    Compiling idna v1.1.0
[INFO] [stderr]    Compiling native-tls v0.2.18
[INFO] [stderr]    Compiling toml v0.8.23
[INFO] [stderr]    Compiling url v2.5.8
[INFO] [stderr]    Compiling ppv-lite86 v0.2.21
[INFO] [stderr]    Compiling hashbrown v0.14.5
[INFO] [stderr]    Compiling rand_chacha v0.3.1
[INFO] [stderr]    Compiling rand v0.8.8
[INFO] [stderr]    Compiling hashlink v0.8.4
[INFO] [stderr]    Compiling ordered-multimap v0.7.3
[INFO] [stderr]    Compiling rust-ini v0.20.0
[INFO] [stderr]    Compiling yaml-rust2 v0.8.1
[INFO] [stderr]    Compiling tungstenite v0.20.1
[INFO] [stderr]    Compiling tokio-util v0.7.20
[INFO] [stderr]    Compiling tokio-native-tls v0.3.1
[INFO] [stderr]    Compiling h2 v0.3.27
[INFO] [stderr]    Compiling config v0.14.1
[INFO] [stderr]    Compiling tokio-tungstenite v0.20.1
[INFO] [stderr]    Compiling hyper v0.14.32
[INFO] [stderr]    Compiling hyper-tls v0.5.0
[INFO] [stderr]    Compiling reqwest v0.11.27
[INFO] [stderr]    Compiling sfox v0.1.6 (/opt/rustwide/workdir)
[INFO] [stderr] warning: unused dependency `config`
[INFO] [stderr]  --> Cargo.toml:1:15
[INFO] [stderr]   |
[INFO] [stderr] 1 | [dependencies.config]
[INFO] [stderr]   |               ^^^^^^^
[INFO] [stderr]   |
[INFO] [stderr]   = note: `cargo::unused_dependencies` is set to `warn` by default
[INFO] [stderr] help: consider removing the dependency on `config`
[INFO] [stderr] warning: unused dependency `futures`
[INFO] [stderr]  --> Cargo.toml:4:15
[INFO] [stderr]   |
[INFO] [stderr] 4 | [dependencies.futures]
[INFO] [stderr]   |               ^^^^^^^^
[INFO] [stderr]   |
[INFO] [stderr] help: consider removing the dependency on `futures`
[INFO] [stderr] warning: `sfox` (manifest) generated 2 warnings
[INFO] [stderr]     Finished `release` profile [optimized] target(s) in 1m 15s
[INFO] running `Command { std: "docker" "inspect" "53afb6f82e66fff73618cb7d2cb96aa362ac8ae74ec37378f9b379bbe410f79a", kill_on_drop: false }`
[INFO] running `Command { std: "docker" "exec" "-e" "SOURCE_DIR=/opt/rustwide/workdir" "-e" "CARGO_HOME=/opt/rustwide/cargo-home" "-e" "RUSTUP_HOME=/opt/rustwide/rustup-home" "-e" "CARGO_TARGET_DIR=/opt/rustwide/target" "-e" "CARGO_INCREMENTAL=0" "-e" "RUST_BACKTRACE=full" "-e" "RUSTFLAGS=--cap-lints=warn" "-e" "RUSTDOCFLAGS=--cap-lints=warn" "-w" "/opt/rustwide/workdir" "--user" "0:0" "53afb6f82e66fff73618cb7d2cb96aa362ac8ae74ec37378f9b379bbe410f79a" "/opt/rustwide/cargo-home/bin/cargo" "+1.100.0-beta.1" "test" "--frozen" "--no-run" "--message-format=json" "--release", kill_on_drop: false }`
[INFO] [stderr]    Compiling smallvec v1.16.3
[INFO] [stderr]    Compiling http v1.5.0
[INFO] [stderr]    Compiling getrandom v0.3.4
[INFO] [stderr]    Compiling atomic-waker v1.1.2
[INFO] [stderr]    Compiling aho-corasick v1.1.5
[INFO] [stderr]    Compiling assert-json-diff v2.0.2
[INFO] [stderr]    Compiling similar v2.7.0
[INFO] [stderr]    Compiling colored v3.1.1
[INFO] [stderr]    Compiling rand_core v0.9.5
[INFO] [stderr]    Compiling rand_chacha v0.9.0
[INFO] [stderr]    Compiling parking_lot_core v0.9.12
[INFO] [stderr]    Compiling icu_normalizer v2.3.0
[INFO] [stderr]    Compiling parking_lot v0.12.5
[INFO] [stderr]    Compiling tokio v1.53.3
[INFO] [stderr]    Compiling rand v0.9.5
[INFO] [stderr]    Compiling idna_adapter v1.2.2
[INFO] [stderr]    Compiling idna v1.1.0
[INFO] [stderr]    Compiling http-body v1.1.0
[INFO] [stderr]    Compiling http-body-util v0.1.5
[INFO] [stderr]    Compiling url v2.5.8
[INFO] [stderr]    Compiling regex-automata v0.4.18
[INFO] [stderr]    Compiling tungstenite v0.20.1
[INFO] [stderr]    Compiling regex v1.13.1
[INFO] [stderr]    Compiling tokio-util v0.7.20
[INFO] [stderr]    Compiling tokio-native-tls v0.3.1
[INFO] [stderr]    Compiling tokio-stream v0.1.19
[INFO] [stderr]    Compiling tokio-tungstenite v0.20.1
[INFO] [stderr]    Compiling h2 v0.3.27
[INFO] [stderr]    Compiling h2 v0.4.20
[INFO] [stderr]    Compiling tokio-test v0.4.6
[INFO] [stderr]    Compiling hyper v0.14.32
[INFO] [stderr]    Compiling hyper v1.12.0
[INFO] [stderr]    Compiling hyper-util v0.1.21
[INFO] [stderr]    Compiling mockito v1.7.2
[INFO] [stderr]    Compiling hyper-tls v0.5.0
[INFO] [stderr]    Compiling reqwest v0.11.27
[INFO] [stderr]    Compiling sfox v0.1.6 (/opt/rustwide/workdir)
[INFO] [stderr] warning: unused dependency `config`
[INFO] [stderr]  --> Cargo.toml:1:15
[INFO] [stderr]   |
[INFO] [stderr] 1 | [dependencies.config]
[INFO] [stderr]   |               ^^^^^^^
[INFO] [stderr]   |
[INFO] [stderr]   = note: `cargo::unused_dependencies` is set to `warn` by default
[INFO] [stderr] help: consider removing the dependency on `config`
[INFO] [stderr] warning: unused dependency `futures`
[INFO] [stderr]  --> Cargo.toml:4:15
[INFO] [stderr]   |
[INFO] [stderr] 4 | [dependencies.futures]
[INFO] [stderr]   |               ^^^^^^^^
[INFO] [stderr]   |
[INFO] [stderr] help: consider removing the dependency on `futures`
[INFO] [stderr] warning: `sfox` (manifest) generated 2 warnings
[INFO] [stderr]     Finished `release` profile [optimized] target(s) in 1m 23s
[INFO] running `Command { std: "docker" "inspect" "53afb6f82e66fff73618cb7d2cb96aa362ac8ae74ec37378f9b379bbe410f79a", kill_on_drop: false }`
[INFO] running `Command { std: "docker" "exec" "-e" "SOURCE_DIR=/opt/rustwide/workdir" "-e" "CARGO_HOME=/opt/rustwide/cargo-home" "-e" "RUSTUP_HOME=/opt/rustwide/rustup-home" "-e" "CARGO_TARGET_DIR=/opt/rustwide/target" "-e" "CARGO_INCREMENTAL=0" "-e" "RUST_BACKTRACE=full" "-e" "RUSTFLAGS=--cap-lints=warn" "-e" "RUSTDOCFLAGS=--cap-lints=warn" "-w" "/opt/rustwide/workdir" "--user" "0:0" "53afb6f82e66fff73618cb7d2cb96aa362ac8ae74ec37378f9b379bbe410f79a" "/opt/rustwide/cargo-home/bin/cargo" "+1.100.0-beta.1" "test" "--frozen" "--release", kill_on_drop: false }`
[INFO] [stderr] warning: unused dependency `config`
[INFO] [stderr]  --> Cargo.toml:1:15
[INFO] [stderr]   |
[INFO] [stderr] 1 | [dependencies.config]
[INFO] [stderr]   |               ^^^^^^^
[INFO] [stderr]   |
[INFO] [stderr]   = note: `cargo::unused_dependencies` is set to `warn` by default
[INFO] [stderr] help: consider removing the dependency on `config`
[INFO] [stderr] warning: unused dependency `futures`
[INFO] [stderr]  --> Cargo.toml:4:15
[INFO] [stderr]   |
[INFO] [stderr] 4 | [dependencies.futures]
[INFO] [stderr]   |               ^^^^^^^^
[INFO] [stderr]   |
[INFO] [stderr] help: consider removing the dependency on `futures`
[INFO] [stderr] warning: `sfox` (manifest) generated 2 warnings
[INFO] [stderr]     Finished `release` profile [optimized] target(s) in 0.28s
[INFO] [stderr]      Running unittests src/lib.rs (/opt/rustwide/target/release/build/sfox/8a9bb7fbb9e965e0/out/sfox-8a9bb7fbb9e965e0)
[INFO] [stdout] 
[INFO] [stdout] running 79 tests
[INFO] [stdout] test http::tests::test_parse_response_success ... ok
[INFO] [stdout] test http::tests::test_parse_response_transport_error ... ok
[INFO] [stdout] test http::v1::custody::tests::test_custody_addresses ... ok
[INFO] [stdout] test http::candlesticks::tests::test_candlesticks ... ok
[INFO] [stdout] test http::v1::crypto_deposit_address::tests::test_crypto_deposit_address ... ok
[INFO] [stdout] test http::v1::custody::tests::test_approval_requests ... ok
[INFO] [stdout] test http::v1::custody::tests::test_approval_rules ... ok
[INFO] [stdout] test http::v1::custody::tests::test_approval_request_response ... ok
[INFO] [stdout] test http::v1::currency::tests::test_currencies ... ok
[INFO] [stdout] test http::tests::test_client_initialization_with_url ... ok
[INFO] [stdout] test http::tests::test_url_for_candlesticks_resource ... ok
[INFO] [stdout] test http::v1::account_balance::tests::test_account_balance ... ok
[INFO] [stdout] test http::tests::test_client_initialization ... ok
[INFO] [stdout] test http::v1::crypto_deposit_address::tests::test_new_crypto_deposit_address ... ok
[INFO] [stdout] test http::v1::ach_bank_transfer::tests::test_ach_bank_transfer ... ok
[INFO] [stdout] test http::v1::custody::tests::test_create_custody_addresses ... ok
[INFO] [stdout] test http::tests::test_url_for_v1_resource ... ok
[INFO] [stdout] test http::v1::currency::tests::test_currency_pairs ... ok
[INFO] [stdout] test http::v1::custody::tests::test_edit_approval_rule ... ok
[INFO] [stdout] test http::v1::order::tests::test_cancel_order ... ok
[INFO] [stdout] test http::v1::order::tests::test_cancel_multiple_orders_failed ... ok
[INFO] [stdout] test http::v1::order::tests::test_open_orders ... ok
[INFO] [stdout] test http::v1::order::tests::test_cancel_multiple_orders ... ok
[INFO] [stdout] test http::v1::order::tests::test_list_asset_pairs ... ok
[INFO] [stdout] test http::v1::fee::tests::test_fees_ok ... ok
[INFO] [stdout] test http::v1::order::tests::test_place_order ... ok
[INFO] [stdout] test http::v1::fee::tests::test_fees_invalid_token ... ok
[INFO] [stdout] test http::v1::order::tests::test_cancel_all_orders ... ok
[INFO] [stdout] test http::v1::fee::tests::test_withdraw_fee ... ok
[INFO] [stdout] test http::v1::report::tests::test_monthly_summary_by_asset ... ok
[INFO] [stdout] test http::v1::order::tests::test_order_status ... ok
[INFO] [stdout] test http::v1::order::tests::test_done_orders ... ok
[INFO] [stdout] test http::v1::tests::test_bool_from_int ... ok
[INFO] [stdout] test http::v1::quote::tests::test_execute_quote ... ok
[INFO] [stdout] test http::v1::custody::tests::test_new_approval_rule ... ok
[INFO] [stdout] test http::v1::order_book::tests::test_order_book ... ok
[INFO] [stdout] test http::v1::staking::tests::test_staking_currencies ... ok
[INFO] [stdout] test http::v1::report::tests::test_transaction_history ... ok
[INFO] [stdout] test websocket::auth::tests::test_auth_failure_check ... ok
[INFO] [stdout] test http::v1::staking::tests::test_staking_transactions ... ok
[INFO] [stdout] test websocket::auth::tests::test_auth_success_check ... ok
[INFO] [stdout] test websocket::message::tests::test_deserialize_balance ... ok
[INFO] [stdout] test websocket::message::tests::test_deserialize_open_orders ... ok
[INFO] [stdout] test http::v1::post_trade_settlement::tests::test_post_trade_settlement_positions ... ok
[INFO] [stdout] test websocket::message::tests::test_deserialize_system_response ... ok
[INFO] [stdout] test websocket::message::tests::test_deserialize_tickers ... ok
[INFO] [stdout] test websocket::message::tests::test_deserialize_trade ... ok
[INFO] [stdout] test websocket::message::tests::test_deserialize_orders ... ok
[INFO] [stdout] test websocket::message::tests::test_deserialize_ws_response ... ok
[INFO] [stdout] test http::v1::post_trade_settlement::tests::test_post_trade_settlement_interest ... ok
[INFO] [stdout] test http::v1::post_trade_settlement::tests::test_post_trade_settlement ... ok
[INFO] [stdout] test websocket::message::tests::test_feed_message_type_open_orders ... ok
[INFO] [stdout] test websocket::message::tests::test_feed_message_type_orderbook ... ok
[INFO] [stdout] test websocket::message::tests::test_feed_message_type_system ... ok
[INFO] [stdout] test websocket::message::tests::test_feed_message_type_post_trade_settlement ... ok
[INFO] [stdout] test http::v1::quote::tests::test_request_for_quote ... ok
[INFO] [stdout] test http::v1::short::tests::test_loan_metrics ... ok
[INFO] [stdout] test websocket::message::tests::test_feed_message_type_ticker ... ok
[INFO] [stdout] test websocket::message::tests::test_serialize_balance ... ok
[INFO] [stdout] test websocket::message::tests::test_serialize_open_orders ... ok
[INFO] [stdout] test websocket::message::tests::test_feed_message_type_trade ... ok
[INFO] [stdout] test http::v1::volume::tests::test_total_volume ... ok
[INFO] [stdout] test websocket::message::tests::test_feed_message_type_balances ... ok
[INFO] [stdout] test websocket::message::tests::test_feed_message_type_err ... ok
[INFO] [stdout] test http::v1::report::tests::test_orders_report ... ok
[INFO] [stdout] test websocket::message::tests::test_serialize_raw_orders ... ok
[INFO] [stdout] test websocket::message::tests::test_serialize_tickers ... ok
[INFO] [stdout] test websocket::message::tests::test_serialize_trades ... ok
[INFO] [stdout] test websocket::tests::test_subscribe ... ok
[INFO] [stdout] test websocket::message::tests::test_serialize_net_orders ... ok
[INFO] [stdout] test websocket::tests::test_unsubscribe ... ok
[INFO] [stdout] test websocket::tests::test_new ... FAILED
[INFO] [stdout] test http::v1::volume::tests::test_volume_unauthorized ... ok
[INFO] [stdout] test http::v1::staking::tests::test_unstake ... ok
[INFO] [stdout] test http::v1::volume::tests::test_volume_by_exchange ... ok
[INFO] [stdout] test http::v1::staking::tests::test_stake ... ok
[INFO] [stdout] test http::v1::short::tests::test_loan_positions ... ok
[INFO] [stdout] test http::v1::withdraw::tests::withdraw_test ... ok
[INFO] [stdout] test http::v1::volume::tests::test_volume_unprocessable_entity ... ok
[INFO] [stdout] 
[INFO] [stdout] failures:
[INFO] [stdout] 
[INFO] [stdout] ---- websocket::tests::test_new stdout ----
[INFO] [stdout] 
[INFO] [stdout] thread 'websocket::tests::test_new' (2346) panicked at src/websocket/mod.rs:167:9:
[INFO] [stdout] assertion failed: maybe_ws.is_ok()
[INFO] [stdout] stack backtrace:
[INFO] [stdout]    0:     0x5883c0065151 - <<std[617be2ca0a6fd877]::sys::backtrace::BacktraceLock>::print::DisplayBacktrace as core[a373ad73a504971]::fmt::Display>::fmt
[INFO] [stdout]    1:     0x5883c007cf9a - core[a373ad73a504971]::fmt::write
[INFO] [stdout]    2:     0x5883c0069e1c - <alloc[2e1b2a31b91974c5]::vec::Vec<u8> as core[a373ad73a504971]::io::write::Write>::write_fmt
[INFO] [stdout]    3:     0x5883c00403a6 - std[617be2ca0a6fd877]::panicking::default_hook::{closure#0}
[INFO] [stdout]    4:     0x5883c005d039 - std[617be2ca0a6fd877]::panicking::default_hook
[INFO] [stdout]    5:     0x5883bfce72a0 - test[aada8e7e76ba119b]::test_main_inner::{closure#0}
[INFO] [stdout]    6:     0x5883c005d362 - std[617be2ca0a6fd877]::panicking::panic_with_hook
[INFO] [stdout]    7:     0x5883c0040484 - std[617be2ca0a6fd877]::panicking::panic_handler::{closure#0}
[INFO] [stdout]    8:     0x5883c0038e49 - std[617be2ca0a6fd877]::sys::backtrace::__rust_end_short_backtrace::<std[617be2ca0a6fd877]::panicking::panic_handler::{closure#0}, !>
[INFO] [stdout]    9:     0x5883c00412ed - __rustc[ea4f61d10b84890b]::rust_begin_unwind
[INFO] [stdout]   10:     0x5883c007d77c - core[a373ad73a504971]::panicking::panic_fmt
[INFO] [stdout]   11:     0x5883c007d742 - core[a373ad73a504971]::panicking::panic
[INFO] [stdout]   12:     0x5883bfc8bc61 - sfox[d923b6f4dce7f0b2]::websocket::tests::test_new::{closure#0}
[INFO] [stdout]   13:     0x5883bfc7fe63 - <tokio[3ee0db6b359256d9]::runtime::scheduler::current_thread::Context>::enter::<core[a373ad73a504971]::task::poll::Poll<()>, <tokio[3ee0db6b359256d9]::runtime::scheduler::current_thread::CoreGuard>::block_on<core[a373ad73a504971]::pin::Pin<&mut core[a373ad73a504971]::pin::Pin<&mut dyn core[a373ad73a504971]::future::future::Future<Output = ()>>>>::{closure#0}::{closure#0}>
[INFO] [stdout]   14:     0x5883bfc50b4c - <tokio[3ee0db6b359256d9]::runtime::context::scoped::Scoped<tokio[3ee0db6b359256d9]::runtime::scheduler::Context>>::set::<<tokio[3ee0db6b359256d9]::runtime::scheduler::current_thread::CoreGuard>::enter<<tokio[3ee0db6b359256d9]::runtime::scheduler::current_thread::CoreGuard>::block_on<core[a373ad73a504971]::pin::Pin<&mut core[a373ad73a504971]::pin::Pin<&mut dyn core[a373ad73a504971]::future::future::Future<Output = ()>>>>::{closure#0}, core[a373ad73a504971]::option::Option<()>>::{closure#0}, (alloc[2e1b2a31b91974c5]::boxed::Box<tokio[3ee0db6b359256d9]::runtime::scheduler::current_thread::Core>, core[a373ad73a504971]::option::Option<()>)>
[INFO] [stdout]   15:     0x5883bfc80207 - <tokio[3ee0db6b359256d9]::runtime::scheduler::current_thread::CoreGuard>::block_on::<core[a373ad73a504971]::pin::Pin<&mut core[a373ad73a504971]::pin::Pin<&mut dyn core[a373ad73a504971]::future::future::Future<Output = ()>>>>
[INFO] [stdout]   16:     0x5883bfc4d21d - tokio[3ee0db6b359256d9]::runtime::context::runtime::enter_runtime::<<tokio[3ee0db6b359256d9]::runtime::scheduler::current_thread::CurrentThread>::block_on<core[a373ad73a504971]::pin::Pin<&mut dyn core[a373ad73a504971]::future::future::Future<Output = ()>>>::{closure#0}, ()>
[INFO] [stdout]   17:     0x5883bfc70725 - <tokio[3ee0db6b359256d9]::runtime::runtime::Runtime>::block_on::<core[a373ad73a504971]::pin::Pin<&mut dyn core[a373ad73a504971]::future::future::Future<Output = ()>>>
[INFO] [stdout]   18:     0x5883bfc8eb9e - <sfox[d923b6f4dce7f0b2]::websocket::tests::test_new::{closure#0} as core[a373ad73a504971]::ops::function::FnOnce<()>>::call_once
[INFO] [stdout]   19:     0x5883bfcda6eb - test[aada8e7e76ba119b]::__rust_begin_short_backtrace::<core[a373ad73a504971]::result::Result<(), alloc[2e1b2a31b91974c5]::string::String>, fn() -> core[a373ad73a504971]::result::Result<(), alloc[2e1b2a31b91974c5]::string::String>>
[INFO] [stdout]   20:     0x5883bfce78c5 - test[aada8e7e76ba119b]::run_test::{closure#0}
[INFO] [stdout]   21:     0x5883bfce11b4 - std[617be2ca0a6fd877]::sys::backtrace::__rust_begin_short_backtrace::<test[aada8e7e76ba119b]::run_test::{closure#1}, ()>
[INFO] [stdout]   22:     0x5883bfcea952 - <std[617be2ca0a6fd877]::thread::lifecycle::spawn_unchecked<test[aada8e7e76ba119b]::run_test::{closure#1}, ()>::{closure#1} as core[a373ad73a504971]::ops::function::FnOnce<()>>::call_once::{shim:vtable#0}
[INFO] [stdout]   23:     0x5883c00645ff - <std[617be2ca0a6fd877]::sys::thread::unix::Thread>::new::thread_start
[INFO] [stdout]   24:     0x7af658b27dfa - <unknown>
[INFO] [stdout]   25:     0x7af658bbb3d4 - clone
[INFO] [stdout]   26:                0x0 - <unknown>
[INFO] [stdout] 
[INFO] [stdout] 
[INFO] [stdout] failures:
[INFO] [stdout]     websocket::tests::test_new
[INFO] [stdout] 
[INFO] [stdout] test result: FAILED. 78 passed; 1 failed; 0 ignored; 0 measured; 0 filtered out; finished in 0.48s
[INFO] [stdout] 
[INFO] [stderr] error: test failed, to rerun pass `--lib`
[INFO] running `Command { std: "docker" "inspect" "53afb6f82e66fff73618cb7d2cb96aa362ac8ae74ec37378f9b379bbe410f79a", kill_on_drop: false }`
[INFO] running `Command { std: "docker" "rm" "-f" "53afb6f82e66fff73618cb7d2cb96aa362ac8ae74ec37378f9b379bbe410f79a", kill_on_drop: false }`
[INFO] [stdout] 53afb6f82e66fff73618cb7d2cb96aa362ac8ae74ec37378f9b379bbe410f79a
