[INFO] fetching crate sfogliatrice_lib 0.6.1...
[INFO] testing sfogliatrice_lib-0.6.1 against 1.100.0-beta.1+cargoflags=--release for beta-release-1.100-2
[INFO] extracting crate sfogliatrice_lib 0.6.1 into /workspace/builds/worker-1-tc2/source
[INFO] started tweaking crates.io crate sfogliatrice_lib 0.6.1
[INFO] removed 0 missing examples
[INFO] finished tweaking crates.io crate sfogliatrice_lib 0.6.1
[INFO] tweaked toml for crates.io crate sfogliatrice_lib 0.6.1 written to /workspace/builds/worker-1-tc2/source/Cargo.toml
[INFO] validating manifest of crates.io crate sfogliatrice_lib 0.6.1 on toolchain 1.100.0-beta.1
[INFO] running `Command { std: CARGO_HOME="/workspace/cargo-home" RUSTUP_HOME="/workspace/rustup-home" "/workspace/cargo-home/bin/cargo" "+1.100.0-beta.1" "metadata" "--manifest-path" "Cargo.toml" "--no-deps", kill_on_drop: false }`
[INFO] crate crates.io crate sfogliatrice_lib 0.6.1 already has a lockfile, it will not be regenerated
[INFO] running `Command { std: CARGO_HOME="/workspace/cargo-home" RUSTUP_HOME="/workspace/rustup-home" "/workspace/cargo-home/bin/cargo" "+1.100.0-beta.1" "fetch" "--manifest-path" "Cargo.toml", kill_on_drop: false }`
[INFO] [stderr] warning: `package.homepage` is redundant with `package.repository`
[INFO] [stderr]   --> Cargo.toml:55:12
[INFO] [stderr]    |
[INFO] [stderr] 55 | homepage = "https://github.com/racum/sfogliatrice"
[INFO] [stderr]    |            ^^^^^^^^^^^^^^^^^^^^^^^^^^^^^^^^^^^^^^^
[INFO] [stderr] ...
[INFO] [stderr] 60 | repository = "https://github.com/racum/sfogliatrice"
[INFO] [stderr]    |              ---------------------------------------
[INFO] [stderr]    |
[INFO] [stderr]    = note: `cargo::redundant_homepage` is set to `warn` by default
[INFO] [stderr] help: consider removing `package.homepage`
[INFO] [stderr] warning: `sfogliatrice_lib` (manifest) generated 1 warning
[INFO] running `Command { std: "docker" "create" "-v" "/var/lib/crater-agent-workspace/builds/worker-1-tc2/source:/opt/rustwide/workdir:ro,Z" "-v" "/var/lib/crater-agent-workspace/builds/worker-1-tc2/target:/opt/rustwide/target:rw,Z" "-v" "/var/lib/crater-agent-workspace/cargo-home:/opt/rustwide/cargo-home:ro,Z" "-v" "/var/lib/crater-agent-workspace/rustup-home:/opt/rustwide/rustup-home:ro,Z" "-m" "1610612736" "--network" "none" "ghcr.io/rust-lang/crates-build-env/linux@sha256:77db811e55d90add9212f6832c23229e3de5f1c1f9905e8cb07319ea15df73ac" "sleep" "infinity", kill_on_drop: false }`
[INFO] [stdout] 7b946d8979adcfe0d73021dfca7ed571142851bfed6f7cb46df9df9c1677222c
[INFO] running `Command { std: "docker" "start" "7b946d8979adcfe0d73021dfca7ed571142851bfed6f7cb46df9df9c1677222c", kill_on_drop: false }`
[INFO] running `Command { std: "docker" "inspect" "7b946d8979adcfe0d73021dfca7ed571142851bfed6f7cb46df9df9c1677222c", kill_on_drop: false }`
[INFO] running `Command { std: "docker" "exec" "-e" "SOURCE_DIR=/opt/rustwide/workdir" "-e" "CARGO_HOME=/opt/rustwide/cargo-home" "-e" "RUSTUP_HOME=/opt/rustwide/rustup-home" "-e" "CARGO_TARGET_DIR=/opt/rustwide/target" "-w" "/opt/rustwide/workdir" "--user" "0:0" "7b946d8979adcfe0d73021dfca7ed571142851bfed6f7cb46df9df9c1677222c" "/opt/rustwide/cargo-home/bin/cargo" "+1.100.0-beta.1" "metadata" "--no-deps" "--format-version=1", kill_on_drop: false }`
[INFO] running `Command { std: "docker" "inspect" "7b946d8979adcfe0d73021dfca7ed571142851bfed6f7cb46df9df9c1677222c", kill_on_drop: false }`
[INFO] running `Command { std: "docker" "exec" "-e" "SOURCE_DIR=/opt/rustwide/workdir" "-e" "CARGO_HOME=/opt/rustwide/cargo-home" "-e" "RUSTUP_HOME=/opt/rustwide/rustup-home" "-e" "CARGO_TARGET_DIR=/opt/rustwide/target" "-e" "CARGO_INCREMENTAL=0" "-e" "RUST_BACKTRACE=full" "-e" "RUSTFLAGS=--cap-lints=warn" "-e" "RUSTDOCFLAGS=--cap-lints=warn" "-w" "/opt/rustwide/workdir" "--user" "0:0" "7b946d8979adcfe0d73021dfca7ed571142851bfed6f7cb46df9df9c1677222c" "/opt/rustwide/cargo-home/bin/cargo" "+1.100.0-beta.1" "build" "--frozen" "--message-format=json" "--release", kill_on_drop: false }`
[INFO] [stderr] warning: `package.homepage` is redundant with `package.repository`
[INFO] [stderr]   --> Cargo.toml:55:12
[INFO] [stderr]    |
[INFO] [stderr] 55 | homepage = "https://github.com/racum/sfogliatrice"
[INFO] [stderr]    |            ^^^^^^^^^^^^^^^^^^^^^^^^^^^^^^^^^^^^^^^
[INFO] [stderr] ...
[INFO] [stderr] 60 | repository = "https://github.com/racum/sfogliatrice"
[INFO] [stderr]    |              ---------------------------------------
[INFO] [stderr]    |
[INFO] [stderr]    = note: `cargo::redundant_homepage` is set to `warn` by default
[INFO] [stderr] help: consider removing `package.homepage`
[INFO] [stderr] warning: `sfogliatrice_lib` (manifest) generated 1 warning
[INFO] [stderr]    Compiling heapless v0.8.0
[INFO] [stderr]    Compiling robust v1.2.0
[INFO] [stderr]    Compiling num-traits v0.2.19
[INFO] [stderr]    Compiling hash32 v0.3.1
[INFO] [stderr]    Compiling i_float v1.16.0
[INFO] [stderr]    Compiling i_tree v0.18.0
[INFO] [stderr]    Compiling i_key_sort v0.10.3
[INFO] [stderr]    Compiling rand_pcg v0.10.2
[INFO] [stderr]    Compiling getrandom v0.4.2
[INFO] [stderr]    Compiling geographiclib-rs v0.2.7
[INFO] [stderr]    Compiling rand v0.10.1
[INFO] [stderr]    Compiling thiserror-impl v2.0.18
[INFO] [stderr]    Compiling serde v1.0.228
[INFO] [stderr]    Compiling float_next_after v2.0.0
[INFO] [stderr]    Compiling sif-itree v0.4.1
[INFO] [stderr]    Compiling tinyvec v1.11.0
[INFO] [stderr]    Compiling serde_json v1.0.150
[INFO] [stderr]    Compiling i_shape v1.18.0
[INFO] [stderr]    Compiling uuid v1.23.1
[INFO] [stderr]    Compiling i_overlay v4.5.2
[INFO] [stderr]    Compiling geodesy v0.15.0
[INFO] [stderr]    Compiling thiserror v2.0.18
[INFO] [stderr]    Compiling rstar v0.12.2
[INFO] [stderr]    Compiling approx v0.5.1
[INFO] [stderr]    Compiling spade v2.15.1
[INFO] [stderr]    Compiling earcut v0.4.5
[INFO] [stderr]    Compiling static_aabb2d_index v2.0.0
[INFO] [stderr]    Compiling geo-types v0.7.19
[INFO] [stderr]    Compiling geo v0.33.1
[INFO] [stderr]    Compiling geojson v1.0.0
[INFO] [stderr]    Compiling geo-omerc v0.2.0
[INFO] [stderr]    Compiling sfogliatrice_lib v0.6.1 (/opt/rustwide/workdir)
[INFO] [stderr]     Finished `release` profile [optimized] target(s) in 46.74s
[INFO] running `Command { std: "docker" "inspect" "7b946d8979adcfe0d73021dfca7ed571142851bfed6f7cb46df9df9c1677222c", kill_on_drop: false }`
[INFO] running `Command { std: "docker" "exec" "-e" "SOURCE_DIR=/opt/rustwide/workdir" "-e" "CARGO_HOME=/opt/rustwide/cargo-home" "-e" "RUSTUP_HOME=/opt/rustwide/rustup-home" "-e" "CARGO_TARGET_DIR=/opt/rustwide/target" "-e" "CARGO_INCREMENTAL=0" "-e" "RUST_BACKTRACE=full" "-e" "RUSTFLAGS=--cap-lints=warn" "-e" "RUSTDOCFLAGS=--cap-lints=warn" "-w" "/opt/rustwide/workdir" "--user" "0:0" "7b946d8979adcfe0d73021dfca7ed571142851bfed6f7cb46df9df9c1677222c" "/opt/rustwide/cargo-home/bin/cargo" "+1.100.0-beta.1" "test" "--frozen" "--no-run" "--message-format=json" "--release", kill_on_drop: false }`
[INFO] [stderr] warning: `package.homepage` is redundant with `package.repository`
[INFO] [stderr]   --> Cargo.toml:55:12
[INFO] [stderr]    |
[INFO] [stderr] 55 | homepage = "https://github.com/racum/sfogliatrice"
[INFO] [stderr]    |            ^^^^^^^^^^^^^^^^^^^^^^^^^^^^^^^^^^^^^^^
[INFO] [stderr] ...
[INFO] [stderr] 60 | repository = "https://github.com/racum/sfogliatrice"
[INFO] [stderr]    |              ---------------------------------------
[INFO] [stderr]    |
[INFO] [stderr]    = note: `cargo::redundant_homepage` is set to `warn` by default
[INFO] [stderr] help: consider removing `package.homepage`
[INFO] [stderr] warning: `sfogliatrice_lib` (manifest) generated 1 warning
[INFO] [stderr]    Compiling sfogliatrice_lib v0.6.1 (/opt/rustwide/workdir)
[INFO] [stderr]     Finished `release` profile [optimized] target(s) in 21.05s
[INFO] running `Command { std: "docker" "inspect" "7b946d8979adcfe0d73021dfca7ed571142851bfed6f7cb46df9df9c1677222c", kill_on_drop: false }`
[INFO] running `Command { std: "docker" "exec" "-e" "SOURCE_DIR=/opt/rustwide/workdir" "-e" "CARGO_HOME=/opt/rustwide/cargo-home" "-e" "RUSTUP_HOME=/opt/rustwide/rustup-home" "-e" "CARGO_TARGET_DIR=/opt/rustwide/target" "-e" "CARGO_INCREMENTAL=0" "-e" "RUST_BACKTRACE=full" "-e" "RUSTFLAGS=--cap-lints=warn" "-e" "RUSTDOCFLAGS=--cap-lints=warn" "-w" "/opt/rustwide/workdir" "--user" "0:0" "7b946d8979adcfe0d73021dfca7ed571142851bfed6f7cb46df9df9c1677222c" "/opt/rustwide/cargo-home/bin/cargo" "+1.100.0-beta.1" "test" "--frozen" "--release", kill_on_drop: false }`
[INFO] [stderr] warning: `package.homepage` is redundant with `package.repository`
[INFO] [stderr]   --> Cargo.toml:55:12
[INFO] [stderr]    |
[INFO] [stderr] 55 | homepage = "https://github.com/racum/sfogliatrice"
[INFO] [stderr]    |            ^^^^^^^^^^^^^^^^^^^^^^^^^^^^^^^^^^^^^^^
[INFO] [stderr] ...
[INFO] [stderr] 60 | repository = "https://github.com/racum/sfogliatrice"
[INFO] [stderr]    |              ---------------------------------------
[INFO] [stderr]    |
[INFO] [stderr]    = note: `cargo::redundant_homepage` is set to `warn` by default
[INFO] [stderr] help: consider removing `package.homepage`
[INFO] [stderr] warning: `sfogliatrice_lib` (manifest) generated 1 warning
[INFO] [stderr]     Finished `release` profile [optimized] target(s) in 0.11s
[INFO] [stderr]      Running unittests src/lib.rs (/opt/rustwide/target/release/build/sfogliatrice_lib/016a95e0c2ee52ef/out/sfogliatrice_lib-016a95e0c2ee52ef)
[INFO] [stdout] 
[INFO] [stdout] running 109 tests
[INFO] [stdout] test geo_utils::test_geo_utils::test_coerce_to_polygon_from_point ... ok
[INFO] [stdout] test geo_utils::test_geo_utils::test_ensure_lines_pointing_down ... ok
[INFO] [stdout] test geo_utils::test_geo_utils::test_distribute_points ... ok
[INFO] [stdout] test geo_utils::test_geo_utils::test_ensure_line_length ... ok
[INFO] [stdout] test geo_utils::test_geo_utils::test_get_boundary_lines_with_heading ... ok
[INFO] [stdout] test geo_utils::test_geo_utils::test_furthest_from_centroid_degenerate_polygon ... ok
[INFO] [stdout] test geo_utils::test_geo_utils::test_count_lines_saturation_overflow ... ok
[INFO] [stdout] test geo_utils::test_geo_utils::test_coerce_to_polygon_from_polygon ... ok
[INFO] [stdout] test geo_utils::test_geo_utils::test_get_boundary_lines ... ok
[INFO] [stdout] test geo_utils::test_geo_utils::test_iterate_geometry_line_rect_triangle ... ok
[INFO] [stdout] test geo_utils::test_geo_utils::test_get_rectangular_boundary_lines_degenerate_returns_none ... ok
[INFO] [stdout] test geo_utils::test_geo_utils::test_furthest_from_centroid ... ok
[INFO] [stdout] test geo_utils::test_geo_utils::test_get_angle ... ok
[INFO] [stdout] test geo_utils::test_geo_utils::test_iterate_geometry_multi_points_and_lines ... ok
[INFO] [stdout] test geo_utils::test_geo_utils::test_is_too_small_degenerate_polygon_is_false ... ok
[INFO] [stdout] test geo_utils::test_geo_utils::test_intersect_line ... ok
[INFO] [stdout] test geo_utils::test_geo_utils::test_iterate_geometry_nested_collection_is_dropped ... ok
[INFO] [stdout] test geo_utils::test_geo_utils::test_iterate_geometry_point_and_linestring ... ok
[INFO] [stdout] test geo_utils::test_geo_utils::test_clip_lines_by_polygons ... ok
[INFO] [stdout] test geo_utils::test_geo_utils::test_get_short_width_lines ... ok
[INFO] [stdout] test geo_utils::test_geo_utils::test_count_lines_errors ... ok
[INFO] [stdout] test geo_utils::test_geo_utils::test_coerce_to_polygon_invalid_size ... ok
[INFO] [stdout] test geo_utils::test_geo_utils::test_distribute_points_zero ... ok
[INFO] [stdout] test geo_utils::test_geo_utils::test_count_lines ... ok
[INFO] [stdout] test geo_utils::test_geo_utils::test_is_too_small ... ok
[INFO] [stdout] test geo_utils::test_geo_utils::test_coerce_to_polygon_from_line ... ok
[INFO] [stdout] test geo_utils::test_geo_utils::test_count_lines_nan_inputs ... ok
[INFO] [stdout] test geo_utils::test_geo_utils::test_iterate_normalized_geometry ... ok
[INFO] [stdout] test geo_utils::test_geo_utils::test_iterate_normalized_geometry_flips_cw_polygon ... ok
[INFO] [stdout] test geo_utils::test_geo_utils::test_iterate_normalized_geometry_repairs_bowtie ... ok
[INFO] [stdout] test geo_utils::test_geo_utils::test_resize_line ... ok
[INFO] [stdout] test geo_utils::test_geo_utils::test_resize_line_invalid_length_returns_input ... ok
[INFO] [stdout] test geo_utils::test_geo_utils::test_right_hand_rule_multipolygon ... ok
[INFO] [stdout] test geo_utils::test_geo_utils::test_iterate_normalized_geometry_passthrough_point_and_line ... ok
[INFO] [stdout] test geo_utils::test_geo_utils::test_roll_lines ... ok
[INFO] [stdout] test geo_utils::test_geo_utils::test_right_hand_rule_passthrough_types ... ok
[INFO] [stdout] test geo_utils::test_geo_utils::test_right_hand_rule_polygon ... ok
[INFO] [stdout] test geo_utils::test_geo_utils::test_iterate_shards_invalid_args_yields_single_shard ... ok
[INFO] [stdout] test geo_utils::test_geo_utils::test_iterate_shards_not_shardable ... ok
[INFO] [stdout] test geo_utils::test_geo_utils::test_roll_lines_right_angle_multiples_dont_panic ... ok
[INFO] [stdout] test geo_utils::test_geo_utils::test_iterate_shards_shardable ... ok
[INFO] [stdout] test geo_utils::test_geo_utils::test_polygon_ccw_no_holes_drops_interiors_and_flips_cw ... ok
[INFO] [stdout] test geo_utils::test_geo_utils::test_project_strip ... ok
[INFO] [stdout] test geojson::tests::test_coord_precision_recurses_into_multipolygon ... ok
[INFO] [stdout] test geojson::tests::test_coord_precision_rounds_to_given_decimals ... ok
[INFO] [stdout] test geojson::tests::test_feature_collection_empty ... ok
[INFO] [stdout] test geo_utils::test_geo_utils::test_roll_lines_degenerate_returns_none ... ok
[INFO] [stdout] test geo_utils::test_geo_utils::test_iterate_geometry_with_multipolygon ... ok
[INFO] [stdout] test geo_utils::test_geo_utils::test_segment_lines ... ok
[INFO] [stdout] test geojson::tests::test_iterate_geojson_depth_cap_drops_deep_nesting ... ok
[INFO] [stdout] test geojson::tests::test_iterate_geojson_feature_and_collection ... ok
[INFO] [stdout] test geojson::tests::test_feature_collection_shape ... ok
[INFO] [stdout] test geojson::tests::test_feature_wrapper_shape ... ok
[INFO] [stdout] test geojson::tests::test_combine_geojson_flattens_multiple_inputs ... ok
[INFO] [stdout] test geo_utils::test_geo_utils::test_segment_lines_invalid_args_returns_input ... ok
[INFO] [stdout] test geo_utils::test_geo_utils::test_sort_by_highest_line ... ok
[INFO] [stdout] test geo_utils::test_geo_utils::test_substring ... ok
[INFO] [stdout] test intermediate::tests::test_combine_polygons_empty ... ok
[INFO] [stdout] test geojson::tests::test_iterate_geojson_geometry_collection_unwraps ... ok
[INFO] [stdout] test geojson::tests::test_coord_precision_zero_rounds_to_integer ... ok
[INFO] [stdout] test geojson::tests::test_iterate_geojson_unknown_type_is_empty ... ok
[INFO] [stdout] test geo_utils::test_geo_utils::test_roll_lines_heading_changes_orientation ... ok
[INFO] [stdout] test geojson::tests::test_iterate_geojson_multilinestring_splits ... ok
[INFO] [stdout] test geo_utils::test_geo_utils::test_iterate_polygons ... ok
[INFO] [stdout] test geo_utils::test_geo_utils::test_iterate_geometry_with_polygon ... ok
[INFO] [stdout] test geo_utils::test_geo_utils::test_substring_nan_returns_input ... ok
[INFO] [stdout] test geojson::tests::test_iterate_geojson_multipoint_splits ... ok
[INFO] [stdout] test geojson::tests::test_iterate_geojson_multipolygon_splits ... ok
[INFO] [stdout] test projection::tests::test_get_projection_nan_anchor_returns_none ... ok
[INFO] [stdout] test geojson::tests::test_iterate_geojson_shallow_nesting_preserved ... ok
[INFO] [stdout] test intermediate::tests::test_combine_polygons_degenerate_not_merged ... ok
[INFO] [stdout] test intermediate::tests::test_combine_polygons_single ... ok
[INFO] [stdout] test intermediate::tests::test_combine_polygons_overlapping_collapse_to_one ... ok
[INFO] [stdout] test projection::tests::test_get_projection_far_from_equator_anchor ... ok
[INFO] [stdout] test projection::tests::test_get_projection_roundtrip ... ok
[INFO] [stdout] test projection::tests::test_get_projection_units_are_meters ... ok
[INFO] [stdout] test geojson::tests::test_iterate_geojson_simple_primitives ... ok
[INFO] [stdout] test projection::tests::test_get_projection_polygon_roundtrip ... ok
[INFO] [stdout] test intermediate::tests::test_combine_polygons ... FAILED
[INFO] [stdout] test intermediate::tests::test_combine_polygons_far_apart_remain_separate ... ok
[INFO] [stdout] test tessellation::tests::test_brute_force_yields_valid_result ... ok
[INFO] [stdout] test tessellation::tests::test_min_overlap ... ok
[INFO] [stdout] test tessellation::tests::test_brute_force_ignored_when_heading_is_set ... ok
[INFO] [stdout] test tessellation::tests::test_right_hand_rule_coverages ... ok
[INFO] [stdout] test tessellation::tests::test_tessellate_empty_input_returns_empty_result ... ok
[INFO] [stdout] test tessellation::tests::test_tessellate_force_line_targets_suppresses_points ... ok
[INFO] [stdout] test tessellation::tests::test_tessellate_geojson_feature_input ... ok
[INFO] [stdout] test tessellation::tests::test_tessellate_geojson_to_geojson_returns_feature_collections ... ok
[INFO] [stdout] test types::tests::test_config_default_matches_constants ... ok
[INFO] [stdout] test types::tests::test_config_new_happy_path_populates_non_param_fields_from_default ... ok
[INFO] [stdout] test types::tests::test_config_new_max_strip_length_too_large ... ok
[INFO] [stdout] test types::tests::test_config_new_min_overlap_too_large ... ok
[INFO] [stdout] test types::tests::test_config_new_rejects_non_finite_heading ... ok
[INFO] [stdout] test types::tests::test_config_new_rejects_non_positive_params ... ok
[INFO] [stdout] test types::tests::test_to_feature_collection_none_selected ... ok
[INFO] [stdout] test projection::tests::test_get_projection_linestring_roundtrip ... ok
[INFO] [stdout] test types::tests::test_config_new_strip_width_too_large ... ok
[INFO] [stdout] test types::tests::test_to_feature_collection_all_layers ... ok
[INFO] [stdout] test tessellation::tests::test_tessellate_geometry_collection_input ... ok
[INFO] [stdout] test types::tests::test_config_error_display ... ok
[INFO] [stdout] test types::tests::test_config_new_expansion_too_large ... ok
[INFO] [stdout] test tessellation::tests::test_tessellate_small_polygon_round_coverage ... ok
[INFO] [stdout] test tessellation::tests::test_tessellate_multipolygon_input ... ok
[INFO] [stdout] test tessellation::tests::test_tessellate_point_input_yields_circular_coverage ... ok
[INFO] [stdout] test tessellation::tests::test_tessellation_division_by_zero_bug_force_lines ... ok
[INFO] [stdout] test tessellation::tests::test_tessellation_division_by_zero_bug_no_force ... ok
[INFO] [stdout] test types::tests::test_to_feature_collection_targets_only ... ok
[INFO] [stderr] error: test failed, to rerun pass `--lib`
[INFO] [stdout] test geo_utils::test_geo_utils::test_iterate_shards_area_fully_covered ... ok
[INFO] [stdout] test tessellation::tests::test_tessellate_linestring_input ... ok
[INFO] [stdout] 
[INFO] [stdout] failures:
[INFO] [stdout] 
[INFO] [stdout] ---- intermediate::tests::test_combine_polygons stdout ----
[INFO] [stdout] 
[INFO] [stdout] thread 'intermediate::tests::test_combine_polygons' (841) panicked at src/intermediate.rs:186:81:
[INFO] [stdout] Failed to read comunidad_valenciana.geojson: No such file or directory (os error 2)
[INFO] [stdout] stack backtrace:
[INFO] [stdout]    0:     0x5c3057682e61 - <<std[617be2ca0a6fd877]::sys::backtrace::BacktraceLock>::print::DisplayBacktrace as core[a373ad73a504971]::fmt::Display>::fmt
[INFO] [stdout]    1:     0x5c305769945a - core[a373ad73a504971]::fmt::write
[INFO] [stdout]    2:     0x5c305768707c - <alloc[2e1b2a31b91974c5]::vec::Vec<u8> as core[a373ad73a504971]::io::write::Write>::write_fmt
[INFO] [stdout]    3:     0x5c305765ea16 - std[617be2ca0a6fd877]::panicking::default_hook::{closure#0}
[INFO] [stdout]    4:     0x5c305767ae89 - std[617be2ca0a6fd877]::panicking::default_hook
[INFO] [stdout]    5:     0x5c3057576610 - test[aada8e7e76ba119b]::test_main_inner::{closure#0}
[INFO] [stdout]    6:     0x5c305767b042 - std[617be2ca0a6fd877]::panicking::panic_with_hook
[INFO] [stdout]    7:     0x5c305765eac2 - std[617be2ca0a6fd877]::panicking::panic_handler::{closure#0}
[INFO] [stdout]    8:     0x5c3057657649 - std[617be2ca0a6fd877]::sys::backtrace::__rust_end_short_backtrace::<std[617be2ca0a6fd877]::panicking::panic_handler::{closure#0}, !>
[INFO] [stdout]    9:     0x5c305765f6cd - __rustc[ea4f61d10b84890b]::rust_begin_unwind
[INFO] [stdout]   10:     0x5c3057699bbc - core[a373ad73a504971]::panicking::panic_fmt
[INFO] [stdout]   11:     0x5c3057510c7a - sfogliatrice_lib[4589931d43e124de]::intermediate::tests::test_combine_polygons::{closure#0}
[INFO] [stdout]   12:     0x5c305751a1b6 - <sfogliatrice_lib[4589931d43e124de]::intermediate::tests::test_combine_polygons::{closure#0} as core[a373ad73a504971]::ops::function::FnOnce<()>>::call_once
[INFO] [stdout]   13:     0x5c3057569a5b - test[aada8e7e76ba119b]::__rust_begin_short_backtrace::<core[a373ad73a504971]::result::Result<(), alloc[2e1b2a31b91974c5]::string::String>, fn() -> core[a373ad73a504971]::result::Result<(), alloc[2e1b2a31b91974c5]::string::String>>
[INFO] [stdout]   14:     0x5c3057576c35 - test[aada8e7e76ba119b]::run_test::{closure#0}
[INFO] [stdout]   15:     0x5c3057570524 - std[617be2ca0a6fd877]::sys::backtrace::__rust_begin_short_backtrace::<test[aada8e7e76ba119b]::run_test::{closure#1}, ()>
[INFO] [stdout]   16:     0x5c3057579cc2 - <std[617be2ca0a6fd877]::thread::lifecycle::spawn_unchecked<test[aada8e7e76ba119b]::run_test::{closure#1}, ()>::{closure#1} as core[a373ad73a504971]::ops::function::FnOnce<()>>::call_once::{shim:vtable#0}
[INFO] [stdout]   17:     0x5c305768204f - <std[617be2ca0a6fd877]::sys::thread::unix::Thread>::new::thread_start
[INFO] [stdout]   18:     0x7a0cab82ddfa - <unknown>
[INFO] [stdout]   19:     0x7a0cab8c13d4 - clone
[INFO] [stdout]   20:                0x0 - <unknown>
[INFO] [stdout] 
[INFO] [stdout] 
[INFO] [stdout] failures:
[INFO] [stdout]     intermediate::tests::test_combine_polygons
[INFO] [stdout] 
[INFO] [stdout] test result: FAILED. 108 passed; 1 failed; 0 ignored; 0 measured; 0 filtered out; finished in 0.05s
[INFO] [stdout] 
[INFO] running `Command { std: "docker" "inspect" "7b946d8979adcfe0d73021dfca7ed571142851bfed6f7cb46df9df9c1677222c", kill_on_drop: false }`
[INFO] running `Command { std: "docker" "rm" "-f" "7b946d8979adcfe0d73021dfca7ed571142851bfed6f7cb46df9df9c1677222c", kill_on_drop: false }`
[INFO] [stdout] 7b946d8979adcfe0d73021dfca7ed571142851bfed6f7cb46df9df9c1677222c
