[INFO] fetching crate sevenzip-mt 0.2.2...
[INFO] testing sevenzip-mt-0.2.2 against 1.100.0-beta.1+cargoflags=--release for beta-release-1.100-2
[INFO] extracting crate sevenzip-mt 0.2.2 into /workspace/builds/worker-7-tc2/source
[INFO] started tweaking crates.io crate sevenzip-mt 0.2.2
[INFO] removed 0 missing tests
[INFO] finished tweaking crates.io crate sevenzip-mt 0.2.2
[INFO] tweaked toml for crates.io crate sevenzip-mt 0.2.2 written to /workspace/builds/worker-7-tc2/source/Cargo.toml
[INFO] validating manifest of crates.io crate sevenzip-mt 0.2.2 on toolchain 1.100.0-beta.1
[INFO] running `Command { std: CARGO_HOME="/workspace/cargo-home" RUSTUP_HOME="/workspace/rustup-home" "/workspace/cargo-home/bin/cargo" "+1.100.0-beta.1" "metadata" "--manifest-path" "Cargo.toml" "--no-deps", kill_on_drop: false }`
[INFO] crate crates.io crate sevenzip-mt 0.2.2 already has a lockfile, it will not be regenerated
[INFO] running `Command { std: CARGO_HOME="/workspace/cargo-home" RUSTUP_HOME="/workspace/rustup-home" "/workspace/cargo-home/bin/cargo" "+1.100.0-beta.1" "fetch" "--manifest-path" "Cargo.toml", kill_on_drop: false }`
[INFO] running `Command { std: "docker" "create" "-v" "/var/lib/crater-agent-workspace/builds/worker-7-tc2/source:/opt/rustwide/workdir:ro,Z" "-v" "/var/lib/crater-agent-workspace/builds/worker-7-tc2/target:/opt/rustwide/target:rw,Z" "-v" "/var/lib/crater-agent-workspace/cargo-home:/opt/rustwide/cargo-home:ro,Z" "-v" "/var/lib/crater-agent-workspace/rustup-home:/opt/rustwide/rustup-home:ro,Z" "-m" "1610612736" "--network" "none" "ghcr.io/rust-lang/crates-build-env/linux@sha256:77db811e55d90add9212f6832c23229e3de5f1c1f9905e8cb07319ea15df73ac" "sleep" "infinity", kill_on_drop: false }`
[INFO] [stdout] 89eed0f81874e8e01427748c8d058c0c5cdba0550ab2a6ec8b1f31e797876270
[INFO] running `Command { std: "docker" "start" "89eed0f81874e8e01427748c8d058c0c5cdba0550ab2a6ec8b1f31e797876270", kill_on_drop: false }`
[INFO] running `Command { std: "docker" "inspect" "89eed0f81874e8e01427748c8d058c0c5cdba0550ab2a6ec8b1f31e797876270", kill_on_drop: false }`
[INFO] running `Command { std: "docker" "exec" "-e" "SOURCE_DIR=/opt/rustwide/workdir" "-e" "CARGO_HOME=/opt/rustwide/cargo-home" "-e" "RUSTUP_HOME=/opt/rustwide/rustup-home" "-e" "CARGO_TARGET_DIR=/opt/rustwide/target" "-w" "/opt/rustwide/workdir" "--user" "0:0" "89eed0f81874e8e01427748c8d058c0c5cdba0550ab2a6ec8b1f31e797876270" "/opt/rustwide/cargo-home/bin/cargo" "+1.100.0-beta.1" "metadata" "--no-deps" "--format-version=1", kill_on_drop: false }`
[INFO] running `Command { std: "docker" "inspect" "89eed0f81874e8e01427748c8d058c0c5cdba0550ab2a6ec8b1f31e797876270", kill_on_drop: false }`
[INFO] running `Command { std: "docker" "exec" "-e" "SOURCE_DIR=/opt/rustwide/workdir" "-e" "CARGO_HOME=/opt/rustwide/cargo-home" "-e" "RUSTUP_HOME=/opt/rustwide/rustup-home" "-e" "CARGO_TARGET_DIR=/opt/rustwide/target" "-e" "CARGO_INCREMENTAL=0" "-e" "RUST_BACKTRACE=full" "-e" "RUSTFLAGS=--cap-lints=warn" "-e" "RUSTDOCFLAGS=--cap-lints=warn" "-w" "/opt/rustwide/workdir" "--user" "0:0" "89eed0f81874e8e01427748c8d058c0c5cdba0550ab2a6ec8b1f31e797876270" "/opt/rustwide/cargo-home/bin/cargo" "+1.100.0-beta.1" "build" "--frozen" "--message-format=json" "--release", kill_on_drop: false }`
[INFO] [stderr]    Compiling anstyle v1.0.13
[INFO] [stderr]    Compiling clap_lex v0.7.7
[INFO] [stderr]    Compiling syn v2.0.114
[INFO] [stderr]    Compiling digest v0.10.7
[INFO] [stderr]    Compiling sha2 v0.10.9
[INFO] [stderr]    Compiling anstream v0.6.21
[INFO] [stderr]    Compiling clap_builder v4.5.56
[INFO] [stderr]    Compiling lzma-rust2 v0.16.2
[INFO] [stderr]    Compiling thiserror-impl v2.0.18
[INFO] [stderr]    Compiling clap_derive v4.5.55
[INFO] [stderr]    Compiling thiserror v2.0.18
[INFO] [stderr]    Compiling clap v4.5.56
[INFO] [stderr]    Compiling sevenzip-mt v0.2.2 (/opt/rustwide/workdir)
[INFO] [stderr]     Finished `release` profile [optimized] target(s) in 19.20s
[INFO] running `Command { std: "docker" "inspect" "89eed0f81874e8e01427748c8d058c0c5cdba0550ab2a6ec8b1f31e797876270", kill_on_drop: false }`
[INFO] running `Command { std: "docker" "exec" "-e" "SOURCE_DIR=/opt/rustwide/workdir" "-e" "CARGO_HOME=/opt/rustwide/cargo-home" "-e" "RUSTUP_HOME=/opt/rustwide/rustup-home" "-e" "CARGO_TARGET_DIR=/opt/rustwide/target" "-e" "CARGO_INCREMENTAL=0" "-e" "RUST_BACKTRACE=full" "-e" "RUSTFLAGS=--cap-lints=warn" "-e" "RUSTDOCFLAGS=--cap-lints=warn" "-w" "/opt/rustwide/workdir" "--user" "0:0" "89eed0f81874e8e01427748c8d058c0c5cdba0550ab2a6ec8b1f31e797876270" "/opt/rustwide/cargo-home/bin/cargo" "+1.100.0-beta.1" "test" "--frozen" "--no-run" "--message-format=json" "--release", kill_on_drop: false }`
[INFO] [stderr]    Compiling libc v0.2.180
[INFO] [stderr]    Compiling getrandom v0.3.4
[INFO] [stderr]    Compiling tempfile v3.24.0
[INFO] [stderr]    Compiling sevenzip-mt v0.2.2 (/opt/rustwide/workdir)
[INFO] [stderr]     Finished `release` profile [optimized] target(s) in 6.54s
[INFO] running `Command { std: "docker" "inspect" "89eed0f81874e8e01427748c8d058c0c5cdba0550ab2a6ec8b1f31e797876270", kill_on_drop: false }`
[INFO] running `Command { std: "docker" "exec" "-e" "SOURCE_DIR=/opt/rustwide/workdir" "-e" "CARGO_HOME=/opt/rustwide/cargo-home" "-e" "RUSTUP_HOME=/opt/rustwide/rustup-home" "-e" "CARGO_TARGET_DIR=/opt/rustwide/target" "-e" "CARGO_INCREMENTAL=0" "-e" "RUST_BACKTRACE=full" "-e" "RUSTFLAGS=--cap-lints=warn" "-e" "RUSTDOCFLAGS=--cap-lints=warn" "-w" "/opt/rustwide/workdir" "--user" "0:0" "89eed0f81874e8e01427748c8d058c0c5cdba0550ab2a6ec8b1f31e797876270" "/opt/rustwide/cargo-home/bin/cargo" "+1.100.0-beta.1" "test" "--frozen" "--release", kill_on_drop: false }`
[INFO] [stderr]     Finished `release` profile [optimized] target(s) in 0.06s
[INFO] [stderr]      Running unittests src/lib.rs (/opt/rustwide/target/release/build/sevenzip-mt/70731dcd7775a378/out/sevenzip_mt-70731dcd7775a378)
[INFO] [stdout] 
[INFO] [stdout] running 34 tests
[INFO] [stdout] test archive::writer::tests::test_signature_header_starts_with_signature ... ok
[INFO] [stdout] test archive::writer::tests::test_signature_header_size ... ok
[INFO] [stdout] test archive::header::tests::test_serialize_header_with_one_file ... ok
[INFO] [stdout] test compression::block::tests::test_split_single_block ... ok
[INFO] [stdout] test compression::lzma2::tests::test_decode_dict_size_roundtrip ... ok
[INFO] [stdout] test archive::header::tests::test_serialize_empty_archive ... ok
[INFO] [stdout] test compression::lzma2::tests::test_effective_block_size_custom ... ok
[INFO] [stdout] test archive::header::tests::test_unix_to_filetime ... ok
[INFO] [stdout] test compression::block::tests::test_split_exact ... ok
[INFO] [stdout] test archive::writer::tests::test_signature_header_crc_covers_20_bytes ... ok
[INFO] [stdout] test compression::lzma2::tests::test_effective_block_size_default ... ok
[INFO] [stdout] test compression::lzma2::tests::test_concatenate_empty_input ... ok
[INFO] [stdout] test compression::lzma2::tests::test_effective_block_size_minimum ... ok
[INFO] [stdout] test compression::lzma2::tests::test_concatenate_invalid_stream ... ok
[INFO] [stdout] test compression::lzma2::tests::test_compress_block_empty ... ok
[INFO] [stdout] test compression::block::tests::test_split_empty ... ok
[INFO] [stdout] test compression::block::tests::test_split_remainder ... ok
[INFO] [stdout] test io::writer::tests::test_utf16le_string ... ok
[INFO] [stdout] test compression::lzma2::tests::test_encode_properties_byte_small ... ok
[INFO] [stdout] test threading::scheduler::tests::test_chunks_vec ... ok
[INFO] [stdout] test io::seek::tests::test_counting_writer ... ok
[INFO] [stdout] test io::writer::tests::test_bool_vector ... ok
[INFO] [stdout] test io::writer::tests::test_number_nine_bytes ... ok
[INFO] [stdout] test compression::lzma2::tests::test_encode_properties_byte_known ... ok
[INFO] [stdout] test io::writer::tests::test_number_two_bytes ... ok
[INFO] [stdout] test threading::worker::tests::test_compress_raw_block ... ok
[INFO] [stdout] test io::writer::tests::test_number_three_bytes ... ok
[INFO] [stdout] test io::writer::tests::test_number_single_byte ... ok
[INFO] [stdout] test compression::lzma2::tests::test_compress_block_basic ... ok
[INFO] [stdout] test compression::lzma2::tests::test_concatenate_single_stream ... ok
[INFO] [stdout] test compression::lzma2::tests::test_concatenate_multiple_streams ... ok
[INFO] [stdout] test threading::scheduler::tests::test_compress_parallel_ordering ... ok
[INFO] [stdout] test threading::scheduler::tests::test_compress_streaming_batched ... ok
[INFO] [stdout] test threading::scheduler::tests::test_compress_parallel_with_explicit_threads ... ok
[INFO] [stdout] 
[INFO] [stdout] test result: ok. 34 passed; 0 failed; 0 ignored; 0 measured; 0 filtered out; finished in 0.10s
[INFO] [stdout] 
[INFO] [stderr]      Running unittests src/main.rs (/opt/rustwide/target/release/build/sevenzip-mt/b27adddbdad883bc/out/sevenzip_mt-b27adddbdad883bc)
[INFO] [stdout] 
[INFO] [stdout] running 0 tests
[INFO] [stdout] 
[INFO] [stdout] test result: ok. 0 passed; 0 failed; 0 ignored; 0 measured; 0 filtered out; finished in 0.00s
[INFO] [stdout] 
[INFO] [stderr]      Running tests/integration.rs (/opt/rustwide/target/release/build/sevenzip-mt/bb417a75371c25a1/out/integration-bb417a75371c25a1)
[INFO] [stdout] 
[INFO] [stdout] running 8 tests
[INFO] [stdout] test test_intra_file_block_splitting ... FAILED
[INFO] [stdout] test test_empty_file_in_archive ... FAILED
[INFO] [stdout] test test_add_file_from_disk ... FAILED
[INFO] [stdout] test test_create_and_extract_multiple_files ... FAILED
[INFO] [stdout] test test_finish_with_progress ... FAILED
[INFO] [stdout] test test_create_and_extract_single_file ... FAILED
[INFO] [stdout] test test_file_spanning_multiple_batches ... FAILED
[INFO] [stdout] test test_large_file_compression ... FAILED
[INFO] [stdout] 
[INFO] [stdout] failures:
[INFO] [stdout] 
[INFO] [stdout] ---- test_intra_file_block_splitting stdout ----
[INFO] [stdout] 
[INFO] [stdout] thread 'test_intra_file_block_splitting' (655) panicked at tests/integration.rs:314:10:
[INFO] [stdout] failed to run 7z: Os { code: 2, kind: NotFound, message: "No such file or directory" }
[INFO] [stdout] stack backtrace:
[INFO] [stdout]    0:     0x573be3797571 - <<std[617be2ca0a6fd877]::sys::backtrace::BacktraceLock>::print::DisplayBacktrace as core[a373ad73a504971]::fmt::Display>::fmt
[INFO] [stdout]    1:     0x573be37ac54a - core[a373ad73a504971]::fmt::write
[INFO] [stdout]    2:     0x573be379bb2c - <alloc[2e1b2a31b91974c5]::vec::Vec<u8> as core[a373ad73a504971]::io::write::Write>::write_fmt
[INFO] [stdout]    3:     0x573be3771dd6 - std[617be2ca0a6fd877]::panicking::default_hook::{closure#0}
[INFO] [stdout]    4:     0x573be378ee79 - std[617be2ca0a6fd877]::panicking::default_hook
[INFO] [stdout]    5:     0x573be3706c10 - test[aada8e7e76ba119b]::test_main_inner::{closure#0}
[INFO] [stdout]    6:     0x573be378f1a2 - std[617be2ca0a6fd877]::panicking::panic_with_hook
[INFO] [stdout]    7:     0x573be3771e82 - std[617be2ca0a6fd877]::panicking::panic_handler::{closure#0}
[INFO] [stdout]    8:     0x573be376a8e9 - std[617be2ca0a6fd877]::sys::backtrace::__rust_end_short_backtrace::<std[617be2ca0a6fd877]::panicking::panic_handler::{closure#0}, !>
[INFO] [stdout]    9:     0x573be3772a8d - __rustc[ea4f61d10b84890b]::rust_begin_unwind
[INFO] [stdout]   10:     0x573be37acc7c - core[a373ad73a504971]::panicking::panic_fmt
[INFO] [stdout]   11:     0x573be37aca52 - core[a373ad73a504971]::result::unwrap_failed
[INFO] [stdout]   12:     0x573be36eb887 - <integration[1f2859b2f650b067]::test_intra_file_block_splitting::{closure#0} as core[a373ad73a504971]::ops::function::FnOnce<()>>::call_once
[INFO] [stdout]   13:     0x573be36fa05b - test[aada8e7e76ba119b]::__rust_begin_short_backtrace::<core[a373ad73a504971]::result::Result<(), alloc[2e1b2a31b91974c5]::string::String>, fn() -> core[a373ad73a504971]::result::Result<(), alloc[2e1b2a31b91974c5]::string::String>>
[INFO] [stdout]   14:     0x573be3707235 - test[aada8e7e76ba119b]::run_test::{closure#0}
[INFO] [stdout]   15:     0x573be3700b24 - std[617be2ca0a6fd877]::sys::backtrace::__rust_begin_short_backtrace::<test[aada8e7e76ba119b]::run_test::{closure#1}, ()>
[INFO] [stdout]   16:     0x573be370a2c2 - <std[617be2ca0a6fd877]::thread::lifecycle::spawn_unchecked<test[aada8e7e76ba119b]::run_test::{closure#1}, ()>::{closure#1} as core[a373ad73a504971]::ops::function::FnOnce<()>>::call_once::{shim:vtable#0}
[INFO] [stdout]   17:     0x573be37968cf - <std[617be2ca0a6fd877]::sys::thread::unix::Thread>::new::thread_start
[INFO] [stdout]   18:     0x7fe93e811dfa - <unknown>
[INFO] [stdout]   19:     0x7fe93e8a53d4 - clone
[INFO] [stdout]   20:                0x0 - <unknown>
[INFO] [stdout] 
[INFO] [stdout] ---- test_empty_file_in_archive stdout ----
[INFO] [stdout] 
[INFO] [stdout] thread 'test_empty_file_in_archive' (652) panicked at tests/integration.rs:200:10:
[INFO] [stdout] failed to run 7z: Os { code: 2, kind: NotFound, message: "No such file or directory" }
[INFO] [stdout] stack backtrace:
[INFO] [stdout]    0:     0x573be3797571 - <<std[617be2ca0a6fd877]::sys::backtrace::BacktraceLock>::print::DisplayBacktrace as core[a373ad73a504971]::fmt::Display>::fmt
[INFO] [stdout]    1:     0x573be37ac54a - core[a373ad73a504971]::fmt::write
[INFO] [stdout]    2:     0x573be379bb2c - <alloc[2e1b2a31b91974c5]::vec::Vec<u8> as core[a373ad73a504971]::io::write::Write>::write_fmt
[INFO] [stdout]    3:     0x573be3771dd6 - std[617be2ca0a6fd877]::panicking::default_hook::{closure#0}
[INFO] [stdout]    4:     0x573be378ee79 - std[617be2ca0a6fd877]::panicking::default_hook
[INFO] [stdout]    5:     0x573be3706c10 - test[aada8e7e76ba119b]::test_main_inner::{closure#0}
[INFO] [stdout]    6:     0x573be378f1a2 - std[617be2ca0a6fd877]::panicking::panic_with_hook
[INFO] [stdout]    7:     0x573be3771e82 - std[617be2ca0a6fd877]::panicking::panic_handler::{closure#0}
[INFO] [stdout]    8:     0x573be376a8e9 - std[617be2ca0a6fd877]::sys::backtrace::__rust_end_short_backtrace::<std[617be2ca0a6fd877]::panicking::panic_handler::{closure#0}, !>
[INFO] [stdout]    9:     0x573be3772a8d - __rustc[ea4f61d10b84890b]::rust_begin_unwind
[INFO] [stdout]   10:     0x573be37acc7c - core[a373ad73a504971]::panicking::panic_fmt
[INFO] [stdout]   11:     0x573be37aca52 - core[a373ad73a504971]::result::unwrap_failed
[INFO] [stdout]   12:     0x573be36e9490 - <integration[1f2859b2f650b067]::test_empty_file_in_archive::{closure#0} as core[a373ad73a504971]::ops::function::FnOnce<()>>::call_once
[INFO] [stdout]   13:     0x573be36fa05b - test[aada8e7e76ba119b]::__rust_begin_short_backtrace::<core[a373ad73a504971]::result::Result<(), alloc[2e1b2a31b91974c5]::string::String>, fn() -> core[a373ad73a504971]::result::Result<(), alloc[2e1b2a31b91974c5]::string::String>>
[INFO] [stdout]   14:     0x573be3707235 - test[aada8e7e76ba119b]::run_test::{closure#0}
[INFO] [stdout]   15:     0x573be3700b24 - std[617be2ca0a6fd877]::sys::backtrace::__rust_begin_short_backtrace::<test[aada8e7e76ba119b]::run_test::{closure#1}, ()>
[INFO] [stdout]   16:     0x573be370a2c2 - <std[617be2ca0a6fd877]::thread::lifecycle::spawn_unchecked<test[aada8e7e76ba119b]::run_test::{closure#1}, ()>::{closure#1} as core[a373ad73a504971]::ops::function::FnOnce<()>>::call_once::{shim:vtable#0}
[INFO] [stdout]   17:     0x573be37968cf - <std[617be2ca0a6fd877]::sys::thread::unix::Thread>::new::thread_start
[INFO] [stdout]   18:     0x7fe93e811dfa - <unknown>
[INFO] [stdout]   19:     0x7fe93e8a53d4 - clone
[INFO] [stdout]   20:                0x0 - <unknown>
[INFO] [stdout] 
[INFO] [stdout] ---- test_add_file_from_disk stdout ----
[INFO] [stdout] 
[INFO] [stdout] thread 'test_add_file_from_disk' (649) panicked at tests/integration.rs:156:10:
[INFO] [stdout] failed to run 7z: Os { code: 2, kind: NotFound, message: "No such file or directory" }
[INFO] [stdout] stack backtrace:
[INFO] [stdout]    0:     0x573be3797571 - <<std[617be2ca0a6fd877]::sys::backtrace::BacktraceLock>::print::DisplayBacktrace as core[a373ad73a504971]::fmt::Display>::fmt
[INFO] [stdout]    1:     0x573be37ac54a - core[a373ad73a504971]::fmt::write
[INFO] [stdout]    2:     0x573be379bb2c - <alloc[2e1b2a31b91974c5]::vec::Vec<u8> as core[a373ad73a504971]::io::write::Write>::write_fmt
[INFO] [stdout]    3:     0x573be3771dd6 - std[617be2ca0a6fd877]::panicking::default_hook::{closure#0}
[INFO] [stdout]    4:     0x573be378ee79 - std[617be2ca0a6fd877]::panicking::default_hook
[INFO] [stdout]    5:     0x573be3706c10 - test[aada8e7e76ba119b]::test_main_inner::{closure#0}
[INFO] [stdout]    6:     0x573be378f1a2 - std[617be2ca0a6fd877]::panicking::panic_with_hook
[INFO] [stdout]    7:     0x573be3771e82 - std[617be2ca0a6fd877]::panicking::panic_handler::{closure#0}
[INFO] [stdout]    8:     0x573be376a8e9 - std[617be2ca0a6fd877]::sys::backtrace::__rust_end_short_backtrace::<std[617be2ca0a6fd877]::panicking::panic_handler::{closure#0}, !>
[INFO] [stdout]    9:     0x573be3772a8d - __rustc[ea4f61d10b84890b]::rust_begin_unwind
[INFO] [stdout]   10:     0x573be37acc7c - core[a373ad73a504971]::panicking::panic_fmt
[INFO] [stdout]   11:     0x573be37aca52 - core[a373ad73a504971]::result::unwrap_failed
[INFO] [stdout]   12:     0x573be36e7236 - <integration[1f2859b2f650b067]::test_add_file_from_disk::{closure#0} as core[a373ad73a504971]::ops::function::FnOnce<()>>::call_once
[INFO] [stdout]   13:     0x573be36fa05b - test[aada8e7e76ba119b]::__rust_begin_short_backtrace::<core[a373ad73a504971]::result::Result<(), alloc[2e1b2a31b91974c5]::string::String>, fn() -> core[a373ad73a504971]::result::Result<(), alloc[2e1b2a31b91974c5]::string::String>>
[INFO] [stdout]   14:     0x573be3707235 - test[aada8e7e76ba119b]::run_test::{closure#0}
[INFO] [stdout]   15:     0x573be3700b24 - std[617be2ca0a6fd877]::sys::backtrace::__rust_begin_short_backtrace::<test[aada8e7e76ba119b]::run_test::{closure#1}, ()>
[INFO] [stdout]   16:     0x573be370a2c2 - <std[617be2ca0a6fd877]::thread::lifecycle::spawn_unchecked<test[aada8e7e76ba119b]::run_test::{closure#1}, ()>::{closure#1} as core[a373ad73a504971]::ops::function::FnOnce<()>>::call_once::{shim:vtable#0}
[INFO] [stdout]   17:     0x573be37968cf - <std[617be2ca0a6fd877]::sys::thread::unix::Thread>::new::thread_start
[INFO] [stdout]   18:     0x7fe93e811dfa - <unknown>
[INFO] [stdout]   19:     0x7fe93e8a53d4 - clone
[INFO] [stdout]   20:                0x0 - <unknown>
[INFO] [stdout] 
[INFO] [stdout] ---- test_create_and_extract_multiple_files stdout ----
[INFO] [stdout] 
[INFO] [stdout] thread 'test_create_and_extract_multiple_files' (650) panicked at tests/integration.rs:95:10:
[INFO] [stdout] failed to run 7z: Os { code: 2, kind: NotFound, message: "No such file or directory" }
[INFO] [stdout] stack backtrace:
[INFO] [stdout]    0:     0x573be3797571 - <<std[617be2ca0a6fd877]::sys::backtrace::BacktraceLock>::print::DisplayBacktrace as core[a373ad73a504971]::fmt::Display>::fmt
[INFO] [stdout]    1:     0x573be37ac54a - core[a373ad73a504971]::fmt::write
[INFO] [stdout]    2:     0x573be379bb2c - <alloc[2e1b2a31b91974c5]::vec::Vec<u8> as core[a373ad73a504971]::io::write::Write>::write_fmt
[INFO] [stdout]    3:     0x573be3771dd6 - std[617be2ca0a6fd877]::panicking::default_hook::{closure#0}
[INFO] [stdout]    4:     0x573be378ee79 - std[617be2ca0a6fd877]::panicking::default_hook
[INFO] [stdout]    5:     0x573be3706c10 - test[aada8e7e76ba119b]::test_main_inner::{closure#0}
[INFO] [stdout]    6:     0x573be378f1a2 - std[617be2ca0a6fd877]::panicking::panic_with_hook
[INFO] [stdout]    7:     0x573be3771e82 - std[617be2ca0a6fd877]::panicking::panic_handler::{closure#0}
[INFO] [stdout]    8:     0x573be376a8e9 - std[617be2ca0a6fd877]::sys::backtrace::__rust_end_short_backtrace::<std[617be2ca0a6fd877]::panicking::panic_handler::{closure#0}, !>
[INFO] [stdout]    9:     0x573be3772a8d - __rustc[ea4f61d10b84890b]::rust_begin_unwind
[INFO] [stdout]   10:     0x573be37acc7c - core[a373ad73a504971]::panicking::panic_fmt
[INFO] [stdout]   11:     0x573be37aca52 - core[a373ad73a504971]::result::unwrap_failed
[INFO] [stdout]   12:     0x573be36ef0bd - <integration[1f2859b2f650b067]::test_create_and_extract_multiple_files::{closure#0} as core[a373ad73a504971]::ops::function::FnOnce<()>>::call_once
[INFO] [stdout]   13:     0x573be36fa05b - test[aada8e7e76ba119b]::__rust_begin_short_backtrace::<core[a373ad73a504971]::result::Result<(), alloc[2e1b2a31b91974c5]::string::String>, fn() -> core[a373ad73a504971]::result::Result<(), alloc[2e1b2a31b91974c5]::string::String>>
[INFO] [stdout]   14:     0x573be3707235 - test[aada8e7e76ba119b]::run_test::{closure#0}
[INFO] [stdout]   15:     0x573be3700b24 - std[617be2ca0a6fd877]::sys::backtrace::__rust_begin_short_backtrace::<test[aada8e7e76ba119b]::run_test::{closure#1}, ()>
[INFO] [stdout]   16:     0x573be370a2c2 - <std[617be2ca0a6fd877]::thread::lifecycle::spawn_unchecked<test[aada8e7e76ba119b]::run_test::{closure#1}, ()>::{closure#1} as core[a373ad73a504971]::ops::function::FnOnce<()>>::call_once::{shim:vtable#0}
[INFO] [stdout]   17:     0x573be37968cf - <std[617be2ca0a6fd877]::sys::thread::unix::Thread>::new::thread_start
[INFO] [stdout]   18:     0x7fe93e811dfa - <unknown>
[INFO] [stdout]   19:     0x7fe93e8a53d4 - clone
[INFO] [stdout]   20:                0x0 - <unknown>
[INFO] [stdout] 
[INFO] [stdout] ---- test_finish_with_progress stdout ----
[INFO] [stdout] 
[INFO] [stdout] thread 'test_finish_with_progress' (654) panicked at tests/integration.rs:483:10:
[INFO] [stdout] failed to run 7z: Os { code: 2, kind: NotFound, message: "No such file or directory" }
[INFO] [stdout] stack backtrace:
[INFO] [stdout]    0:     0x573be3797571 - <<std[617be2ca0a6fd877]::sys::backtrace::BacktraceLock>::print::DisplayBacktrace as core[a373ad73a504971]::fmt::Display>::fmt
[INFO] [stdout]    1:     0x573be37ac54a - core[a373ad73a504971]::fmt::write
[INFO] [stdout]    2:     0x573be379bb2c - <alloc[2e1b2a31b91974c5]::vec::Vec<u8> as core[a373ad73a504971]::io::write::Write>::write_fmt
[INFO] [stdout]    3:     0x573be3771dd6 - std[617be2ca0a6fd877]::panicking::default_hook::{closure#0}
[INFO] [stdout]    4:     0x573be378ee79 - std[617be2ca0a6fd877]::panicking::default_hook
[INFO] [stdout]    5:     0x573be3706c10 - test[aada8e7e76ba119b]::test_main_inner::{closure#0}
[INFO] [stdout]    6:     0x573be378f1a2 - std[617be2ca0a6fd877]::panicking::panic_with_hook
[INFO] [stdout]    7:     0x573be3771e82 - std[617be2ca0a6fd877]::panicking::panic_handler::{closure#0}
[INFO] [stdout]    8:     0x573be376a8e9 - std[617be2ca0a6fd877]::sys::backtrace::__rust_end_short_backtrace::<std[617be2ca0a6fd877]::panicking::panic_handler::{closure#0}, !>
[INFO] [stdout]    9:     0x573be3772a8d - __rustc[ea4f61d10b84890b]::rust_begin_unwind
[INFO] [stdout]   10:     0x573be37acc7c - core[a373ad73a504971]::panicking::panic_fmt
[INFO] [stdout]   11:     0x573be37aca52 - core[a373ad73a504971]::result::unwrap_failed
[INFO] [stdout]   12:     0x573be36e8531 - <integration[1f2859b2f650b067]::test_finish_with_progress::{closure#0} as core[a373ad73a504971]::ops::function::FnOnce<()>>::call_once
[INFO] [stdout]   13:     0x573be36fa05b - test[aada8e7e76ba119b]::__rust_begin_short_backtrace::<core[a373ad73a504971]::result::Result<(), alloc[2e1b2a31b91974c5]::string::String>, fn() -> core[a373ad73a504971]::result::Result<(), alloc[2e1b2a31b91974c5]::string::String>>
[INFO] [stdout]   14:     0x573be3707235 - test[aada8e7e76ba119b]::run_test::{closure#0}
[INFO] [stdout]   15:     0x573be3700b24 - std[617be2ca0a6fd877]::sys::backtrace::__rust_begin_short_backtrace::<test[aada8e7e76ba119b]::run_test::{closure#1}, ()>
[INFO] [stdout]   16:     0x573be370a2c2 - <std[617be2ca0a6fd877]::thread::lifecycle::spawn_unchecked<test[aada8e7e76ba119b]::run_test::{closure#1}, ()>::{closure#1} as core[a373ad73a504971]::ops::function::FnOnce<()>>::call_once::{shim:vtable#0}
[INFO] [stdout]   17:     0x573be37968cf - <std[617be2ca0a6fd877]::sys::thread::unix::Thread>::new::thread_start
[INFO] [stdout]   18:     0x7fe93e811dfa - <unknown>
[INFO] [stdout]   19:     0x7fe93e8a53d4 - clone
[INFO] [stdout]   20:                0x0 - <unknown>
[INFO] [stdout] 
[INFO] [stdout] ---- test_create_and_extract_single_file stdout ----
[INFO] [stdout] 
[INFO] [stdout] thread 'test_create_and_extract_single_file' (651) panicked at tests/integration.rs:34:10:
[INFO] [stdout] failed to run 7z: Os { code: 2, kind: NotFound, message: "No such file or directory" }
[INFO] [stdout] stack backtrace:
[INFO] [stdout]    0:     0x573be3797571 - <<std[617be2ca0a6fd877]::sys::backtrace::BacktraceLock>::print::DisplayBacktrace as core[a373ad73a504971]::fmt::Display>::fmt
[INFO] [stdout]    1:     0x573be37ac54a - core[a373ad73a504971]::fmt::write
[INFO] [stdout]    2:     0x573be379bb2c - <alloc[2e1b2a31b91974c5]::vec::Vec<u8> as core[a373ad73a504971]::io::write::Write>::write_fmt
[INFO] [stdout]    3:     0x573be3771dd6 - std[617be2ca0a6fd877]::panicking::default_hook::{closure#0}
[INFO] [stdout]    4:     0x573be378ee79 - std[617be2ca0a6fd877]::panicking::default_hook
[INFO] [stdout]    5:     0x573be3706c10 - test[aada8e7e76ba119b]::test_main_inner::{closure#0}
[INFO] [stdout]    6:     0x573be378f1a2 - std[617be2ca0a6fd877]::panicking::panic_with_hook
[INFO] [stdout]    7:     0x573be3771e82 - std[617be2ca0a6fd877]::panicking::panic_handler::{closure#0}
[INFO] [stdout]    8:     0x573be376a8e9 - std[617be2ca0a6fd877]::sys::backtrace::__rust_end_short_backtrace::<std[617be2ca0a6fd877]::panicking::panic_handler::{closure#0}, !>
[INFO] [stdout]    9:     0x573be3772a8d - __rustc[ea4f61d10b84890b]::rust_begin_unwind
[INFO] [stdout]   10:     0x573be37acc7c - core[a373ad73a504971]::panicking::panic_fmt
[INFO] [stdout]   11:     0x573be37aca52 - core[a373ad73a504971]::result::unwrap_failed
[INFO] [stdout]   12:     0x573be36ec719 - <integration[1f2859b2f650b067]::test_create_and_extract_single_file::{closure#0} as core[a373ad73a504971]::ops::function::FnOnce<()>>::call_once
[INFO] [stdout]   13:     0x573be36fa05b - test[aada8e7e76ba119b]::__rust_begin_short_backtrace::<core[a373ad73a504971]::result::Result<(), alloc[2e1b2a31b91974c5]::string::String>, fn() -> core[a373ad73a504971]::result::Result<(), alloc[2e1b2a31b91974c5]::string::String>>
[INFO] [stdout]   14:     0x573be3707235 - test[aada8e7e76ba119b]::run_test::{closure#0}
[INFO] [stdout]   15:     0x573be3700b24 - std[617be2ca0a6fd877]::sys::backtrace::__rust_begin_short_backtrace::<test[aada8e7e76ba119b]::run_test::{closure#1}, ()>
[INFO] [stdout]   16:     0x573be370a2c2 - <std[617be2ca0a6fd877]::thread::lifecycle::spawn_unchecked<test[aada8e7e76ba119b]::run_test::{closure#1}, ()>::{closure#1} as core[a373ad73a504971]::ops::function::FnOnce<()>>::call_once::{shim:vtable#0}
[INFO] [stdout]   17:     0x573be37968cf - <std[617be2ca0a6fd877]::sys::thread::unix::Thread>::new::thread_start
[INFO] [stdout]   18:     0x7fe93e811dfa - <unknown>
[INFO] [stdout]   19:     0x7fe93e8a53d4 - clone
[INFO] [stdout]   20:                0x0 - <unknown>
[INFO] [stdout] 
[INFO] [stdout] ---- test_file_spanning_multiple_batches stdout ----
[INFO] [stdout] 
[INFO] [stdout] thread 'test_file_spanning_multiple_batches' (653) panicked at tests/integration.rs:382:10:
[INFO] [stdout] failed to run 7z: Os { code: 2, kind: NotFound, message: "No such file or directory" }
[INFO] [stdout] stack backtrace:
[INFO] [stdout]    0:     0x573be3797571 - <<std[617be2ca0a6fd877]::sys::backtrace::BacktraceLock>::print::DisplayBacktrace as core[a373ad73a504971]::fmt::Display>::fmt
[INFO] [stdout]    1:     0x573be37ac54a - core[a373ad73a504971]::fmt::write
[INFO] [stdout]    2:     0x573be379bb2c - <alloc[2e1b2a31b91974c5]::vec::Vec<u8> as core[a373ad73a504971]::io::write::Write>::write_fmt
[INFO] [stdout]    3:     0x573be3771dd6 - std[617be2ca0a6fd877]::panicking::default_hook::{closure#0}
[INFO] [stdout]    4:     0x573be378ee79 - std[617be2ca0a6fd877]::panicking::default_hook
[INFO] [stdout]    5:     0x573be3706c10 - test[aada8e7e76ba119b]::test_main_inner::{closure#0}
[INFO] [stdout]    6:     0x573be378f1a2 - std[617be2ca0a6fd877]::panicking::panic_with_hook
[INFO] [stdout]    7:     0x573be3771e82 - std[617be2ca0a6fd877]::panicking::panic_handler::{closure#0}
[INFO] [stdout]    8:     0x573be376a8e9 - std[617be2ca0a6fd877]::sys::backtrace::__rust_end_short_backtrace::<std[617be2ca0a6fd877]::panicking::panic_handler::{closure#0}, !>
[INFO] [stdout]    9:     0x573be3772a8d - __rustc[ea4f61d10b84890b]::rust_begin_unwind
[INFO] [stdout]   10:     0x573be37acc7c - core[a373ad73a504971]::panicking::panic_fmt
[INFO] [stdout]   11:     0x573be37aca52 - core[a373ad73a504971]::result::unwrap_failed
[INFO] [stdout]   12:     0x573be36edb46 - <integration[1f2859b2f650b067]::test_file_spanning_multiple_batches::{closure#0} as core[a373ad73a504971]::ops::function::FnOnce<()>>::call_once
[INFO] [stdout]   13:     0x573be36fa05b - test[aada8e7e76ba119b]::__rust_begin_short_backtrace::<core[a373ad73a504971]::result::Result<(), alloc[2e1b2a31b91974c5]::string::String>, fn() -> core[a373ad73a504971]::result::Result<(), alloc[2e1b2a31b91974c5]::string::String>>
[INFO] [stdout]   14:     0x573be3707235 - test[aada8e7e76ba119b]::run_test::{closure#0}
[INFO] [stdout]   15:     0x573be3700b24 - std[617be2ca0a6fd877]::sys::backtrace::__rust_begin_short_backtrace::<test[aada8e7e76ba119b]::run_test::{closure#1}, ()>
[INFO] [stdout]   16:     0x573be370a2c2 - <std[617be2ca0a6fd877]::thread::lifecycle::spawn_unchecked<test[aada8e7e76ba119b]::run_test::{closure#1}, ()>::{closure#1} as core[a373ad73a504971]::ops::function::FnOnce<()>>::call_once::{shim:vtable#0}
[INFO] [stdout]   17:     0x573be37968cf - <std[617be2ca0a6fd877]::sys::thread::unix::Thread>::new::thread_start
[INFO] [stdout]   18:     0x7fe93e811dfa - <unknown>
[INFO] [stdout]   19:     0x7fe93e8a53d4 - clone
[INFO] [stdout]   20:                0x0 - <unknown>
[INFO] [stdout] 
[INFO] [stdout] ---- test_large_file_compression stdout ----
[INFO] [stdout] 
[INFO] [stdout] thread 'test_large_file_compression' (656) panicked at tests/integration.rs:261:10:
[INFO] [stdout] failed to run 7z: Os { code: 2, kind: NotFound, message: "No such file or directory" }
[INFO] [stdout] stack backtrace:
[INFO] [stdout]    0:     0x573be3797571 - <<std[617be2ca0a6fd877]::sys::backtrace::BacktraceLock>::print::DisplayBacktrace as core[a373ad73a504971]::fmt::Display>::fmt
[INFO] [stdout]    1:     0x573be37ac54a - core[a373ad73a504971]::fmt::write
[INFO] [stdout]    2:     0x573be379bb2c - <alloc[2e1b2a31b91974c5]::vec::Vec<u8> as core[a373ad73a504971]::io::write::Write>::write_fmt
[INFO] [stdout]    3:     0x573be3771dd6 - std[617be2ca0a6fd877]::panicking::default_hook::{closure#0}
[INFO] [stdout]    4:     0x573be378ee79 - std[617be2ca0a6fd877]::panicking::default_hook
[INFO] [stdout]    5:     0x573be3706c10 - test[aada8e7e76ba119b]::test_main_inner::{closure#0}
[INFO] [stdout]    6:     0x573be378f1a2 - std[617be2ca0a6fd877]::panicking::panic_with_hook
[INFO] [stdout]    7:     0x573be3771e82 - std[617be2ca0a6fd877]::panicking::panic_handler::{closure#0}
[INFO] [stdout]    8:     0x573be376a8e9 - std[617be2ca0a6fd877]::sys::backtrace::__rust_end_short_backtrace::<std[617be2ca0a6fd877]::panicking::panic_handler::{closure#0}, !>
[INFO] [stdout]    9:     0x573be3772a8d - __rustc[ea4f61d10b84890b]::rust_begin_unwind
[INFO] [stdout]   10:     0x573be37acc7c - core[a373ad73a504971]::panicking::panic_fmt
[INFO] [stdout]   11:     0x573be37aca52 - core[a373ad73a504971]::result::unwrap_failed
[INFO] [stdout]   12:     0x573be36ea63f - <integration[1f2859b2f650b067]::test_large_file_compression::{closure#0} as core[a373ad73a504971]::ops::function::FnOnce<()>>::call_once
[INFO] [stdout]   13:     0x573be36fa05b - test[aada8e7e76ba119b]::__rust_begin_short_backtrace::<core[a373ad73a504971]::result::Result<(), alloc[2e1b2a31b91974c5]::string::String>, fn() -> core[a373ad73a504971]::result::Result<(), alloc[2e1b2a31b91974c5]::string::String>>
[INFO] [stdout]   14:     0x573be3707235 - test[aada8e7e76ba119b]::run_test::{closure#0}
[INFO] [stdout]   15:     0x573be3700b24 - std[617be2ca0a6fd877]::sys::backtrace::__rust_begin_short_backtrace::<test[aada8e7e76ba119b]::run_test::{closure#1}, ()>
[INFO] [stdout]   16:     0x573be370a2c2 - <std[617be2ca0a6fd877]::thread::lifecycle::spawn_unchecked<test[aada8e7e76ba119b]::run_test::{closure#1}, ()>::{closure#1} as core[a373ad73a504971]::ops::function::FnOnce<()>>::call_once::{shim:vtable#0}
[INFO] [stdout]   17:     0x573be37968cf - <std[617be2ca0a6fd877]::sys::thread::unix::Thread>::new::thread_start
[INFO] [stdout]   18:     0x7fe93e811dfa - <unknown>
[INFO] [stdout]   19:     0x7fe93e8a53d4 - clone
[INFO] [stdout]   20:                0x0 - <unknown>
[INFO] [stdout] 
[INFO] [stdout] 
[INFO] [stdout] failures:
[INFO] [stdout]     test_add_file_from_disk
[INFO] [stdout]     test_create_and_extract_multiple_files
[INFO] [stdout]     test_create_and_extract_single_file
[INFO] [stdout]     test_empty_file_in_archive
[INFO] [stdout]     test_file_spanning_multiple_batches
[INFO] [stdout]     test_finish_with_progress
[INFO] [stdout]     test_intra_file_block_splitting
[INFO] [stdout]     test_large_file_compression
[INFO] [stdout] 
[INFO] [stdout] test result: FAILED. 0 passed; 8 failed; 0 ignored; 0 measured; 0 filtered out; finished in 0.18s
[INFO] [stdout] 
[INFO] [stderr] error: test failed, to rerun pass `--test integration`
[INFO] running `Command { std: "docker" "inspect" "89eed0f81874e8e01427748c8d058c0c5cdba0550ab2a6ec8b1f31e797876270", kill_on_drop: false }`
[INFO] running `Command { std: "docker" "rm" "-f" "89eed0f81874e8e01427748c8d058c0c5cdba0550ab2a6ec8b1f31e797876270", kill_on_drop: false }`
[INFO] [stdout] 89eed0f81874e8e01427748c8d058c0c5cdba0550ab2a6ec8b1f31e797876270
