[INFO] fetching crate seva 0.1.3...
[INFO] testing seva-0.1.3 against 1.99.0-beta.8+cargoflags=--release for beta-release-1.100-2
[INFO] extracting crate seva 0.1.3 into /workspace/builds/worker-5-tc1/source
[INFO] started tweaking crates.io crate seva 0.1.3
[INFO] finished tweaking crates.io crate seva 0.1.3
[INFO] tweaked toml for crates.io crate seva 0.1.3 written to /workspace/builds/worker-5-tc1/source/Cargo.toml
[INFO] validating manifest of crates.io crate seva 0.1.3 on toolchain 1.99.0-beta.8
[INFO] running `Command { std: CARGO_HOME="/workspace/cargo-home" RUSTUP_HOME="/workspace/rustup-home" "/workspace/cargo-home/bin/cargo" "+1.99.0-beta.8" "metadata" "--manifest-path" "Cargo.toml" "--no-deps", kill_on_drop: false }`
[INFO] crate crates.io crate seva 0.1.3 already has a lockfile, it will not be regenerated
[INFO] running `Command { std: CARGO_HOME="/workspace/cargo-home" RUSTUP_HOME="/workspace/rustup-home" "/workspace/cargo-home/bin/cargo" "+1.99.0-beta.8" "fetch" "--manifest-path" "Cargo.toml", kill_on_drop: false }`
[INFO] [stderr]     Updating crates.io index
[INFO] [stderr]  Downloading crates ...
[INFO] [stderr]   Downloaded thread_local v1.1.7
[INFO] [stderr]   Downloaded valuable v0.1.0
[INFO] [stderr]   Downloaded log v0.4.20
[INFO] [stderr]   Downloaded smallvec v1.12.0
[INFO] [stderr]   Downloaded clap_lex v0.6.0
[INFO] [stderr]   Downloaded wasm-bindgen-shared v0.2.90
[INFO] [stderr]   Downloaded fastrand v2.0.1
[INFO] [stderr]   Downloaded pest_generator v2.7.6
[INFO] [stderr]   Downloaded tracing-subscriber v0.3.18
[INFO] [stderr]   Downloaded tower-service v0.3.2
[INFO] [stderr]   Downloaded native-tls v0.2.11
[INFO] [stderr]   Downloaded tempfile v3.9.0
[INFO] [stderr]   Downloaded errno v0.3.8
[INFO] [stderr]   Downloaded security-framework-sys v2.9.1
[INFO] [stderr]   Downloaded core-foundation-sys v0.8.6
[INFO] [stderr]   Downloaded openssl-probe v0.1.5
[INFO] [stderr]   Downloaded itoa v1.0.10
[INFO] [stderr]   Downloaded getrandom v0.2.12
[INFO] [stderr]   Downloaded thiserror v1.0.56
[INFO] [stderr]   Downloaded windows-targets v0.52.0
[INFO] [stderr]   Downloaded redox_syscall v0.4.1
[INFO] [stderr]   Downloaded cpufeatures v0.2.12
[INFO] [stderr]   Downloaded thiserror-impl v1.0.56
[INFO] [stderr]   Downloaded wasm-bindgen-futures v0.4.40
[INFO] [stderr]   Downloaded tinyvec v1.6.0
[INFO] [stderr]   Downloaded ryu v1.0.16
[INFO] [stderr]   Downloaded tracing-attributes v0.1.27
[INFO] [stderr]   Downloaded maplit v1.0.2
[INFO] [stderr]   Downloaded ctrlc v3.4.2
[INFO] [stderr]   Downloaded hermit-abi v0.3.3
[INFO] [stderr]   Downloaded schannel v0.1.23
[INFO] [stderr]   Downloaded pkg-config v0.3.28
[INFO] [stderr]   Downloaded ipnet v2.9.0
[INFO] [stderr]   Downloaded httparse v1.8.0
[INFO] [stderr]   Downloaded pest_derive v2.7.6
[INFO] [stderr]   Downloaded iana-time-zone v0.1.59
[INFO] [stderr]   Downloaded wasm-bindgen-macro v0.2.90
[INFO] [stderr]   Downloaded ppv-lite86 v0.2.17
[INFO] [stderr]   Downloaded contracts v0.6.3
[INFO] [stderr]   Downloaded clap_derive v4.4.7
[INFO] [stderr]   Downloaded anstream v0.6.7
[INFO] [stderr]   Downloaded wasm-bindgen-macro-support v0.2.90
[INFO] [stderr]   Downloaded wasm-bindgen-backend v0.2.90
[INFO] [stderr]   Downloaded unicode-bidi v0.3.14
[INFO] [stderr]   Downloaded bitflags v2.4.1
[INFO] [stderr]   Downloaded indexmap v2.1.0
[INFO] [stderr]   Downloaded pest_meta v2.7.6
[INFO] [stderr]   Downloaded ucd-trie v0.1.6
[INFO] [stderr]   Downloaded clap v4.4.17
[INFO] [stderr]   Downloaded openssl-sys v0.9.98
[INFO] [stderr]   Downloaded num-traits v0.2.17
[INFO] [stderr]   Downloaded url v2.5.0
[INFO] [stderr]   Downloaded socket2 v0.5.5
[INFO] [stderr]   Downloaded serde_json v1.0.111
[INFO] [stderr]   Downloaded http v0.2.11
[INFO] [stderr]   Downloaded handlebars v4.5.0
[INFO] [stderr]   Downloaded bumpalo v3.14.0
[INFO] [stderr]   Downloaded js-sys v0.3.67
[INFO] [stderr]   Downloaded security-framework v2.9.2
[INFO] [stderr]   Downloaded tokio-util v0.7.10
[INFO] [stderr]   Downloaded mio v0.8.10
[INFO] [stderr]   Downloaded pest v2.7.6
[INFO] [stderr]   Downloaded unicode-normalization v0.1.22
[INFO] [stderr]   Downloaded hashbrown v0.14.3
[INFO] [stderr]   Downloaded reqwest v0.11.23
[INFO] [stderr]   Downloaded wasm-bindgen v0.2.90
[INFO] [stderr]   Downloaded h2 v0.3.23
[INFO] [stderr]   Downloaded clap_builder v4.4.17
[INFO] [stderr]   Downloaded hyper v0.14.28
[INFO] [stderr]   Downloaded nix v0.27.1
[INFO] [stderr]   Downloaded chrono v0.4.31
[INFO] [stderr]   Downloaded openssl v0.10.62
[INFO] [stderr]   Downloaded rustix v0.38.30
[INFO] [stderr]   Downloaded windows_aarch64_gnullvm v0.52.0
[INFO] [stderr]   Downloaded windows_x86_64_gnullvm v0.52.0
[INFO] [stderr]   Downloaded web-sys v0.3.67
[INFO] [stderr]   Downloaded windows_aarch64_msvc v0.52.0
[INFO] [stderr]   Downloaded windows_x86_64_msvc v0.52.0
[INFO] [stderr]   Downloaded windows_x86_64_gnu v0.52.0
[INFO] [stderr]   Downloaded windows_i686_msvc v0.52.0
[INFO] [stderr]   Downloaded windows_i686_gnu v0.52.0
[INFO] [stderr]   Downloaded encoding_rs v0.8.33
[INFO] [stderr]   Downloaded linux-raw-sys v0.4.12
[INFO] running `Command { std: "docker" "create" "-v" "/var/lib/crater-agent-workspace/builds/worker-5-tc1/source:/opt/rustwide/workdir:ro,Z" "-v" "/var/lib/crater-agent-workspace/builds/worker-5-tc1/target:/opt/rustwide/target:rw,Z" "-v" "/var/lib/crater-agent-workspace/cargo-home:/opt/rustwide/cargo-home:ro,Z" "-v" "/var/lib/crater-agent-workspace/rustup-home:/opt/rustwide/rustup-home:ro,Z" "-m" "1610612736" "--network" "none" "ghcr.io/rust-lang/crates-build-env/linux@sha256:77db811e55d90add9212f6832c23229e3de5f1c1f9905e8cb07319ea15df73ac" "sleep" "infinity", kill_on_drop: false }`
[INFO] [stdout] b5dd206d2f74113c869ea2b48c001832cbf9b6bc06696cbf0a902a4e31a42eee
[INFO] running `Command { std: "docker" "start" "b5dd206d2f74113c869ea2b48c001832cbf9b6bc06696cbf0a902a4e31a42eee", kill_on_drop: false }`
[INFO] running `Command { std: "docker" "inspect" "b5dd206d2f74113c869ea2b48c001832cbf9b6bc06696cbf0a902a4e31a42eee", kill_on_drop: false }`
[INFO] running `Command { std: "docker" "exec" "-e" "SOURCE_DIR=/opt/rustwide/workdir" "-e" "CARGO_HOME=/opt/rustwide/cargo-home" "-e" "RUSTUP_HOME=/opt/rustwide/rustup-home" "-e" "CARGO_TARGET_DIR=/opt/rustwide/target" "-w" "/opt/rustwide/workdir" "--user" "0:0" "b5dd206d2f74113c869ea2b48c001832cbf9b6bc06696cbf0a902a4e31a42eee" "/opt/rustwide/cargo-home/bin/cargo" "+1.99.0-beta.8" "metadata" "--no-deps" "--format-version=1", kill_on_drop: false }`
[INFO] running `Command { std: "docker" "inspect" "b5dd206d2f74113c869ea2b48c001832cbf9b6bc06696cbf0a902a4e31a42eee", kill_on_drop: false }`
[INFO] running `Command { std: "docker" "exec" "-e" "SOURCE_DIR=/opt/rustwide/workdir" "-e" "CARGO_HOME=/opt/rustwide/cargo-home" "-e" "RUSTUP_HOME=/opt/rustwide/rustup-home" "-e" "CARGO_TARGET_DIR=/opt/rustwide/target" "-e" "CARGO_INCREMENTAL=0" "-e" "RUST_BACKTRACE=full" "-e" "RUSTFLAGS=--cap-lints=warn" "-e" "RUSTDOCFLAGS=--cap-lints=warn" "-w" "/opt/rustwide/workdir" "--user" "0:0" "b5dd206d2f74113c869ea2b48c001832cbf9b6bc06696cbf0a902a4e31a42eee" "/opt/rustwide/cargo-home/bin/cargo" "+1.99.0-beta.8" "build" "--frozen" "--message-format=json" "--release", kill_on_drop: false }`
[INFO] [stderr]    Compiling proc-macro2 v1.0.76
[INFO] [stderr]    Compiling thiserror v1.0.56
[INFO] [stderr]    Compiling serde v1.0.195
[INFO] [stderr]    Compiling ucd-trie v0.1.6
[INFO] [stderr]    Compiling memchr v2.7.1
[INFO] [stderr]    Compiling once_cell v1.19.0
[INFO] [stderr]    Compiling libc v0.2.152
[INFO] [stderr]    Compiling log v0.4.20
[INFO] [stderr]    Compiling anstyle v1.0.4
[INFO] [stderr]    Compiling syn v1.0.109
[INFO] [stderr]    Compiling num-traits v0.2.17
[INFO] [stderr]    Compiling tracing-core v0.1.32
[INFO] [stderr]    Compiling serde_json v1.0.111
[INFO] [stderr]    Compiling strsim v0.10.0
[INFO] [stderr]    Compiling clap_lex v0.6.0
[INFO] [stderr]    Compiling ryu v1.0.16
[INFO] [stderr]    Compiling itoa v1.0.10
[INFO] [stderr]    Compiling lazy_static v1.4.0
[INFO] [stderr]    Compiling overload v0.1.1
[INFO] [stderr]    Compiling bitflags v2.4.1
[INFO] [stderr]    Compiling sharded-slab v0.1.7
[INFO] [stderr]    Compiling anstream v0.6.7
[INFO] [stderr]    Compiling nu-ansi-term v0.46.0
[INFO] [stderr]    Compiling tracing-log v0.2.0
[INFO] [stderr]    Compiling thread_local v1.1.7
[INFO] [stderr]    Compiling smallvec v1.12.0
[INFO] [stderr]    Compiling clap_builder v4.4.17
[INFO] [stderr]    Compiling iana-time-zone v0.1.59
[INFO] [stderr]    Compiling pin-project-lite v0.2.13
[INFO] [stderr]    Compiling tracing-subscriber v0.3.18
[INFO] [stderr]    Compiling bytes v1.5.0
[INFO] [stderr]    Compiling quote v1.0.35
[INFO] [stderr]    Compiling syn v2.0.48
[INFO] [stderr]    Compiling nix v0.27.1
[INFO] [stderr]    Compiling ctrlc v3.4.2
[INFO] [stderr]    Compiling contracts v0.6.3
[INFO] [stderr]    Compiling thiserror-impl v1.0.56
[INFO] [stderr]    Compiling serde_derive v1.0.195
[INFO] [stderr]    Compiling tracing-attributes v0.1.27
[INFO] [stderr]    Compiling clap_derive v4.4.7
[INFO] [stderr]    Compiling pest v2.7.6
[INFO] [stderr]    Compiling tracing v0.1.40
[INFO] [stderr]    Compiling clap v4.4.17
[INFO] [stderr]    Compiling pest_meta v2.7.6
[INFO] [stderr]    Compiling pest_generator v2.7.6
[INFO] [stderr]    Compiling pest_derive v2.7.6
[INFO] [stderr]    Compiling chrono v0.4.31
[INFO] [stderr]    Compiling handlebars v4.5.0
[INFO] [stderr]    Compiling seva v0.1.3 (/opt/rustwide/workdir)
[INFO] [stdout] warning: method `is_addr_in_use` is never used
[INFO] [stdout]   --> src/errors.rs:58:8
[INFO] [stdout]    |
[INFO] [stdout] 55 | pub trait IoErrorUtils {
[INFO] [stdout]    |           ------------ method in this trait
[INFO] [stdout] ...
[INFO] [stdout] 58 |     fn is_addr_in_use(&self) -> bool {
[INFO] [stdout]    |        ^^^^^^^^^^^^^^
[INFO] [stdout]    |
[INFO] [stdout] note: the lint level is defined here
[INFO] [stdout]   --> src/main.rs:1:9
[INFO] [stdout]    |
[INFO] [stdout]  1 | #![deny(unused, missing_docs)]
[INFO] [stdout]    |         ^^^^^^
[INFO] [stdout]    = note: `#[warn(dead_code)]` implied by `#[warn(unused)]`
[INFO] [stdout] 
[INFO] [stdout] 
[INFO] [stdout] warning: hiding a lifetime that's elided elsewhere is confusing
[INFO] [stdout]   --> src/http.rs:29:27
[INFO] [stdout]    |
[INFO] [stdout] 29 |     pub fn parse(req_str: &str) -> Result<Request> {
[INFO] [stdout]    |                           ^^^^            ^^^^^^^ the same lifetime is hidden here
[INFO] [stdout]    |                           |
[INFO] [stdout]    |                           the lifetime is elided here
[INFO] [stdout]    |
[INFO] [stdout]    = help: the same lifetime is referred to in inconsistent ways, making the signature confusing
[INFO] [stdout]    = note: `#[warn(mismatched_lifetime_syntaxes)]` on by default
[INFO] [stdout] help: use `'_` for type paths
[INFO] [stdout]    |
[INFO] [stdout] 29 |     pub fn parse(req_str: &str) -> Result<Request<'_>> {
[INFO] [stdout]    |                                                  ++++
[INFO] [stdout] 
[INFO] [stdout] 
[INFO] [stderr]     Finished `release` profile [optimized] target(s) in 49.95s
[INFO] running `Command { std: "docker" "inspect" "b5dd206d2f74113c869ea2b48c001832cbf9b6bc06696cbf0a902a4e31a42eee", kill_on_drop: false }`
[INFO] running `Command { std: "docker" "exec" "-e" "SOURCE_DIR=/opt/rustwide/workdir" "-e" "CARGO_HOME=/opt/rustwide/cargo-home" "-e" "RUSTUP_HOME=/opt/rustwide/rustup-home" "-e" "CARGO_TARGET_DIR=/opt/rustwide/target" "-e" "CARGO_INCREMENTAL=0" "-e" "RUST_BACKTRACE=full" "-e" "RUSTFLAGS=--cap-lints=warn" "-e" "RUSTDOCFLAGS=--cap-lints=warn" "-w" "/opt/rustwide/workdir" "--user" "0:0" "b5dd206d2f74113c869ea2b48c001832cbf9b6bc06696cbf0a902a4e31a42eee" "/opt/rustwide/cargo-home/bin/cargo" "+1.99.0-beta.8" "test" "--frozen" "--no-run" "--message-format=json" "--release", kill_on_drop: false }`
[INFO] [stderr]    Compiling libc v0.2.152
[INFO] [stderr]    Compiling pkg-config v0.3.28
[INFO] [stderr]    Compiling num_cpus v1.16.0
[INFO] [stderr]    Compiling mio v0.8.10
[INFO] [stderr]    Compiling socket2 v0.5.5
[INFO] [stderr]    Compiling openssl v0.10.62
[INFO] [stderr]    Compiling foreign-types-shared v0.1.1
[INFO] [stderr]    Compiling openssl-macros v0.1.1
[INFO] [stderr]    Compiling http v0.2.11
[INFO] [stderr]    Compiling httparse v1.8.0
[INFO] [stderr]    Compiling hashbrown v0.14.3
[INFO] [stderr]    Compiling futures-sink v0.3.30
[INFO] [stderr]    Compiling native-tls v0.2.11
[INFO] [stderr]    Compiling futures-util v0.3.30
[INFO] [stderr]    Compiling tinyvec v1.6.0
[INFO] [stderr]    Compiling openssl-probe v0.1.5
[INFO] [stderr]    Compiling foreign-types v0.3.2
[INFO] [stderr]    Compiling futures-channel v0.3.30
[INFO] [stderr]    Compiling getrandom v0.2.12
[INFO] [stderr]    Compiling unicode-bidi v0.3.14
[INFO] [stderr]    Compiling tower-service v0.3.2
[INFO] [stderr]    Compiling httpdate v1.0.3
[INFO] [stderr]    Compiling ppv-lite86 v0.2.17
[INFO] [stderr]    Compiling serde_urlencoded v0.7.1
[INFO] [stderr]    Compiling rand_core v0.6.4
[INFO] [stderr]    Compiling encoding_rs v0.8.33
[INFO] [stderr]    Compiling base64 v0.21.7
[INFO] [stderr]    Compiling ipnet v2.9.0
[INFO] [stderr]    Compiling tokio v1.35.1
[INFO] [stderr]    Compiling maplit v1.0.2
[INFO] [stderr]    Compiling rand_chacha v0.3.1
[INFO] [stderr]    Compiling indexmap v2.1.0
[INFO] [stderr]    Compiling unicode-normalization v0.1.22
[INFO] [stderr]    Compiling http-body v0.4.6
[INFO] [stderr]    Compiling rand v0.8.5
[INFO] [stderr]    Compiling cc v1.0.83
[INFO] [stderr]    Compiling idna v0.5.0
[INFO] [stderr]    Compiling openssl-sys v0.9.98
[INFO] [stderr]    Compiling url v2.5.0
[INFO] [stderr]    Compiling tokio-util v0.7.10
[INFO] [stderr]    Compiling h2 v0.3.23
[INFO] [stderr]    Compiling tokio-native-tls v0.3.1
[INFO] [stderr]    Compiling hyper v0.14.28
[INFO] [stderr]    Compiling hyper-tls v0.5.0
[INFO] [stderr]    Compiling reqwest v0.11.23
[INFO] [stderr]    Compiling seva v0.1.3 (/opt/rustwide/workdir)
[INFO] [stdout] warning: hiding a lifetime that's elided elsewhere is confusing
[INFO] [stdout]   --> src/http.rs:29:27
[INFO] [stdout]    |
[INFO] [stdout] 29 |     pub fn parse(req_str: &str) -> Result<Request> {
[INFO] [stdout]    |                           ^^^^            ^^^^^^^ the same lifetime is hidden here
[INFO] [stdout]    |                           |
[INFO] [stdout]    |                           the lifetime is elided here
[INFO] [stdout]    |
[INFO] [stdout]    = help: the same lifetime is referred to in inconsistent ways, making the signature confusing
[INFO] [stdout]    = note: `#[warn(mismatched_lifetime_syntaxes)]` on by default
[INFO] [stdout] help: use `'_` for type paths
[INFO] [stdout]    |
[INFO] [stdout] 29 |     pub fn parse(req_str: &str) -> Result<Request<'_>> {
[INFO] [stdout]    |                                                  ++++
[INFO] [stdout] 
[INFO] [stdout] 
[INFO] [stderr]     Finished `release` profile [optimized] target(s) in 53.79s
[INFO] running `Command { std: "docker" "inspect" "b5dd206d2f74113c869ea2b48c001832cbf9b6bc06696cbf0a902a4e31a42eee", kill_on_drop: false }`
[INFO] running `Command { std: "docker" "exec" "-e" "SOURCE_DIR=/opt/rustwide/workdir" "-e" "CARGO_HOME=/opt/rustwide/cargo-home" "-e" "RUSTUP_HOME=/opt/rustwide/rustup-home" "-e" "CARGO_TARGET_DIR=/opt/rustwide/target" "-e" "CARGO_INCREMENTAL=0" "-e" "RUST_BACKTRACE=full" "-e" "RUSTFLAGS=--cap-lints=warn" "-e" "RUSTDOCFLAGS=--cap-lints=warn" "-w" "/opt/rustwide/workdir" "--user" "0:0" "b5dd206d2f74113c869ea2b48c001832cbf9b6bc06696cbf0a902a4e31a42eee" "/opt/rustwide/cargo-home/bin/cargo" "+1.99.0-beta.8" "test" "--frozen" "--release", kill_on_drop: false }`
[INFO] [stderr] warning: hiding a lifetime that's elided elsewhere is confusing
[INFO] [stderr]   --> src/http.rs:29:27
[INFO] [stderr]    |
[INFO] [stderr] 29 |     pub fn parse(req_str: &str) -> Result<Request> {
[INFO] [stderr]    |                           ^^^^            ^^^^^^^ the same lifetime is hidden here
[INFO] [stderr]    |                           |
[INFO] [stderr]    |                           the lifetime is elided here
[INFO] [stderr]    |
[INFO] [stderr]    = help: the same lifetime is referred to in inconsistent ways, making the signature confusing
[INFO] [stderr]    = note: `#[warn(mismatched_lifetime_syntaxes)]` on by default
[INFO] [stderr] help: use `'_` for type paths
[INFO] [stderr]    |
[INFO] [stderr] 29 |     pub fn parse(req_str: &str) -> Result<Request<'_>> {
[INFO] [stderr]    |                                                  ++++
[INFO] [stderr] 
[INFO] [stderr] warning: `seva` (bin "seva" test) generated 1 warning (run `cargo fix --bin "seva" -p seva --tests` to apply 1 suggestion)
[INFO] [stderr]     Finished `release` profile [optimized] target(s) in 0.21s
[INFO] [stderr]      Running unittests src/main.rs (/opt/rustwide/target/release/deps/seva-0496c23de5a693d4)
[INFO] [stdout] 
[INFO] [stdout] running 19 tests
[INFO] [stdout] test server::tests::long_url_errors ... ignored, flaky
[INFO] [stdout] test server::tests::main_cli_works ... ignored, fails on ci
[INFO] [stdout] test http::tests::response_body_type_mapping ... ok
[INFO] [stdout] test http::tests::accept_encoding_parser ... ok
[INFO] [stdout] test mime::tests::check_mime_ext_parsing ... ok
[INFO] [stdout] test mime::tests::check_mime_str ... ok
[INFO] [stdout] test server::tests::shutdown_works ... ok
[INFO] [stdout] test http::tests::request_parsing ... ok
[INFO] [stdout] test mime::tests::check_mime_display ... ok
[INFO] [stdout] test http::tests::bytes_range_parser ... ok
[INFO] [stdout] [2m2026-10-18T16:49:30.596217Z[0m [32m INFO[0m [2mseva::server[0m[2m:[0m 127.0.0.1:36036 - - [18/Oct/2026:16:49:30 +0000] "GET /x-file.json HTTP/1.1" 404 0
[INFO] [stdout] [2m2026-10-18T16:49:30.613231Z[0m [32m INFO[0m [2mseva::server[0m[2m:[0m 127.0.0.1:38504 - - [18/Oct/2026:16:49:30 +0000] "POST / HTTP/1.1" 405 0
[INFO] [stdout] [2m2026-10-18T16:49:30.623443Z[0m [31mERROR[0m [2mseva::server[0m[2m:[0m RequestHandler::handle failed. Reason: ParsingError(InvalidRangeHeader("bits=0-500"))
[INFO] [stdout] [2m2026-10-18T16:49:30.623633Z[0m [32m INFO[0m [2mseva::server[0m[2m:[0m 127.0.0.1:47824 - - [18/Oct/2026:16:49:30 +0000] "-" 416 25
[INFO] [stdout] [2m2026-10-18T16:49:30.623919Z[0m [32m INFO[0m [2mseva::server[0m[2m:[0m 127.0.0.1:46014 - - [18/Oct/2026:16:49:30 +0000] "GET /Cargo.toml HTTP/1.1" 200 1212
[INFO] [stdout] [2m2026-10-18T16:49:30.623496Z[0m [32m INFO[0m [2mseva::server[0m[2m:[0m 127.0.0.1:60150 - - [18/Oct/2026:16:49:30 +0000] "GET /target/ HTTP/1.1" 404 0
[INFO] [stdout] [2m2026-10-18T16:49:30.633115Z[0m [31mERROR[0m [2mseva::server[0m[2m:[0m RequestHandler::handle failed. Reason: ParsingError(InvalidRangeHeader("bytes= "))
[INFO] [stdout] [2m2026-10-18T16:49:30.633248Z[0m [32m INFO[0m [2mseva::server[0m[2m:[0m 127.0.0.1:45280 - - [18/Oct/2026:16:49:30 +0000] "-" 416 22
[INFO] [stdout] [2m2026-10-18T16:49:30.624540Z[0m [32m INFO[0m [2mseva::server[0m[2m:[0m 127.0.0.1:54814 - - [18/Oct/2026:16:49:30 +0000] "GET / HTTP/1.1" 200 773
[INFO] [stdout] [2m2026-10-18T16:49:30.625140Z[0m [32m INFO[0m [2mseva::server[0m[2m:[0m 127.0.0.1:50262 - - [18/Oct/2026:16:49:30 +0000] "GET /target HTTP/1.1" 404 0
[INFO] [stdout] test server::tests::post_method_not_allowed ... ok
[INFO] [stdout] test server::tests::missing_path_returns_404 ... ok
[INFO] [stdout] test server::tests::invalid_range_unit ... ok
[INFO] [stdout] test server::tests::root_path_ok ... ok
[INFO] [stdout] test server::tests::redirect_on_missing_slash ... FAILED
[INFO] [stdout] test server::tests::dir_serving_ok ... FAILED
[INFO] [stdout] test server::tests::mime_type_works ... ok
[INFO] [stdout] test server::tests::empty_bytes_range ... ok
[INFO] [stdout] [2m2026-10-18T16:49:30.662990Z[0m [32m INFO[0m [2mseva::server[0m[2m:[0m 127.0.0.1:34536 - - [18/Oct/2026:16:49:30 +0000] "GET /Cargo.toml HTTP/1.1" 206 24
[INFO] [stdout] test server::tests::range_requests_ok ... FAILED
[INFO] [stdout] 
[INFO] [stdout] failures:
[INFO] [stdout] 
[INFO] [stdout] ---- server::tests::redirect_on_missing_slash stdout ----
[INFO] [stdout] 
[INFO] [stdout] thread 'server::tests::redirect_on_missing_slash' (2086) panicked at src/server.rs:716:9:
[INFO] [stdout] assertion failed: response.status().is_redirection()
[INFO] [stdout] stack backtrace:
[INFO] [stdout]    0:     0x5d685e4aa2d1 - <<std[70759c8f55707aa4]::sys::backtrace::BacktraceLock>::print::DisplayBacktrace as core[df12db4294e9bfd3]::fmt::Display>::fmt
[INFO] [stdout]    1:     0x5d685e4c2a2a - core[df12db4294e9bfd3]::fmt::write
[INFO] [stdout]    2:     0x5d685e4af15c - <alloc[2182bb758b4b3781]::vec::Vec<u8> as core[df12db4294e9bfd3]::io::write::Write>::write_fmt
[INFO] [stdout]    3:     0x5d685e4838e6 - std[70759c8f55707aa4]::panicking::default_hook::{closure#0}
[INFO] [stdout]    4:     0x5d685e4a10d9 - std[70759c8f55707aa4]::panicking::default_hook
[INFO] [stdout]    5:     0x5d685e273270 - test[9d35eded1c95d3be]::test_main_inner::<test[9d35eded1c95d3be]::test_main_static::{closure#0}>::{closure#0}
[INFO] [stdout]    6:     0x5d685e4a1402 - std[70759c8f55707aa4]::panicking::panic_with_hook
[INFO] [stdout]    7:     0x5d685e4839c4 - std[70759c8f55707aa4]::panicking::panic_handler::{closure#0}
[INFO] [stdout]    8:     0x5d685e47c059 - std[70759c8f55707aa4]::sys::backtrace::__rust_end_short_backtrace::<std[70759c8f55707aa4]::panicking::panic_handler::{closure#0}, !>
[INFO] [stdout]    9:     0x5d685e48481d - __rustc[8fa7c3cbc660c2b3]::rust_begin_unwind
[INFO] [stdout]   10:     0x5d685e4c318c - core[df12db4294e9bfd3]::panicking::panic_fmt
[INFO] [stdout]   11:     0x5d685e4c3152 - core[df12db4294e9bfd3]::panicking::panic
[INFO] [stdout]   12:     0x5d685e2504d5 - seva[944016bba1a4176c]::server::tests::redirect_on_missing_slash
[INFO] [stdout]   13:     0x5d685e25925a - <seva[944016bba1a4176c]::server::tests::redirect_on_missing_slash::{closure#0} as core[df12db4294e9bfd3]::ops::function::FnOnce<()>>::call_once
[INFO] [stdout]   14:     0x5d685e26655b - test[9d35eded1c95d3be]::__rust_begin_short_backtrace::<core[df12db4294e9bfd3]::result::Result<(), alloc[2182bb758b4b3781]::string::String>, fn() -> core[df12db4294e9bfd3]::result::Result<(), alloc[2182bb758b4b3781]::string::String>>
[INFO] [stdout]   15:     0x5d685e273bc5 - test[9d35eded1c95d3be]::run_test::{closure#0}
[INFO] [stdout]   16:     0x5d685e26d484 - std[70759c8f55707aa4]::sys::backtrace::__rust_begin_short_backtrace::<test[9d35eded1c95d3be]::run_test::{closure#1}, ()>
[INFO] [stdout]   17:     0x5d685e276d22 - <std[70759c8f55707aa4]::thread::lifecycle::spawn_unchecked<test[9d35eded1c95d3be]::run_test::{closure#1}, ()>::{closure#1} as core[df12db4294e9bfd3]::ops::function::FnOnce<()>>::call_once::{shim:vtable#0}
[INFO] [stdout]   18:     0x5d685e4a8f19 - <std[70759c8f55707aa4]::sys::thread::unix::Thread>::new::thread_start
[INFO] [stdout]   19:     0x73f0e7f6bdfa - <unknown>
[INFO] [stdout]   20:     0x73f0e7fff3d4 - clone
[INFO] [stdout]   21:                0x0 - <unknown>
[INFO] [stdout] 
[INFO] [stdout] ---- server::tests::dir_serving_ok stdout ----
[INFO] [stdout] 
[INFO] [stdout] thread 'server::tests::dir_serving_ok' (2079) panicked at src/server.rs:737:9:
[INFO] [stdout] assertion failed: response.status().is_success()
[INFO] [stdout] stack backtrace:
[INFO] [stdout]    0:     0x5d685e4aa2d1 - <<std[70759c8f55707aa4]::sys::backtrace::BacktraceLock>::print::DisplayBacktrace as core[df12db4294e9bfd3]::fmt::Display>::fmt
[INFO] [stdout]    1:     0x5d685e4c2a2a - core[df12db4294e9bfd3]::fmt::write
[INFO] [stdout]    2:     0x5d685e4af15c - <alloc[2182bb758b4b3781]::vec::Vec<u8> as core[df12db4294e9bfd3]::io::write::Write>::write_fmt
[INFO] [stdout]    3:     0x5d685e4838e6 - std[70759c8f55707aa4]::panicking::default_hook::{closure#0}
[INFO] [stdout]    4:     0x5d685e4a10d9 - std[70759c8f55707aa4]::panicking::default_hook
[INFO] [stdout]    5:     0x5d685e273270 - test[9d35eded1c95d3be]::test_main_inner::<test[9d35eded1c95d3be]::test_main_static::{closure#0}>::{closure#0}
[INFO] [stdout]    6:     0x5d685e4a1402 - std[70759c8f55707aa4]::panicking::panic_with_hook
[INFO] [stdout]    7:     0x5d685e4839c4 - std[70759c8f55707aa4]::panicking::panic_handler::{closure#0}
[INFO] [stdout]    8:     0x5d685e47c059 - std[70759c8f55707aa4]::sys::backtrace::__rust_end_short_backtrace::<std[70759c8f55707aa4]::panicking::panic_handler::{closure#0}, !>
[INFO] [stdout]    9:     0x5d685e48481d - __rustc[8fa7c3cbc660c2b3]::rust_begin_unwind
[INFO] [stdout]   10:     0x5d685e4c318c - core[df12db4294e9bfd3]::panicking::panic_fmt
[INFO] [stdout]   11:     0x5d685e4c3152 - core[df12db4294e9bfd3]::panicking::panic
[INFO] [stdout]   12:     0x5d685e24d616 - seva[944016bba1a4176c]::server::tests::dir_serving_ok
[INFO] [stdout]   13:     0x5d685e25871a - <seva[944016bba1a4176c]::server::tests::dir_serving_ok::{closure#0} as core[df12db4294e9bfd3]::ops::function::FnOnce<()>>::call_once
[INFO] [stdout]   14:     0x5d685e26655b - test[9d35eded1c95d3be]::__rust_begin_short_backtrace::<core[df12db4294e9bfd3]::result::Result<(), alloc[2182bb758b4b3781]::string::String>, fn() -> core[df12db4294e9bfd3]::result::Result<(), alloc[2182bb758b4b3781]::string::String>>
[INFO] [stdout]   15:     0x5d685e273bc5 - test[9d35eded1c95d3be]::run_test::{closure#0}
[INFO] [stdout]   16:     0x5d685e26d484 - std[70759c8f55707aa4]::sys::backtrace::__rust_begin_short_backtrace::<test[9d35eded1c95d3be]::run_test::{closure#1}, ()>
[INFO] [stdout]   17:     0x5d685e276d22 - <std[70759c8f55707aa4]::thread::lifecycle::spawn_unchecked<test[9d35eded1c95d3be]::run_test::{closure#1}, ()>::{closure#1} as core[df12db4294e9bfd3]::ops::function::FnOnce<()>>::call_once::{shim:vtable#0}
[INFO] [stdout]   18:     0x5d685e4a8f19 - <std[70759c8f55707aa4]::sys::thread::unix::Thread>::new::thread_start
[INFO] [stdout]   19:     0x73f0e7f6bdfa - <unknown>
[INFO] [stdout]   20:     0x73f0e7fff3d4 - clone
[INFO] [stdout]   21:                0x0 - <unknown>
[INFO] [stdout] 
[INFO] [stdout] ---- server::tests::range_requests_ok stdout ----
[INFO] [stdout] 
[INFO] [stdout] thread 'server::tests::range_requests_ok' (2085) panicked at src/server.rs:768:9:
[INFO] [stdout] assertion `left == right` failed
[INFO] [stdout]   left: "[dependencies.bytes]\nver"
[INFO] [stdout]  right: "[package]\nname = \"seva\"\n"
[INFO] [stdout] stack backtrace:
[INFO] [stdout]    0:     0x5d685e4aa2d1 - <<std[70759c8f55707aa4]::sys::backtrace::BacktraceLock>::print::DisplayBacktrace as core[df12db4294e9bfd3]::fmt::Display>::fmt
[INFO] [stdout]    1:     0x5d685e4c2a2a - core[df12db4294e9bfd3]::fmt::write
[INFO] [stdout]    2:     0x5d685e4af15c - <alloc[2182bb758b4b3781]::vec::Vec<u8> as core[df12db4294e9bfd3]::io::write::Write>::write_fmt
[INFO] [stdout]    3:     0x5d685e4838e6 - std[70759c8f55707aa4]::panicking::default_hook::{closure#0}
[INFO] [stdout]    4:     0x5d685e4a10d9 - std[70759c8f55707aa4]::panicking::default_hook
[INFO] [stdout]    5:     0x5d685e273270 - test[9d35eded1c95d3be]::test_main_inner::<test[9d35eded1c95d3be]::test_main_static::{closure#0}>::{closure#0}
[INFO] [stdout]    6:     0x5d685e4a1402 - std[70759c8f55707aa4]::panicking::panic_with_hook
[INFO] [stdout]    7:     0x5d685e483992 - std[70759c8f55707aa4]::panicking::panic_handler::{closure#0}
[INFO] [stdout]    8:     0x5d685e47c059 - std[70759c8f55707aa4]::sys::backtrace::__rust_end_short_backtrace::<std[70759c8f55707aa4]::panicking::panic_handler::{closure#0}, !>
[INFO] [stdout]    9:     0x5d685e48481d - __rustc[8fa7c3cbc660c2b3]::rust_begin_unwind
[INFO] [stdout]   10:     0x5d685e4c318c - core[df12db4294e9bfd3]::panicking::panic_fmt
[INFO] [stdout]   11:     0x5d685e4c30a3 - core[df12db4294e9bfd3]::panicking::assert_failed_inner
[INFO] [stdout]   12:     0x5d685e247529 - core[df12db4294e9bfd3]::panicking::assert_failed::<alloc[2182bb758b4b3781]::string::String, &str>
[INFO] [stdout]   13:     0x5d685e24f440 - seva[944016bba1a4176c]::server::tests::range_requests_ok
[INFO] [stdout]   14:     0x5d685e258dda - <seva[944016bba1a4176c]::server::tests::range_requests_ok::{closure#0} as core[df12db4294e9bfd3]::ops::function::FnOnce<()>>::call_once
[INFO] [stdout]   15:     0x5d685e26655b - test[9d35eded1c95d3be]::__rust_begin_short_backtrace::<core[df12db4294e9bfd3]::result::Result<(), alloc[2182bb758b4b3781]::string::String>, fn() -> core[df12db4294e9bfd3]::result::Result<(), alloc[2182bb758b4b3781]::string::String>>
[INFO] [stdout]   16:     0x5d685e273bc5 - test[9d35eded1c95d3be]::run_test::{closure#0}
[INFO] [stdout]   17:     0x5d685e26d484 - std[70759c8f55707aa4]::sys::backtrace::__rust_begin_short_backtrace::<test[9d35eded1c95d3be]::run_test::{closure#1}, ()>
[INFO] [stdout]   18:     0x5d685e276d22 - <std[70759c8f55707aa4]::thread::lifecycle::spawn_unchecked<test[9d35eded1c95d3be]::run_test::{closure#1}, ()>::{closure#1} as core[df12db4294e9bfd3]::ops::function::FnOnce<()>>::call_once::{shim:vtable#0}
[INFO] [stdout]   19:     0x5d685e4a8f19 - <std[70759c8f55707aa4]::sys::thread::unix::Thread>::new::thread_start
[INFO] [stdout]   20:     0x73f0e7f6bdfa - <unknown>
[INFO] [stdout]   21:     0x73f0e7fff3d4 - clone
[INFO] [stdout]   22:                0x0 - <unknown>
[INFO] [stdout] 
[INFO] [stdout] 
[INFO] [stdout] failures:
[INFO] [stdout]     server::tests::dir_serving_ok
[INFO] [stdout]     server::tests::range_requests_ok
[INFO] [stdout]     server::tests::redirect_on_missing_slash
[INFO] [stdout] 
[INFO] [stdout] test result: FAILED. 14 passed; 3 failed; 2 ignored; 0 measured; 0 filtered out; finished in 0.25s
[INFO] [stdout] 
[INFO] [stderr] error: test failed, to rerun pass `--bin seva`
[INFO] running `Command { std: "docker" "inspect" "b5dd206d2f74113c869ea2b48c001832cbf9b6bc06696cbf0a902a4e31a42eee", kill_on_drop: false }`
[INFO] running `Command { std: "docker" "rm" "-f" "b5dd206d2f74113c869ea2b48c001832cbf9b6bc06696cbf0a902a4e31a42eee", kill_on_drop: false }`
[INFO] [stdout] b5dd206d2f74113c869ea2b48c001832cbf9b6bc06696cbf0a902a4e31a42eee
