[INFO] fetching crate sev-snp-utilities 2.600.0...
[INFO] testing sev-snp-utilities-2.600.0 against 1.100.0-beta.1+cargoflags=--release for beta-release-1.100-2
[INFO] extracting crate sev-snp-utilities 2.600.0 into /workspace/builds/worker-7-tc2/source
[INFO] removed /workspace/builds/worker-7-tc2/source/rust-toolchain.toml
[INFO] started tweaking crates.io crate sev-snp-utilities 2.600.0
[INFO] removed 0 missing tests
[INFO] finished tweaking crates.io crate sev-snp-utilities 2.600.0
[INFO] tweaked toml for crates.io crate sev-snp-utilities 2.600.0 written to /workspace/builds/worker-7-tc2/source/Cargo.toml
[INFO] validating manifest of crates.io crate sev-snp-utilities 2.600.0 on toolchain 1.100.0-beta.1
[INFO] running `Command { std: CARGO_HOME="/workspace/cargo-home" RUSTUP_HOME="/workspace/rustup-home" "/workspace/cargo-home/bin/cargo" "+1.100.0-beta.1" "metadata" "--manifest-path" "Cargo.toml" "--no-deps", kill_on_drop: false }`
[INFO] crate crates.io crate sev-snp-utilities 2.600.0 already has a lockfile, it will not be regenerated
[INFO] running `Command { std: CARGO_HOME="/workspace/cargo-home" RUSTUP_HOME="/workspace/rustup-home" "/workspace/cargo-home/bin/cargo" "+1.100.0-beta.1" "fetch" "--manifest-path" "Cargo.toml", kill_on_drop: false }`
[INFO] running `Command { std: "docker" "create" "-v" "/var/lib/crater-agent-workspace/builds/worker-7-tc2/source:/opt/rustwide/workdir:ro,Z" "-v" "/var/lib/crater-agent-workspace/builds/worker-7-tc2/target:/opt/rustwide/target:rw,Z" "-v" "/var/lib/crater-agent-workspace/cargo-home:/opt/rustwide/cargo-home:ro,Z" "-v" "/var/lib/crater-agent-workspace/rustup-home:/opt/rustwide/rustup-home:ro,Z" "-m" "1610612736" "--network" "none" "ghcr.io/rust-lang/crates-build-env/linux@sha256:77db811e55d90add9212f6832c23229e3de5f1c1f9905e8cb07319ea15df73ac" "sleep" "infinity", kill_on_drop: false }`
[INFO] [stdout] fe986d77e03c306796b703ca222431521d47a2d526a480288f522a3cd4c320ed
[INFO] running `Command { std: "docker" "start" "fe986d77e03c306796b703ca222431521d47a2d526a480288f522a3cd4c320ed", kill_on_drop: false }`
[INFO] running `Command { std: "docker" "inspect" "fe986d77e03c306796b703ca222431521d47a2d526a480288f522a3cd4c320ed", kill_on_drop: false }`
[INFO] running `Command { std: "docker" "exec" "-e" "SOURCE_DIR=/opt/rustwide/workdir" "-e" "CARGO_HOME=/opt/rustwide/cargo-home" "-e" "RUSTUP_HOME=/opt/rustwide/rustup-home" "-e" "CARGO_TARGET_DIR=/opt/rustwide/target" "-w" "/opt/rustwide/workdir" "--user" "0:0" "fe986d77e03c306796b703ca222431521d47a2d526a480288f522a3cd4c320ed" "/opt/rustwide/cargo-home/bin/cargo" "+1.100.0-beta.1" "metadata" "--no-deps" "--format-version=1", kill_on_drop: false }`
[INFO] running `Command { std: "docker" "inspect" "fe986d77e03c306796b703ca222431521d47a2d526a480288f522a3cd4c320ed", kill_on_drop: false }`
[INFO] running `Command { std: "docker" "exec" "-e" "SOURCE_DIR=/opt/rustwide/workdir" "-e" "CARGO_HOME=/opt/rustwide/cargo-home" "-e" "RUSTUP_HOME=/opt/rustwide/rustup-home" "-e" "CARGO_TARGET_DIR=/opt/rustwide/target" "-e" "CARGO_INCREMENTAL=0" "-e" "RUST_BACKTRACE=full" "-e" "RUSTFLAGS=--cap-lints=warn" "-e" "RUSTDOCFLAGS=--cap-lints=warn" "-w" "/opt/rustwide/workdir" "--user" "0:0" "fe986d77e03c306796b703ca222431521d47a2d526a480288f522a3cd4c320ed" "/opt/rustwide/cargo-home/bin/cargo" "+1.100.0-beta.1" "build" "--frozen" "--message-format=json" "--release", kill_on_drop: false }`
[INFO] [stderr]    Compiling proc-macro2 v1.0.95
[INFO] [stderr]    Compiling unicode-ident v1.0.18
[INFO] [stderr]    Compiling cfg-if v1.0.0
[INFO] [stderr]    Compiling autocfg v1.4.0
[INFO] [stderr]    Compiling libc v0.2.172
[INFO] [stderr]    Compiling futures-core v0.3.31
[INFO] [stderr]    Compiling crossbeam-utils v0.8.21
[INFO] [stderr]    Compiling smallvec v1.15.0
[INFO] [stderr]    Compiling stable_deref_trait v1.2.0
[INFO] [stderr]    Compiling parking_lot_core v0.9.10
[INFO] [stderr]    Compiling parking v2.2.1
[INFO] [stderr]    Compiling bytes v1.10.1
[INFO] [stderr]    Compiling cc v1.2.21
[INFO] [stderr]    Compiling pin-utils v0.1.0
[INFO] [stderr]    Compiling bitflags v2.9.0
[INFO] [stderr]    Compiling pkg-config v0.3.32
[INFO] [stderr]    Compiling futures-sink v0.3.31
[INFO] [stderr]    Compiling tracing-core v0.1.33
[INFO] [stderr]    Compiling litemap v0.7.5
[INFO] [stderr]    Compiling futures-io v0.3.31
[INFO] [stderr]    Compiling writeable v0.5.5
[INFO] [stderr]    Compiling icu_locid_transform_data v1.5.1
[INFO] [stderr]    Compiling icu_properties_data v1.5.1
[INFO] [stderr]    Compiling futures-task v0.3.31
[INFO] [stderr]    Compiling fastrand v2.3.0
[INFO] [stderr]    Compiling getrandom v0.3.2
[INFO] [stderr]    Compiling icu_normalizer_data v1.5.1
[INFO] [stderr]    Compiling syn v1.0.109
[INFO] [stderr]    Compiling typenum v1.18.0
[INFO] [stderr]    Compiling zerocopy v0.8.25
[INFO] [stderr]    Compiling itoa v1.0.15
[INFO] [stderr]    Compiling value-bag v1.11.1
[INFO] [stderr]    Compiling slab v0.4.9
[INFO] [stderr]    Compiling lock_api v0.4.12
[INFO] [stderr]    Compiling openssl v0.10.72
[INFO] [stderr]    Compiling rustix v0.38.44
[INFO] [stderr]    Compiling futures-lite v2.6.0
[INFO] [stderr]    Compiling futures-channel v0.3.31
[INFO] [stderr]    Compiling strsim v0.10.0
[INFO] [stderr]    Compiling log v0.4.27
[INFO] [stderr]    Compiling linux-raw-sys v0.4.15
[INFO] [stderr]    Compiling native-tls v0.2.14
[INFO] [stderr]    Compiling write16 v1.0.0
[INFO] [stderr]    Compiling hashbrown v0.15.3
[INFO] [stderr]    Compiling utf16_iter v1.0.5
[INFO] [stderr]    Compiling serde v1.0.219
[INFO] [stderr]    Compiling async-task v4.7.1
[INFO] [stderr]    Compiling percent-encoding v2.3.1
[INFO] [stderr]    Compiling openssl-probe v0.1.6
[INFO] [stderr]    Compiling piper v0.2.4
[INFO] [stderr]    Compiling memoffset v0.7.1
[INFO] [stderr]    Compiling form_urlencoded v1.2.1
[INFO] [stderr]    Compiling concurrent-queue v2.5.0
[INFO] [stderr]    Compiling portable-atomic v1.11.0
[INFO] [stderr]    Compiling httpdate v1.0.3
[INFO] [stderr]    Compiling http v0.2.12
[INFO] [stderr]    Compiling quote v1.0.40
[INFO] [stderr]    Compiling cached_proc_macro_types v0.1.1
[INFO] [stderr]    Compiling base64 v0.21.7
[INFO] [stderr]    Compiling generic-array v0.14.7
[INFO] [stderr]    Compiling event-listener v5.4.0
[INFO] [stderr]    Compiling async-executor v1.13.2
[INFO] [stderr]    Compiling syn v2.0.101
[INFO] [stderr]    Compiling event-listener-strategy v0.5.4
[INFO] [stderr]    Compiling moka v0.12.10
[INFO] [stderr]    Compiling async-lock v3.4.0
[INFO] [stderr]    Compiling async-channel v2.3.1
[INFO] [stderr]    Compiling ryu v1.0.20
[INFO] [stderr]    Compiling event-listener v2.5.3
[INFO] [stderr]    Compiling blocking v1.6.1
[INFO] [stderr]    Compiling async-channel v1.9.0
[INFO] [stderr]    Compiling rustls-pemfile v1.0.4
[INFO] [stderr]    Compiling indexmap v2.9.0
[INFO] [stderr]    Compiling crossbeam-channel v0.5.15
[INFO] [stderr]    Compiling crossbeam-epoch v0.9.18
[INFO] [stderr]    Compiling openssl-sys v0.9.108
[INFO] [stderr]    Compiling kv-log-macro v1.0.7
[INFO] [stderr]    Compiling crypto-common v0.1.6
[INFO] [stderr]    Compiling block-buffer v0.10.4
[INFO] [stderr]    Compiling instant v0.1.13
[INFO] [stderr]    Compiling encoding_rs v0.8.35
[INFO] [stderr]    Compiling base64 v0.13.1
[INFO] [stderr]    Compiling digest v0.10.7
[INFO] [stderr]    Compiling bitflags v1.3.2
[INFO] [stderr]    Compiling tagptr v0.2.0
[INFO] [stderr]    Compiling socket2 v0.5.9
[INFO] [stderr]    Compiling signal-hook-registry v1.4.5
[INFO] [stderr]    Compiling mio v1.0.3
[INFO] [stderr]    Compiling parking_lot v0.12.3
[INFO] [stderr]    Compiling ppv-lite86 v0.2.21
[INFO] [stderr]    Compiling http-body v0.4.6
[INFO] [stderr]    Compiling rand_core v0.9.3
[INFO] [stderr]    Compiling async_once v0.2.6
[INFO] [stderr]    Compiling sync_wrapper v0.1.2
[INFO] [stderr]    Compiling lazy_static v1.5.0
[INFO] [stderr]    Compiling hashbrown v0.12.3
[INFO] [stderr]    Compiling ipnet v2.11.0
[INFO] [stderr]    Compiling memchr v2.7.4
[INFO] [stderr]    Compiling pem v1.1.1
[INFO] [stderr]    Compiling nix v0.26.4
[INFO] [stderr]    Compiling rand_chacha v0.9.0
[INFO] [stderr]    Compiling sha2 v0.10.9
[INFO] [stderr]    Compiling base64 v0.20.0
[INFO] [stderr]    Compiling bitfield v0.15.0
[INFO] [stderr]    Compiling bytemuck v1.23.0
[INFO] [stderr]    Compiling rand v0.9.1
[INFO] [stderr]    Compiling byteorder v1.5.0
[INFO] [stderr]    Compiling darling_core v0.13.4
[INFO] [stderr]    Compiling synstructure v0.13.2
[INFO] [stderr]    Compiling zerofrom-derive v0.1.6
[INFO] [stderr]    Compiling yoke-derive v0.7.5
[INFO] [stderr]    Compiling zerovec-derive v0.10.3
[INFO] [stderr]    Compiling displaydoc v0.2.5
[INFO] [stderr]    Compiling tracing-attributes v0.1.28
[INFO] [stderr]    Compiling icu_provider_macros v1.5.0
[INFO] [stderr]    Compiling tokio-macros v2.5.0
[INFO] [stderr]    Compiling futures-macro v0.3.31
[INFO] [stderr]    Compiling openssl-macros v0.1.1
[INFO] [stderr]    Compiling thiserror-impl v1.0.69
[INFO] [stderr]    Compiling serde_derive v1.0.219
[INFO] [stderr]    Compiling uuid-macro-internal v1.16.0
[INFO] [stderr]    Compiling async-trait v0.1.88
[INFO] [stderr]    Compiling uuid v1.16.0
[INFO] [stderr]    Compiling tokio v1.45.0
[INFO] [stderr]    Compiling futures-util v0.3.31
[INFO] [stderr]    Compiling tracing v0.1.41
[INFO] [stderr]    Compiling darling_macro v0.13.4
[INFO] [stderr]    Compiling zerofrom v0.1.6
[INFO] [stderr]    Compiling yoke v0.7.5
[INFO] [stderr]    Compiling darling v0.13.4
[INFO] [stderr]    Compiling thiserror v1.0.69
[INFO] [stderr]    Compiling cached_proc_macro v0.15.0
[INFO] [stderr]    Compiling zerovec v0.10.4
[INFO] [stderr]    Compiling polling v3.7.4
[INFO] [stderr]    Compiling async-io v2.4.0
[INFO] [stderr]    Compiling tinystr v0.7.6
[INFO] [stderr]    Compiling icu_collections v1.5.0
[INFO] [stderr]    Compiling async-global-executor v2.4.1
[INFO] [stderr]    Compiling icu_locid v1.5.0
[INFO] [stderr]    Compiling async-std v1.13.1
[INFO] [stderr]    Compiling icu_provider v1.5.0
[INFO] [stderr]    Compiling icu_locid_transform v1.5.0
[INFO] [stderr]    Compiling futures v0.3.31
[INFO] [stderr]    Compiling icu_properties v1.5.1
[INFO] [stderr]    Compiling serde_urlencoded v0.7.1
[INFO] [stderr]    Compiling tokio-util v0.7.15
[INFO] [stderr]    Compiling tokio-native-tls v0.3.1
[INFO] [stderr]    Compiling cached v0.41.0
[INFO] [stderr]    Compiling h2 v0.3.26
[INFO] [stderr]    Compiling icu_normalizer v1.5.0
[INFO] [stderr]    Compiling idna_adapter v1.2.0
[INFO] [stderr]    Compiling idna v1.0.3
[INFO] [stderr]    Compiling url v2.5.4
[INFO] [stderr]    Compiling hyper v0.14.32
[INFO] [stderr]    Compiling hyper-tls v0.5.0
[INFO] [stderr]    Compiling reqwest v0.11.27
[INFO] [stderr]    Compiling sev-snp-utilities v2.600.0 (/opt/rustwide/workdir)
[INFO] [stdout] warning: unused import: `Sha256`
[INFO] [stdout]  --> src/guest/measure/mod.rs:5:20
[INFO] [stdout]   |
[INFO] [stdout] 5 | use sha2::{Digest, Sha256};
[INFO] [stdout]   |                    ^^^^^^
[INFO] [stdout]   |
[INFO] [stdout]   = note: `#[warn(unused_imports)]` (part of `#[warn(unused)]`) on by default
[INFO] [stdout] 
[INFO] [stdout] 
[INFO] [stdout] warning: unused import: `Digest`
[INFO] [stdout]  --> src/guest/measure/mod.rs:5:12
[INFO] [stdout]   |
[INFO] [stdout] 5 | use sha2::{Digest, Sha256};
[INFO] [stdout]   |            ^^^^^^
[INFO] [stdout] 
[INFO] [stdout] 
[INFO] [stdout] warning: unreachable pattern
[INFO] [stdout]    --> src/guest/measure/vmsa.rs:259:13
[INFO] [stdout]     |
[INFO] [stdout] 258 |             VMMType::QEMU => (0x9b, 0x93, 0x8b, vcpu_type.sig() as u64, 0x1f80, 0x37f),
[INFO] [stdout]     |             ------------- matches all the relevant values
[INFO] [stdout] 259 |             _ => unimplemented!("Other vmm types are not supported"),
[INFO] [stdout]     |             ^ no value can reach this
[INFO] [stdout]     |
[INFO] [stdout]     = note: `#[warn(unreachable_patterns)]` (part of `#[warn(unused)]`) on by default
[INFO] [stdout] 
[INFO] [stdout] 
[INFO] [stdout] warning: unused variable: `vmm_type`
[INFO] [stdout]    --> src/guest/measure/mod.rs:112:5
[INFO] [stdout]     |
[INFO] [stdout] 112 |     vmm_type: VMMType,
[INFO] [stdout]     |     ^^^^^^^^ help: if this is intentional, prefix it with an underscore: `_vmm_type`
[INFO] [stdout]     |
[INFO] [stdout]     = note: `#[warn(unused_variables)]` (part of `#[warn(unused)]`) on by default
[INFO] [stdout] 
[INFO] [stdout] 
[INFO] [stdout] warning: type `SevEsSaveArea` is more private than the item `VMSA::build_save_area`
[INFO] [stdout]    --> src/guest/measure/vmsa.rs:248:5
[INFO] [stdout]     |
[INFO] [stdout] 248 | /     pub(crate) fn build_save_area(
[INFO] [stdout] 249 | |         eip: c_ulonglong,
[INFO] [stdout] 250 | |         guest_features: GuestFeatures,
[INFO] [stdout] 251 | |         vcpu_type: CpuType,
[INFO] [stdout] 252 | |         vmm_type: VMMType,
[INFO] [stdout] 253 | |         _cpu_num: Option<u64>,
[INFO] [stdout] 254 | |     ) -> SevEsSaveArea {
[INFO] [stdout]     | |______________________^ associated function `VMSA::build_save_area` is reachable at visibility `pub(crate)`
[INFO] [stdout]     |
[INFO] [stdout] note: but type `SevEsSaveArea` is only usable at visibility `pub(self)`
[INFO] [stdout]    --> src/guest/measure/vmsa.rs:96:1
[INFO] [stdout]     |
[INFO] [stdout]  96 | struct SevEsSaveArea {
[INFO] [stdout]     | ^^^^^^^^^^^^^^^^^^^^
[INFO] [stdout]     = note: `#[warn(private_interfaces)]` on by default
[INFO] [stdout] 
[INFO] [stdout] 
[INFO] [stdout] warning: static `LD_ZEROED` is never used
[INFO] [stdout]   --> src/guest/identity/types.rs:43:19
[INFO] [stdout]    |
[INFO] [stdout] 43 | pub(crate) static LD_ZEROED: Lazy<LaunchDigest> = Lazy::new(||
[INFO] [stdout]    |                   ^^^^^^^^^
[INFO] [stdout]    |
[INFO] [stdout]    = note: `#[warn(dead_code)]` (part of `#[warn(unused)]`) on by default
[INFO] [stdout] 
[INFO] [stdout] 
[INFO] [stderr]     Finished `release` profile [optimized] target(s) in 1m 42s
[INFO] running `Command { std: "docker" "inspect" "fe986d77e03c306796b703ca222431521d47a2d526a480288f522a3cd4c320ed", kill_on_drop: false }`
[INFO] running `Command { std: "docker" "exec" "-e" "SOURCE_DIR=/opt/rustwide/workdir" "-e" "CARGO_HOME=/opt/rustwide/cargo-home" "-e" "RUSTUP_HOME=/opt/rustwide/rustup-home" "-e" "CARGO_TARGET_DIR=/opt/rustwide/target" "-e" "CARGO_INCREMENTAL=0" "-e" "RUST_BACKTRACE=full" "-e" "RUSTFLAGS=--cap-lints=warn" "-e" "RUSTDOCFLAGS=--cap-lints=warn" "-w" "/opt/rustwide/workdir" "--user" "0:0" "fe986d77e03c306796b703ca222431521d47a2d526a480288f522a3cd4c320ed" "/opt/rustwide/cargo-home/bin/cargo" "+1.100.0-beta.1" "test" "--frozen" "--no-run" "--message-format=json" "--release", kill_on_drop: false }`
[INFO] [stdout] warning: unused import: `Sha256`
[INFO] [stdout]  --> src/guest/measure/mod.rs:5:20
[INFO] [stdout]   |
[INFO] [stdout] 5 | use sha2::{Digest, Sha256};
[INFO] [stdout]   |                    ^^^^^^
[INFO] [stdout]   |
[INFO] [stdout]   = note: `#[warn(unused_imports)]` (part of `#[warn(unused)]`) on by default
[INFO] [stdout] 
[INFO] [stdout] 
[INFO] [stdout] warning: unused import: `Digest`
[INFO] [stdout]  --> src/guest/measure/mod.rs:5:12
[INFO] [stdout]   |
[INFO] [stdout] 5 | use sha2::{Digest, Sha256};
[INFO] [stdout]   |            ^^^^^^
[INFO] [stdout] 
[INFO] [stdout] 
[INFO] [stdout] warning: unreachable pattern
[INFO] [stdout]    --> src/guest/measure/vmsa.rs:259:13
[INFO] [stdout]     |
[INFO] [stdout] 258 |             VMMType::QEMU => (0x9b, 0x93, 0x8b, vcpu_type.sig() as u64, 0x1f80, 0x37f),
[INFO] [stdout]     |             ------------- matches all the relevant values
[INFO] [stdout] 259 |             _ => unimplemented!("Other vmm types are not supported"),
[INFO] [stdout]     |             ^ no value can reach this
[INFO] [stdout]     |
[INFO] [stdout]     = note: `#[warn(unreachable_patterns)]` (part of `#[warn(unused)]`) on by default
[INFO] [stdout] 
[INFO] [stdout] 
[INFO] [stdout] warning: unused variable: `vmm_type`
[INFO] [stdout]    --> src/guest/measure/mod.rs:112:5
[INFO] [stdout]     |
[INFO] [stdout] 112 |     vmm_type: VMMType,
[INFO] [stdout]     |     ^^^^^^^^ help: if this is intentional, prefix it with an underscore: `_vmm_type`
[INFO] [stdout]     |
[INFO] [stdout]     = note: `#[warn(unused_variables)]` (part of `#[warn(unused)]`) on by default
[INFO] [stdout] 
[INFO] [stdout] 
[INFO] [stdout] warning: type `SevEsSaveArea` is more private than the item `VMSA::build_save_area`
[INFO] [stdout]    --> src/guest/measure/vmsa.rs:248:5
[INFO] [stdout]     |
[INFO] [stdout] 248 | /     pub(crate) fn build_save_area(
[INFO] [stdout] 249 | |         eip: c_ulonglong,
[INFO] [stdout] 250 | |         guest_features: GuestFeatures,
[INFO] [stdout] 251 | |         vcpu_type: CpuType,
[INFO] [stdout] 252 | |         vmm_type: VMMType,
[INFO] [stdout] 253 | |         _cpu_num: Option<u64>,
[INFO] [stdout] 254 | |     ) -> SevEsSaveArea {
[INFO] [stdout]     | |______________________^ associated function `VMSA::build_save_area` is reachable at visibility `pub(crate)`
[INFO] [stdout]     |
[INFO] [stdout] note: but type `SevEsSaveArea` is only usable at visibility `pub(self)`
[INFO] [stdout]    --> src/guest/measure/vmsa.rs:96:1
[INFO] [stdout]     |
[INFO] [stdout]  96 | struct SevEsSaveArea {
[INFO] [stdout]     | ^^^^^^^^^^^^^^^^^^^^
[INFO] [stdout]     = note: `#[warn(private_interfaces)]` on by default
[INFO] [stdout] 
[INFO] [stdout] 
[INFO] [stdout] warning: static `LD_ZEROED` is never used
[INFO] [stdout]   --> src/guest/identity/types.rs:43:19
[INFO] [stdout]    |
[INFO] [stdout] 43 | pub(crate) static LD_ZEROED: Lazy<LaunchDigest> = Lazy::new(||
[INFO] [stdout]    |                   ^^^^^^^^^
[INFO] [stdout]    |
[INFO] [stdout]    = note: `#[warn(dead_code)]` (part of `#[warn(unused)]`) on by default
[INFO] [stdout] 
[INFO] [stdout] 
[INFO] [stderr]    Compiling sev-snp-utilities v2.600.0 (/opt/rustwide/workdir)
[INFO] [stdout] warning: unused `Result` that must be used
[INFO] [stdout]    --> tests/attestation_report_test.rs:203:5
[INFO] [stdout]     |
[INFO] [stdout] 203 |     report.verify(Some(Policy::permissive())).await;
[INFO] [stdout]     |     ^^^^^^^^^^^^^^^^^^^^^^^^^^^^^^^^^^^^^^^^^^^^^^^
[INFO] [stdout]     |
[INFO] [stdout]     = note: this `Result` may be an `Err` variant, which should be handled
[INFO] [stdout]     = note: `#[warn(unused_must_use)]` (part of `#[warn(unused)]`) on by default
[INFO] [stdout] help: use `let _ = ...` to ignore the resulting value
[INFO] [stdout]     |
[INFO] [stdout] 203 |     let _ = report.verify(Some(Policy::permissive())).await;
[INFO] [stdout]     |     +++++++
[INFO] [stdout] 
[INFO] [stdout] 
[INFO] [stdout] warning: unused import: `Sha256`
[INFO] [stdout]  --> src/guest/measure/mod.rs:5:20
[INFO] [stdout]   |
[INFO] [stdout] 5 | use sha2::{Digest, Sha256};
[INFO] [stdout]   |                    ^^^^^^
[INFO] [stdout]   |
[INFO] [stdout]   = note: `#[warn(unused_imports)]` (part of `#[warn(unused)]`) on by default
[INFO] [stdout] 
[INFO] [stdout] 
[INFO] [stdout] warning: unused import: `Digest`
[INFO] [stdout]  --> src/guest/measure/mod.rs:5:12
[INFO] [stdout]   |
[INFO] [stdout] 5 | use sha2::{Digest, Sha256};
[INFO] [stdout]   |            ^^^^^^
[INFO] [stdout] 
[INFO] [stdout] 
[INFO] [stdout] warning: unreachable pattern
[INFO] [stdout]    --> src/guest/measure/vmsa.rs:259:13
[INFO] [stdout]     |
[INFO] [stdout] 258 |             VMMType::QEMU => (0x9b, 0x93, 0x8b, vcpu_type.sig() as u64, 0x1f80, 0x37f),
[INFO] [stdout]     |             ------------- matches all the relevant values
[INFO] [stdout] 259 |             _ => unimplemented!("Other vmm types are not supported"),
[INFO] [stdout]     |             ^ no value can reach this
[INFO] [stdout]     |
[INFO] [stdout]     = note: `#[warn(unreachable_patterns)]` (part of `#[warn(unused)]`) on by default
[INFO] [stdout] 
[INFO] [stdout] 
[INFO] [stdout] warning: unused variable: `vmm_type`
[INFO] [stdout]    --> src/guest/measure/mod.rs:112:5
[INFO] [stdout]     |
[INFO] [stdout] 112 |     vmm_type: VMMType,
[INFO] [stdout]     |     ^^^^^^^^ help: if this is intentional, prefix it with an underscore: `_vmm_type`
[INFO] [stdout]     |
[INFO] [stdout]     = note: `#[warn(unused_variables)]` (part of `#[warn(unused)]`) on by default
[INFO] [stdout] 
[INFO] [stdout] 
[INFO] [stdout] warning: type `SevEsSaveArea` is more private than the item `VMSA::build_save_area`
[INFO] [stdout]    --> src/guest/measure/vmsa.rs:248:5
[INFO] [stdout]     |
[INFO] [stdout] 248 | /     pub(crate) fn build_save_area(
[INFO] [stdout] 249 | |         eip: c_ulonglong,
[INFO] [stdout] 250 | |         guest_features: GuestFeatures,
[INFO] [stdout] 251 | |         vcpu_type: CpuType,
[INFO] [stdout] 252 | |         vmm_type: VMMType,
[INFO] [stdout] 253 | |         _cpu_num: Option<u64>,
[INFO] [stdout] 254 | |     ) -> SevEsSaveArea {
[INFO] [stdout]     | |______________________^ associated function `VMSA::build_save_area` is reachable at visibility `pub(crate)`
[INFO] [stdout]     |
[INFO] [stdout] note: but type `SevEsSaveArea` is only usable at visibility `pub(self)`
[INFO] [stdout]    --> src/guest/measure/vmsa.rs:96:1
[INFO] [stdout]     |
[INFO] [stdout]  96 | struct SevEsSaveArea {
[INFO] [stdout]     | ^^^^^^^^^^^^^^^^^^^^
[INFO] [stdout]     = note: `#[warn(private_interfaces)]` on by default
[INFO] [stdout] 
[INFO] [stdout] 
[INFO] [stdout] warning: constant `TEST_REPORT_BIN` is never used
[INFO] [stdout]    --> src/guest/attestation/report.rs:366:11
[INFO] [stdout]     |
[INFO] [stdout] 366 |     const TEST_REPORT_BIN: &str = "resources/test/guest_report.bin";
[INFO] [stdout]     |           ^^^^^^^^^^^^^^^
[INFO] [stdout]     |
[INFO] [stdout]     = note: `#[warn(dead_code)]` (part of `#[warn(unused)]`) on by default
[INFO] [stdout] 
[INFO] [stdout] 
[INFO] [stdout] warning: static `LD_ZEROED` is never used
[INFO] [stdout]   --> src/guest/identity/types.rs:43:19
[INFO] [stdout]    |
[INFO] [stdout] 43 | pub(crate) static LD_ZEROED: Lazy<LaunchDigest> = Lazy::new(||
[INFO] [stdout]    |                   ^^^^^^^^^
[INFO] [stdout] 
[INFO] [stdout] 
[INFO] [stderr]     Finished `release` profile [optimized] target(s) in 10.22s
[INFO] running `Command { std: "docker" "inspect" "fe986d77e03c306796b703ca222431521d47a2d526a480288f522a3cd4c320ed", kill_on_drop: false }`
[INFO] running `Command { std: "docker" "exec" "-e" "SOURCE_DIR=/opt/rustwide/workdir" "-e" "CARGO_HOME=/opt/rustwide/cargo-home" "-e" "RUSTUP_HOME=/opt/rustwide/rustup-home" "-e" "CARGO_TARGET_DIR=/opt/rustwide/target" "-e" "CARGO_INCREMENTAL=0" "-e" "RUST_BACKTRACE=full" "-e" "RUSTFLAGS=--cap-lints=warn" "-e" "RUSTDOCFLAGS=--cap-lints=warn" "-w" "/opt/rustwide/workdir" "--user" "0:0" "fe986d77e03c306796b703ca222431521d47a2d526a480288f522a3cd4c320ed" "/opt/rustwide/cargo-home/bin/cargo" "+1.100.0-beta.1" "test" "--frozen" "--release", kill_on_drop: false }`
[INFO] [stderr] warning: unused import: `Sha256`
[INFO] [stderr]  --> src/guest/measure/mod.rs:5:20
[INFO] [stderr]   |
[INFO] [stderr] 5 | use sha2::{Digest, Sha256};
[INFO] [stderr]   |                    ^^^^^^
[INFO] [stderr]   |
[INFO] [stderr]   = note: `#[warn(unused_imports)]` (part of `#[warn(unused)]`) on by default
[INFO] [stderr] 
[INFO] [stderr] warning: unused import: `Digest`
[INFO] [stderr]  --> src/guest/measure/mod.rs:5:12
[INFO] [stderr]   |
[INFO] [stderr] 5 | use sha2::{Digest, Sha256};
[INFO] [stderr]   |            ^^^^^^
[INFO] [stderr] 
[INFO] [stderr] warning: unreachable pattern
[INFO] [stderr]    --> src/guest/measure/vmsa.rs:259:13
[INFO] [stderr]     |
[INFO] [stderr] 258 |             VMMType::QEMU => (0x9b, 0x93, 0x8b, vcpu_type.sig() as u64, 0x1f80, 0x37f),
[INFO] [stderr]     |             ------------- matches all the relevant values
[INFO] [stderr] 259 |             _ => unimplemented!("Other vmm types are not supported"),
[INFO] [stderr]     |             ^ no value can reach this
[INFO] [stderr]     |
[INFO] [stderr]     = note: `#[warn(unreachable_patterns)]` (part of `#[warn(unused)]`) on by default
[INFO] [stderr] 
[INFO] [stderr] warning: unused variable: `vmm_type`
[INFO] [stderr]    --> src/guest/measure/mod.rs:112:5
[INFO] [stderr]     |
[INFO] [stderr] 112 |     vmm_type: VMMType,
[INFO] [stderr]     |     ^^^^^^^^ help: if this is intentional, prefix it with an underscore: `_vmm_type`
[INFO] [stderr]     |
[INFO] [stderr]     = note: `#[warn(unused_variables)]` (part of `#[warn(unused)]`) on by default
[INFO] [stderr] 
[INFO] [stderr] warning: type `SevEsSaveArea` is more private than the item `VMSA::build_save_area`
[INFO] [stderr]    --> src/guest/measure/vmsa.rs:248:5
[INFO] [stderr]     |
[INFO] [stderr] 248 | /     pub(crate) fn build_save_area(
[INFO] [stderr] 249 | |         eip: c_ulonglong,
[INFO] [stderr] 250 | |         guest_features: GuestFeatures,
[INFO] [stderr] 251 | |         vcpu_type: CpuType,
[INFO] [stderr] 252 | |         vmm_type: VMMType,
[INFO] [stderr] 253 | |         _cpu_num: Option<u64>,
[INFO] [stderr] 254 | |     ) -> SevEsSaveArea {
[INFO] [stderr]     | |______________________^ associated function `VMSA::build_save_area` is reachable at visibility `pub(crate)`
[INFO] [stderr]     |
[INFO] [stderr] note: but type `SevEsSaveArea` is only usable at visibility `pub(self)`
[INFO] [stderr]    --> src/guest/measure/vmsa.rs:96:1
[INFO] [stderr]     |
[INFO] [stderr]  96 | struct SevEsSaveArea {
[INFO] [stderr]     | ^^^^^^^^^^^^^^^^^^^^
[INFO] [stderr]     = note: `#[warn(private_interfaces)]` on by default
[INFO] [stderr] 
[INFO] [stderr] warning: static `LD_ZEROED` is never used
[INFO] [stderr]   --> src/guest/identity/types.rs:43:19
[INFO] [stderr]    |
[INFO] [stderr] 43 | pub(crate) static LD_ZEROED: Lazy<LaunchDigest> = Lazy::new(||
[INFO] [stderr]    |                   ^^^^^^^^^
[INFO] [stderr]    |
[INFO] [stderr]    = note: `#[warn(dead_code)]` (part of `#[warn(unused)]`) on by default
[INFO] [stderr] 
[INFO] [stderr] warning: constant `TEST_REPORT_BIN` is never used
[INFO] [stderr]    --> src/guest/attestation/report.rs:366:11
[INFO] [stderr]     |
[INFO] [stderr] 366 |     const TEST_REPORT_BIN: &str = "resources/test/guest_report.bin";
[INFO] [stderr]     |           ^^^^^^^^^^^^^^^
[INFO] [stderr]     |
[INFO] [stderr]     = note: `#[warn(dead_code)]` (part of `#[warn(unused)]`) on by default
[INFO] [stderr] 
[INFO] [stderr] warning: static `LD_ZEROED` is never used
[INFO] [stderr]   --> src/guest/identity/types.rs:43:19
[INFO] [stderr]    |
[INFO] [stderr] 43 | pub(crate) static LD_ZEROED: Lazy<LaunchDigest> = Lazy::new(||
[INFO] [stderr]    |                   ^^^^^^^^^
[INFO] [stderr] 
[INFO] [stderr] warning: `sev-snp-utilities` (lib) generated 6 warnings (run `cargo fix --lib -p sev-snp-utilities` to apply 2 suggestions)
[INFO] [stderr] warning: `sev-snp-utilities` (lib test) generated 7 warnings (5 duplicates)
[INFO] [stderr] warning: unused `Result` that must be used
[INFO] [stderr]    --> tests/attestation_report_test.rs:203:5
[INFO] [stderr]     |
[INFO] [stderr] 203 |     report.verify(Some(Policy::permissive())).await;
[INFO] [stderr]     |     ^^^^^^^^^^^^^^^^^^^^^^^^^^^^^^^^^^^^^^^^^^^^^^^
[INFO] [stderr]     |
[INFO] [stderr]     = note: this `Result` may be an `Err` variant, which should be handled
[INFO] [stderr]     = note: `#[warn(unused_must_use)]` (part of `#[warn(unused)]`) on by default
[INFO] [stderr] help: use `let _ = ...` to ignore the resulting value
[INFO] [stderr]     |
[INFO] [stderr] 203 |     let _ = report.verify(Some(Policy::permissive())).await;
[INFO] [stderr]     |     +++++++
[INFO] [stderr] 
[INFO] [stderr] warning: `sev-snp-utilities` (test "attestation_report_test") generated 1 warning
[INFO] [stderr]     Finished `release` profile [optimized] target(s) in 0.22s
[INFO] [stderr]      Running unittests src/lib.rs (/opt/rustwide/target/release/build/sev-snp-utilities/612147ee1698ae72/out/sev_snp_utilities-612147ee1698ae72)
[INFO] [stdout] 
[INFO] [stdout] running 29 tests
[INFO] [stdout] test guest::attestation::get_report::tests::test_snp_report_msg_resp_from_reader ... FAILED
[INFO] [stdout] test guest::attestation::report::tests::attestation_report_file_corrupted_test ... FAILED
[INFO] [stdout] test guest::attestation::verify::tests::print_policy_values_test ... FAILED
[INFO] [stdout] test guest::attestation::certs::tests::fetch_kds_vcek_test ... FAILED
[INFO] [stdout] test guest::attestation::certs::tests::get_kds_vcek_test ... FAILED
[INFO] [stdout] test guest::attestation::certs::tests::get_kds_vcek_url_test ... FAILED
[INFO] [stdout] test guest::attestation::certs::tests::get_kds_vcek_cert_bytes_test ... FAILED
[INFO] [stdout] test guest::derived_key::get_derived_key::tests::test_derived_key_request_builder ... ok
[INFO] [stdout] test guest::derived_key::get_derived_key::tests::test_snp_derived_key_msg_resp_from_reader ... FAILED
[INFO] [stdout] test guest::attestation::certs::tests::get_kds_vcek_cert_chain_url_test ... ok
[INFO] [stdout] test guest::identity::types::tests::id_block_test ... FAILED
[INFO] [stdout] test guest::identity::types::tests::image_id_hex_test ... ok
[INFO] [stdout] test guest::measure::sev_hashes::tests::construct_page_test ... FAILED
[INFO] [stdout] test guest::measure::ovmf::tests::ovmf_file_test ... FAILED
[INFO] [stdout] test guest::attestation::verify::tests::verify_test ... FAILED
[INFO] [stdout] test guest::attestation::report::tests::attestation_report_file_test ... FAILED
[INFO] [stdout] test guest::identity::ecdsa::tests::create_signed_id_auth_info_test ... FAILED
[INFO] [stdout] test guest::identity::fingerprint::tests::fingerprint_id_key_test ... FAILED
[INFO] [stdout] test guest::measure::sev_hashes::tests::construct_table_test ... FAILED
[INFO] [stdout] test guest::identity::types::tests::family_id_hex_test ... ok
[INFO] [stdout] test guest::measure::sev_hashes::tests::sev_hashes_new_test ... FAILED
[INFO] [stdout] test guest::attestation::certs::tests::verify_certs_test ... FAILED
[INFO] [stdout] test guest::identity::types::tests::launch_digest_hex_test ... ok
[INFO] [stdout] test guest::identity::types::tests::id_auth_info_test ... FAILED
[INFO] [stdout] test guest::attestation::verify::tests::verify_bad_sig_test ... FAILED
[INFO] [stdout] test guest::attestation::certs::tests::get_kds_ark_ask_certs_test ... FAILED
[INFO] [stdout] test guest::attestation::certs::tests::get_kds_ark_ask_certs_and_validate_test ... FAILED
[INFO] [stdout] test guest::attestation::certs::tests::get_kds_ark_ask_certs_bytes_test ... FAILED
[INFO] [stdout] test guest::attestation::certs::tests::fetch_kds_vcek_cert_chain_test has been running for over 60 seconds
[INFO] [stdout] test guest::attestation::certs::tests::fetch_kds_vcek_cert_chain_test ... FAILED
[INFO] [stdout] 
[INFO] [stdout] failures:
[INFO] [stdout] 
[INFO] [stdout] ---- guest::attestation::get_report::tests::test_snp_report_msg_resp_from_reader stdout ----
[INFO] [stdout] 
[INFO] [stdout] thread 'guest::attestation::get_report::tests::test_snp_report_msg_resp_from_reader' (3059) panicked at src/guest/attestation/get_report.rs:123:53:
[INFO] [stdout] called `Result::unwrap()` on an `Err` value: Os { code: 2, kind: NotFound, message: "No such file or directory" }
[INFO] [stdout] stack backtrace:
[INFO] [stdout]    0:     0x5d161c5e1401 - <<std[617be2ca0a6fd877]::sys::backtrace::BacktraceLock>::print::DisplayBacktrace as core[a373ad73a504971]::fmt::Display>::fmt
[INFO] [stdout]    1:     0x5d161c5f747a - core[a373ad73a504971]::fmt::write
[INFO] [stdout]    2:     0x5d161c5e5eec - <alloc[2e1b2a31b91974c5]::vec::Vec<u8> as core[a373ad73a504971]::io::write::Write>::write_fmt
[INFO] [stdout]    3:     0x5d161c5bb126 - std[617be2ca0a6fd877]::panicking::default_hook::{closure#0}
[INFO] [stdout]    4:     0x5d161c5d8b39 - std[617be2ca0a6fd877]::panicking::default_hook
[INFO] [stdout]    5:     0x5d161c3edaa0 - test[aada8e7e76ba119b]::test_main_inner::{closure#0}
[INFO] [stdout]    6:     0x5d161c5d8e62 - std[617be2ca0a6fd877]::panicking::panic_with_hook
[INFO] [stdout]    7:     0x5d161c5bb1d2 - std[617be2ca0a6fd877]::panicking::panic_handler::{closure#0}
[INFO] [stdout]    8:     0x5d161c5b3b59 - std[617be2ca0a6fd877]::sys::backtrace::__rust_end_short_backtrace::<std[617be2ca0a6fd877]::panicking::panic_handler::{closure#0}, !>
[INFO] [stdout]    9:     0x5d161c5bbfcd - __rustc[ea4f61d10b84890b]::rust_begin_unwind
[INFO] [stdout]   10:     0x5d161c5f7bdc - core[a373ad73a504971]::panicking::panic_fmt
[INFO] [stdout]   11:     0x5d161c5f79b2 - core[a373ad73a504971]::result::unwrap_failed
[INFO] [stdout]   12:     0x5d161c3996f7 - <sev_snp_utilities[51904ee0f95a170c]::guest::attestation::get_report::tests::test_snp_report_msg_resp_from_reader::{closure#0} as core[a373ad73a504971]::ops::function::FnOnce<()>>::call_once
[INFO] [stdout]   13:     0x5d161c3e0eeb - test[aada8e7e76ba119b]::__rust_begin_short_backtrace::<core[a373ad73a504971]::result::Result<(), alloc[2e1b2a31b91974c5]::string::String>, fn() -> core[a373ad73a504971]::result::Result<(), alloc[2e1b2a31b91974c5]::string::String>>
[INFO] [stdout]   14:     0x5d161c3ee0c5 - test[aada8e7e76ba119b]::run_test::{closure#0}
[INFO] [stdout]   15:     0x5d161c3e79b4 - std[617be2ca0a6fd877]::sys::backtrace::__rust_begin_short_backtrace::<test[aada8e7e76ba119b]::run_test::{closure#1}, ()>
[INFO] [stdout]   16:     0x5d161c3f1152 - <std[617be2ca0a6fd877]::thread::lifecycle::spawn_unchecked<test[aada8e7e76ba119b]::run_test::{closure#1}, ()>::{closure#1} as core[a373ad73a504971]::ops::function::FnOnce<()>>::call_once::{shim:vtable#0}
[INFO] [stdout]   17:     0x5d161c5e023f - <std[617be2ca0a6fd877]::sys::thread::unix::Thread>::new::thread_start
[INFO] [stdout]   18:     0x796338193dfa - <unknown>
[INFO] [stdout]   19:     0x7963382273d4 - clone
[INFO] [stdout]   20:                0x0 - <unknown>
[INFO] [stdout] 
[INFO] [stdout] ---- guest::attestation::report::tests::attestation_report_file_corrupted_test stdout ----
[INFO] [stdout] 
[INFO] [stdout] thread 'guest::attestation::report::tests::attestation_report_file_corrupted_test' (3060) panicked at src/guest/attestation/report.rs:538:9:
[INFO] [stdout] assertion `left == right` failed
[INFO] [stdout]   left: "io error: No such file or directory (os error 2)"
[INFO] [stdout]  right: "io error: report file is too short (793 vs 816 min bytes)"
[INFO] [stdout] stack backtrace:
[INFO] [stdout]    0:     0x5d161c5e1401 - <<std[617be2ca0a6fd877]::sys::backtrace::BacktraceLock>::print::DisplayBacktrace as core[a373ad73a504971]::fmt::Display>::fmt
[INFO] [stdout]    1:     0x5d161c5f747a - core[a373ad73a504971]::fmt::write
[INFO] [stdout]    2:     0x5d161c5e5eec - <alloc[2e1b2a31b91974c5]::vec::Vec<u8> as core[a373ad73a504971]::io::write::Write>::write_fmt
[INFO] [stdout]    3:     0x5d161c5bb126 - std[617be2ca0a6fd877]::panicking::default_hook::{closure#0}
[INFO] [stdout]    4:     0x5d161c5d8b39 - std[617be2ca0a6fd877]::panicking::default_hook
[INFO] [stdout]    5:     0x5d161c3edaa0 - test[aada8e7e76ba119b]::test_main_inner::{closure#0}
[INFO] [stdout]    6:     0x5d161c5d8e62 - std[617be2ca0a6fd877]::panicking::panic_with_hook
[INFO] [stdout]    7:     0x5d161c5bb1d2 - std[617be2ca0a6fd877]::panicking::panic_handler::{closure#0}
[INFO] [stdout]    8:     0x5d161c5b3b59 - std[617be2ca0a6fd877]::sys::backtrace::__rust_end_short_backtrace::<std[617be2ca0a6fd877]::panicking::panic_handler::{closure#0}, !>
[INFO] [stdout]    9:     0x5d161c5bbfcd - __rustc[ea4f61d10b84890b]::rust_begin_unwind
[INFO] [stdout]   10:     0x5d161c5f7bdc - core[a373ad73a504971]::panicking::panic_fmt
[INFO] [stdout]   11:     0x5d161c5f7af3 - core[a373ad73a504971]::panicking::assert_failed_inner
[INFO] [stdout]   12:     0x5d161c3cc22b - core[a373ad73a504971]::panicking::assert_failed::<alloc[2e1b2a31b91974c5]::string::String, &str>
[INFO] [stdout]   13:     0x5d161c39bc31 - <sev_snp_utilities[51904ee0f95a170c]::guest::attestation::report::tests::attestation_report_file_corrupted_test::{closure#0} as core[a373ad73a504971]::ops::function::FnOnce<()>>::call_once
[INFO] [stdout]   14:     0x5d161c3e0eeb - test[aada8e7e76ba119b]::__rust_begin_short_backtrace::<core[a373ad73a504971]::result::Result<(), alloc[2e1b2a31b91974c5]::string::String>, fn() -> core[a373ad73a504971]::result::Result<(), alloc[2e1b2a31b91974c5]::string::String>>
[INFO] [stdout]   15:     0x5d161c3ee0c5 - test[aada8e7e76ba119b]::run_test::{closure#0}
[INFO] [stdout]   16:     0x5d161c3e79b4 - std[617be2ca0a6fd877]::sys::backtrace::__rust_begin_short_backtrace::<test[aada8e7e76ba119b]::run_test::{closure#1}, ()>
[INFO] [stdout]   17:     0x5d161c3f1152 - <std[617be2ca0a6fd877]::thread::lifecycle::spawn_unchecked<test[aada8e7e76ba119b]::run_test::{closure#1}, ()>::{closure#1} as core[a373ad73a504971]::ops::function::FnOnce<()>>::call_once::{shim:vtable#0}
[INFO] [stdout]   18:     0x5d161c5e023f - <std[617be2ca0a6fd877]::sys::thread::unix::Thread>::new::thread_start
[INFO] [stdout]   19:     0x796338193dfa - <unknown>
[INFO] [stdout]   20:     0x7963382273d4 - clone
[INFO] [stdout]   21:                0x0 - <unknown>
[INFO] [stdout] 
[INFO] [stdout] ---- guest::attestation::verify::tests::print_policy_values_test stdout ----
[INFO] [stdout] 
[INFO] [stdout] thread 'guest::attestation::verify::tests::print_policy_values_test' (3062) panicked at src/guest/attestation/verify.rs:184:63:
[INFO] [stdout] Failed to get attestation report from SEV-SNP device: sev_snp_utilities::Error { kind: Io, source: Os { code: 2, kind: NotFound, message: "No such file or directory" } }
[INFO] [stdout] stack backtrace:
[INFO] [stdout]    0:     0x5d161c5e1401 - <<std[617be2ca0a6fd877]::sys::backtrace::BacktraceLock>::print::DisplayBacktrace as core[a373ad73a504971]::fmt::Display>::fmt
[INFO] [stdout]    1:     0x5d161c5f747a - core[a373ad73a504971]::fmt::write
[INFO] [stdout]    2:     0x5d161c5e5eec - <alloc[2e1b2a31b91974c5]::vec::Vec<u8> as core[a373ad73a504971]::io::write::Write>::write_fmt
[INFO] [stdout]    3:     0x5d161c5bb126 - std[617be2ca0a6fd877]::panicking::default_hook::{closure#0}
[INFO] [stdout]    4:     0x5d161c5d8b39 - std[617be2ca0a6fd877]::panicking::default_hook
[INFO] [stdout]    5:     0x5d161c3edaa0 - test[aada8e7e76ba119b]::test_main_inner::{closure#0}
[INFO] [stdout]    6:     0x5d161c5d8e62 - std[617be2ca0a6fd877]::panicking::panic_with_hook
[INFO] [stdout]    7:     0x5d161c5bb1d2 - std[617be2ca0a6fd877]::panicking::panic_handler::{closure#0}
[INFO] [stdout]    8:     0x5d161c5b3b59 - std[617be2ca0a6fd877]::sys::backtrace::__rust_end_short_backtrace::<std[617be2ca0a6fd877]::panicking::panic_handler::{closure#0}, !>
[INFO] [stdout]    9:     0x5d161c5bbfcd - __rustc[ea4f61d10b84890b]::rust_begin_unwind
[INFO] [stdout]   10:     0x5d161c5f7bdc - core[a373ad73a504971]::panicking::panic_fmt
[INFO] [stdout]   11:     0x5d161c5f79b2 - core[a373ad73a504971]::result::unwrap_failed
[INFO] [stdout]   12:     0x5d161c396471 - sev_snp_utilities[51904ee0f95a170c]::guest::attestation::verify::tests::print_policy_values_test::{closure#0}
[INFO] [stdout]   13:     0x5d161c3dd903 - <tokio[4c8546cd7510d7fa]::runtime::scheduler::current_thread::Context>::enter::<core[a373ad73a504971]::task::poll::Poll<()>, <tokio[4c8546cd7510d7fa]::runtime::scheduler::current_thread::CoreGuard>::block_on<core[a373ad73a504971]::pin::Pin<&mut core[a373ad73a504971]::pin::Pin<&mut dyn core[a373ad73a504971]::future::future::Future<Output = ()>>>>::{closure#0}::{closure#0}>
[INFO] [stdout]   14:     0x5d161c38ee9c - <tokio[4c8546cd7510d7fa]::runtime::context::scoped::Scoped<tokio[4c8546cd7510d7fa]::runtime::scheduler::Context>>::set::<<tokio[4c8546cd7510d7fa]::runtime::scheduler::current_thread::CoreGuard>::enter<<tokio[4c8546cd7510d7fa]::runtime::scheduler::current_thread::CoreGuard>::block_on<core[a373ad73a504971]::pin::Pin<&mut core[a373ad73a504971]::pin::Pin<&mut dyn core[a373ad73a504971]::future::future::Future<Output = ()>>>>::{closure#0}, core[a373ad73a504971]::option::Option<()>>::{closure#0}, (alloc[2e1b2a31b91974c5]::boxed::Box<tokio[4c8546cd7510d7fa]::runtime::scheduler::current_thread::Core>, core[a373ad73a504971]::option::Option<()>)>
[INFO] [stdout]   15:     0x5d161c3d5e0d - <tokio[4c8546cd7510d7fa]::runtime::runtime::Runtime>::block_on::<core[a373ad73a504971]::pin::Pin<&mut dyn core[a373ad73a504971]::future::future::Future<Output = ()>>>
[INFO] [stdout]   16:     0x5d161c39c082 - <sev_snp_utilities[51904ee0f95a170c]::guest::attestation::verify::tests::print_policy_values_test::{closure#0} as core[a373ad73a504971]::ops::function::FnOnce<()>>::call_once
[INFO] [stdout]   17:     0x5d161c3e0eeb - test[aada8e7e76ba119b]::__rust_begin_short_backtrace::<core[a373ad73a504971]::result::Result<(), alloc[2e1b2a31b91974c5]::string::String>, fn() -> core[a373ad73a504971]::result::Result<(), alloc[2e1b2a31b91974c5]::string::String>>
[INFO] [stdout]   18:     0x5d161c3ee0c5 - test[aada8e7e76ba119b]::run_test::{closure#0}
[INFO] [stdout]   19:     0x5d161c3e79b4 - std[617be2ca0a6fd877]::sys::backtrace::__rust_begin_short_backtrace::<test[aada8e7e76ba119b]::run_test::{closure#1}, ()>
[INFO] [stdout]   20:     0x5d161c3f1152 - <std[617be2ca0a6fd877]::thread::lifecycle::spawn_unchecked<test[aada8e7e76ba119b]::run_test::{closure#1}, ()>::{closure#1} as core[a373ad73a504971]::ops::function::FnOnce<()>>::call_once::{shim:vtable#0}
[INFO] [stdout]   21:     0x5d161c5e023f - <std[617be2ca0a6fd877]::sys::thread::unix::Thread>::new::thread_start
[INFO] [stdout]   22:     0x796338193dfa - <unknown>
[INFO] [stdout]   23:     0x7963382273d4 - clone
[INFO] [stdout]   24:                0x0 - <unknown>
[INFO] [stdout] 
[INFO] [stdout] ---- guest::attestation::certs::tests::fetch_kds_vcek_test stdout ----
[INFO] [stdout] 
[INFO] [stdout] thread 'guest::attestation::certs::tests::fetch_kds_vcek_test' (3048) panicked at src/guest/attestation/certs.rs:620:63:
[INFO] [stdout] called `Result::unwrap()` on an `Err` value: sev_snp_utilities::Error { kind: Io, source: Os { code: 2, kind: NotFound, message: "No such file or directory" } }
[INFO] [stdout] stack backtrace:
[INFO] [stdout]    0:     0x5d161c5e1401 - <<std[617be2ca0a6fd877]::sys::backtrace::BacktraceLock>::print::DisplayBacktrace as core[a373ad73a504971]::fmt::Display>::fmt
[INFO] [stdout]    1:     0x5d161c5f747a - core[a373ad73a504971]::fmt::write
[INFO] [stdout]    2:     0x5d161c5e5eec - <alloc[2e1b2a31b91974c5]::vec::Vec<u8> as core[a373ad73a504971]::io::write::Write>::write_fmt
[INFO] [stdout]    3:     0x5d161c5bb126 - std[617be2ca0a6fd877]::panicking::default_hook::{closure#0}
[INFO] [stdout]    4:     0x5d161c5d8b39 - std[617be2ca0a6fd877]::panicking::default_hook
[INFO] [stdout]    5:     0x5d161c3edaa0 - test[aada8e7e76ba119b]::test_main_inner::{closure#0}
[INFO] [stdout]    6:     0x5d161c5d8e62 - std[617be2ca0a6fd877]::panicking::panic_with_hook
[INFO] [stdout]    7:     0x5d161c5bb1d2 - std[617be2ca0a6fd877]::panicking::panic_handler::{closure#0}
[INFO] [stdout]    8:     0x5d161c5b3b59 - std[617be2ca0a6fd877]::sys::backtrace::__rust_end_short_backtrace::<std[617be2ca0a6fd877]::panicking::panic_handler::{closure#0}, !>
[INFO] [stdout]    9:     0x5d161c5bbfcd - __rustc[ea4f61d10b84890b]::rust_begin_unwind
[INFO] [stdout]   10:     0x5d161c5f7bdc - core[a373ad73a504971]::panicking::panic_fmt
[INFO] [stdout]   11:     0x5d161c5f79b2 - core[a373ad73a504971]::result::unwrap_failed
[INFO] [stdout]   12:     0x5d161c3740a8 - sev_snp_utilities[51904ee0f95a170c]::guest::attestation::certs::tests::fetch_kds_vcek_test::{closure#0}
[INFO] [stdout]   13:     0x5d161c3dd903 - <tokio[4c8546cd7510d7fa]::runtime::scheduler::current_thread::Context>::enter::<core[a373ad73a504971]::task::poll::Poll<()>, <tokio[4c8546cd7510d7fa]::runtime::scheduler::current_thread::CoreGuard>::block_on<core[a373ad73a504971]::pin::Pin<&mut core[a373ad73a504971]::pin::Pin<&mut dyn core[a373ad73a504971]::future::future::Future<Output = ()>>>>::{closure#0}::{closure#0}>
[INFO] [stdout]   14:     0x5d161c38ee9c - <tokio[4c8546cd7510d7fa]::runtime::context::scoped::Scoped<tokio[4c8546cd7510d7fa]::runtime::scheduler::Context>>::set::<<tokio[4c8546cd7510d7fa]::runtime::scheduler::current_thread::CoreGuard>::enter<<tokio[4c8546cd7510d7fa]::runtime::scheduler::current_thread::CoreGuard>::block_on<core[a373ad73a504971]::pin::Pin<&mut core[a373ad73a504971]::pin::Pin<&mut dyn core[a373ad73a504971]::future::future::Future<Output = ()>>>>::{closure#0}, core[a373ad73a504971]::option::Option<()>>::{closure#0}, (alloc[2e1b2a31b91974c5]::boxed::Box<tokio[4c8546cd7510d7fa]::runtime::scheduler::current_thread::Core>, core[a373ad73a504971]::option::Option<()>)>
[INFO] [stdout]   15:     0x5d161c3d5e0d - <tokio[4c8546cd7510d7fa]::runtime::runtime::Runtime>::block_on::<core[a373ad73a504971]::pin::Pin<&mut dyn core[a373ad73a504971]::future::future::Future<Output = ()>>>
[INFO] [stdout]   16:     0x5d161c375bfe - <sev_snp_utilities[51904ee0f95a170c]::guest::attestation::certs::tests::fetch_kds_vcek_test::{closure#0} as core[a373ad73a504971]::ops::function::FnOnce<()>>::call_once
[INFO] [stdout]   17:     0x5d161c3e0eeb - test[aada8e7e76ba119b]::__rust_begin_short_backtrace::<core[a373ad73a504971]::result::Result<(), alloc[2e1b2a31b91974c5]::string::String>, fn() -> core[a373ad73a504971]::result::Result<(), alloc[2e1b2a31b91974c5]::string::String>>
[INFO] [stdout]   18:     0x5d161c3ee0c5 - test[aada8e7e76ba119b]::run_test::{closure#0}
[INFO] [stdout]   19:     0x5d161c3e79b4 - std[617be2ca0a6fd877]::sys::backtrace::__rust_begin_short_backtrace::<test[aada8e7e76ba119b]::run_test::{closure#1}, ()>
[INFO] [stdout]   20:     0x5d161c3f1152 - <std[617be2ca0a6fd877]::thread::lifecycle::spawn_unchecked<test[aada8e7e76ba119b]::run_test::{closure#1}, ()>::{closure#1} as core[a373ad73a504971]::ops::function::FnOnce<()>>::call_once::{shim:vtable#0}
[INFO] [stdout]   21:     0x5d161c5e023f - <std[617be2ca0a6fd877]::sys::thread::unix::Thread>::new::thread_start
[INFO] [stdout]   22:     0x796338193dfa - <unknown>
[INFO] [stdout]   23:     0x7963382273d4 - clone
[INFO] [stdout]   24:                0x0 - <unknown>
[INFO] [stdout] 
[INFO] [stdout] ---- guest::attestation::certs::tests::get_kds_vcek_test stdout ----
[INFO] [stdout] 
[INFO] [stdout] thread 'guest::attestation::certs::tests::get_kds_vcek_test' (3054) panicked at src/guest/attestation/certs.rs:664:63:
[INFO] [stdout] called `Result::unwrap()` on an `Err` value: sev_snp_utilities::Error { kind: Io, source: Os { code: 2, kind: NotFound, message: "No such file or directory" } }
[INFO] [stdout] stack backtrace:
[INFO] [stdout]    0:     0x5d161c5e1401 - <<std[617be2ca0a6fd877]::sys::backtrace::BacktraceLock>::print::DisplayBacktrace as core[a373ad73a504971]::fmt::Display>::fmt
[INFO] [stdout]    1:     0x5d161c5f747a - core[a373ad73a504971]::fmt::write
[INFO] [stdout]    2:     0x5d161c5e5eec - <alloc[2e1b2a31b91974c5]::vec::Vec<u8> as core[a373ad73a504971]::io::write::Write>::write_fmt
[INFO] [stdout]    3:     0x5d161c5bb126 - std[617be2ca0a6fd877]::panicking::default_hook::{closure#0}
[INFO] [stdout]    4:     0x5d161c5d8b39 - std[617be2ca0a6fd877]::panicking::default_hook
[INFO] [stdout]    5:     0x5d161c3edaa0 - test[aada8e7e76ba119b]::test_main_inner::{closure#0}
[INFO] [stdout]    6:     0x5d161c5d8e62 - std[617be2ca0a6fd877]::panicking::panic_with_hook
[INFO] [stdout]    7:     0x5d161c5bb1d2 - std[617be2ca0a6fd877]::panicking::panic_handler::{closure#0}
[INFO] [stdout]    8:     0x5d161c5b3b59 - std[617be2ca0a6fd877]::sys::backtrace::__rust_end_short_backtrace::<std[617be2ca0a6fd877]::panicking::panic_handler::{closure#0}, !>
[INFO] [stdout]    9:     0x5d161c5bbfcd - __rustc[ea4f61d10b84890b]::rust_begin_unwind
[INFO] [stdout]   10:     0x5d161c5f7bdc - core[a373ad73a504971]::panicking::panic_fmt
[INFO] [stdout]   11:     0x5d161c5f79b2 - core[a373ad73a504971]::result::unwrap_failed
[INFO] [stdout]   12:     0x5d161c3734c7 - sev_snp_utilities[51904ee0f95a170c]::guest::attestation::certs::tests::get_kds_vcek_test::{closure#0}
[INFO] [stdout]   13:     0x5d161c3dd903 - <tokio[4c8546cd7510d7fa]::runtime::scheduler::current_thread::Context>::enter::<core[a373ad73a504971]::task::poll::Poll<()>, <tokio[4c8546cd7510d7fa]::runtime::scheduler::current_thread::CoreGuard>::block_on<core[a373ad73a504971]::pin::Pin<&mut core[a373ad73a504971]::pin::Pin<&mut dyn core[a373ad73a504971]::future::future::Future<Output = ()>>>>::{closure#0}::{closure#0}>
[INFO] [stdout]   14:     0x5d161c38ee9c - <tokio[4c8546cd7510d7fa]::runtime::context::scoped::Scoped<tokio[4c8546cd7510d7fa]::runtime::scheduler::Context>>::set::<<tokio[4c8546cd7510d7fa]::runtime::scheduler::current_thread::CoreGuard>::enter<<tokio[4c8546cd7510d7fa]::runtime::scheduler::current_thread::CoreGuard>::block_on<core[a373ad73a504971]::pin::Pin<&mut core[a373ad73a504971]::pin::Pin<&mut dyn core[a373ad73a504971]::future::future::Future<Output = ()>>>>::{closure#0}, core[a373ad73a504971]::option::Option<()>>::{closure#0}, (alloc[2e1b2a31b91974c5]::boxed::Box<tokio[4c8546cd7510d7fa]::runtime::scheduler::current_thread::Core>, core[a373ad73a504971]::option::Option<()>)>
[INFO] [stdout]   15:     0x5d161c3d5e0d - <tokio[4c8546cd7510d7fa]::runtime::runtime::Runtime>::block_on::<core[a373ad73a504971]::pin::Pin<&mut dyn core[a373ad73a504971]::future::future::Future<Output = ()>>>
[INFO] [stdout]   16:     0x5d161c37593e - <sev_snp_utilities[51904ee0f95a170c]::guest::attestation::certs::tests::get_kds_vcek_test::{closure#0} as core[a373ad73a504971]::ops::function::FnOnce<()>>::call_once
[INFO] [stdout]   17:     0x5d161c3e0eeb - test[aada8e7e76ba119b]::__rust_begin_short_backtrace::<core[a373ad73a504971]::result::Result<(), alloc[2e1b2a31b91974c5]::string::String>, fn() -> core[a373ad73a504971]::result::Result<(), alloc[2e1b2a31b91974c5]::string::String>>
[INFO] [stdout]   18:     0x5d161c3ee0c5 - test[aada8e7e76ba119b]::run_test::{closure#0}
[INFO] [stdout]   19:     0x5d161c3e79b4 - std[617be2ca0a6fd877]::sys::backtrace::__rust_begin_short_backtrace::<test[aada8e7e76ba119b]::run_test::{closure#1}, ()>
[INFO] [stdout]   20:     0x5d161c3f1152 - <std[617be2ca0a6fd877]::thread::lifecycle::spawn_unchecked<test[aada8e7e76ba119b]::run_test::{closure#1}, ()>::{closure#1} as core[a373ad73a504971]::ops::function::FnOnce<()>>::call_once::{shim:vtable#0}
[INFO] [stdout]   21:     0x5d161c5e023f - <std[617be2ca0a6fd877]::sys::thread::unix::Thread>::new::thread_start
[INFO] [stdout]   22:     0x796338193dfa - <unknown>
[INFO] [stdout]   23:     0x7963382273d4 - clone
[INFO] [stdout]   24:                0x0 - <unknown>
[INFO] [stdout] 
[INFO] [stdout] ---- guest::attestation::certs::tests::get_kds_vcek_url_test stdout ----
[INFO] [stdout] 
[INFO] [stdout] thread 'guest::attestation::certs::tests::get_kds_vcek_url_test' (3056) panicked at src/guest/attestation/certs.rs:610:14:
[INFO] [stdout] failed to create AttestationReport from_file: sev_snp_utilities::Error { kind: Io, source: Os { code: 2, kind: NotFound, message: "No such file or directory" } }
[INFO] [stdout] stack backtrace:
[INFO] [stdout]    0:     0x5d161c5e1401 - <<std[617be2ca0a6fd877]::sys::backtrace::BacktraceLock>::print::DisplayBacktrace as core[a373ad73a504971]::fmt::Display>::fmt
[INFO] [stdout]    1:     0x5d161c5f747a - core[a373ad73a504971]::fmt::write
[INFO] [stdout]    2:     0x5d161c5e5eec - <alloc[2e1b2a31b91974c5]::vec::Vec<u8> as core[a373ad73a504971]::io::write::Write>::write_fmt
[INFO] [stdout]    3:     0x5d161c5bb126 - std[617be2ca0a6fd877]::panicking::default_hook::{closure#0}
[INFO] [stdout]    4:     0x5d161c5d8b39 - std[617be2ca0a6fd877]::panicking::default_hook
[INFO] [stdout]    5:     0x5d161c3edaa0 - test[aada8e7e76ba119b]::test_main_inner::{closure#0}
[INFO] [stdout]    6:     0x5d161c5d8e62 - std[617be2ca0a6fd877]::panicking::panic_with_hook
[INFO] [stdout]    7:     0x5d161c5bb1d2 - std[617be2ca0a6fd877]::panicking::panic_handler::{closure#0}
[INFO] [stdout]    8:     0x5d161c5b3b59 - std[617be2ca0a6fd877]::sys::backtrace::__rust_end_short_backtrace::<std[617be2ca0a6fd877]::panicking::panic_handler::{closure#0}, !>
[INFO] [stdout]    9:     0x5d161c5bbfcd - __rustc[ea4f61d10b84890b]::rust_begin_unwind
[INFO] [stdout]   10:     0x5d161c5f7bdc - core[a373ad73a504971]::panicking::panic_fmt
[INFO] [stdout]   11:     0x5d161c5f79b2 - core[a373ad73a504971]::result::unwrap_failed
[INFO] [stdout]   12:     0x5d161c375e3f - <sev_snp_utilities[51904ee0f95a170c]::guest::attestation::certs::tests::get_kds_vcek_url_test::{closure#0} as core[a373ad73a504971]::ops::function::FnOnce<()>>::call_once
[INFO] [stdout]   13:     0x5d161c3e0eeb - test[aada8e7e76ba119b]::__rust_begin_short_backtrace::<core[a373ad73a504971]::result::Result<(), alloc[2e1b2a31b91974c5]::string::String>, fn() -> core[a373ad73a504971]::result::Result<(), alloc[2e1b2a31b91974c5]::string::String>>
[INFO] [stdout]   14:     0x5d161c3ee0c5 - test[aada8e7e76ba119b]::run_test::{closure#0}
[INFO] [stdout]   15:     0x5d161c3e79b4 - std[617be2ca0a6fd877]::sys::backtrace::__rust_begin_short_backtrace::<test[aada8e7e76ba119b]::run_test::{closure#1}, ()>
[INFO] [stdout]   16:     0x5d161c3f1152 - <std[617be2ca0a6fd877]::thread::lifecycle::spawn_unchecked<test[aada8e7e76ba119b]::run_test::{closure#1}, ()>::{closure#1} as core[a373ad73a504971]::ops::function::FnOnce<()>>::call_once::{shim:vtable#0}
[INFO] [stdout]   17:     0x5d161c5e023f - <std[617be2ca0a6fd877]::sys::thread::unix::Thread>::new::thread_start
[INFO] [stdout]   18:     0x796338193dfa - <unknown>
[INFO] [stdout]   19:     0x7963382273d4 - clone
[INFO] [stdout]   20:                0x0 - <unknown>
[INFO] [stdout] 
[INFO] [stdout] ---- guest::attestation::certs::tests::get_kds_vcek_cert_bytes_test stdout ----
[INFO] [stdout] 
[INFO] [stdout] thread 'guest::attestation::certs::tests::get_kds_vcek_cert_bytes_test' (3052) panicked at src/guest/attestation/certs.rs:641:63:
[INFO] [stdout] called `Result::unwrap()` on an `Err` value: sev_snp_utilities::Error { kind: Io, source: Os { code: 2, kind: NotFound, message: "No such file or directory" } }
[INFO] [stdout] stack backtrace:
[INFO] [stdout]    0:     0x5d161c5e1401 - <<std[617be2ca0a6fd877]::sys::backtrace::BacktraceLock>::print::DisplayBacktrace as core[a373ad73a504971]::fmt::Display>::fmt
[INFO] [stdout]    1:     0x5d161c5f747a - core[a373ad73a504971]::fmt::write
[INFO] [stdout]    2:     0x5d161c5e5eec - <alloc[2e1b2a31b91974c5]::vec::Vec<u8> as core[a373ad73a504971]::io::write::Write>::write_fmt
[INFO] [stdout]    3:     0x5d161c5bb126 - std[617be2ca0a6fd877]::panicking::default_hook::{closure#0}
[INFO] [stdout]    4:     0x5d161c5d8b39 - std[617be2ca0a6fd877]::panicking::default_hook
[INFO] [stdout]    5:     0x5d161c3edaa0 - test[aada8e7e76ba119b]::test_main_inner::{closure#0}
[INFO] [stdout]    6:     0x5d161c5d8e62 - std[617be2ca0a6fd877]::panicking::panic_with_hook
[INFO] [stdout]    7:     0x5d161c5bb1d2 - std[617be2ca0a6fd877]::panicking::panic_handler::{closure#0}
[INFO] [stdout]    8:     0x5d161c5b3b59 - std[617be2ca0a6fd877]::sys::backtrace::__rust_end_short_backtrace::<std[617be2ca0a6fd877]::panicking::panic_handler::{closure#0}, !>
[INFO] [stdout]    9:     0x5d161c5bbfcd - __rustc[ea4f61d10b84890b]::rust_begin_unwind
[INFO] [stdout]   10:     0x5d161c5f7bdc - core[a373ad73a504971]::panicking::panic_fmt
[INFO] [stdout]   11:     0x5d161c5f79b2 - core[a373ad73a504971]::result::unwrap_failed
[INFO] [stdout]   12:     0x5d161c374957 - sev_snp_utilities[51904ee0f95a170c]::guest::attestation::certs::tests::get_kds_vcek_cert_bytes_test::{closure#0}
[INFO] [stdout]   13:     0x5d161c3dd903 - <tokio[4c8546cd7510d7fa]::runtime::scheduler::current_thread::Context>::enter::<core[a373ad73a504971]::task::poll::Poll<()>, <tokio[4c8546cd7510d7fa]::runtime::scheduler::current_thread::CoreGuard>::block_on<core[a373ad73a504971]::pin::Pin<&mut core[a373ad73a504971]::pin::Pin<&mut dyn core[a373ad73a504971]::future::future::Future<Output = ()>>>>::{closure#0}::{closure#0}>
[INFO] [stdout]   14:     0x5d161c38ee9c - <tokio[4c8546cd7510d7fa]::runtime::context::scoped::Scoped<tokio[4c8546cd7510d7fa]::runtime::scheduler::Context>>::set::<<tokio[4c8546cd7510d7fa]::runtime::scheduler::current_thread::CoreGuard>::enter<<tokio[4c8546cd7510d7fa]::runtime::scheduler::current_thread::CoreGuard>::block_on<core[a373ad73a504971]::pin::Pin<&mut core[a373ad73a504971]::pin::Pin<&mut dyn core[a373ad73a504971]::future::future::Future<Output = ()>>>>::{closure#0}, core[a373ad73a504971]::option::Option<()>>::{closure#0}, (alloc[2e1b2a31b91974c5]::boxed::Box<tokio[4c8546cd7510d7fa]::runtime::scheduler::current_thread::Core>, core[a373ad73a504971]::option::Option<()>)>
[INFO] [stdout]   15:     0x5d161c3d5e0d - <tokio[4c8546cd7510d7fa]::runtime::runtime::Runtime>::block_on::<core[a373ad73a504971]::pin::Pin<&mut dyn core[a373ad73a504971]::future::future::Future<Output = ()>>>
[INFO] [stdout]   16:     0x5d161c3760ce - <sev_snp_utilities[51904ee0f95a170c]::guest::attestation::certs::tests::get_kds_vcek_cert_bytes_test::{closure#0} as core[a373ad73a504971]::ops::function::FnOnce<()>>::call_once
[INFO] [stdout]   17:     0x5d161c3e0eeb - test[aada8e7e76ba119b]::__rust_begin_short_backtrace::<core[a373ad73a504971]::result::Result<(), alloc[2e1b2a31b91974c5]::string::String>, fn() -> core[a373ad73a504971]::result::Result<(), alloc[2e1b2a31b91974c5]::string::String>>
[INFO] [stdout]   18:     0x5d161c3ee0c5 - test[aada8e7e76ba119b]::run_test::{closure#0}
[INFO] [stdout]   19:     0x5d161c3e79b4 - std[617be2ca0a6fd877]::sys::backtrace::__rust_begin_short_backtrace::<test[aada8e7e76ba119b]::run_test::{closure#1}, ()>
[INFO] [stdout]   20:     0x5d161c3f1152 - <std[617be2ca0a6fd877]::thread::lifecycle::spawn_unchecked<test[aada8e7e76ba119b]::run_test::{closure#1}, ()>::{closure#1} as core[a373ad73a504971]::ops::function::FnOnce<()>>::call_once::{shim:vtable#0}
[INFO] [stdout]   21:     0x5d161c5e023f - <std[617be2ca0a6fd877]::sys::thread::unix::Thread>::new::thread_start
[INFO] [stdout]   22:     0x796338193dfa - <unknown>
[INFO] [stdout]   23:     0x7963382273d4 - clone
[INFO] [stdout]   24:                0x0 - <unknown>
[INFO] [stdout] 
[INFO] [stdout] ---- guest::derived_key::get_derived_key::tests::test_snp_derived_key_msg_resp_from_reader stdout ----
[INFO] [stdout] 
[INFO] [stdout] thread 'guest::derived_key::get_derived_key::tests::test_snp_derived_key_msg_resp_from_reader' (3082) panicked at src/guest/derived_key/get_derived_key.rs:200:53:
[INFO] [stdout] called `Result::unwrap()` on an `Err` value: Os { code: 2, kind: NotFound, message: "No such file or directory" }
[INFO] [stdout] stack backtrace:
[INFO] [stdout]    0:     0x5d161c5e1401 - <<std[617be2ca0a6fd877]::sys::backtrace::BacktraceLock>::print::DisplayBacktrace as core[a373ad73a504971]::fmt::Display>::fmt
[INFO] [stdout]    1:     0x5d161c5f747a - core[a373ad73a504971]::fmt::write
[INFO] [stdout]    2:     0x5d161c5e5eec - <alloc[2e1b2a31b91974c5]::vec::Vec<u8> as core[a373ad73a504971]::io::write::Write>::write_fmt
[INFO] [stdout]    3:     0x5d161c5bb126 - std[617be2ca0a6fd877]::panicking::default_hook::{closure#0}
[INFO] [stdout]    4:     0x5d161c5d8b39 - std[617be2ca0a6fd877]::panicking::default_hook
[INFO] [stdout]    5:     0x5d161c3edaa0 - test[aada8e7e76ba119b]::test_main_inner::{closure#0}
[INFO] [stdout]    6:     0x5d161c5d8e62 - std[617be2ca0a6fd877]::panicking::panic_with_hook
[INFO] [stdout]    7:     0x5d161c5bb1d2 - std[617be2ca0a6fd877]::panicking::panic_handler::{closure#0}
[INFO] [stdout]    8:     0x5d161c5b3b59 - std[617be2ca0a6fd877]::sys::backtrace::__rust_end_short_backtrace::<std[617be2ca0a6fd877]::panicking::panic_handler::{closure#0}, !>
[INFO] [stdout]    9:     0x5d161c5bbfcd - __rustc[ea4f61d10b84890b]::rust_begin_unwind
[INFO] [stdout]   10:     0x5d161c5f7bdc - core[a373ad73a504971]::panicking::panic_fmt
[INFO] [stdout]   11:     0x5d161c5f79b2 - core[a373ad73a504971]::result::unwrap_failed
[INFO] [stdout]   12:     0x5d161c39c292 - <sev_snp_utilities[51904ee0f95a170c]::guest::derived_key::get_derived_key::tests::test_snp_derived_key_msg_resp_from_reader::{closure#0} as core[a373ad73a504971]::ops::function::FnOnce<()>>::call_once
[INFO] [stdout]   13:     0x5d161c3e0eeb - test[aada8e7e76ba119b]::__rust_begin_short_backtrace::<core[a373ad73a504971]::result::Result<(), alloc[2e1b2a31b91974c5]::string::String>, fn() -> core[a373ad73a504971]::result::Result<(), alloc[2e1b2a31b91974c5]::string::String>>
[INFO] [stdout]   14:     0x5d161c3ee0c5 - test[aada8e7e76ba119b]::run_test::{closure#0}
[INFO] [stdout]   15:     0x5d161c3e79b4 - std[617be2ca0a6fd877]::sys::backtrace::__rust_begin_short_backtrace::<test[aada8e7e76ba119b]::run_test::{closure#1}, ()>
[INFO] [stdout]   16:     0x5d161c3f1152 - <std[617be2ca0a6fd877]::thread::lifecycle::spawn_unchecked<test[aada8e7e76ba119b]::run_test::{closure#1}, ()>::{closure#1} as core[a373ad73a504971]::ops::function::FnOnce<()>>::call_once::{shim:vtable#0}
[INFO] [stdout]   17:     0x5d161c5e023f - <std[617be2ca0a6fd877]::sys::thread::unix::Thread>::new::thread_start
[INFO] [stdout]   18:     0x796338193dfa - <unknown>
[INFO] [stdout]   19:     0x7963382273d4 - clone
[INFO] [stdout]   20:                0x0 - <unknown>
[INFO] [stdout] 
[INFO] [stdout] ---- guest::identity::types::tests::id_block_test stdout ----
[INFO] [stdout] 
[INFO] [stdout] thread 'guest::identity::types::tests::id_block_test' (3087) panicked at src/guest/identity/types.rs:418:14:
[INFO] [stdout] failed to read: 'id_block.b64': Os { code: 2, kind: NotFound, message: "No such file or directory" }
[INFO] [stdout] stack backtrace:
[INFO] [stdout]    0:     0x5d161c5e1401 - <<std[617be2ca0a6fd877]::sys::backtrace::BacktraceLock>::print::DisplayBacktrace as core[a373ad73a504971]::fmt::Display>::fmt
[INFO] [stdout]    1:     0x5d161c5f747a - core[a373ad73a504971]::fmt::write
[INFO] [stdout]    2:     0x5d161c5e5eec - <alloc[2e1b2a31b91974c5]::vec::Vec<u8> as core[a373ad73a504971]::io::write::Write>::write_fmt
[INFO] [stdout]    3:     0x5d161c5bb126 - std[617be2ca0a6fd877]::panicking::default_hook::{closure#0}
[INFO] [stdout]    4:     0x5d161c5d8b39 - std[617be2ca0a6fd877]::panicking::default_hook
[INFO] [stdout]    5:     0x5d161c3edaa0 - test[aada8e7e76ba119b]::test_main_inner::{closure#0}
[INFO] [stdout]    6:     0x5d161c5d8e62 - std[617be2ca0a6fd877]::panicking::panic_with_hook
[INFO] [stdout]    7:     0x5d161c5bb1d2 - std[617be2ca0a6fd877]::panicking::panic_handler::{closure#0}
[INFO] [stdout]    8:     0x5d161c5b3b59 - std[617be2ca0a6fd877]::sys::backtrace::__rust_end_short_backtrace::<std[617be2ca0a6fd877]::panicking::panic_handler::{closure#0}, !>
[INFO] [stdout]    9:     0x5d161c5bbfcd - __rustc[ea4f61d10b84890b]::rust_begin_unwind
[INFO] [stdout]   10:     0x5d161c5f7bdc - core[a373ad73a504971]::panicking::panic_fmt
[INFO] [stdout]   11:     0x5d161c5f79b2 - core[a373ad73a504971]::result::unwrap_failed
[INFO] [stdout]   12:     0x5d161c39e560 - <sev_snp_utilities[51904ee0f95a170c]::guest::identity::types::tests::id_block_test::{closure#0} as core[a373ad73a504971]::ops::function::FnOnce<()>>::call_once
[INFO] [stdout]   13:     0x5d161c3e0eeb - test[aada8e7e76ba119b]::__rust_begin_short_backtrace::<core[a373ad73a504971]::result::Result<(), alloc[2e1b2a31b91974c5]::string::String>, fn() -> core[a373ad73a504971]::result::Result<(), alloc[2e1b2a31b91974c5]::string::String>>
[INFO] [stdout]   14:     0x5d161c3ee0c5 - test[aada8e7e76ba119b]::run_test::{closure#0}
[INFO] [stdout]   15:     0x5d161c3e79b4 - std[617be2ca0a6fd877]::sys::backtrace::__rust_begin_short_backtrace::<test[aada8e7e76ba119b]::run_test::{closure#1}, ()>
[INFO] [stdout]   16:     0x5d161c3f1152 - <std[617be2ca0a6fd877]::thread::lifecycle::spawn_unchecked<test[aada8e7e76ba119b]::run_test::{closure#1}, ()>::{closure#1} as core[a373ad73a504971]::ops::function::FnOnce<()>>::call_once::{shim:vtable#0}
[INFO] [stdout]   17:     0x5d161c5e023f - <std[617be2ca0a6fd877]::sys::thread::unix::Thread>::new::thread_start
[INFO] [stdout]   18:     0x796338193dfa - <unknown>
[INFO] [stdout]   19:     0x7963382273d4 - clone
[INFO] [stdout]   20:                0x0 - <unknown>
[INFO] [stdout] 
[INFO] [stdout] ---- guest::measure::sev_hashes::tests::construct_page_test stdout ----
[INFO] [stdout] 
[INFO] [stdout] thread 'guest::measure::sev_hashes::tests::construct_page_test' (3091) panicked at src/guest/measure/sev_hashes.rs:291:14:
[INFO] [stdout] failed to read 'vmlinuz.cmdline': Os { code: 2, kind: NotFound, message: "No such file or directory" }
[INFO] [stdout] stack backtrace:
[INFO] [stdout]    0:     0x5d161c5e1401 - <<std[617be2ca0a6fd877]::sys::backtrace::BacktraceLock>::print::DisplayBacktrace as core[a373ad73a504971]::fmt::Display>::fmt
[INFO] [stdout]    1:     0x5d161c5f747a - core[a373ad73a504971]::fmt::write
[INFO] [stdout]    2:     0x5d161c5e5eec - <alloc[2e1b2a31b91974c5]::vec::Vec<u8> as core[a373ad73a504971]::io::write::Write>::write_fmt
[INFO] [stdout]    3:     0x5d161c5bb126 - std[617be2ca0a6fd877]::panicking::default_hook::{closure#0}
[INFO] [stdout]    4:     0x5d161c5d8b39 - std[617be2ca0a6fd877]::panicking::default_hook
[INFO] [stdout]    5:     0x5d161c3edaa0 - test[aada8e7e76ba119b]::test_main_inner::{closure#0}
[INFO] [stdout]    6:     0x5d161c5d8e62 - std[617be2ca0a6fd877]::panicking::panic_with_hook
[INFO] [stdout]    7:     0x5d161c5bb1d2 - std[617be2ca0a6fd877]::panicking::panic_handler::{closure#0}
[INFO] [stdout]    8:     0x5d161c5b3b59 - std[617be2ca0a6fd877]::sys::backtrace::__rust_end_short_backtrace::<std[617be2ca0a6fd877]::panicking::panic_handler::{closure#0}, !>
[INFO] [stdout]    9:     0x5d161c5bbfcd - __rustc[ea4f61d10b84890b]::rust_begin_unwind
[INFO] [stdout]   10:     0x5d161c5f7bdc - core[a373ad73a504971]::panicking::panic_fmt
[INFO] [stdout]   11:     0x5d161c5f79b2 - core[a373ad73a504971]::result::unwrap_failed
[INFO] [stdout]   12:     0x5d161c39cb14 - <sev_snp_utilities[51904ee0f95a170c]::guest::measure::sev_hashes::tests::construct_page_test::{closure#0} as core[a373ad73a504971]::ops::function::FnOnce<()>>::call_once
[INFO] [stdout]   13:     0x5d161c3e0eeb - test[aada8e7e76ba119b]::__rust_begin_short_backtrace::<core[a373ad73a504971]::result::Result<(), alloc[2e1b2a31b91974c5]::string::String>, fn() -> core[a373ad73a504971]::result::Result<(), alloc[2e1b2a31b91974c5]::string::String>>
[INFO] [stdout]   14:     0x5d161c3ee0c5 - test[aada8e7e76ba119b]::run_test::{closure#0}
[INFO] [stdout]   15:     0x5d161c3e79b4 - std[617be2ca0a6fd877]::sys::backtrace::__rust_begin_short_backtrace::<test[aada8e7e76ba119b]::run_test::{closure#1}, ()>
[INFO] [stdout]   16:     0x5d161c3f1152 - <std[617be2ca0a6fd877]::thread::lifecycle::spawn_unchecked<test[aada8e7e76ba119b]::run_test::{closure#1}, ()>::{closure#1} as core[a373ad73a504971]::ops::function::FnOnce<()>>::call_once::{shim:vtable#0}
[INFO] [stdout]   17:     0x5d161c5e023f - <std[617be2ca0a6fd877]::sys::thread::unix::Thread>::new::thread_start
[INFO] [stdout]   18:     0x796338193dfa - <unknown>
[INFO] [stdout]   19:     0x7963382273d4 - clone
[INFO] [stdout]   20:                0x0 - <unknown>
[INFO] [stdout] 
[INFO] [stdout] ---- guest::measure::ovmf::tests::ovmf_file_test stdout ----
[INFO] [stdout] 
[INFO] [stdout] thread 'guest::measure::ovmf::tests::ovmf_file_test' (3090) panicked at src/guest/measure/ovmf.rs:348:48:
[INFO] [stdout] failed to load OVMF file: sev_snp_utilities::Error { kind: Io, source: Os { code: 2, kind: NotFound, message: "No such file or directory" } }
[INFO] [stdout] stack backtrace:
[INFO] [stdout]    0:     0x5d161c5e1401 - <<std[617be2ca0a6fd877]::sys::backtrace::BacktraceLock>::print::DisplayBacktrace as core[a373ad73a504971]::fmt::Display>::fmt
[INFO] [stdout]    1:     0x5d161c5f747a - core[a373ad73a504971]::fmt::write
[INFO] [stdout]    2:     0x5d161c5e5eec - <alloc[2e1b2a31b91974c5]::vec::Vec<u8> as core[a373ad73a504971]::io::write::Write>::write_fmt
[INFO] [stdout]    3:     0x5d161c5bb126 - std[617be2ca0a6fd877]::panicking::default_hook::{closure#0}
[INFO] [stdout]    4:     0x5d161c5d8b39 - std[617be2ca0a6fd877]::panicking::default_hook
[INFO] [stdout]    5:     0x5d161c3edaa0 - test[aada8e7e76ba119b]::test_main_inner::{closure#0}
[INFO] [stdout]    6:     0x5d161c5d8e62 - std[617be2ca0a6fd877]::panicking::panic_with_hook
[INFO] [stdout]    7:     0x5d161c5bb1d2 - std[617be2ca0a6fd877]::panicking::panic_handler::{closure#0}
[INFO] [stdout]    8:     0x5d161c5b3b59 - std[617be2ca0a6fd877]::sys::backtrace::__rust_end_short_backtrace::<std[617be2ca0a6fd877]::panicking::panic_handler::{closure#0}, !>
[INFO] [stdout]    9:     0x5d161c5bbfcd - __rustc[ea4f61d10b84890b]::rust_begin_unwind
[INFO] [stdout]   10:     0x5d161c5f7bdc - core[a373ad73a504971]::panicking::panic_fmt
[INFO] [stdout]   11:     0x5d161c5f79b2 - core[a373ad73a504971]::result::unwrap_failed
[INFO] [stdout]   12:     0x5d161c3b53d4 - <sev_snp_utilities[51904ee0f95a170c]::guest::measure::ovmf::tests::ovmf_file_test::{closure#0} as core[a373ad73a504971]::ops::function::FnOnce<()>>::call_once
[INFO] [stdout]   13:     0x5d161c3e0eeb - test[aada8e7e76ba119b]::__rust_begin_short_backtrace::<core[a373ad73a504971]::result::Result<(), alloc[2e1b2a31b91974c5]::string::String>, fn() -> core[a373ad73a504971]::result::Result<(), alloc[2e1b2a31b91974c5]::string::String>>
[INFO] [stdout]   14:     0x5d161c3ee0c5 - test[aada8e7e76ba119b]::run_test::{closure#0}
[INFO] [stdout]   15:     0x5d161c3e79b4 - std[617be2ca0a6fd877]::sys::backtrace::__rust_begin_short_backtrace::<test[aada8e7e76ba119b]::run_test::{closure#1}, ()>
[INFO] [stdout]   16:     0x5d161c3f1152 - <std[617be2ca0a6fd877]::thread::lifecycle::spawn_unchecked<test[aada8e7e76ba119b]::run_test::{closure#1}, ()>::{closure#1} as core[a373ad73a504971]::ops::function::FnOnce<()>>::call_once::{shim:vtable#0}
[INFO] [stdout]   17:     0x5d161c5e023f - <std[617be2ca0a6fd877]::sys::thread::unix::Thread>::new::thread_start
[INFO] [stdout]   18:     0x796338193dfa - <unknown>
[INFO] [stdout]   19:     0x7963382273d4 - clone
[INFO] [stdout]   20:                0x0 - <unknown>
[INFO] [stdout] 
[INFO] [stdout] ---- guest::attestation::verify::tests::verify_test stdout ----
[INFO] [stdout] 
[INFO] [stdout] thread 'guest::attestation::verify::tests::verify_test' (3065) panicked at src/guest/attestation/verify.rs:139:63:
[INFO] [stdout] called `Result::unwrap()` on an `Err` value: sev_snp_utilities::Error { kind: Io, source: Os { code: 2, kind: NotFound, message: "No such file or directory" } }
[INFO] [stdout] stack backtrace:
[INFO] [stdout]    0:     0x5d161c5e1401 - <<std[617be2ca0a6fd877]::sys::backtrace::BacktraceLock>::print::DisplayBacktrace as core[a373ad73a504971]::fmt::Display>::fmt
[INFO] [stdout]    1:     0x5d161c5f747a - core[a373ad73a504971]::fmt::write
[INFO] [stdout]    2:     0x5d161c5e5eec - <alloc[2e1b2a31b91974c5]::vec::Vec<u8> as core[a373ad73a504971]::io::write::Write>::write_fmt
[INFO] [stdout]    3:     0x5d161c5bb126 - std[617be2ca0a6fd877]::panicking::default_hook::{closure#0}
[INFO] [stdout]    4:     0x5d161c5d8b39 - std[617be2ca0a6fd877]::panicking::default_hook
[INFO] [stdout]    5:     0x5d161c3edaa0 - test[aada8e7e76ba119b]::test_main_inner::{closure#0}
[INFO] [stdout]    6:     0x5d161c5d8e62 - std[617be2ca0a6fd877]::panicking::panic_with_hook
[INFO] [stdout]    7:     0x5d161c5bb1d2 - std[617be2ca0a6fd877]::panicking::panic_handler::{closure#0}
[INFO] [stdout]    8:     0x5d161c5b3b59 - std[617be2ca0a6fd877]::sys::backtrace::__rust_end_short_backtrace::<std[617be2ca0a6fd877]::panicking::panic_handler::{closure#0}, !>
[INFO] [stdout]    9:     0x5d161c5bbfcd - __rustc[ea4f61d10b84890b]::rust_begin_unwind
[INFO] [stdout]   10:     0x5d161c5f7bdc - core[a373ad73a504971]::panicking::panic_fmt
[INFO] [stdout]   11:     0x5d161c5f79b2 - core[a373ad73a504971]::result::unwrap_failed
[INFO] [stdout]   12:     0x5d161c395a6b - sev_snp_utilities[51904ee0f95a170c]::guest::attestation::verify::tests::verify_test::{closure#0}
[INFO] [stdout]   13:     0x5d161c3dd903 - <tokio[4c8546cd7510d7fa]::runtime::scheduler::current_thread::Context>::enter::<core[a373ad73a504971]::task::poll::Poll<()>, <tokio[4c8546cd7510d7fa]::runtime::scheduler::current_thread::CoreGuard>::block_on<core[a373ad73a504971]::pin::Pin<&mut core[a373ad73a504971]::pin::Pin<&mut dyn core[a373ad73a504971]::future::future::Future<Output = ()>>>>::{closure#0}::{closure#0}>
[INFO] [stdout]   14:     0x5d161c38ee9c - <tokio[4c8546cd7510d7fa]::runtime::context::scoped::Scoped<tokio[4c8546cd7510d7fa]::runtime::scheduler::Context>>::set::<<tokio[4c8546cd7510d7fa]::runtime::scheduler::current_thread::CoreGuard>::enter<<tokio[4c8546cd7510d7fa]::runtime::scheduler::current_thread::CoreGuard>::block_on<core[a373ad73a504971]::pin::Pin<&mut core[a373ad73a504971]::pin::Pin<&mut dyn core[a373ad73a504971]::future::future::Future<Output = ()>>>>::{closure#0}, core[a373ad73a504971]::option::Option<()>>::{closure#0}, (alloc[2e1b2a31b91974c5]::boxed::Box<tokio[4c8546cd7510d7fa]::runtime::scheduler::current_thread::Core>, core[a373ad73a504971]::option::Option<()>)>
[INFO] [stdout]   15:     0x5d161c3d5e0d - <tokio[4c8546cd7510d7fa]::runtime::runtime::Runtime>::block_on::<core[a373ad73a504971]::pin::Pin<&mut dyn core[a373ad73a504971]::future::future::Future<Output = ()>>>
[INFO] [stdout]   16:     0x5d161c39bdbe - <sev_snp_utilities[51904ee0f95a170c]::guest::attestation::verify::tests::verify_test::{closure#0} as core[a373ad73a504971]::ops::function::FnOnce<()>>::call_once
[INFO] [stdout]   17:     0x5d161c3e0eeb - test[aada8e7e76ba119b]::__rust_begin_short_backtrace::<core[a373ad73a504971]::result::Result<(), alloc[2e1b2a31b91974c5]::string::String>, fn() -> core[a373ad73a504971]::result::Result<(), alloc[2e1b2a31b91974c5]::string::String>>
[INFO] [stdout]   18:     0x5d161c3ee0c5 - test[aada8e7e76ba119b]::run_test::{closure#0}
[INFO] [stdout]   19:     0x5d161c3e79b4 - std[617be2ca0a6fd877]::sys::backtrace::__rust_begin_short_backtrace::<test[aada8e7e76ba119b]::run_test::{closure#1}, ()>
[INFO] [stdout]   20:     0x5d161c3f1152 - <std[617be2ca0a6fd877]::thread::lifecycle::spawn_unchecked<test[aada8e7e76ba119b]::run_test::{closure#1}, ()>::{closure#1} as core[a373ad73a504971]::ops::function::FnOnce<()>>::call_once::{shim:vtable#0}
[INFO] [stdout]   21:     0x5d161c5e023f - <std[617be2ca0a6fd877]::sys::thread::unix::Thread>::new::thread_start
[INFO] [stdout]   22:     0x796338193dfa - <unknown>
[INFO] [stdout]   23:     0x7963382273d4 - clone
[INFO] [stdout]   24:                0x0 - <unknown>
[INFO] [stdout] 
[INFO] [stdout] ---- guest::attestation::report::tests::attestation_report_file_test stdout ----
[INFO] [stdout] 
[INFO] [stdout] thread 'guest::attestation::report::tests::attestation_report_file_test' (3061) panicked at src/guest/attestation/report.rs:380:49:
[INFO] [stdout] called `Result::unwrap()` on an `Err` value: Os { code: 2, kind: NotFound, message: "No such file or directory" }
[INFO] [stdout] stack backtrace:
[INFO] [stdout]    0:     0x5d161c5e1401 - <<std[617be2ca0a6fd877]::sys::backtrace::BacktraceLock>::print::DisplayBacktrace as core[a373ad73a504971]::fmt::Display>::fmt
[INFO] [stdout]    1:     0x5d161c5f747a - core[a373ad73a504971]::fmt::write
[INFO] [stdout]    2:     0x5d161c5e5eec - <alloc[2e1b2a31b91974c5]::vec::Vec<u8> as core[a373ad73a504971]::io::write::Write>::write_fmt
[INFO] [stdout]    3:     0x5d161c5bb126 - std[617be2ca0a6fd877]::panicking::default_hook::{closure#0}
[INFO] [stdout]    4:     0x5d161c5d8b39 - std[617be2ca0a6fd877]::panicking::default_hook
[INFO] [stdout]    5:     0x5d161c3edaa0 - test[aada8e7e76ba119b]::test_main_inner::{closure#0}
[INFO] [stdout]    6:     0x5d161c5d8e62 - std[617be2ca0a6fd877]::panicking::panic_with_hook
[INFO] [stdout]    7:     0x5d161c5bb1d2 - std[617be2ca0a6fd877]::panicking::panic_handler::{closure#0}
[INFO] [stdout]    8:     0x5d161c5b3b59 - std[617be2ca0a6fd877]::sys::backtrace::__rust_end_short_backtrace::<std[617be2ca0a6fd877]::panicking::panic_handler::{closure#0}, !>
[INFO] [stdout]    9:     0x5d161c5bbfcd - __rustc[ea4f61d10b84890b]::rust_begin_unwind
[INFO] [stdout]   10:     0x5d161c5f7bdc - core[a373ad73a504971]::panicking::panic_fmt
[INFO] [stdout]   11:     0x5d161c5f79b2 - core[a373ad73a504971]::result::unwrap_failed
[INFO] [stdout]   12:     0x5d161c39b16d - <sev_snp_utilities[51904ee0f95a170c]::guest::attestation::report::tests::attestation_report_file_test::{closure#0} as core[a373ad73a504971]::ops::function::FnOnce<()>>::call_once
[INFO] [stdout]   13:     0x5d161c3e0eeb - test[aada8e7e76ba119b]::__rust_begin_short_backtrace::<core[a373ad73a504971]::result::Result<(), alloc[2e1b2a31b91974c5]::string::String>, fn() -> core[a373ad73a504971]::result::Result<(), alloc[2e1b2a31b91974c5]::string::String>>
[INFO] [stdout]   14:     0x5d161c3ee0c5 - test[aada8e7e76ba119b]::run_test::{closure#0}
[INFO] [stdout]   15:     0x5d161c3e79b4 - std[617be2ca0a6fd877]::sys::backtrace::__rust_begin_short_backtrace::<test[aada8e7e76ba119b]::run_test::{closure#1}, ()>
[INFO] [stdout]   16:     0x5d161c3f1152 - <std[617be2ca0a6fd877]::thread::lifecycle::spawn_unchecked<test[aada8e7e76ba119b]::run_test::{closure#1}, ()>::{closure#1} as core[a373ad73a504971]::ops::function::FnOnce<()>>::call_once::{shim:vtable#0}
[INFO] [stdout]   17:     0x5d161c5e023f - <std[617be2ca0a6fd877]::sys::thread::unix::Thread>::new::thread_start
[INFO] [stdout]   18:     0x796338193dfa - <unknown>
[INFO] [stdout]   19:     0x7963382273d4 - clone
[INFO] [stdout]   20:                0x0 - <unknown>
[INFO] [stdout] 
[INFO] [stdout] ---- guest::identity::ecdsa::tests::create_signed_id_auth_info_test stdout ----
[INFO] [stdout] 
[INFO] [stdout] thread 'guest::identity::ecdsa::tests::create_signed_id_auth_info_test' (3083) panicked at src/guest/identity/ecdsa.rs:201:14:
[INFO] [stdout] failed to call create_signed_id_auth_info: sev_snp_utilities::Error { kind: Io, msg: "failed to open: \"/opt/rustwide/workdir/resources/test/identity/id-key.pem\"", source: Os { code: 2, kind: NotFound, message: "No such file or directory" } }
[INFO] [stdout] stack backtrace:
[INFO] [stdout]    0:     0x5d161c5e1401 - <<std[617be2ca0a6fd877]::sys::backtrace::BacktraceLock>::print::DisplayBacktrace as core[a373ad73a504971]::fmt::Display>::fmt
[INFO] [stdout]    1:     0x5d161c5f747a - core[a373ad73a504971]::fmt::write
[INFO] [stdout]    2:     0x5d161c5e5eec - <alloc[2e1b2a31b91974c5]::vec::Vec<u8> as core[a373ad73a504971]::io::write::Write>::write_fmt
[INFO] [stdout]    3:     0x5d161c5bb126 - std[617be2ca0a6fd877]::panicking::default_hook::{closure#0}
[INFO] [stdout]    4:     0x5d161c5d8b39 - std[617be2ca0a6fd877]::panicking::default_hook
[INFO] [stdout]    5:     0x5d161c3edaa0 - test[aada8e7e76ba119b]::test_main_inner::{closure#0}
[INFO] [stdout]    6:     0x5d161c5d8e62 - std[617be2ca0a6fd877]::panicking::panic_with_hook
[INFO] [stdout]    7:     0x5d161c5bb1d2 - std[617be2ca0a6fd877]::panicking::panic_handler::{closure#0}
[INFO] [stdout]    8:     0x5d161c5b3b59 - std[617be2ca0a6fd877]::sys::backtrace::__rust_end_short_backtrace::<std[617be2ca0a6fd877]::panicking::panic_handler::{closure#0}, !>
[INFO] [stdout]    9:     0x5d161c5bbfcd - __rustc[ea4f61d10b84890b]::rust_begin_unwind
[INFO] [stdout]   10:     0x5d161c5f7bdc - core[a373ad73a504971]::panicking::panic_fmt
[INFO] [stdout]   11:     0x5d161c5f79b2 - core[a373ad73a504971]::result::unwrap_failed
[INFO] [stdout]   12:     0x5d161c3b7d59 - <sev_snp_utilities[51904ee0f95a170c]::guest::identity::ecdsa::tests::create_signed_id_auth_info_test::{closure#0} as core[a373ad73a504971]::ops::function::FnOnce<()>>::call_once
[INFO] [stdout]   13:     0x5d161c3e0eeb - test[aada8e7e76ba119b]::__rust_begin_short_backtrace::<core[a373ad73a504971]::result::Result<(), alloc[2e1b2a31b91974c5]::string::String>, fn() -> core[a373ad73a504971]::result::Result<(), alloc[2e1b2a31b91974c5]::string::String>>
[INFO] [stdout]   14:     0x5d161c3ee0c5 - test[aada8e7e76ba119b]::run_test::{closure#0}
[INFO] [stdout]   15:     0x5d161c3e79b4 - std[617be2ca0a6fd877]::sys::backtrace::__rust_begin_short_backtrace::<test[aada8e7e76ba119b]::run_test::{closure#1}, ()>
[INFO] [stdout]   16:     0x5d161c3f1152 - <std[617be2ca0a6fd877]::thread::lifecycle::spawn_unchecked<test[aada8e7e76ba119b]::run_test::{closure#1}, ()>::{closure#1} as core[a373ad73a504971]::ops::function::FnOnce<()>>::call_once::{shim:vtable#0}
[INFO] [stdout]   17:     0x5d161c5e023f - <std[617be2ca0a6fd877]::sys::thread::unix::Thread>::new::thread_start
[INFO] [stdout]   18:     0x796338193dfa - <unknown>
[INFO] [stdout]   19:     0x7963382273d4 - clone
[INFO] [stdout]   20:                0x0 - <unknown>
[INFO] [stdout] 
[INFO] [stdout] ---- guest::identity::fingerprint::tests::fingerprint_id_key_test stdout ----
[INFO] [stdout] 
[INFO] [stdout] thread 'guest::identity::fingerprint::tests::fingerprint_id_key_test' (3084) panicked at src/guest/identity/fingerprint.rs:33:14:
[INFO] [stdout] failed to fingerprint 'id-key.pem': sev_snp_utilities::Error { kind: Io, msg: "failed to open: \"/opt/rustwide/workdir/resources/test/identity/id-key.pem\"", source: Os { code: 2, kind: NotFound, message: "No such file or directory" } }
[INFO] [stdout] stack backtrace:
[INFO] [stdout]    0:     0x5d161c5e1401 - <<std[617be2ca0a6fd877]::sys::backtrace::BacktraceLock>::print::DisplayBacktrace as core[a373ad73a504971]::fmt::Display>::fmt
[INFO] [stdout]    1:     0x5d161c5f747a - core[a373ad73a504971]::fmt::write
[INFO] [stdout]    2:     0x5d161c5e5eec - <alloc[2e1b2a31b91974c5]::vec::Vec<u8> as core[a373ad73a504971]::io::write::Write>::write_fmt
[INFO] [stdout]    3:     0x5d161c5bb126 - std[617be2ca0a6fd877]::panicking::default_hook::{closure#0}
[INFO] [stdout]    4:     0x5d161c5d8b39 - std[617be2ca0a6fd877]::panicking::default_hook
[INFO] [stdout]    5:     0x5d161c3edaa0 - test[aada8e7e76ba119b]::test_main_inner::{closure#0}
[INFO] [stdout]    6:     0x5d161c5d8e62 - std[617be2ca0a6fd877]::panicking::panic_with_hook
[INFO] [stdout]    7:     0x5d161c5bb1d2 - std[617be2ca0a6fd877]::panicking::panic_handler::{closure#0}
[INFO] [stdout]    8:     0x5d161c5b3b59 - std[617be2ca0a6fd877]::sys::backtrace::__rust_end_short_backtrace::<std[617be2ca0a6fd877]::panicking::panic_handler::{closure#0}, !>
[INFO] [stdout]    9:     0x5d161c5bbfcd - __rustc[ea4f61d10b84890b]::rust_begin_unwind
[INFO] [stdout]   10:     0x5d161c5f7bdc - core[a373ad73a504971]::panicking::panic_fmt
[INFO] [stdout]   11:     0x5d161c5f79b2 - core[a373ad73a504971]::result::unwrap_failed
[INFO] [stdout]   12:     0x5d161c3b6b4c - <sev_snp_utilities[51904ee0f95a170c]::guest::identity::fingerprint::tests::fingerprint_id_key_test::{closure#0} as core[a373ad73a504971]::ops::function::FnOnce<()>>::call_once
[INFO] [stdout]   13:     0x5d161c3e0eeb - test[aada8e7e76ba119b]::__rust_begin_short_backtrace::<core[a373ad73a504971]::result::Result<(), alloc[2e1b2a31b91974c5]::string::String>, fn() -> core[a373ad73a504971]::result::Result<(), alloc[2e1b2a31b91974c5]::string::String>>
[INFO] [stdout]   14:     0x5d161c3ee0c5 - test[aada8e7e76ba119b]::run_test::{closure#0}
[INFO] [stdout]   15:     0x5d161c3e79b4 - std[617be2ca0a6fd877]::sys::backtrace::__rust_begin_short_backtrace::<test[aada8e7e76ba119b]::run_test::{closure#1}, ()>
[INFO] [stdout]   16:     0x5d161c3f1152 - <std[617be2ca0a6fd877]::thread::lifecycle::spawn_unchecked<test[aada8e7e76ba119b]::run_test::{closure#1}, ()>::{closure#1} as core[a373ad73a504971]::ops::function::FnOnce<()>>::call_once::{shim:vtable#0}
[INFO] [stdout]   17:     0x5d161c5e023f - <std[617be2ca0a6fd877]::sys::thread::unix::Thread>::new::thread_start
[INFO] [stdout]   18:     0x796338193dfa - <unknown>
[INFO] [stdout]   19:     0x7963382273d4 - clone
[INFO] [stdout]   20:                0x0 - <unknown>
[INFO] [stdout] 
[INFO] [stdout] ---- guest::measure::sev_hashes::tests::construct_table_test stdout ----
[INFO] [stdout] 
[INFO] [stdout] thread 'guest::measure::sev_hashes::tests::construct_table_test' (3092) panicked at src/guest/measure/sev_hashes.rs:252:14:
[INFO] [stdout] failed to read 'vmlinuz.cmdline': Os { code: 2, kind: NotFound, message: "No such file or directory" }
[INFO] [stdout] stack backtrace:
[INFO] [stdout]    0:     0x5d161c5e1401 - <<std[617be2ca0a6fd877]::sys::backtrace::BacktraceLock>::print::DisplayBacktrace as core[a373ad73a504971]::fmt::Display>::fmt
[INFO] [stdout]    1:     0x5d161c5f747a - core[a373ad73a504971]::fmt::write
[INFO] [stdout]    2:     0x5d161c5e5eec - <alloc[2e1b2a31b91974c5]::vec::Vec<u8> as core[a373ad73a504971]::io::write::Write>::write_fmt
[INFO] [stdout]    3:     0x5d161c5bb126 - std[617be2ca0a6fd877]::panicking::default_hook::{closure#0}
[INFO] [stdout]    4:     0x5d161c5d8b39 - std[617be2ca0a6fd877]::panicking::default_hook
[INFO] [stdout]    5:     0x5d161c3edaa0 - test[aada8e7e76ba119b]::test_main_inner::{closure#0}
[INFO] [stdout]    6:     0x5d161c5d8e62 - std[617be2ca0a6fd877]::panicking::panic_with_hook
[INFO] [stdout]    7:     0x5d161c5bb1d2 - std[617be2ca0a6fd877]::panicking::panic_handler::{closure#0}
[INFO] [stdout]    8:     0x5d161c5b3b59 - std[617be2ca0a6fd877]::sys::backtrace::__rust_end_short_backtrace::<std[617be2ca0a6fd877]::panicking::panic_handler::{closure#0}, !>
[INFO] [stdout]    9:     0x5d161c5bbfcd - __rustc[ea4f61d10b84890b]::rust_begin_unwind
[INFO] [stdout]   10:     0x5d161c5f7bdc - core[a373ad73a504971]::panicking::panic_fmt
[INFO] [stdout]   11:     0x5d161c5f79b2 - core[a373ad73a504971]::result::unwrap_failed
[INFO] [stdout]   12:     0x5d161c39df17 - <sev_snp_utilities[51904ee0f95a170c]::guest::measure::sev_hashes::tests::construct_table_test::{closure#0} as core[a373ad73a504971]::ops::function::FnOnce<()>>::call_once
[INFO] [stdout]   13:     0x5d161c3e0eeb - test[aada8e7e76ba119b]::__rust_begin_short_backtrace::<core[a373ad73a504971]::result::Result<(), alloc[2e1b2a31b91974c5]::string::String>, fn() -> core[a373ad73a504971]::result::Result<(), alloc[2e1b2a31b91974c5]::string::String>>
[INFO] [stdout]   14:     0x5d161c3ee0c5 - test[aada8e7e76ba119b]::run_test::{closure#0}
[INFO] [stdout]   15:     0x5d161c3e79b4 - std[617be2ca0a6fd877]::sys::backtrace::__rust_begin_short_backtrace::<test[aada8e7e76ba119b]::run_test::{closure#1}, ()>
[INFO] [stdout]   16:     0x5d161c3f1152 - <std[617be2ca0a6fd877]::thread::lifecycle::spawn_unchecked<test[aada8e7e76ba119b]::run_test::{closure#1}, ()>::{closure#1} as core[a373ad73a504971]::ops::function::FnOnce<()>>::call_once::{shim:vtable#0}
[INFO] [stdout]   17:     0x5d161c5e023f - <std[617be2ca0a6fd877]::sys::thread::unix::Thread>::new::thread_start
[INFO] [stdout]   18:     0x796338193dfa - <unknown>
[INFO] [stdout]   19:     0x7963382273d4 - clone
[INFO] [stdout]   20:                0x0 - <unknown>
[INFO] [stdout] 
[INFO] [stdout] ---- guest::measure::sev_hashes::tests::sev_hashes_new_test stdout ----
[INFO] [stdout] 
[INFO] [stdout] thread 'guest::measure::sev_hashes::tests::sev_hashes_new_test' (3093) panicked at src/guest/measure/sev_hashes.rs:208:14:
[INFO] [stdout] failed to read 'vmlinuz.cmdline': Os { code: 2, kind: NotFound, message: "No such file or directory" }
[INFO] [stdout] stack backtrace:
[INFO] [stdout]    0:     0x5d161c5e1401 - <<std[617be2ca0a6fd877]::sys::backtrace::BacktraceLock>::print::DisplayBacktrace as core[a373ad73a504971]::fmt::Display>::fmt
[INFO] [stdout]    1:     0x5d161c5f747a - core[a373ad73a504971]::fmt::write
[INFO] [stdout]    2:     0x5d161c5e5eec - <alloc[2e1b2a31b91974c5]::vec::Vec<u8> as core[a373ad73a504971]::io::write::Write>::write_fmt
[INFO] [stdout]    3:     0x5d161c5bb126 - std[617be2ca0a6fd877]::panicking::default_hook::{closure#0}
[INFO] [stdout]    4:     0x5d161c5d8b39 - std[617be2ca0a6fd877]::panicking::default_hook
[INFO] [stdout]    5:     0x5d161c3edaa0 - test[aada8e7e76ba119b]::test_main_inner::{closure#0}
[INFO] [stdout]    6:     0x5d161c5d8e62 - std[617be2ca0a6fd877]::panicking::panic_with_hook
[INFO] [stdout]    7:     0x5d161c5bb1d2 - std[617be2ca0a6fd877]::panicking::panic_handler::{closure#0}
[INFO] [stdout]    8:     0x5d161c5b3b59 - std[617be2ca0a6fd877]::sys::backtrace::__rust_end_short_backtrace::<std[617be2ca0a6fd877]::panicking::panic_handler::{closure#0}, !>
[INFO] [stdout]    9:     0x5d161c5bbfcd - __rustc[ea4f61d10b84890b]::rust_begin_unwind
[INFO] [stdout]   10:     0x5d161c5f7bdc - core[a373ad73a504971]::panicking::panic_fmt
[INFO] [stdout]   11:     0x5d161c5f79b2 - core[a373ad73a504971]::result::unwrap_failed
[INFO] [stdout]   12:     0x5d161c39d5ef - <sev_snp_utilities[51904ee0f95a170c]::guest::measure::sev_hashes::tests::sev_hashes_new_test::{closure#0} as core[a373ad73a504971]::ops::function::FnOnce<()>>::call_once
[INFO] [stdout]   13:     0x5d161c3e0eeb - test[aada8e7e76ba119b]::__rust_begin_short_backtrace::<core[a373ad73a504971]::result::Result<(), alloc[2e1b2a31b91974c5]::string::String>, fn() -> core[a373ad73a504971]::result::Result<(), alloc[2e1b2a31b91974c5]::string::String>>
[INFO] [stdout]   14:     0x5d161c3ee0c5 - test[aada8e7e76ba119b]::run_test::{closure#0}
[INFO] [stdout]   15:     0x5d161c3e79b4 - std[617be2ca0a6fd877]::sys::backtrace::__rust_begin_short_backtrace::<test[aada8e7e76ba119b]::run_test::{closure#1}, ()>
[INFO] [stdout]   16:     0x5d161c3f1152 - <std[617be2ca0a6fd877]::thread::lifecycle::spawn_unchecked<test[aada8e7e76ba119b]::run_test::{closure#1}, ()>::{closure#1} as core[a373ad73a504971]::ops::function::FnOnce<()>>::call_once::{shim:vtable#0}
[INFO] [stdout]   17:     0x5d161c5e023f - <std[617be2ca0a6fd877]::sys::thread::unix::Thread>::new::thread_start
[INFO] [stdout]   18:     0x796338193dfa - <unknown>
[INFO] [stdout]   19:     0x7963382273d4 - clone
[INFO] [stdout]   20:                0x0 - <unknown>
[INFO] [stdout] 
[INFO] [stdout] ---- guest::attestation::certs::tests::verify_certs_test stdout ----
[INFO] [stdout] 
[INFO] [stdout] thread 'guest::attestation::certs::tests::verify_certs_test' (3057) panicked at src/guest/attestation/certs.rs:682:63:
[INFO] [stdout] called `Result::unwrap()` on an `Err` value: sev_snp_utilities::Error { kind: Io, source: Os { code: 2, kind: NotFound, message: "No such file or directory" } }
[INFO] [stdout] stack backtrace:
[INFO] [stdout]    0:     0x5d161c5e1401 - <<std[617be2ca0a6fd877]::sys::backtrace::BacktraceLock>::print::DisplayBacktrace as core[a373ad73a504971]::fmt::Display>::fmt
[INFO] [stdout]    1:     0x5d161c5f747a - core[a373ad73a504971]::fmt::write
[INFO] [stdout]    2:     0x5d161c5e5eec - <alloc[2e1b2a31b91974c5]::vec::Vec<u8> as core[a373ad73a504971]::io::write::Write>::write_fmt
[INFO] [stdout]    3:     0x5d161c5bb126 - std[617be2ca0a6fd877]::panicking::default_hook::{closure#0}
[INFO] [stdout]    4:     0x5d161c5d8b39 - std[617be2ca0a6fd877]::panicking::default_hook
[INFO] [stdout]    5:     0x5d161c3edaa0 - test[aada8e7e76ba119b]::test_main_inner::{closure#0}
[INFO] [stdout]    6:     0x5d161c5d8e62 - std[617be2ca0a6fd877]::panicking::panic_with_hook
[INFO] [stdout]    7:     0x5d161c5bb1d2 - std[617be2ca0a6fd877]::panicking::panic_handler::{closure#0}
[INFO] [stdout]    8:     0x5d161c5b3b59 - std[617be2ca0a6fd877]::sys::backtrace::__rust_end_short_backtrace::<std[617be2ca0a6fd877]::panicking::panic_handler::{closure#0}, !>
[INFO] [stdout]    9:     0x5d161c5bbfcd - __rustc[ea4f61d10b84890b]::rust_begin_unwind
[INFO] [stdout]   10:     0x5d161c5f7bdc - core[a373ad73a504971]::panicking::panic_fmt
[INFO] [stdout]   11:     0x5d161c5f79b2 - core[a373ad73a504971]::result::unwrap_failed
[INFO] [stdout]   12:     0x5d161c373832 - sev_snp_utilities[51904ee0f95a170c]::guest::attestation::certs::tests::verify_certs_test::{closure#0}
[INFO] [stdout]   13:     0x5d161c3dd903 - <tokio[4c8546cd7510d7fa]::runtime::scheduler::current_thread::Context>::enter::<core[a373ad73a504971]::task::poll::Poll<()>, <tokio[4c8546cd7510d7fa]::runtime::scheduler::current_thread::CoreGuard>::block_on<core[a373ad73a504971]::pin::Pin<&mut core[a373ad73a504971]::pin::Pin<&mut dyn core[a373ad73a504971]::future::future::Future<Output = ()>>>>::{closure#0}::{closure#0}>
[INFO] [stdout]   14:     0x5d161c38ee9c - <tokio[4c8546cd7510d7fa]::runtime::context::scoped::Scoped<tokio[4c8546cd7510d7fa]::runtime::scheduler::Context>>::set::<<tokio[4c8546cd7510d7fa]::runtime::scheduler::current_thread::CoreGuard>::enter<<tokio[4c8546cd7510d7fa]::runtime::scheduler::current_thread::CoreGuard>::block_on<core[a373ad73a504971]::pin::Pin<&mut core[a373ad73a504971]::pin::Pin<&mut dyn core[a373ad73a504971]::future::future::Future<Output = ()>>>>::{closure#0}, core[a373ad73a504971]::option::Option<()>>::{closure#0}, (alloc[2e1b2a31b91974c5]::boxed::Box<tokio[4c8546cd7510d7fa]::runtime::scheduler::current_thread::Core>, core[a373ad73a504971]::option::Option<()>)>
[INFO] [stdout]   15:     0x5d161c3d5e0d - <tokio[4c8546cd7510d7fa]::runtime::runtime::Runtime>::block_on::<core[a373ad73a504971]::pin::Pin<&mut dyn core[a373ad73a504971]::future::future::Future<Output = ()>>>
[INFO] [stdout]   16:     0x5d161c375a9e - <sev_snp_utilities[51904ee0f95a170c]::guest::attestation::certs::tests::verify_certs_test::{closure#0} as core[a373ad73a504971]::ops::function::FnOnce<()>>::call_once
[INFO] [stdout]   17:     0x5d161c3e0eeb - test[aada8e7e76ba119b]::__rust_begin_short_backtrace::<core[a373ad73a504971]::result::Result<(), alloc[2e1b2a31b91974c5]::string::String>, fn() -> core[a373ad73a504971]::result::Result<(), alloc[2e1b2a31b91974c5]::string::String>>
[INFO] [stdout]   18:     0x5d161c3ee0c5 - test[aada8e7e76ba119b]::run_test::{closure#0}
[INFO] [stdout]   19:     0x5d161c3e79b4 - std[617be2ca0a6fd877]::sys::backtrace::__rust_begin_short_backtrace::<test[aada8e7e76ba119b]::run_test::{closure#1}, ()>
[INFO] [stdout]   20:     0x5d161c3f1152 - <std[617be2ca0a6fd877]::thread::lifecycle::spawn_unchecked<test[aada8e7e76ba119b]::run_test::{closure#1}, ()>::{closure#1} as core[a373ad73a504971]::ops::function::FnOnce<()>>::call_once::{shim:vtable#0}
[INFO] [stdout]   21:     0x5d161c5e023f - <std[617be2ca0a6fd877]::sys::thread::unix::Thread>::new::thread_start
[INFO] [stdout]   22:     0x796338193dfa - <unknown>
[INFO] [stdout]   23:     0x7963382273d4 - clone
[INFO] [stdout]   24:                0x0 - <unknown>
[INFO] [stdout] 
[INFO] [stdout] ---- guest::identity::types::tests::id_auth_info_test stdout ----
[INFO] [stdout] 
[INFO] [stdout] thread 'guest::identity::types::tests::id_auth_info_test' (3086) panicked at src/guest/identity/types.rs:439:14:
[INFO] [stdout] failed to read: 'auth_info.b64': Os { code: 2, kind: NotFound, message: "No such file or directory" }
[INFO] [stdout] stack backtrace:
[INFO] [stdout]    0:     0x5d161c5e1401 - <<std[617be2ca0a6fd877]::sys::backtrace::BacktraceLock>::print::DisplayBacktrace as core[a373ad73a504971]::fmt::Display>::fmt
[INFO] [stdout]    1:     0x5d161c5f747a - core[a373ad73a504971]::fmt::write
[INFO] [stdout]    2:     0x5d161c5e5eec - <alloc[2e1b2a31b91974c5]::vec::Vec<u8> as core[a373ad73a504971]::io::write::Write>::write_fmt
[INFO] [stdout]    3:     0x5d161c5bb126 - std[617be2ca0a6fd877]::panicking::default_hook::{closure#0}
[INFO] [stdout]    4:     0x5d161c5d8b39 - std[617be2ca0a6fd877]::panicking::default_hook
[INFO] [stdout]    5:     0x5d161c3edaa0 - test[aada8e7e76ba119b]::test_main_inner::{closure#0}
[INFO] [stdout]    6:     0x5d161c5d8e62 - std[617be2ca0a6fd877]::panicking::panic_with_hook
[INFO] [stdout]    7:     0x5d161c5bb1d2 - std[617be2ca0a6fd877]::panicking::panic_handler::{closure#0}
[INFO] [stdout]    8:     0x5d161c5b3b59 - std[617be2ca0a6fd877]::sys::backtrace::__rust_end_short_backtrace::<std[617be2ca0a6fd877]::panicking::panic_handler::{closure#0}, !>
[INFO] [stdout]    9:     0x5d161c5bbfcd - __rustc[ea4f61d10b84890b]::rust_begin_unwind
[INFO] [stdout]   10:     0x5d161c5f7bdc - core[a373ad73a504971]::panicking::panic_fmt
[INFO] [stdout]   11:     0x5d161c5f79b2 - core[a373ad73a504971]::result::unwrap_failed
[INFO] [stdout]   12:     0x5d161c39f422 - <sev_snp_utilities[51904ee0f95a170c]::guest::identity::types::tests::id_auth_info_test::{closure#0} as core[a373ad73a504971]::ops::function::FnOnce<()>>::call_once
[INFO] [stdout]   13:     0x5d161c3e0eeb - test[aada8e7e76ba119b]::__rust_begin_short_backtrace::<core[a373ad73a504971]::result::Result<(), alloc[2e1b2a31b91974c5]::string::String>, fn() -> core[a373ad73a504971]::result::Result<(), alloc[2e1b2a31b91974c5]::string::String>>
[INFO] [stdout]   14:     0x5d161c3ee0c5 - test[aada8e7e76ba119b]::run_test::{closure#0}
[INFO] [stdout]   15:     0x5d161c3e79b4 - std[617be2ca0a6fd877]::sys::backtrace::__rust_begin_short_backtrace::<test[aada8e7e76ba119b]::run_test::{closure#1}, ()>
[INFO] [stdout]   16:     0x5d161c3f1152 - <std[617be2ca0a6fd877]::thread::lifecycle::spawn_unchecked<test[aada8e7e76ba119b]::run_test::{closure#1}, ()>::{closure#1} as core[a373ad73a504971]::ops::function::FnOnce<()>>::call_once::{shim:vtable#0}
[INFO] [stdout]   17:     0x5d161c5e023f - <std[617be2ca0a6fd877]::sys::thread::unix::Thread>::new::thread_start
[INFO] [stdout]   18:     0x796338193dfa - <unknown>
[INFO] [stdout]   19:     0x7963382273d4 - clone
[INFO] [stdout]   20:                0x0 - <unknown>
[INFO] [stdout] 
[INFO] [stdout] ---- guest::attestation::verify::tests::verify_bad_sig_test stdout ----
[INFO] [stdout] 
[INFO] [stdout] thread 'guest::attestation::verify::tests::verify_bad_sig_test' (3064) panicked at src/guest/attestation/verify.rs:164:63:
[INFO] [stdout] called `Result::unwrap()` on an `Err` value: sev_snp_utilities::Error { kind: Io, source: Os { code: 2, kind: NotFound, message: "No such file or directory" } }
[INFO] [stdout] stack backtrace:
[INFO] [stdout]    0:     0x5d161c5e1401 - <<std[617be2ca0a6fd877]::sys::backtrace::BacktraceLock>::print::DisplayBacktrace as core[a373ad73a504971]::fmt::Display>::fmt
[INFO] [stdout]    1:     0x5d161c5f747a - core[a373ad73a504971]::fmt::write
[INFO] [stdout]    2:     0x5d161c5e5eec - <alloc[2e1b2a31b91974c5]::vec::Vec<u8> as core[a373ad73a504971]::io::write::Write>::write_fmt
[INFO] [stdout]    3:     0x5d161c5bb126 - std[617be2ca0a6fd877]::panicking::default_hook::{closure#0}
[INFO] [stdout]    4:     0x5d161c5d8b39 - std[617be2ca0a6fd877]::panicking::default_hook
[INFO] [stdout]    5:     0x5d161c3edaa0 - test[aada8e7e76ba119b]::test_main_inner::{closure#0}
[INFO] [stdout]    6:     0x5d161c5d8e62 - std[617be2ca0a6fd877]::panicking::panic_with_hook
[INFO] [stdout]    7:     0x5d161c5bb1d2 - std[617be2ca0a6fd877]::panicking::panic_handler::{closure#0}
[INFO] [stdout]    8:     0x5d161c5b3b59 - std[617be2ca0a6fd877]::sys::backtrace::__rust_end_short_backtrace::<std[617be2ca0a6fd877]::panicking::panic_handler::{closure#0}, !>
[INFO] [stdout]    9:     0x5d161c5bbfcd - __rustc[ea4f61d10b84890b]::rust_begin_unwind
[INFO] [stdout]   10:     0x5d161c5f7bdc - core[a373ad73a504971]::panicking::panic_fmt
[INFO] [stdout]   11:     0x5d161c5f79b2 - core[a373ad73a504971]::result::unwrap_failed
[INFO] [stdout]   12:     0x5d161c395f39 - sev_snp_utilities[51904ee0f95a170c]::guest::attestation::verify::tests::verify_bad_sig_test::{closure#0}
[INFO] [stdout]   13:     0x5d161c3dd903 - <tokio[4c8546cd7510d7fa]::runtime::scheduler::current_thread::Context>::enter::<core[a373ad73a504971]::task::poll::Poll<()>, <tokio[4c8546cd7510d7fa]::runtime::scheduler::current_thread::CoreGuard>::block_on<core[a373ad73a504971]::pin::Pin<&mut core[a373ad73a504971]::pin::Pin<&mut dyn core[a373ad73a504971]::future::future::Future<Output = ()>>>>::{closure#0}::{closure#0}>
[INFO] [stdout]   14:     0x5d161c38ee9c - <tokio[4c8546cd7510d7fa]::runtime::context::scoped::Scoped<tokio[4c8546cd7510d7fa]::runtime::scheduler::Context>>::set::<<tokio[4c8546cd7510d7fa]::runtime::scheduler::current_thread::CoreGuard>::enter<<tokio[4c8546cd7510d7fa]::runtime::scheduler::current_thread::CoreGuard>::block_on<core[a373ad73a504971]::pin::Pin<&mut core[a373ad73a504971]::pin::Pin<&mut dyn core[a373ad73a504971]::future::future::Future<Output = ()>>>>::{closure#0}, core[a373ad73a504971]::option::Option<()>>::{closure#0}, (alloc[2e1b2a31b91974c5]::boxed::Box<tokio[4c8546cd7510d7fa]::runtime::scheduler::current_thread::Core>, core[a373ad73a504971]::option::Option<()>)>
[INFO] [stdout]   15:     0x5d161c3d5e0d - <tokio[4c8546cd7510d7fa]::runtime::runtime::Runtime>::block_on::<core[a373ad73a504971]::pin::Pin<&mut dyn core[a373ad73a504971]::future::future::Future<Output = ()>>>
[INFO] [stdout]   16:     0x5d161c39bf1e - <sev_snp_utilities[51904ee0f95a170c]::guest::attestation::verify::tests::verify_bad_sig_test::{closure#0} as core[a373ad73a504971]::ops::function::FnOnce<()>>::call_once
[INFO] [stdout]   17:     0x5d161c3e0eeb - test[aada8e7e76ba119b]::__rust_begin_short_backtrace::<core[a373ad73a504971]::result::Result<(), alloc[2e1b2a31b91974c5]::string::String>, fn() -> core[a373ad73a504971]::result::Result<(), alloc[2e1b2a31b91974c5]::string::String>>
[INFO] [stdout]   18:     0x5d161c3ee0c5 - test[aada8e7e76ba119b]::run_test::{closure#0}
[INFO] [stdout]   19:     0x5d161c3e79b4 - std[617be2ca0a6fd877]::sys::backtrace::__rust_begin_short_backtrace::<test[aada8e7e76ba119b]::run_test::{closure#1}, ()>
[INFO] [stdout]   20:     0x5d161c3f1152 - <std[617be2ca0a6fd877]::thread::lifecycle::spawn_unchecked<test[aada8e7e76ba119b]::run_test::{closure#1}, ()>::{closure#1} as core[a373ad73a504971]::ops::function::FnOnce<()>>::call_once::{shim:vtable#0}
[INFO] [stdout]   21:     0x5d161c5e023f - <std[617be2ca0a6fd877]::sys::thread::unix::Thread>::new::thread_start
[INFO] [stdout]   22:     0x796338193dfa - <unknown>
[INFO] [stdout]   23:     0x7963382273d4 - clone
[INFO] [stdout]   24:                0x0 - <unknown>
[INFO] [stdout] 
[INFO] [stdout] ---- guest::attestation::certs::tests::get_kds_ark_ask_certs_test stdout ----
[INFO] [stdout] 
[INFO] [stdout] thread 'guest::attestation::certs::tests::get_kds_ark_ask_certs_test' (3051) panicked at src/guest/attestation/certs.rs:576:14:
[INFO] [stdout] failed to call get_kds_ark_ask_certs: sev_snp_utilities::Error { kind: LockTimeout, msg: "failed to acquire fetch lock in 10 seconds", source: Elapsed(()) }
[INFO] [stdout] stack backtrace:
[INFO] [stdout]    0:     0x5d161c5e1401 - <<std[617be2ca0a6fd877]::sys::backtrace::BacktraceLock>::print::DisplayBacktrace as core[a373ad73a504971]::fmt::Display>::fmt
[INFO] [stdout]    1:     0x5d161c5f747a - core[a373ad73a504971]::fmt::write
[INFO] [stdout]    2:     0x5d161c5e5eec - <alloc[2e1b2a31b91974c5]::vec::Vec<u8> as core[a373ad73a504971]::io::write::Write>::write_fmt
[INFO] [stdout]    3:     0x5d161c5bb126 - std[617be2ca0a6fd877]::panicking::default_hook::{closure#0}
[INFO] [stdout]    4:     0x5d161c5d8b39 - std[617be2ca0a6fd877]::panicking::default_hook
[INFO] [stdout]    5:     0x5d161c3edaa0 - test[aada8e7e76ba119b]::test_main_inner::{closure#0}
[INFO] [stdout]    6:     0x5d161c5d8e62 - std[617be2ca0a6fd877]::panicking::panic_with_hook
[INFO] [stdout]    7:     0x5d161c5bb1d2 - std[617be2ca0a6fd877]::panicking::panic_handler::{closure#0}
[INFO] [stdout]    8:     0x5d161c5b3b59 - std[617be2ca0a6fd877]::sys::backtrace::__rust_end_short_backtrace::<std[617be2ca0a6fd877]::panicking::panic_handler::{closure#0}, !>
[INFO] [stdout]    9:     0x5d161c5bbfcd - __rustc[ea4f61d10b84890b]::rust_begin_unwind
[INFO] [stdout]   10:     0x5d161c5f7bdc - core[a373ad73a504971]::panicking::panic_fmt
[INFO] [stdout]   11:     0x5d161c5f79b2 - core[a373ad73a504971]::result::unwrap_failed
[INFO] [stdout]   12:     0x5d161c374519 - sev_snp_utilities[51904ee0f95a170c]::guest::attestation::certs::tests::get_kds_ark_ask_certs_test::{closure#0}
[INFO] [stdout]   13:     0x5d161c3dd903 - <tokio[4c8546cd7510d7fa]::runtime::scheduler::current_thread::Context>::enter::<core[a373ad73a504971]::task::poll::Poll<()>, <tokio[4c8546cd7510d7fa]::runtime::scheduler::current_thread::CoreGuard>::block_on<core[a373ad73a504971]::pin::Pin<&mut core[a373ad73a504971]::pin::Pin<&mut dyn core[a373ad73a504971]::future::future::Future<Output = ()>>>>::{closure#0}::{closure#0}>
[INFO] [stdout]   14:     0x5d161c38ee9c - <tokio[4c8546cd7510d7fa]::runtime::context::scoped::Scoped<tokio[4c8546cd7510d7fa]::runtime::scheduler::Context>>::set::<<tokio[4c8546cd7510d7fa]::runtime::scheduler::current_thread::CoreGuard>::enter<<tokio[4c8546cd7510d7fa]::runtime::scheduler::current_thread::CoreGuard>::block_on<core[a373ad73a504971]::pin::Pin<&mut core[a373ad73a504971]::pin::Pin<&mut dyn core[a373ad73a504971]::future::future::Future<Output = ()>>>>::{closure#0}, core[a373ad73a504971]::option::Option<()>>::{closure#0}, (alloc[2e1b2a31b91974c5]::boxed::Box<tokio[4c8546cd7510d7fa]::runtime::scheduler::current_thread::Core>, core[a373ad73a504971]::option::Option<()>)>
[INFO] [stdout]   15:     0x5d161c3d5e0d - <tokio[4c8546cd7510d7fa]::runtime::runtime::Runtime>::block_on::<core[a373ad73a504971]::pin::Pin<&mut dyn core[a373ad73a504971]::future::future::Future<Output = ()>>>
[INFO] [stdout]   16:     0x5d161c375f5e - <sev_snp_utilities[51904ee0f95a170c]::guest::attestation::certs::tests::get_kds_ark_ask_certs_test::{closure#0} as core[a373ad73a504971]::ops::function::FnOnce<()>>::call_once
[INFO] [stdout]   17:     0x5d161c3e0eeb - test[aada8e7e76ba119b]::__rust_begin_short_backtrace::<core[a373ad73a504971]::result::Result<(), alloc[2e1b2a31b91974c5]::string::String>, fn() -> core[a373ad73a504971]::result::Result<(), alloc[2e1b2a31b91974c5]::string::String>>
[INFO] [stdout]   18:     0x5d161c3ee0c5 - test[aada8e7e76ba119b]::run_test::{closure#0}
[INFO] [stdout]   19:     0x5d161c3e79b4 - std[617be2ca0a6fd877]::sys::backtrace::__rust_begin_short_backtrace::<test[aada8e7e76ba119b]::run_test::{closure#1}, ()>
[INFO] [stdout]   20:     0x5d161c3f1152 - <std[617be2ca0a6fd877]::thread::lifecycle::spawn_unchecked<test[aada8e7e76ba119b]::run_test::{closure#1}, ()>::{closure#1} as core[a373ad73a504971]::ops::function::FnOnce<()>>::call_once::{shim:vtable#0}
[INFO] [stdout]   21:     0x5d161c5e023f - <std[617be2ca0a6fd877]::sys::thread::unix::Thread>::new::thread_start
[INFO] [stdout]   22:     0x796338193dfa - <unknown>
[INFO] [stdout]   23:     0x7963382273d4 - clone
[INFO] [stdout]   24:                0x0 - <unknown>
[INFO] [stdout] 
[INFO] [stdout] ---- guest::attestation::certs::tests::get_kds_ark_ask_certs_and_validate_test stdout ----
[INFO] [stdout] 
[INFO] [stdout] thread 'guest::attestation::certs::tests::get_kds_ark_ask_certs_and_validate_test' (3049) panicked at src/guest/attestation/certs.rs:592:14:
[INFO] [stdout] failed to call get_kds_ark_ask_certs_and_validate: sev_snp_utilities::Error { kind: LockTimeout, msg: "failed to acquire fetch lock in 10 seconds", source: Elapsed(()) }
[INFO] [stdout] stack backtrace:
[INFO] [stdout]    0:     0x5d161c5e1401 - <<std[617be2ca0a6fd877]::sys::backtrace::BacktraceLock>::print::DisplayBacktrace as core[a373ad73a504971]::fmt::Display>::fmt
[INFO] [stdout]    1:     0x5d161c5f747a - core[a373ad73a504971]::fmt::write
[INFO] [stdout]    2:     0x5d161c5e5eec - <alloc[2e1b2a31b91974c5]::vec::Vec<u8> as core[a373ad73a504971]::io::write::Write>::write_fmt
[INFO] [stdout]    3:     0x5d161c5bb126 - std[617be2ca0a6fd877]::panicking::default_hook::{closure#0}
[INFO] [stdout]    4:     0x5d161c5d8b39 - std[617be2ca0a6fd877]::panicking::default_hook
[INFO] [stdout]    5:     0x5d161c3edaa0 - test[aada8e7e76ba119b]::test_main_inner::{closure#0}
[INFO] [stdout]    6:     0x5d161c5d8e62 - std[617be2ca0a6fd877]::panicking::panic_with_hook
[INFO] [stdout]    7:     0x5d161c5bb1d2 - std[617be2ca0a6fd877]::panicking::panic_handler::{closure#0}
[INFO] [stdout]    8:     0x5d161c5b3b59 - std[617be2ca0a6fd877]::sys::backtrace::__rust_end_short_backtrace::<std[617be2ca0a6fd877]::panicking::panic_handler::{closure#0}, !>
[INFO] [stdout]    9:     0x5d161c5bbfcd - __rustc[ea4f61d10b84890b]::rust_begin_unwind
[INFO] [stdout]   10:     0x5d161c5f7bdc - core[a373ad73a504971]::panicking::panic_fmt
[INFO] [stdout]   11:     0x5d161c5f79b2 - core[a373ad73a504971]::result::unwrap_failed
[INFO] [stdout]   12:     0x5d161c37540d - sev_snp_utilities[51904ee0f95a170c]::guest::attestation::certs::tests::get_kds_ark_ask_certs_and_validate_test::{closure#0}
[INFO] [stdout]   13:     0x5d161c3dd903 - <tokio[4c8546cd7510d7fa]::runtime::scheduler::current_thread::Context>::enter::<core[a373ad73a504971]::task::poll::Poll<()>, <tokio[4c8546cd7510d7fa]::runtime::scheduler::current_thread::CoreGuard>::block_on<core[a373ad73a504971]::pin::Pin<&mut core[a373ad73a504971]::pin::Pin<&mut dyn core[a373ad73a504971]::future::future::Future<Output = ()>>>>::{closure#0}::{closure#0}>
[INFO] [stdout]   14:     0x5d161c38ee9c - <tokio[4c8546cd7510d7fa]::runtime::context::scoped::Scoped<tokio[4c8546cd7510d7fa]::runtime::scheduler::Context>>::set::<<tokio[4c8546cd7510d7fa]::runtime::scheduler::current_thread::CoreGuard>::enter<<tokio[4c8546cd7510d7fa]::runtime::scheduler::current_thread::CoreGuard>::block_on<core[a373ad73a504971]::pin::Pin<&mut core[a373ad73a504971]::pin::Pin<&mut dyn core[a373ad73a504971]::future::future::Future<Output = ()>>>>::{closure#0}, core[a373ad73a504971]::option::Option<()>>::{closure#0}, (alloc[2e1b2a31b91974c5]::boxed::Box<tokio[4c8546cd7510d7fa]::runtime::scheduler::current_thread::Core>, core[a373ad73a504971]::option::Option<()>)>
[INFO] [stdout]   15:     0x5d161c3d5e0d - <tokio[4c8546cd7510d7fa]::runtime::runtime::Runtime>::block_on::<core[a373ad73a504971]::pin::Pin<&mut dyn core[a373ad73a504971]::future::future::Future<Output = ()>>>
[INFO] [stdout]   16:     0x5d161c37660e - <sev_snp_utilities[51904ee0f95a170c]::guest::attestation::certs::tests::get_kds_ark_ask_certs_and_validate_test::{closure#0} as core[a373ad73a504971]::ops::function::FnOnce<()>>::call_once
[INFO] [stdout]   17:     0x5d161c3e0eeb - test[aada8e7e76ba119b]::__rust_begin_short_backtrace::<core[a373ad73a504971]::result::Result<(), alloc[2e1b2a31b91974c5]::string::String>, fn() -> core[a373ad73a504971]::result::Result<(), alloc[2e1b2a31b91974c5]::string::String>>
[INFO] [stdout]   18:     0x5d161c3ee0c5 - test[aada8e7e76ba119b]::run_test::{closure#0}
[INFO] [stdout]   19:     0x5d161c3e79b4 - std[617be2ca0a6fd877]::sys::backtrace::__rust_begin_short_backtrace::<test[aada8e7e76ba119b]::run_test::{closure#1}, ()>
[INFO] [stdout]   20:     0x5d161c3f1152 - <std[617be2ca0a6fd877]::thread::lifecycle::spawn_unchecked<test[aada8e7e76ba119b]::run_test::{closure#1}, ()>::{closure#1} as core[a373ad73a504971]::ops::function::FnOnce<()>>::call_once::{shim:vtable#0}
[INFO] [stdout]   21:     0x5d161c5e023f - <std[617be2ca0a6fd877]::sys::thread::unix::Thread>::new::thread_start
[INFO] [stdout]   22:     0x796338193dfa - <unknown>
[INFO] [stdout]   23:     0x7963382273d4 - clone
[INFO] [stdout]   24:                0x0 - <unknown>
[INFO] [stdout] 
[INFO] [stdout] ---- guest::attestation::certs::tests::get_kds_ark_ask_certs_bytes_test stdout ----
[INFO] [stdout] 
[INFO] [stdout] thread 'guest::attestation::certs::tests::get_kds_ark_ask_certs_bytes_test' (3050) panicked at src/guest/attestation/certs.rs:559:14:
[INFO] [stdout] failed to call get_kds_ark_ask_certs_bytes: sev_snp_utilities::Error { kind: LockTimeout, msg: "failed to acquire fetch lock in 10 seconds", source: Elapsed(()) }
[INFO] [stdout] stack backtrace:
[INFO] [stdout]    0:     0x5d161c5e1401 - <<std[617be2ca0a6fd877]::sys::backtrace::BacktraceLock>::print::DisplayBacktrace as core[a373ad73a504971]::fmt::Display>::fmt
[INFO] [stdout]    1:     0x5d161c5f747a - core[a373ad73a504971]::fmt::write
[INFO] [stdout]    2:     0x5d161c5e5eec - <alloc[2e1b2a31b91974c5]::vec::Vec<u8> as core[a373ad73a504971]::io::write::Write>::write_fmt
[INFO] [stdout]    3:     0x5d161c5bb126 - std[617be2ca0a6fd877]::panicking::default_hook::{closure#0}
[INFO] [stdout]    4:     0x5d161c5d8b39 - std[617be2ca0a6fd877]::panicking::default_hook
[INFO] [stdout]    5:     0x5d161c3edaa0 - test[aada8e7e76ba119b]::test_main_inner::{closure#0}
[INFO] [stdout]    6:     0x5d161c5d8e62 - std[617be2ca0a6fd877]::panicking::panic_with_hook
[INFO] [stdout]    7:     0x5d161c5bb1d2 - std[617be2ca0a6fd877]::panicking::panic_handler::{closure#0}
[INFO] [stdout]    8:     0x5d161c5b3b59 - std[617be2ca0a6fd877]::sys::backtrace::__rust_end_short_backtrace::<std[617be2ca0a6fd877]::panicking::panic_handler::{closure#0}, !>
[INFO] [stdout]    9:     0x5d161c5bbfcd - __rustc[ea4f61d10b84890b]::rust_begin_unwind
[INFO] [stdout]   10:     0x5d161c5f7bdc - core[a373ad73a504971]::panicking::panic_fmt
[INFO] [stdout]   11:     0x5d161c5f79b2 - core[a373ad73a504971]::result::unwrap_failed
[INFO] [stdout]   12:     0x5d161c374fa2 - sev_snp_utilities[51904ee0f95a170c]::guest::attestation::certs::tests::get_kds_ark_ask_certs_bytes_test::{closure#0}
[INFO] [stdout]   13:     0x5d161c3dd903 - <tokio[4c8546cd7510d7fa]::runtime::scheduler::current_thread::Context>::enter::<core[a373ad73a504971]::task::poll::Poll<()>, <tokio[4c8546cd7510d7fa]::runtime::scheduler::current_thread::CoreGuard>::block_on<core[a373ad73a504971]::pin::Pin<&mut core[a373ad73a504971]::pin::Pin<&mut dyn core[a373ad73a504971]::future::future::Future<Output = ()>>>>::{closure#0}::{closure#0}>
[INFO] [stdout]   14:     0x5d161c38ee9c - <tokio[4c8546cd7510d7fa]::runtime::context::scoped::Scoped<tokio[4c8546cd7510d7fa]::runtime::scheduler::Context>>::set::<<tokio[4c8546cd7510d7fa]::runtime::scheduler::current_thread::CoreGuard>::enter<<tokio[4c8546cd7510d7fa]::runtime::scheduler::current_thread::CoreGuard>::block_on<core[a373ad73a504971]::pin::Pin<&mut core[a373ad73a504971]::pin::Pin<&mut dyn core[a373ad73a504971]::future::future::Future<Output = ()>>>>::{closure#0}, core[a373ad73a504971]::option::Option<()>>::{closure#0}, (alloc[2e1b2a31b91974c5]::boxed::Box<tokio[4c8546cd7510d7fa]::runtime::scheduler::current_thread::Core>, core[a373ad73a504971]::option::Option<()>)>
[INFO] [stdout]   15:     0x5d161c3d5e0d - <tokio[4c8546cd7510d7fa]::runtime::runtime::Runtime>::block_on::<core[a373ad73a504971]::pin::Pin<&mut dyn core[a373ad73a504971]::future::future::Future<Output = ()>>>
[INFO] [stdout]   16:     0x5d161c37639e - <sev_snp_utilities[51904ee0f95a170c]::guest::attestation::certs::tests::get_kds_ark_ask_certs_bytes_test::{closure#0} as core[a373ad73a504971]::ops::function::FnOnce<()>>::call_once
[INFO] [stdout]   17:     0x5d161c3e0eeb - test[aada8e7e76ba119b]::__rust_begin_short_backtrace::<core[a373ad73a504971]::result::Result<(), alloc[2e1b2a31b91974c5]::string::String>, fn() -> core[a373ad73a504971]::result::Result<(), alloc[2e1b2a31b91974c5]::string::String>>
[INFO] [stdout]   18:     0x5d161c3ee0c5 - test[aada8e7e76ba119b]::run_test::{closure#0}
[INFO] [stdout]   19:     0x5d161c3e79b4 - std[617be2ca0a6fd877]::sys::backtrace::__rust_begin_short_backtrace::<test[aada8e7e76ba119b]::run_test::{closure#1}, ()>
[INFO] [stdout]   20:     0x5d161c3f1152 - <std[617be2ca0a6fd877]::thread::lifecycle::spawn_unchecked<test[aada8e7e76ba119b]::run_test::{closure#1}, ()>::{closure#1} as core[a373ad73a504971]::ops::function::FnOnce<()>>::call_once::{shim:vtable#0}
[INFO] [stdout]   21:     0x5d161c5e023f - <std[617be2ca0a6fd877]::sys::thread::unix::Thread>::new::thread_start
[INFO] [stdout]   22:     0x796338193dfa - <unknown>
[INFO] [stdout]   23:     0x7963382273d4 - clone
[INFO] [stdout]   24:                0x0 - <unknown>
[INFO] [stdout] 
[INFO] [stdout] ---- guest::attestation::certs::tests::fetch_kds_vcek_cert_chain_test stdout ----
[INFO] [stdout] 
[INFO] [stdout] thread 'guest::attestation::certs::tests::fetch_kds_vcek_cert_chain_test' (3047) panicked at src/guest/attestation/certs.rs:550:14:
[INFO] [stdout] failed to call fetch_kds_vcek_cert_chain: sev_snp_utilities::Error { kind: Fetch, source: "failed to fetch URL 'https://kdsintf.amd.com/vcek/v1/Milan/cert_chain': reqwest::Error { kind: Request, url: Url { scheme: \"https\", cannot_be_a_base: false, username: \"\", password: None, host: Some(Domain(\"kdsintf.amd.com\")), port: None, path: \"/vcek/v1/Milan/cert_chain\", query: None, fragment: None }, source: hyper::Error(Connect, ConnectError(\"dns error\", Custom { kind: Uncategorized, error: \"failed to lookup address information: Temporary failure in name resolution\" })) }" }
[INFO] [stdout] stack backtrace:
[INFO] [stdout]    0:     0x5d161c5e1401 - <<std[617be2ca0a6fd877]::sys::backtrace::BacktraceLock>::print::DisplayBacktrace as core[a373ad73a504971]::fmt::Display>::fmt
[INFO] [stdout]    1:     0x5d161c5f747a - core[a373ad73a504971]::fmt::write
[INFO] [stdout]    2:     0x5d161c5e5eec - <alloc[2e1b2a31b91974c5]::vec::Vec<u8> as core[a373ad73a504971]::io::write::Write>::write_fmt
[INFO] [stdout]    3:     0x5d161c5bb126 - std[617be2ca0a6fd877]::panicking::default_hook::{closure#0}
[INFO] [stdout]    4:     0x5d161c5d8b39 - std[617be2ca0a6fd877]::panicking::default_hook
[INFO] [stdout]    5:     0x5d161c3edaa0 - test[aada8e7e76ba119b]::test_main_inner::{closure#0}
[INFO] [stdout]    6:     0x5d161c5d8e62 - std[617be2ca0a6fd877]::panicking::panic_with_hook
[INFO] [stdout]    7:     0x5d161c5bb1d2 - std[617be2ca0a6fd877]::panicking::panic_handler::{closure#0}
[INFO] [stdout]    8:     0x5d161c5b3b59 - std[617be2ca0a6fd877]::sys::backtrace::__rust_end_short_backtrace::<std[617be2ca0a6fd877]::panicking::panic_handler::{closure#0}, !>
[INFO] [stdout]    9:     0x5d161c5bbfcd - __rustc[ea4f61d10b84890b]::rust_begin_unwind
[INFO] [stdout]   10:     0x5d161c5f7bdc - core[a373ad73a504971]::panicking::panic_fmt
[INFO] [stdout]   11:     0x5d161c5f79b2 - core[a373ad73a504971]::result::unwrap_failed
[INFO] [stdout]   12:     0x5d161c374cb0 - sev_snp_utilities[51904ee0f95a170c]::guest::attestation::certs::tests::fetch_kds_vcek_cert_chain_test::{closure#0}
[INFO] [stdout]   13:     0x5d161c3dd903 - <tokio[4c8546cd7510d7fa]::runtime::scheduler::current_thread::Context>::enter::<core[a373ad73a504971]::task::poll::Poll<()>, <tokio[4c8546cd7510d7fa]::runtime::scheduler::current_thread::CoreGuard>::block_on<core[a373ad73a504971]::pin::Pin<&mut core[a373ad73a504971]::pin::Pin<&mut dyn core[a373ad73a504971]::future::future::Future<Output = ()>>>>::{closure#0}::{closure#0}>
[INFO] [stdout]   14:     0x5d161c38ee9c - <tokio[4c8546cd7510d7fa]::runtime::context::scoped::Scoped<tokio[4c8546cd7510d7fa]::runtime::scheduler::Context>>::set::<<tokio[4c8546cd7510d7fa]::runtime::scheduler::current_thread::CoreGuard>::enter<<tokio[4c8546cd7510d7fa]::runtime::scheduler::current_thread::CoreGuard>::block_on<core[a373ad73a504971]::pin::Pin<&mut core[a373ad73a504971]::pin::Pin<&mut dyn core[a373ad73a504971]::future::future::Future<Output = ()>>>>::{closure#0}, core[a373ad73a504971]::option::Option<()>>::{closure#0}, (alloc[2e1b2a31b91974c5]::boxed::Box<tokio[4c8546cd7510d7fa]::runtime::scheduler::current_thread::Core>, core[a373ad73a504971]::option::Option<()>)>
[INFO] [stdout]   15:     0x5d161c3d5e0d - <tokio[4c8546cd7510d7fa]::runtime::runtime::Runtime>::block_on::<core[a373ad73a504971]::pin::Pin<&mut dyn core[a373ad73a504971]::future::future::Future<Output = ()>>>
[INFO] [stdout]   16:     0x5d161c37622e - <sev_snp_utilities[51904ee0f95a170c]::guest::attestation::certs::tests::fetch_kds_vcek_cert_chain_test::{closure#0} as core[a373ad73a504971]::ops::function::FnOnce<()>>::call_once
[INFO] [stdout]   17:     0x5d161c3e0eeb - test[aada8e7e76ba119b]::__rust_begin_short_backtrace::<core[a373ad73a504971]::result::Result<(), alloc[2e1b2a31b91974c5]::string::String>, fn() -> core[a373ad73a504971]::result::Result<(), alloc[2e1b2a31b91974c5]::string::String>>
[INFO] [stdout]   18:     0x5d161c3ee0c5 - test[aada8e7e76ba119b]::run_test::{closure#0}
[INFO] [stdout]   19:     0x5d161c3e79b4 - std[617be2ca0a6fd877]::sys::backtrace::__rust_begin_short_backtrace::<test[aada8e7e76ba119b]::run_test::{closure#1}, ()>
[INFO] [stdout]   20:     0x5d161c3f1152 - <std[617be2ca0a6fd877]::thread::lifecycle::spawn_unchecked<test[aada8e7e76ba119b]::run_test::{closure#1}, ()>::{closure#1} as core[a373ad73a504971]::ops::function::FnOnce<()>>::call_once::{shim:vtable#0}
[INFO] [stdout]   21:     0x5d161c5e023f - <std[617be2ca0a6fd877]::sys::thread::unix::Thread>::new::thread_start
[INFO] [stdout]   22:     0x796338193dfa - <unknown>
[INFO] [stdout]   23:     0x7963382273d4 - clone
[INFO] [stdout]   24:                0x0 - <unknown>
[INFO] [stdout] 
[INFO] [stdout] 
[INFO] [stdout] failures:
[INFO] [stdout]     guest::attestation::certs::tests::fetch_kds_vcek_cert_chain_test
[INFO] [stdout]     guest::attestation::certs::tests::fetch_kds_vcek_test
[INFO] [stdout]     guest::attestation::certs::tests::get_kds_ark_ask_certs_and_validate_test
[INFO] [stdout]     guest::attestation::certs::tests::get_kds_ark_ask_certs_bytes_test
[INFO] [stdout]     guest::attestation::certs::tests::get_kds_ark_ask_certs_test
[INFO] [stdout]     guest::attestation::certs::tests::get_kds_vcek_cert_bytes_test
[INFO] [stdout]     guest::attestation::certs::tests::get_kds_vcek_test
[INFO] [stdout]     guest::attestation::certs::tests::get_kds_vcek_url_test
[INFO] [stdout]     guest::attestation::certs::tests::verify_certs_test
[INFO] [stdout]     guest::attestation::get_report::tests::test_snp_report_msg_resp_from_reader
[INFO] [stdout]     guest::attestation::report::tests::attestation_report_file_corrupted_test
[INFO] [stdout]     guest::attestation::report::tests::attestation_report_file_test
[INFO] [stdout]     guest::attestation::verify::tests::print_policy_values_test
[INFO] [stdout]     guest::attestation::verify::tests::verify_bad_sig_test
[INFO] [stdout]     guest::attestation::verify::tests::verify_test
[INFO] [stdout]     guest::derived_key::get_derived_key::tests::test_snp_derived_key_msg_resp_from_reader
[INFO] [stdout]     guest::identity::ecdsa::tests::create_signed_id_auth_info_test
[INFO] [stdout]     guest::identity::fingerprint::tests::fingerprint_id_key_test
[INFO] [stdout]     guest::identity::types::tests::id_auth_info_test
[INFO] [stdout]     guest::identity::types::tests::id_block_test
[INFO] [stdout]     guest::measure::ovmf::tests::ovmf_file_test
[INFO] [stdout]     guest::measure::sev_hashes::tests::construct_page_test
[INFO] [stdout]     guest::measure::sev_hashes::tests::construct_table_test
[INFO] [stdout]     guest::measure::sev_hashes::tests::sev_hashes_new_test
[INFO] [stdout] 
[INFO] [stdout] test result: FAILED. 5 passed; 24 failed; 0 ignored; 0 measured; 0 filtered out; finished in 299.72s
[INFO] [stdout] 
[INFO] [stderr] error: test failed, to rerun pass `--lib`
[INFO] running `Command { std: "docker" "inspect" "fe986d77e03c306796b703ca222431521d47a2d526a480288f522a3cd4c320ed", kill_on_drop: false }`
[INFO] running `Command { std: "docker" "rm" "-f" "fe986d77e03c306796b703ca222431521d47a2d526a480288f522a3cd4c320ed", kill_on_drop: false }`
[INFO] [stdout] fe986d77e03c306796b703ca222431521d47a2d526a480288f522a3cd4c320ed
