[INFO] fetching crate settled-sdk 0.2.0...
[INFO] testing settled-sdk-0.2.0 against 1.100.0-beta.1+cargoflags=--release for beta-release-1.100-2
[INFO] extracting crate settled-sdk 0.2.0 into /workspace/builds/worker-7-tc2/source
[INFO] started tweaking crates.io crate settled-sdk 0.2.0
[INFO] removed 0 missing tests
[INFO] finished tweaking crates.io crate settled-sdk 0.2.0
[INFO] tweaked toml for crates.io crate settled-sdk 0.2.0 written to /workspace/builds/worker-7-tc2/source/Cargo.toml
[INFO] validating manifest of crates.io crate settled-sdk 0.2.0 on toolchain 1.100.0-beta.1
[INFO] running `Command { std: CARGO_HOME="/workspace/cargo-home" RUSTUP_HOME="/workspace/rustup-home" "/workspace/cargo-home/bin/cargo" "+1.100.0-beta.1" "metadata" "--manifest-path" "Cargo.toml" "--no-deps", kill_on_drop: false }`
[INFO] crate crates.io crate settled-sdk 0.2.0 already has a lockfile, it will not be regenerated
[INFO] running `Command { std: CARGO_HOME="/workspace/cargo-home" RUSTUP_HOME="/workspace/rustup-home" "/workspace/cargo-home/bin/cargo" "+1.100.0-beta.1" "fetch" "--manifest-path" "Cargo.toml", kill_on_drop: false }`
[INFO] running `Command { std: "docker" "create" "-v" "/var/lib/crater-agent-workspace/builds/worker-7-tc2/source:/opt/rustwide/workdir:ro,Z" "-v" "/var/lib/crater-agent-workspace/builds/worker-7-tc2/target:/opt/rustwide/target:rw,Z" "-v" "/var/lib/crater-agent-workspace/cargo-home:/opt/rustwide/cargo-home:ro,Z" "-v" "/var/lib/crater-agent-workspace/rustup-home:/opt/rustwide/rustup-home:ro,Z" "-m" "1610612736" "--network" "none" "ghcr.io/rust-lang/crates-build-env/linux@sha256:77db811e55d90add9212f6832c23229e3de5f1c1f9905e8cb07319ea15df73ac" "sleep" "infinity", kill_on_drop: false }`
[INFO] [stdout] 2d2e345deff9f5bbb4a68238830068c830c9e2205c50154fbd446f07fab2da34
[INFO] running `Command { std: "docker" "start" "2d2e345deff9f5bbb4a68238830068c830c9e2205c50154fbd446f07fab2da34", kill_on_drop: false }`
[INFO] running `Command { std: "docker" "inspect" "2d2e345deff9f5bbb4a68238830068c830c9e2205c50154fbd446f07fab2da34", kill_on_drop: false }`
[INFO] running `Command { std: "docker" "exec" "-e" "SOURCE_DIR=/opt/rustwide/workdir" "-e" "CARGO_HOME=/opt/rustwide/cargo-home" "-e" "RUSTUP_HOME=/opt/rustwide/rustup-home" "-e" "CARGO_TARGET_DIR=/opt/rustwide/target" "-w" "/opt/rustwide/workdir" "--user" "0:0" "2d2e345deff9f5bbb4a68238830068c830c9e2205c50154fbd446f07fab2da34" "/opt/rustwide/cargo-home/bin/cargo" "+1.100.0-beta.1" "metadata" "--no-deps" "--format-version=1", kill_on_drop: false }`
[INFO] running `Command { std: "docker" "inspect" "2d2e345deff9f5bbb4a68238830068c830c9e2205c50154fbd446f07fab2da34", kill_on_drop: false }`
[INFO] running `Command { std: "docker" "exec" "-e" "SOURCE_DIR=/opt/rustwide/workdir" "-e" "CARGO_HOME=/opt/rustwide/cargo-home" "-e" "RUSTUP_HOME=/opt/rustwide/rustup-home" "-e" "CARGO_TARGET_DIR=/opt/rustwide/target" "-e" "CARGO_INCREMENTAL=0" "-e" "RUST_BACKTRACE=full" "-e" "RUSTFLAGS=--cap-lints=warn" "-e" "RUSTDOCFLAGS=--cap-lints=warn" "-w" "/opt/rustwide/workdir" "--user" "0:0" "2d2e345deff9f5bbb4a68238830068c830c9e2205c50154fbd446f07fab2da34" "/opt/rustwide/cargo-home/bin/cargo" "+1.100.0-beta.1" "build" "--frozen" "--message-format=json" "--release", kill_on_drop: false }`
[INFO] [stderr]    Compiling either v1.16.0
[INFO] [stderr]    Compiling libc v0.2.186
[INFO] [stderr]    Compiling futures-task v0.3.32
[INFO] [stderr]    Compiling anyhow v1.0.102
[INFO] [stderr]    Compiling http v1.4.1
[INFO] [stderr]    Compiling getrandom v0.4.2
[INFO] [stderr]    Compiling zerocopy v0.8.49
[INFO] [stderr]    Compiling typenum v1.20.0
[INFO] [stderr]    Compiling rustix v1.1.4
[INFO] [stderr]    Compiling regex-syntax v0.8.10
[INFO] [stderr]    Compiling bitflags v2.11.1
[INFO] [stderr]    Compiling bytes v1.11.1
[INFO] [stderr]    Compiling mio v1.2.0
[INFO] [stderr]    Compiling socket2 v0.6.3
[INFO] [stderr]    Compiling tokio-macros v2.7.0
[INFO] [stderr]    Compiling tracing-attributes v0.1.31
[INFO] [stderr]    Compiling futures-util v0.3.32
[INFO] [stderr]    Compiling linux-raw-sys v0.12.1
[INFO] [stderr]    Compiling itertools v0.12.1
[INFO] [stderr]    Compiling fastrand v2.4.1
[INFO] [stderr]    Compiling fixedbitset v0.4.2
[INFO] [stderr]    Compiling indexmap v1.9.3
[INFO] [stderr]    Compiling petgraph v0.6.5
[INFO] [stderr]    Compiling prettyplease v0.2.37
[INFO] [stderr]    Compiling futures-channel v0.3.32
[INFO] [stderr]    Compiling multimap v0.10.1
[INFO] [stderr]    Compiling tokio v1.52.3
[INFO] [stderr]    Compiling log v0.4.30
[INFO] [stderr]    Compiling serde v1.0.228
[INFO] [stderr]    Compiling curve25519-dalek v4.1.3
[INFO] [stderr]    Compiling async-trait v0.1.89
[INFO] [stderr]    Compiling pin-project-internal v1.1.13
[INFO] [stderr]    Compiling curve25519-dalek-derive v0.1.1
[INFO] [stderr]    Compiling http-body v1.0.1
[INFO] [stderr]    Compiling generic-array v0.14.7
[INFO] [stderr]    Compiling regex-automata v0.4.14
[INFO] [stderr]    Compiling tracing v0.1.44
[INFO] [stderr]    Compiling http-body-util v0.1.3
[INFO] [stderr]    Compiling async-stream-impl v0.3.6
[INFO] [stderr]    Compiling pin-project v1.1.13
[INFO] [stderr]    Compiling signature v2.2.0
[INFO] [stderr]    Compiling memchr v2.8.1
[INFO] [stderr]    Compiling zeroize v1.8.2
[INFO] [stderr]    Compiling matchit v0.7.3
[INFO] [stderr]    Compiling ed25519 v2.2.3
[INFO] [stderr]    Compiling thiserror-impl v1.0.69
[INFO] [stderr]    Compiling socket2 v0.5.10
[INFO] [stderr]    Compiling async-stream v0.3.6
[INFO] [stderr]    Compiling tempfile v3.27.0
[INFO] [stderr]    Compiling prost-derive v0.13.5
[INFO] [stderr]    Compiling block-buffer v0.10.4
[INFO] [stderr]    Compiling crypto-common v0.1.7
[INFO] [stderr]    Compiling digest v0.10.7
[INFO] [stderr]    Compiling sha2 v0.10.9
[INFO] [stderr]    Compiling tower v0.5.3
[INFO] [stderr]    Compiling axum-core v0.4.5
[INFO] [stderr]    Compiling thiserror v1.0.69
[INFO] [stderr]    Compiling prost v0.13.5
[INFO] [stderr]    Compiling regex v1.12.3
[INFO] [stderr]    Compiling ed25519-dalek v2.2.0
[INFO] [stderr]    Compiling prost-types v0.13.5
[INFO] [stderr]    Compiling axum v0.7.9
[INFO] [stderr]    Compiling prost-build v0.13.5
[INFO] [stderr]    Compiling tonic-build v0.12.3
[INFO] [stderr]    Compiling ppv-lite86 v0.2.21
[INFO] [stderr]    Compiling rand_chacha v0.3.1
[INFO] [stderr]    Compiling rand v0.8.6
[INFO] [stderr]    Compiling tokio-util v0.7.18
[INFO] [stderr]    Compiling tokio-stream v0.1.18
[INFO] [stderr]    Compiling settled-sdk v0.2.0 (/opt/rustwide/workdir)
[INFO] [stderr]    Compiling h2 v0.4.14
[INFO] [stderr]    Compiling tower v0.4.13
[INFO] [stderr]    Compiling hyper v1.10.1
[INFO] [stderr]    Compiling hyper-util v0.1.20
[INFO] [stderr]    Compiling hyper-timeout v0.5.2
[INFO] [stderr]    Compiling tonic v0.12.3
[INFO] [stderr]     Finished `release` profile [optimized] target(s) in 55.36s
[INFO] running `Command { std: "docker" "inspect" "2d2e345deff9f5bbb4a68238830068c830c9e2205c50154fbd446f07fab2da34", kill_on_drop: false }`
[INFO] running `Command { std: "docker" "exec" "-e" "SOURCE_DIR=/opt/rustwide/workdir" "-e" "CARGO_HOME=/opt/rustwide/cargo-home" "-e" "RUSTUP_HOME=/opt/rustwide/rustup-home" "-e" "CARGO_TARGET_DIR=/opt/rustwide/target" "-e" "CARGO_INCREMENTAL=0" "-e" "RUST_BACKTRACE=full" "-e" "RUSTFLAGS=--cap-lints=warn" "-e" "RUSTDOCFLAGS=--cap-lints=warn" "-w" "/opt/rustwide/workdir" "--user" "0:0" "2d2e345deff9f5bbb4a68238830068c830c9e2205c50154fbd446f07fab2da34" "/opt/rustwide/cargo-home/bin/cargo" "+1.100.0-beta.1" "test" "--frozen" "--no-run" "--message-format=json" "--release", kill_on_drop: false }`
[INFO] [stderr]    Compiling tokio v1.52.3
[INFO] [stderr]    Compiling serde_derive v1.0.228
[INFO] [stderr]    Compiling serde_json v1.0.150
[INFO] [stderr]    Compiling serde v1.0.228
[INFO] [stderr]    Compiling axum v0.7.9
[INFO] [stderr]    Compiling tokio-util v0.7.18
[INFO] [stderr]    Compiling tokio-stream v0.1.18
[INFO] [stderr]    Compiling h2 v0.4.14
[INFO] [stderr]    Compiling tower v0.4.13
[INFO] [stderr]    Compiling hyper v1.10.1
[INFO] [stderr]    Compiling hyper-util v0.1.20
[INFO] [stderr]    Compiling hyper-timeout v0.5.2
[INFO] [stderr]    Compiling tonic v0.12.3
[INFO] [stderr]    Compiling settled-sdk v0.2.0 (/opt/rustwide/workdir)
[INFO] [stderr]     Finished `release` profile [optimized] target(s) in 43.04s
[INFO] running `Command { std: "docker" "inspect" "2d2e345deff9f5bbb4a68238830068c830c9e2205c50154fbd446f07fab2da34", kill_on_drop: false }`
[INFO] running `Command { std: "docker" "exec" "-e" "SOURCE_DIR=/opt/rustwide/workdir" "-e" "CARGO_HOME=/opt/rustwide/cargo-home" "-e" "RUSTUP_HOME=/opt/rustwide/rustup-home" "-e" "CARGO_TARGET_DIR=/opt/rustwide/target" "-e" "CARGO_INCREMENTAL=0" "-e" "RUST_BACKTRACE=full" "-e" "RUSTFLAGS=--cap-lints=warn" "-e" "RUSTDOCFLAGS=--cap-lints=warn" "-w" "/opt/rustwide/workdir" "--user" "0:0" "2d2e345deff9f5bbb4a68238830068c830c9e2205c50154fbd446f07fab2da34" "/opt/rustwide/cargo-home/bin/cargo" "+1.100.0-beta.1" "test" "--frozen" "--release", kill_on_drop: false }`
[INFO] [stderr]     Finished `release` profile [optimized] target(s) in 0.24s
[INFO] [stderr]      Running unittests src/lib.rs (/opt/rustwide/target/release/build/settled-sdk/8771869979d782c1/out/settled_sdk-8771869979d782c1)
[INFO] [stdout] 
[INFO] [stdout] running 0 tests
[INFO] [stdout] 
[INFO] [stdout] test result: ok. 0 passed; 0 failed; 0 ignored; 0 measured; 0 filtered out; finished in 0.00s
[INFO] [stdout] 
[INFO] [stderr]      Running tests/integration_test.rs (/opt/rustwide/target/release/build/settled-sdk/25e33756a56fb936/out/integration_test-25e33756a56fb936)
[INFO] [stdout] 
[INFO] [stdout] running 5 tests
[INFO] [stdout] test test_get_latest_newest_first ... ok
[INFO] [stdout] test test_consistency_proof_verifies ... ok
[INFO] [stdout] test test_sth_verifies ... ok
[INFO] [stdout] test test_inclusion_proof_verifies ... ok
[INFO] [stdout] test test_append_get_roundtrip ... ok
[INFO] [stdout] 
[INFO] [stdout] test result: ok. 5 passed; 0 failed; 0 ignored; 0 measured; 0 filtered out; finished in 0.00s
[INFO] [stdout] 
[INFO] [stderr]      Running tests/interop_test.rs (/opt/rustwide/target/release/build/settled-sdk/b6c57ba5199ce615/out/interop_test-b6c57ba5199ce615)
[INFO] [stdout] 
[INFO] [stdout] running 1 test
[INFO] [stdout] test interop_verify ... ok
[INFO] [stdout] 
[INFO] [stdout] test result: ok. 1 passed; 0 failed; 0 ignored; 0 measured; 0 filtered out; finished in 0.00s
[INFO] [stdout] 
[INFO] [stderr]      Running tests/verifier_tests.rs (/opt/rustwide/target/release/build/settled-sdk/32e51d7bb12d4301/out/verifier_tests-32e51d7bb12d4301)
[INFO] [stdout] 
[INFO] [stdout] running 7 tests
[INFO] [stdout] test test_negative_cases ... FAILED
[INFO] [stdout] test test_verify_consistency ... FAILED
[INFO] [stdout] test test_leaf_hash ... FAILED
[INFO] [stdout] test test_verify_tree_head ... FAILED
[INFO] [stdout] test test_node_hash ... FAILED
[INFO] [stdout] test test_verify_inclusion ... FAILED
[INFO] [stdout] test test_verify_tree_head_sequential ... FAILED
[INFO] [stdout] 
[INFO] [stdout] failures:
[INFO] [stdout] 
[INFO] [stdout] ---- test_negative_cases stdout ----
[INFO] [stdout] 
[INFO] [stdout] thread 'test_negative_cases' (1875) panicked at tests/verifier_tests.rs:12:64:
[INFO] [stdout] cannot read negative-cases.json: No such file or directory (os error 2)
[INFO] [stdout] stack backtrace:
[INFO] [stdout]    0:     0x56ee765d6bc1 - <<std[617be2ca0a6fd877]::sys::backtrace::BacktraceLock>::print::DisplayBacktrace as core[a373ad73a504971]::fmt::Display>::fmt
[INFO] [stdout]    1:     0x56ee765eb28a - core[a373ad73a504971]::fmt::write
[INFO] [stdout]    2:     0x56ee765daddc - <alloc[2e1b2a31b91974c5]::vec::Vec<u8> as core[a373ad73a504971]::io::write::Write>::write_fmt
[INFO] [stdout]    3:     0x56ee765b2b86 - std[617be2ca0a6fd877]::panicking::default_hook::{closure#0}
[INFO] [stdout]    4:     0x56ee765cef49 - std[617be2ca0a6fd877]::panicking::default_hook
[INFO] [stdout]    5:     0x56ee765594a0 - test[aada8e7e76ba119b]::test_main_inner::{closure#0}
[INFO] [stdout]    6:     0x56ee765cf102 - std[617be2ca0a6fd877]::panicking::panic_with_hook
[INFO] [stdout]    7:     0x56ee765b2c32 - std[617be2ca0a6fd877]::panicking::panic_handler::{closure#0}
[INFO] [stdout]    8:     0x56ee765ab7b9 - std[617be2ca0a6fd877]::sys::backtrace::__rust_end_short_backtrace::<std[617be2ca0a6fd877]::panicking::panic_handler::{closure#0}, !>
[INFO] [stdout]    9:     0x56ee765b383d - __rustc[ea4f61d10b84890b]::rust_begin_unwind
[INFO] [stdout]   10:     0x56ee765eb9bc - core[a373ad73a504971]::panicking::panic_fmt
[INFO] [stdout]   11:     0x56ee76541eda - verifier_tests[6363639df7d4da44]::load_json::{closure#0}
[INFO] [stdout]   12:     0x56ee7654224d - verifier_tests[6363639df7d4da44]::load_json
[INFO] [stdout]   13:     0x56ee76542edd - <verifier_tests[6363639df7d4da44]::test_negative_cases::{closure#0} as core[a373ad73a504971]::ops::function::FnOnce<()>>::call_once
[INFO] [stdout]   14:     0x56ee7654c8eb - test[aada8e7e76ba119b]::__rust_begin_short_backtrace::<core[a373ad73a504971]::result::Result<(), alloc[2e1b2a31b91974c5]::string::String>, fn() -> core[a373ad73a504971]::result::Result<(), alloc[2e1b2a31b91974c5]::string::String>>
[INFO] [stdout]   15:     0x56ee76559ac5 - test[aada8e7e76ba119b]::run_test::{closure#0}
[INFO] [stdout]   16:     0x56ee765533b4 - std[617be2ca0a6fd877]::sys::backtrace::__rust_begin_short_backtrace::<test[aada8e7e76ba119b]::run_test::{closure#1}, ()>
[INFO] [stdout]   17:     0x56ee7655cb52 - <std[617be2ca0a6fd877]::thread::lifecycle::spawn_unchecked<test[aada8e7e76ba119b]::run_test::{closure#1}, ()>::{closure#1} as core[a373ad73a504971]::ops::function::FnOnce<()>>::call_once::{shim:vtable#0}
[INFO] [stdout]   18:     0x56ee765d610f - <std[617be2ca0a6fd877]::sys::thread::unix::Thread>::new::thread_start
[INFO] [stdout]   19:     0x7e6402046dfa - <unknown>
[INFO] [stdout]   20:     0x7e64020da3d4 - clone
[INFO] [stdout]   21:                0x0 - <unknown>
[INFO] [stdout] 
[INFO] [stdout] ---- test_verify_consistency stdout ----
[INFO] [stdout] 
[INFO] [stdout] thread 'test_verify_consistency' (1877) panicked at tests/verifier_tests.rs:12:64:
[INFO] [stdout] cannot read consistency-proofs.json: No such file or directory (os error 2)
[INFO] [stdout] stack backtrace:
[INFO] [stdout]    0:     0x56ee765d6bc1 - <<std[617be2ca0a6fd877]::sys::backtrace::BacktraceLock>::print::DisplayBacktrace as core[a373ad73a504971]::fmt::Display>::fmt
[INFO] [stdout]    1:     0x56ee765eb28a - core[a373ad73a504971]::fmt::write
[INFO] [stdout]    2:     0x56ee765daddc - <alloc[2e1b2a31b91974c5]::vec::Vec<u8> as core[a373ad73a504971]::io::write::Write>::write_fmt
[INFO] [stdout]    3:     0x56ee765b2b86 - std[617be2ca0a6fd877]::panicking::default_hook::{closure#0}
[INFO] [stdout]    4:     0x56ee765cef49 - std[617be2ca0a6fd877]::panicking::default_hook
[INFO] [stdout]    5:     0x56ee765594a0 - test[aada8e7e76ba119b]::test_main_inner::{closure#0}
[INFO] [stdout]    6:     0x56ee765cf102 - std[617be2ca0a6fd877]::panicking::panic_with_hook
[INFO] [stdout]    7:     0x56ee765b2c32 - std[617be2ca0a6fd877]::panicking::panic_handler::{closure#0}
[INFO] [stdout]    8:     0x56ee765ab7b9 - std[617be2ca0a6fd877]::sys::backtrace::__rust_end_short_backtrace::<std[617be2ca0a6fd877]::panicking::panic_handler::{closure#0}, !>
[INFO] [stdout]    9:     0x56ee765b383d - __rustc[ea4f61d10b84890b]::rust_begin_unwind
[INFO] [stdout]   10:     0x56ee765eb9bc - core[a373ad73a504971]::panicking::panic_fmt
[INFO] [stdout]   11:     0x56ee76541eda - verifier_tests[6363639df7d4da44]::load_json::{closure#0}
[INFO] [stdout]   12:     0x56ee7654224d - verifier_tests[6363639df7d4da44]::load_json
[INFO] [stdout]   13:     0x56ee76544aaa - <verifier_tests[6363639df7d4da44]::test_verify_consistency::{closure#0} as core[a373ad73a504971]::ops::function::FnOnce<()>>::call_once
[INFO] [stdout]   14:     0x56ee7654c8eb - test[aada8e7e76ba119b]::__rust_begin_short_backtrace::<core[a373ad73a504971]::result::Result<(), alloc[2e1b2a31b91974c5]::string::String>, fn() -> core[a373ad73a504971]::result::Result<(), alloc[2e1b2a31b91974c5]::string::String>>
[INFO] [stdout]   15:     0x56ee76559ac5 - test[aada8e7e76ba119b]::run_test::{closure#0}
[INFO] [stdout]   16:     0x56ee765533b4 - std[617be2ca0a6fd877]::sys::backtrace::__rust_begin_short_backtrace::<test[aada8e7e76ba119b]::run_test::{closure#1}, ()>
[INFO] [stdout]   17:     0x56ee7655cb52 - <std[617be2ca0a6fd877]::thread::lifecycle::spawn_unchecked<test[aada8e7e76ba119b]::run_test::{closure#1}, ()>::{closure#1} as core[a373ad73a504971]::ops::function::FnOnce<()>>::call_once::{shim:vtable#0}
[INFO] [stdout]   18:     0x56ee765d610f - <std[617be2ca0a6fd877]::sys::thread::unix::Thread>::new::thread_start
[INFO] [stdout]   19:     0x7e6402046dfa - <unknown>
[INFO] [stdout]   20:     0x7e64020da3d4 - clone
[INFO] [stdout]   21:                0x0 - <unknown>
[INFO] [stdout] 
[INFO] [stdout] ---- test_leaf_hash stdout ----
[INFO] [stdout] 
[INFO] [stdout] thread 'test_leaf_hash' (1874) panicked at tests/verifier_tests.rs:12:64:
[INFO] [stdout] cannot read leaf-hashes.json: No such file or directory (os error 2)
[INFO] [stdout] stack backtrace:
[INFO] [stdout]    0:     0x56ee765d6bc1 - <<std[617be2ca0a6fd877]::sys::backtrace::BacktraceLock>::print::DisplayBacktrace as core[a373ad73a504971]::fmt::Display>::fmt
[INFO] [stdout]    1:     0x56ee765eb28a - core[a373ad73a504971]::fmt::write
[INFO] [stdout]    2:     0x56ee765daddc - <alloc[2e1b2a31b91974c5]::vec::Vec<u8> as core[a373ad73a504971]::io::write::Write>::write_fmt
[INFO] [stdout]    3:     0x56ee765b2b86 - std[617be2ca0a6fd877]::panicking::default_hook::{closure#0}
[INFO] [stdout]    4:     0x56ee765cef49 - std[617be2ca0a6fd877]::panicking::default_hook
[INFO] [stdout]    5:     0x56ee765594a0 - test[aada8e7e76ba119b]::test_main_inner::{closure#0}
[INFO] [stdout]    6:     0x56ee765cf102 - std[617be2ca0a6fd877]::panicking::panic_with_hook
[INFO] [stdout]    7:     0x56ee765b2c32 - std[617be2ca0a6fd877]::panicking::panic_handler::{closure#0}
[INFO] [stdout]    8:     0x56ee765ab7b9 - std[617be2ca0a6fd877]::sys::backtrace::__rust_end_short_backtrace::<std[617be2ca0a6fd877]::panicking::panic_handler::{closure#0}, !>
[INFO] [stdout]    9:     0x56ee765b383d - __rustc[ea4f61d10b84890b]::rust_begin_unwind
[INFO] [stdout]   10:     0x56ee765eb9bc - core[a373ad73a504971]::panicking::panic_fmt
[INFO] [stdout]   11:     0x56ee76541eda - verifier_tests[6363639df7d4da44]::load_json::{closure#0}
[INFO] [stdout]   12:     0x56ee7654224d - verifier_tests[6363639df7d4da44]::load_json
[INFO] [stdout]   13:     0x56ee7654230a - <verifier_tests[6363639df7d4da44]::test_leaf_hash::{closure#0} as core[a373ad73a504971]::ops::function::FnOnce<()>>::call_once
[INFO] [stdout]   14:     0x56ee7654c8eb - test[aada8e7e76ba119b]::__rust_begin_short_backtrace::<core[a373ad73a504971]::result::Result<(), alloc[2e1b2a31b91974c5]::string::String>, fn() -> core[a373ad73a504971]::result::Result<(), alloc[2e1b2a31b91974c5]::string::String>>
[INFO] [stdout]   15:     0x56ee76559ac5 - test[aada8e7e76ba119b]::run_test::{closure#0}
[INFO] [stdout]   16:     0x56ee765533b4 - std[617be2ca0a6fd877]::sys::backtrace::__rust_begin_short_backtrace::<test[aada8e7e76ba119b]::run_test::{closure#1}, ()>
[INFO] [stdout]   17:     0x56ee7655cb52 - <std[617be2ca0a6fd877]::thread::lifecycle::spawn_unchecked<test[aada8e7e76ba119b]::run_test::{closure#1}, ()>::{closure#1} as core[a373ad73a504971]::ops::function::FnOnce<()>>::call_once::{shim:vtable#0}
[INFO] [stdout]   18:     0x56ee765d610f - <std[617be2ca0a6fd877]::sys::thread::unix::Thread>::new::thread_start
[INFO] [stdout]   19:     0x7e6402046dfa - <unknown>
[INFO] [stdout]   20:     0x7e64020da3d4 - clone
[INFO] [stdout]   21:                0x0 - <unknown>
[INFO] [stdout] 
[INFO] [stdout] ---- test_verify_tree_head stdout ----
[INFO] [stdout] 
[INFO] [stdout] thread 'test_verify_tree_head' (1879) panicked at tests/verifier_tests.rs:12:64:
[INFO] [stdout] cannot read signed-tree-heads.json: No such file or directory (os error 2)
[INFO] [stdout] stack backtrace:
[INFO] [stdout]    0:     0x56ee765d6bc1 - <<std[617be2ca0a6fd877]::sys::backtrace::BacktraceLock>::print::DisplayBacktrace as core[a373ad73a504971]::fmt::Display>::fmt
[INFO] [stdout]    1:     0x56ee765eb28a - core[a373ad73a504971]::fmt::write
[INFO] [stdout]    2:     0x56ee765daddc - <alloc[2e1b2a31b91974c5]::vec::Vec<u8> as core[a373ad73a504971]::io::write::Write>::write_fmt
[INFO] [stdout]    3:     0x56ee765b2b86 - std[617be2ca0a6fd877]::panicking::default_hook::{closure#0}
[INFO] [stdout]    4:     0x56ee765cef49 - std[617be2ca0a6fd877]::panicking::default_hook
[INFO] [stdout]    5:     0x56ee765594a0 - test[aada8e7e76ba119b]::test_main_inner::{closure#0}
[INFO] [stdout]    6:     0x56ee765cf102 - std[617be2ca0a6fd877]::panicking::panic_with_hook
[INFO] [stdout]    7:     0x56ee765b2c32 - std[617be2ca0a6fd877]::panicking::panic_handler::{closure#0}
[INFO] [stdout]    8:     0x56ee765ab7b9 - std[617be2ca0a6fd877]::sys::backtrace::__rust_end_short_backtrace::<std[617be2ca0a6fd877]::panicking::panic_handler::{closure#0}, !>
[INFO] [stdout]    9:     0x56ee765b383d - __rustc[ea4f61d10b84890b]::rust_begin_unwind
[INFO] [stdout]   10:     0x56ee765eb9bc - core[a373ad73a504971]::panicking::panic_fmt
[INFO] [stdout]   11:     0x56ee76541eda - verifier_tests[6363639df7d4da44]::load_json::{closure#0}
[INFO] [stdout]   12:     0x56ee7654224d - verifier_tests[6363639df7d4da44]::load_json
[INFO] [stdout]   13:     0x56ee76543e62 - <verifier_tests[6363639df7d4da44]::test_verify_tree_head::{closure#0} as core[a373ad73a504971]::ops::function::FnOnce<()>>::call_once
[INFO] [stdout]   14:     0x56ee7654c8eb - test[aada8e7e76ba119b]::__rust_begin_short_backtrace::<core[a373ad73a504971]::result::Result<(), alloc[2e1b2a31b91974c5]::string::String>, fn() -> core[a373ad73a504971]::result::Result<(), alloc[2e1b2a31b91974c5]::string::String>>
[INFO] [stdout]   15:     0x56ee76559ac5 - test[aada8e7e76ba119b]::run_test::{closure#0}
[INFO] [stdout]   16:     0x56ee765533b4 - std[617be2ca0a6fd877]::sys::backtrace::__rust_begin_short_backtrace::<test[aada8e7e76ba119b]::run_test::{closure#1}, ()>
[INFO] [stdout]   17:     0x56ee7655cb52 - <std[617be2ca0a6fd877]::thread::lifecycle::spawn_unchecked<test[aada8e7e76ba119b]::run_test::{closure#1}, ()>::{closure#1} as core[a373ad73a504971]::ops::function::FnOnce<()>>::call_once::{shim:vtable#0}
[INFO] [stdout]   18:     0x56ee765d610f - <std[617be2ca0a6fd877]::sys::thread::unix::Thread>::new::thread_start
[INFO] [stdout]   19:     0x7e6402046dfa - <unknown>
[INFO] [stdout]   20:     0x7e64020da3d4 - clone
[INFO] [stdout]   21:                0x0 - <unknown>
[INFO] [stdout] 
[INFO] [stdout] ---- test_node_hash stdout ----
[INFO] [stdout] 
[INFO] [stdout] thread 'test_node_hash' (1876) panicked at tests/verifier_tests.rs:12:64:
[INFO] [stdout] cannot read node-hashes.json: No such file or directory (os error 2)
[INFO] [stdout] stack backtrace:
[INFO] [stdout]    0:     0x56ee765d6bc1 - <<std[617be2ca0a6fd877]::sys::backtrace::BacktraceLock>::print::DisplayBacktrace as core[a373ad73a504971]::fmt::Display>::fmt
[INFO] [stdout]    1:     0x56ee765eb28a - core[a373ad73a504971]::fmt::write
[INFO] [stdout]    2:     0x56ee765daddc - <alloc[2e1b2a31b91974c5]::vec::Vec<u8> as core[a373ad73a504971]::io::write::Write>::write_fmt
[INFO] [stdout]    3:     0x56ee765b2b86 - std[617be2ca0a6fd877]::panicking::default_hook::{closure#0}
[INFO] [stdout]    4:     0x56ee765cef49 - std[617be2ca0a6fd877]::panicking::default_hook
[INFO] [stdout]    5:     0x56ee765594a0 - test[aada8e7e76ba119b]::test_main_inner::{closure#0}
[INFO] [stdout]    6:     0x56ee765cf102 - std[617be2ca0a6fd877]::panicking::panic_with_hook
[INFO] [stdout]    7:     0x56ee765b2c32 - std[617be2ca0a6fd877]::panicking::panic_handler::{closure#0}
[INFO] [stdout]    8:     0x56ee765ab7b9 - std[617be2ca0a6fd877]::sys::backtrace::__rust_end_short_backtrace::<std[617be2ca0a6fd877]::panicking::panic_handler::{closure#0}, !>
[INFO] [stdout]    9:     0x56ee765b383d - __rustc[ea4f61d10b84890b]::rust_begin_unwind
[INFO] [stdout]   10:     0x56ee765eb9bc - core[a373ad73a504971]::panicking::panic_fmt
[INFO] [stdout]   11:     0x56ee76541eda - verifier_tests[6363639df7d4da44]::load_json::{closure#0}
[INFO] [stdout]   12:     0x56ee7654224d - verifier_tests[6363639df7d4da44]::load_json
[INFO] [stdout]   13:     0x56ee7654273d - <verifier_tests[6363639df7d4da44]::test_node_hash::{closure#0} as core[a373ad73a504971]::ops::function::FnOnce<()>>::call_once
[INFO] [stdout]   14:     0x56ee7654c8eb - test[aada8e7e76ba119b]::__rust_begin_short_backtrace::<core[a373ad73a504971]::result::Result<(), alloc[2e1b2a31b91974c5]::string::String>, fn() -> core[a373ad73a504971]::result::Result<(), alloc[2e1b2a31b91974c5]::string::String>>
[INFO] [stdout]   15:     0x56ee76559ac5 - test[aada8e7e76ba119b]::run_test::{closure#0}
[INFO] [stdout]   16:     0x56ee765533b4 - std[617be2ca0a6fd877]::sys::backtrace::__rust_begin_short_backtrace::<test[aada8e7e76ba119b]::run_test::{closure#1}, ()>
[INFO] [stdout]   17:     0x56ee7655cb52 - <std[617be2ca0a6fd877]::thread::lifecycle::spawn_unchecked<test[aada8e7e76ba119b]::run_test::{closure#1}, ()>::{closure#1} as core[a373ad73a504971]::ops::function::FnOnce<()>>::call_once::{shim:vtable#0}
[INFO] [stdout]   18:     0x56ee765d610f - <std[617be2ca0a6fd877]::sys::thread::unix::Thread>::new::thread_start
[INFO] [stdout]   19:     0x7e6402046dfa - <unknown>
[INFO] [stdout]   20:     0x7e64020da3d4 - clone
[INFO] [stdout]   21:                0x0 - <unknown>
[INFO] [stdout] 
[INFO] [stdout] ---- test_verify_inclusion stdout ----
[INFO] [stdout] 
[INFO] [stdout] thread 'test_verify_inclusion' (1878) panicked at tests/verifier_tests.rs:12:64:
[INFO] [stdout] cannot read inclusion-proofs.json: No such file or directory (os error 2)
[INFO] [stdout] stack backtrace:
[INFO] [stdout]    0:     0x56ee765d6bc1 - <<std[617be2ca0a6fd877]::sys::backtrace::BacktraceLock>::print::DisplayBacktrace as core[a373ad73a504971]::fmt::Display>::fmt
[INFO] [stdout]    1:     0x56ee765eb28a - core[a373ad73a504971]::fmt::write
[INFO] [stdout]    2:     0x56ee765daddc - <alloc[2e1b2a31b91974c5]::vec::Vec<u8> as core[a373ad73a504971]::io::write::Write>::write_fmt
[INFO] [stdout]    3:     0x56ee765b2b86 - std[617be2ca0a6fd877]::panicking::default_hook::{closure#0}
[INFO] [stdout]    4:     0x56ee765cef49 - std[617be2ca0a6fd877]::panicking::default_hook
[INFO] [stdout]    5:     0x56ee765594a0 - test[aada8e7e76ba119b]::test_main_inner::{closure#0}
[INFO] [stdout]    6:     0x56ee765cf102 - std[617be2ca0a6fd877]::panicking::panic_with_hook
[INFO] [stdout]    7:     0x56ee765b2c32 - std[617be2ca0a6fd877]::panicking::panic_handler::{closure#0}
[INFO] [stdout]    8:     0x56ee765ab7b9 - std[617be2ca0a6fd877]::sys::backtrace::__rust_end_short_backtrace::<std[617be2ca0a6fd877]::panicking::panic_handler::{closure#0}, !>
[INFO] [stdout]    9:     0x56ee765b383d - __rustc[ea4f61d10b84890b]::rust_begin_unwind
[INFO] [stdout]   10:     0x56ee765eb9bc - core[a373ad73a504971]::panicking::panic_fmt
[INFO] [stdout]   11:     0x56ee76541eda - verifier_tests[6363639df7d4da44]::load_json::{closure#0}
[INFO] [stdout]   12:     0x56ee7654224d - verifier_tests[6363639df7d4da44]::load_json
[INFO] [stdout]   13:     0x56ee76543a6a - <verifier_tests[6363639df7d4da44]::test_verify_inclusion::{closure#0} as core[a373ad73a504971]::ops::function::FnOnce<()>>::call_once
[INFO] [stdout]   14:     0x56ee7654c8eb - test[aada8e7e76ba119b]::__rust_begin_short_backtrace::<core[a373ad73a504971]::result::Result<(), alloc[2e1b2a31b91974c5]::string::String>, fn() -> core[a373ad73a504971]::result::Result<(), alloc[2e1b2a31b91974c5]::string::String>>
[INFO] [stdout]   15:     0x56ee76559ac5 - test[aada8e7e76ba119b]::run_test::{closure#0}
[INFO] [stdout]   16:     0x56ee765533b4 - std[617be2ca0a6fd877]::sys::backtrace::__rust_begin_short_backtrace::<test[aada8e7e76ba119b]::run_test::{closure#1}, ()>
[INFO] [stdout]   17:     0x56ee7655cb52 - <std[617be2ca0a6fd877]::thread::lifecycle::spawn_unchecked<test[aada8e7e76ba119b]::run_test::{closure#1}, ()>::{closure#1} as core[a373ad73a504971]::ops::function::FnOnce<()>>::call_once::{shim:vtable#0}
[INFO] [stdout]   18:     0x56ee765d610f - <std[617be2ca0a6fd877]::sys::thread::unix::Thread>::new::thread_start
[INFO] [stdout]   19:     0x7e6402046dfa - <unknown>
[INFO] [stdout]   20:     0x7e64020da3d4 - clone
[INFO] [stdout]   21:                0x0 - <unknown>
[INFO] [stdout] 
[INFO] [stdout] ---- test_verify_tree_head_sequential stdout ----
[INFO] [stdout] 
[INFO] [stdout] thread 'test_verify_tree_head_sequential' (1880) panicked at tests/verifier_tests.rs:12:64:
[INFO] [stdout] cannot read signed-tree-heads.json: No such file or directory (os error 2)
[INFO] [stdout] stack backtrace:
[INFO] [stdout]    0:     0x56ee765d6bc1 - <<std[617be2ca0a6fd877]::sys::backtrace::BacktraceLock>::print::DisplayBacktrace as core[a373ad73a504971]::fmt::Display>::fmt
[INFO] [stdout]    1:     0x56ee765eb28a - core[a373ad73a504971]::fmt::write
[INFO] [stdout]    2:     0x56ee765daddc - <alloc[2e1b2a31b91974c5]::vec::Vec<u8> as core[a373ad73a504971]::io::write::Write>::write_fmt
[INFO] [stdout]    3:     0x56ee765b2b86 - std[617be2ca0a6fd877]::panicking::default_hook::{closure#0}
[INFO] [stdout]    4:     0x56ee765cef49 - std[617be2ca0a6fd877]::panicking::default_hook
[INFO] [stdout]    5:     0x56ee765594a0 - test[aada8e7e76ba119b]::test_main_inner::{closure#0}
[INFO] [stdout]    6:     0x56ee765cf102 - std[617be2ca0a6fd877]::panicking::panic_with_hook
[INFO] [stdout]    7:     0x56ee765b2c32 - std[617be2ca0a6fd877]::panicking::panic_handler::{closure#0}
[INFO] [stdout]    8:     0x56ee765ab7b9 - std[617be2ca0a6fd877]::sys::backtrace::__rust_end_short_backtrace::<std[617be2ca0a6fd877]::panicking::panic_handler::{closure#0}, !>
[INFO] [stdout]    9:     0x56ee765b383d - __rustc[ea4f61d10b84890b]::rust_begin_unwind
[INFO] [stdout]   10:     0x56ee765eb9bc - core[a373ad73a504971]::panicking::panic_fmt
[INFO] [stdout]   11:     0x56ee76541eda - verifier_tests[6363639df7d4da44]::load_json::{closure#0}
[INFO] [stdout]   12:     0x56ee7654224d - verifier_tests[6363639df7d4da44]::load_json
[INFO] [stdout]   13:     0x56ee76544e9d - <verifier_tests[6363639df7d4da44]::test_verify_tree_head_sequential::{closure#0} as core[a373ad73a504971]::ops::function::FnOnce<()>>::call_once
[INFO] [stdout]   14:     0x56ee7654c8eb - test[aada8e7e76ba119b]::__rust_begin_short_backtrace::<core[a373ad73a504971]::result::Result<(), alloc[2e1b2a31b91974c5]::string::String>, fn() -> core[a373ad73a504971]::result::Result<(), alloc[2e1b2a31b91974c5]::string::String>>
[INFO] [stdout]   15:     0x56ee76559ac5 - test[aada8e7e76ba119b]::run_test::{closure#0}
[INFO] [stdout]   16:     0x56ee765533b4 - std[617be2ca0a6fd877]::sys::backtrace::__rust_begin_short_backtrace::<test[aada8e7e76ba119b]::run_test::{closure#1}, ()>
[INFO] [stdout]   17:     0x56ee7655cb52 - <std[617be2ca0a6fd877]::thread::lifecycle::spawn_unchecked<test[aada8e7e76ba119b]::run_test::{closure#1}, ()>::{closure#1} as core[a373ad73a504971]::ops::function::FnOnce<()>>::call_once::{shim:vtable#0}
[INFO] [stdout]   18:     0x56ee765d610f - <std[617be2ca0a6fd877]::sys::thread::unix::Thread>::new::thread_start
[INFO] [stdout]   19:     0x7e6402046dfa - <unknown>
[INFO] [stdout]   20:     0x7e64020da3d4 - clone
[INFO] [stdout]   21:                0x0 - <unknown>
[INFO] [stdout] 
[INFO] [stdout] 
[INFO] [stdout] failures:
[INFO] [stdout]     test_leaf_hash
[INFO] [stdout]     test_negative_cases
[INFO] [stdout]     test_node_hash
[INFO] [stdout]     test_verify_consistency
[INFO] [stdout]     test_verify_inclusion
[INFO] [stdout]     test_verify_tree_head
[INFO] [stdout]     test_verify_tree_head_sequential
[INFO] [stdout] 
[INFO] [stdout] test result: FAILED. 0 passed; 7 failed; 0 ignored; 0 measured; 0 filtered out; finished in 0.00s
[INFO] [stdout] 
[INFO] [stderr] error: test failed, to rerun pass `--test verifier_tests`
[INFO] running `Command { std: "docker" "inspect" "2d2e345deff9f5bbb4a68238830068c830c9e2205c50154fbd446f07fab2da34", kill_on_drop: false }`
[INFO] running `Command { std: "docker" "rm" "-f" "2d2e345deff9f5bbb4a68238830068c830c9e2205c50154fbd446f07fab2da34", kill_on_drop: false }`
[INFO] [stdout] 2d2e345deff9f5bbb4a68238830068c830c9e2205c50154fbd446f07fab2da34
